W20260812 08:00:35.114143  8827 leader_election.cc:336] T bc79e47f601248aa8cbae009a66f2d3c P 3c42e345bcc848489bad682203442e5d [CANDIDATE]: Term 19 pre-election: RPC error from VoteRequest() call to peer b9a6f0448ec142e3b670c01f302af569 (127.2.210.129:38341): Network error: Client connection negotiation failed: client connection to 127.2.210.129:38341: connect: Connection refused (error 111)
I20260812 08:00:35.114923  9049 raft_consensus.cc:515] T bc79e47f601248aa8cbae009a66f2d3c P 3c42e345bcc848489bad682203442e5d [term 19 FOLLOWER]: Starting leader election with config: opid_index: -1 OBSOLETE_local: false peers { permanent_uuid: "3c42e345bcc848489bad682203442e5d" member_type: VOTER last_known_addr { host: "127.2.210.132" port: 35573 } } peers { permanent_uuid: "70de3bccb6a34816ae37e652531293ec" member_type: VOTER last_known_addr { host: "127.2.210.133" port: 40147 } } peers { permanent_uuid: "b9a6f0448ec142e3b670c01f302af569" member_type: VOTER last_known_addr { host: "127.2.210.129" port: 38341 } } peers { permanent_uuid: "306f52b28cc340cdb7aa695ffff0d3cd" member_type: VOTER last_known_addr { host: "127.2.210.131" port: 40773 } } peers { permanent_uuid: "d1f23ea4179942709baa3e7a43a4da8d" member_type: VOTER last_known_addr { host: "127.2.210.135" port: 36963 } } peers { permanent_uuid: "d74638c5fd0f4abd9a1133fc9af54af6" member_type: VOTER last_known_addr { host: "127.2.210.130" port: 41603 } } peers { permanent_uuid: "be4ac71aeceb49a08908a47d3d3ced31" member_type: VOTER last_known_addr { host: "127.2.210.134" port: 46683 } }
I20260812 08:00:35.115672  9049 leader_election.cc:290] T bc79e47f601248aa8cbae009a66f2d3c P 3c42e345bcc848489bad682203442e5d [CANDIDATE]: Term 19 election: Requested vote from peers 70de3bccb6a34816ae37e652531293ec (127.2.210.133:40147), b9a6f0448ec142e3b670c01f302af569 (127.2.210.129:38341), 306f52b28cc340cdb7aa695ffff0d3cd (127.2.210.131:40773), d1f23ea4179942709baa3e7a43a4da8d (127.2.210.135:36963), d74638c5fd0f4abd9a1133fc9af54af6 (127.2.210.130:41603), be4ac71aeceb49a08908a47d3d3ced31 (127.2.210.134:46683)
I20260812 08:00:35.116042  7359 tablet_service.cc:1917] Received RequestConsensusVote() RPC: tablet_id: "bc79e47f601248aa8cbae009a66f2d3c" candidate_uuid: "3c42e345bcc848489bad682203442e5d" candidate_term: 19 candidate_status { last_received { term: 16 index: 57 } } ignore_live_leader: false dest_uuid: "70de3bccb6a34816ae37e652531293ec"
I20260812 08:00:35.116034  8101 tablet_service.cc:1917] Received RequestConsensusVote() RPC: tablet_id: "bc79e47f601248aa8cbae009a66f2d3c" candidate_uuid: "3c42e345bcc848489bad682203442e5d" candidate_term: 19 candidate_status { last_received { term: 16 index: 57 } } ignore_live_leader: false dest_uuid: "be4ac71aeceb49a08908a47d3d3ced31"
I20260812 08:00:35.116165  7359 raft_consensus.cc:3060] T bc79e47f601248aa8cbae009a66f2d3c P 70de3bccb6a34816ae37e652531293ec [term 18 FOLLOWER]: Advancing to term 19
I20260812 08:00:35.116165  8101 raft_consensus.cc:3060] T bc79e47f601248aa8cbae009a66f2d3c P be4ac71aeceb49a08908a47d3d3ced31 [term 18 FOLLOWER]: Advancing to term 19
I20260812 08:00:35.116393  9218 tablet_service.cc:1917] Received RequestConsensusVote() RPC: tablet_id: "bc79e47f601248aa8cbae009a66f2d3c" candidate_uuid: "3c42e345bcc848489bad682203442e5d" candidate_term: 19 candidate_status { last_received { term: 16 index: 57 } } ignore_live_leader: false dest_uuid: "d1f23ea4179942709baa3e7a43a4da8d" is_pre_election: true
I20260812 08:00:35.116701  9218 raft_consensus.cc:2410] T bc79e47f601248aa8cbae009a66f2d3c P d1f23ea4179942709baa3e7a43a4da8d [term 18 FOLLOWER]: Leader pre-election vote request: Denying vote to candidate 3c42e345bcc848489bad682203442e5d for term 19 because replica has last-logged OpId of term: 18 index: 59, which is greater than that of the candidate, which has last-logged OpId of term: 16 index: 57.
I20260812 08:00:35.117074  9216 tablet_service.cc:1917] Received RequestConsensusVote() RPC: tablet_id: "bc79e47f601248aa8cbae009a66f2d3c" candidate_uuid: "3c42e345bcc848489bad682203442e5d" candidate_term: 19 candidate_status { last_received { term: 16 index: 57 } } ignore_live_leader: false dest_uuid: "d1f23ea4179942709baa3e7a43a4da8d"
I20260812 08:00:35.117177  9216 raft_consensus.cc:3060] T bc79e47f601248aa8cbae009a66f2d3c P d1f23ea4179942709baa3e7a43a4da8d [term 18 FOLLOWER]: Advancing to term 19
I20260812 08:00:35.117226  8101 raft_consensus.cc:2468] T bc79e47f601248aa8cbae009a66f2d3c P be4ac71aeceb49a08908a47d3d3ced31 [term 19 FOLLOWER]: Leader election vote request: Granting yes vote for candidate 3c42e345bcc848489bad682203442e5d in term 19.
I20260812 08:00:35.117226  7359 raft_consensus.cc:2468] T bc79e47f601248aa8cbae009a66f2d3c P 70de3bccb6a34816ae37e652531293ec [term 19 FOLLOWER]: Leader election vote request: Granting yes vote for candidate 3c42e345bcc848489bad682203442e5d in term 19.
I20260812 08:00:35.117825  6839 tablet_service.cc:1917] Received RequestConsensusVote() RPC: tablet_id: "bc79e47f601248aa8cbae009a66f2d3c" candidate_uuid: "3c42e345bcc848489bad682203442e5d" candidate_term: 19 candidate_status { last_received { term: 16 index: 57 } } ignore_live_leader: false dest_uuid: "306f52b28cc340cdb7aa695ffff0d3cd"
I20260812 08:00:35.117965  6839 raft_consensus.cc:3060] T bc79e47f601248aa8cbae009a66f2d3c P 306f52b28cc340cdb7aa695ffff0d3cd [term 18 FOLLOWER]: Advancing to term 19
I20260812 08:00:35.118259  7598 tablet_service.cc:1917] Received RequestConsensusVote() RPC: tablet_id: "bc79e47f601248aa8cbae009a66f2d3c" candidate_uuid: "3c42e345bcc848489bad682203442e5d" candidate_term: 19 candidate_status { last_received { term: 16 index: 57 } } ignore_live_leader: false dest_uuid: "d74638c5fd0f4abd9a1133fc9af54af6"
I20260812 08:00:35.118410  7598 raft_consensus.cc:3060] T bc79e47f601248aa8cbae009a66f2d3c P d74638c5fd0f4abd9a1133fc9af54af6 [term 18 FOLLOWER]: Advancing to term 19
I20260812 08:00:35.119088  6839 raft_consensus.cc:2468] T bc79e47f601248aa8cbae009a66f2d3c P 306f52b28cc340cdb7aa695ffff0d3cd [term 19 FOLLOWER]: Leader election vote request: Granting yes vote for candidate 3c42e345bcc848489bad682203442e5d in term 19.
I20260812 08:00:35.119284  9216 raft_consensus.cc:2410] T bc79e47f601248aa8cbae009a66f2d3c P d1f23ea4179942709baa3e7a43a4da8d [term 19 FOLLOWER]: Leader election vote request: Denying vote to candidate 3c42e345bcc848489bad682203442e5d for term 19 because replica has last-logged OpId of term: 18 index: 59, which is greater than that of the candidate, which has last-logged OpId of term: 16 index: 57.
I20260812 08:00:35.119577  7598 raft_consensus.cc:2468] T bc79e47f601248aa8cbae009a66f2d3c P d74638c5fd0f4abd9a1133fc9af54af6 [term 19 FOLLOWER]: Leader election vote request: Granting yes vote for candidate 3c42e345bcc848489bad682203442e5d in term 19.
I20260812 08:00:35.120029  8827 leader_election.cc:304] T bc79e47f601248aa8cbae009a66f2d3c P 3c42e345bcc848489bad682203442e5d [CANDIDATE]: Term 19 election: Election decided. Result: candidate won. Election summary: received 5 responses out of 7 voters: 4 yes votes; 1 no votes. yes voters: 306f52b28cc340cdb7aa695ffff0d3cd, 3c42e345bcc848489bad682203442e5d, 70de3bccb6a34816ae37e652531293ec, be4ac71aeceb49a08908a47d3d3ced31; no voters: d1f23ea4179942709baa3e7a43a4da8d
I20260812 08:00:35.120484  9049 raft_consensus.cc:2804] T bc79e47f601248aa8cbae009a66f2d3c P 3c42e345bcc848489bad682203442e5d [term 19 FOLLOWER]: Leader election won for term 19
I20260812 08:00:35.120723  9049 raft_consensus.cc:697] T bc79e47f601248aa8cbae009a66f2d3c P 3c42e345bcc848489bad682203442e5d [term 19 LEADER]: Becoming Leader. State: Replica: 3c42e345bcc848489bad682203442e5d, State: Running, Role: LEADER
I20260812 08:00:35.121047  9049 consensus_queue.cc:237] T bc79e47f601248aa8cbae009a66f2d3c P 3c42e345bcc848489bad682203442e5d [LEADER]: Queue going to LEADER mode. State: All replicated index: 0, Majority replicated index: 56, Committed index: 56, Last appended: 16.57, Last appended by leader: 57, Current term: 19, Majority size: 4, State: 0, Mode: LEADER, active raft config: opid_index: -1 OBSOLETE_local: false peers { permanent_uuid: "3c42e345bcc848489bad682203442e5d" member_type: VOTER last_known_addr { host: "127.2.210.132" port: 35573 } } peers { permanent_uuid: "70de3bccb6a34816ae37e652531293ec" member_type: VOTER last_known_addr { host: "127.2.210.133" port: 40147 } } peers { permanent_uuid: "b9a6f0448ec142e3b670c01f302af569" member_type: VOTER last_known_addr { host: "127.2.210.129" port: 38341 } } peers { permanent_uuid: "306f52b28cc340cdb7aa695ffff0d3cd" member_type: VOTER last_known_addr { host: "127.2.210.131" port: 40773 } } peers { permanent_uuid: "d1f23ea4179942709baa3e7a43a4da8d" member_type: VOTER last_known_addr { host: "127.2.210.135" port: 36963 } } peers { permanent_uuid: "d74638c5fd0f4abd9a1133fc9af54af6" member_type: VOTER last_known_addr { host: "127.2.210.130" port: 41603 } } peers { permanent_uuid: "be4ac71aeceb49a08908a47d3d3ced31" member_type: VOTER last_known_addr { host: "127.2.210.134" port: 46683 } }
W20260812 08:00:35.121471  6779 tablet_service.cc:731] failed op from {username='slave'} at 127.0.0.1:38492: Illegal state: replica 306f52b28cc340cdb7aa695ffff0d3cd is not leader of this config: current role FOLLOWER
W20260812 08:00:35.122084  6786 tablet_service.cc:731] failed op from {username='slave'} at 127.0.0.1:38492: Illegal state: replica 306f52b28cc340cdb7aa695ffff0d3cd is not leader of this config: current role FOLLOWER
W20260812 08:00:35.122182  6780 tablet_service.cc:731] failed op from {username='slave'} at 127.0.0.1:38492: Illegal state: replica 306f52b28cc340cdb7aa695ffff0d3cd is not leader of this config: current role FOLLOWER
W20260812 08:00:35.122453  8827 leader_election.cc:336] T bc79e47f601248aa8cbae009a66f2d3c P 3c42e345bcc848489bad682203442e5d [CANDIDATE]: Term 19 election: RPC error from VoteRequest() call to peer b9a6f0448ec142e3b670c01f302af569 (127.2.210.129:38341): Network error: Client connection negotiation failed: client connection to 127.2.210.129:38341: connect: Connection refused (error 111)
W20260812 08:00:35.123284  6780 tablet_service.cc:731] failed op from {username='slave'} at 127.0.0.1:38492: Illegal state: replica 306f52b28cc340cdb7aa695ffff0d3cd is not leader of this config: current role FOLLOWER
I20260812 08:00:35.125710  3764 catalog_manager.cc:5719] T bc79e47f601248aa8cbae009a66f2d3c P 3c42e345bcc848489bad682203442e5d reported cstate change: term changed from 18 to 19, leader changed from d1f23ea4179942709baa3e7a43a4da8d (127.2.210.135) to 3c42e345bcc848489bad682203442e5d (127.2.210.132). New cstate: current_term: 19 leader_uuid: "3c42e345bcc848489bad682203442e5d" committed_config { opid_index: -1 OBSOLETE_local: false peers { permanent_uuid: "3c42e345bcc848489bad682203442e5d" member_type: VOTER last_known_addr { host: "127.2.210.132" port: 35573 } health_report { overall_health: HEALTHY } } peers { permanent_uuid: "70de3bccb6a34816ae37e652531293ec" member_type: VOTER last_known_addr { host: "127.2.210.133" port: 40147 } health_report { overall_health: UNKNOWN } } peers { permanent_uuid: "b9a6f0448ec142e3b670c01f302af569" member_type: VOTER last_known_addr { host: "127.2.210.129" port: 38341 } health_report { overall_health: UNKNOWN } } peers { permanent_uuid: "306f52b28cc340cdb7aa695ffff0d3cd" member_type: VOTER last_known_addr { host: "127.2.210.131" port: 40773 } health_report { overall_health: UNKNOWN } } peers { permanent_uuid: "d1f23ea4179942709baa3e7a43a4da8d" member_type: VOTER last_known_addr { host: "127.2.210.135" port: 36963 } health_report { overall_health: UNKNOWN } } peers { permanent_uuid: "d74638c5fd0f4abd9a1133fc9af54af6" member_type: VOTER last_known_addr { host: "127.2.210.130" port: 41603 } health_report { overall_health: UNKNOWN } } peers { permanent_uuid: "be4ac71aeceb49a08908a47d3d3ced31" member_type: VOTER last_known_addr { host: "127.2.210.134" port: 46683 } health_report { overall_health: UNKNOWN } } }
W20260812 08:00:35.134761  6780 tablet_service.cc:731] failed op from {username='slave'} at 127.0.0.1:38492: Illegal state: replica 306f52b28cc340cdb7aa695ffff0d3cd is not leader of this config: current role FOLLOWER
W20260812 08:00:35.139645  7298 tablet_service.cc:3080] error setting up scanner a135a6a21f5a45ce965c1f856705cb05 with request: Service unavailable: Timed out: could not wait for desired snapshot timestamp to be consistent: tablet hasn't heard from leader or there hasn't been a stable leader for 1.129s (maximum allowed 0.150s): new_scan_request { tablet_id: "bc79e47f601248aa8cbae009a66f2d3c" projected_columns { name: "key" type: INT32 is_key: true is_nullable: false immutable: false } projected_columns { name: "int_val" type: INT32 is_key: false is_nullable: false immutable: false } projected_columns { name: "string_val" type: STRING is_key: false is_nullable: true immutable: false } read_mode: READ_AT_SNAPSHOT propagated_timestamp: 7317592612720340992 cache_blocks: true order_mode: ORDERED row_format_flags: 0 authz_token { token_data: "\010\306\322\360\323\006\"3\n\005slave\022*\n 6b2c1e6193d841e9a4ce71f7d18620ca\020\001\030\001 \001(\001" signature: "<redacted>""H\n\325\214\002\016.<\261\254\027j2\322\323\226\316\313i\007\027]z\177\217\262H\272\026R\220\223\026\346/A4Z\004\264\005;B\014\246\275\353\265p\247\347\353\3407\023p\321\352\321\271\267 Wh" signing_key_seq_num: 0 } } call_seq_id: 0 query_id: "7dfd72b692bc409dbc4ad112650916bb"
W20260812 08:00:35.152220  6780 tablet_service.cc:731] failed op from {username='slave'} at 127.0.0.1:38492: Illegal state: replica 306f52b28cc340cdb7aa695ffff0d3cd is not leader of this config: current role FOLLOWER
W20260812 08:00:35.152204  7298 tablet_service.cc:3080] error setting up scanner 604270bd23ce490dadf1941a1d839800 with request: Service unavailable: Timed out: could not wait for desired snapshot timestamp to be consistent: tablet hasn't heard from leader or there hasn't been a stable leader for 1.142s (maximum allowed 0.150s): new_scan_request { tablet_id: "bc79e47f601248aa8cbae009a66f2d3c" projected_columns { name: "key" type: INT32 is_key: true is_nullable: false immutable: false } projected_columns { name: "int_val" type: INT32 is_key: false is_nullable: false immutable: false } projected_columns { name: "string_val" type: STRING is_key: false is_nullable: true immutable: false } read_mode: READ_AT_SNAPSHOT propagated_timestamp: 7317592612720340992 cache_blocks: true order_mode: ORDERED row_format_flags: 0 authz_token { token_data: "\010\306\322\360\323\006\"3\n\005slave\022*\n 6b2c1e6193d841e9a4ce71f7d18620ca\020\001\030\001 \001(\001" signature: "<redacted>""H\n\325\214\002\016.<\261\254\027j2\322\323\226\316\313i\007\027]z\177\217\262H\272\026R\220\223\026\346/A4Z\004\264\005;B\014\246\275\353\265p\247\347\353\3407\023p\321\352\321\271\267 Wh" signing_key_seq_num: 0 } } call_seq_id: 0 query_id: "04ac615328ec47019e706edc8d703d3d"
W20260812 08:00:35.153769  7529 tablet_service.cc:731] failed op from {username='slave'} at 127.0.0.1:51508: Illegal state: replica d74638c5fd0f4abd9a1133fc9af54af6 is not leader of this config: current role FOLLOWER
W20260812 08:00:35.154824  9312 log.cc:510] T bc79e47f601248aa8cbae009a66f2d3c P 3c42e345bcc848489bad682203442e5d: Injecting 22ms of latency in SegmentAllocator::Sync()
W20260812 08:00:35.154906  9311 fault_injection.cc:43] FAULT INJECTION ENABLED!
W20260812 08:00:35.154960  9311 fault_injection.cc:44] THIS SERVER MAY CRASH!
I20260812 08:00:35.155774  7359 raft_consensus.cc:1275] T bc79e47f601248aa8cbae009a66f2d3c P 70de3bccb6a34816ae37e652531293ec [term 19 FOLLOWER]: Refusing update from remote peer 3c42e345bcc848489bad682203442e5d: Log matching property violated. Preceding OpId in replica: term: 16 index: 57. Preceding OpId from leader: term: 19 index: 59. (index mismatch)
I20260812 08:00:35.155774  8101 raft_consensus.cc:1275] T bc79e47f601248aa8cbae009a66f2d3c P be4ac71aeceb49a08908a47d3d3ced31 [term 19 FOLLOWER]: Refusing update from remote peer 3c42e345bcc848489bad682203442e5d: Log matching property violated. Preceding OpId in replica: term: 16 index: 53. Preceding OpId from leader: term: 19 index: 59. (index mismatch)
I20260812 08:00:35.155844  7598 raft_consensus.cc:1275] T bc79e47f601248aa8cbae009a66f2d3c P d74638c5fd0f4abd9a1133fc9af54af6 [term 19 FOLLOWER]: Refusing update from remote peer 3c42e345bcc848489bad682203442e5d: Log matching property violated. Preceding OpId in replica: term: 16 index: 57. Preceding OpId from leader: term: 19 index: 59. (index mismatch)
I20260812 08:00:35.156308  9311 consensus_queue.cc:1048] T bc79e47f601248aa8cbae009a66f2d3c P 3c42e345bcc848489bad682203442e5d [LEADER]: Connected to new peer: Peer: permanent_uuid: "be4ac71aeceb49a08908a47d3d3ced31" member_type: VOTER last_known_addr { host: "127.2.210.134" port: 46683 }, Status: LMP_MISMATCH, Last received: 0.0, Next index: 58, Last known committed idx: 52, Time since last communication: 0.000s
I20260812 08:00:35.156595  9049 consensus_queue.cc:1048] T bc79e47f601248aa8cbae009a66f2d3c P 3c42e345bcc848489bad682203442e5d [LEADER]: Connected to new peer: Peer: permanent_uuid: "70de3bccb6a34816ae37e652531293ec" member_type: VOTER last_known_addr { host: "127.2.210.133" port: 40147 }, Status: LMP_MISMATCH, Last received: 0.0, Next index: 58, Last known committed idx: 57, Time since last communication: 0.000s
I20260812 08:00:35.157384  9216 raft_consensus.cc:1275] T bc79e47f601248aa8cbae009a66f2d3c P d1f23ea4179942709baa3e7a43a4da8d [term 19 FOLLOWER]: Refusing update from remote peer 3c42e345bcc848489bad682203442e5d: Log matching property violated. Preceding OpId in replica: term: 18 index: 59. Preceding OpId from leader: term: 19 index: 59. (term mismatch)
I20260812 08:00:35.157466  9216 pending_rounds.cc:85] T bc79e47f601248aa8cbae009a66f2d3c P d1f23ea4179942709baa3e7a43a4da8d: Aborting all ops after (but not including) 58
I20260812 08:00:35.157536  9216 pending_rounds.cc:107] T bc79e47f601248aa8cbae009a66f2d3c P d1f23ea4179942709baa3e7a43a4da8d: Aborting uncommitted WRITE_OP operation due to leader change: 18.59
I20260812 08:00:35.157553  9311 consensus_queue.cc:1048] T bc79e47f601248aa8cbae009a66f2d3c P 3c42e345bcc848489bad682203442e5d [LEADER]: Connected to new peer: Peer: permanent_uuid: "d74638c5fd0f4abd9a1133fc9af54af6" member_type: VOTER last_known_addr { host: "127.2.210.130" port: 41603 }, Status: LMP_MISMATCH, Last received: 0.0, Next index: 58, Last known committed idx: 57, Time since last communication: 0.000s
W20260812 08:00:35.158669  9326 log.cc:510] T bc79e47f601248aa8cbae009a66f2d3c P 70de3bccb6a34816ae37e652531293ec: Injecting 47ms of latency in SegmentAllocator::Sync()
I20260812 08:00:35.158913  6839 raft_consensus.cc:1275] T bc79e47f601248aa8cbae009a66f2d3c P 306f52b28cc340cdb7aa695ffff0d3cd [term 19 FOLLOWER]: Refusing update from remote peer 3c42e345bcc848489bad682203442e5d: Log matching property violated. Preceding OpId in replica: term: 16 index: 56. Preceding OpId from leader: term: 19 index: 59. (index mismatch)
I20260812 08:00:35.159520  9318 consensus_queue.cc:1048] T bc79e47f601248aa8cbae009a66f2d3c P 3c42e345bcc848489bad682203442e5d [LEADER]: Connected to new peer: Peer: permanent_uuid: "d1f23ea4179942709baa3e7a43a4da8d" member_type: VOTER last_known_addr { host: "127.2.210.135" port: 36963 }, Status: LMP_MISMATCH, Last received: 0.0, Next index: 58, Last known committed idx: 57, Time since last communication: 0.000s
W20260812 08:00:35.162169  7529 tablet_service.cc:731] failed op from {username='slave'} at 127.0.0.1:51508: Illegal state: replica d74638c5fd0f4abd9a1133fc9af54af6 is not leader of this config: current role FOLLOWER
I20260812 08:00:35.162658  9318 consensus_queue.cc:1243] T bc79e47f601248aa8cbae009a66f2d3c P 3c42e345bcc848489bad682203442e5d [LEADER]: Peer d1f23ea4179942709baa3e7a43a4da8d log is divergent from this leader: its last log entry 18.58 is not in this leader's log and it has not received anything from this leader yet. Falling back to committed index 57
W20260812 08:00:35.163120  8827 consensus_peers.cc:597] T bc79e47f601248aa8cbae009a66f2d3c P 3c42e345bcc848489bad682203442e5d -> Peer b9a6f0448ec142e3b670c01f302af569 (127.2.210.129:38341): Couldn't send request to peer b9a6f0448ec142e3b670c01f302af569. Status: Network error: Client connection negotiation failed: client connection to 127.2.210.129:38341: connect: Connection refused (error 111). This is attempt 1: this message will repeat every 5th retry.
I20260812 08:00:35.163576  9317 consensus_queue.cc:1048] T bc79e47f601248aa8cbae009a66f2d3c P 3c42e345bcc848489bad682203442e5d [LEADER]: Connected to new peer: Peer: permanent_uuid: "306f52b28cc340cdb7aa695ffff0d3cd" member_type: VOTER last_known_addr { host: "127.2.210.131" port: 40773 }, Status: LMP_MISMATCH, Last received: 0.0, Next index: 58, Last known committed idx: 53, Time since last communication: 0.000s
W20260812 08:00:35.163949  9333 log.cc:510] T bc79e47f601248aa8cbae009a66f2d3c P be4ac71aeceb49a08908a47d3d3ced31: Injecting 72ms of latency in SegmentAllocator::Sync()
I20260812 08:00:35.164260  9216 pending_rounds.cc:85] T bc79e47f601248aa8cbae009a66f2d3c P d1f23ea4179942709baa3e7a43a4da8d: Aborting all ops after (but not including) 57
I20260812 08:00:35.164316  9216 pending_rounds.cc:107] T bc79e47f601248aa8cbae009a66f2d3c P d1f23ea4179942709baa3e7a43a4da8d: Aborting uncommitted NO_OP operation due to leader change: 18.58
W20260812 08:00:35.164366  9332 log.cc:510] T bc79e47f601248aa8cbae009a66f2d3c P d74638c5fd0f4abd9a1133fc9af54af6: Injecting 10ms of latency in SegmentAllocator::Sync()
I20260812 08:00:35.164358  9216 raft_consensus.cc:2889] T bc79e47f601248aa8cbae009a66f2d3c P d1f23ea4179942709baa3e7a43a4da8d [term 19 FOLLOWER]: NO_OP replication failed: Aborted: Op aborted by new leader
W20260812 08:00:35.166733  9338 log.cc:510] T bc79e47f601248aa8cbae009a66f2d3c P d1f23ea4179942709baa3e7a43a4da8d: Injecting 58ms of latency in SegmentAllocator::Sync()
W20260812 08:00:35.168187  7529 tablet_service.cc:731] failed op from {username='slave'} at 127.0.0.1:51508: Illegal state: replica d74638c5fd0f4abd9a1133fc9af54af6 is not leader of this config: current role FOLLOWER
W20260812 08:00:35.170264  9343 log.cc:510] T bc79e47f601248aa8cbae009a66f2d3c P 306f52b28cc340cdb7aa695ffff0d3cd: Injecting 64ms of latency in SegmentAllocator::Sync()
W20260812 08:00:35.170238  7529 tablet_service.cc:731] failed op from {username='slave'} at 127.0.0.1:51508: Illegal state: replica d74638c5fd0f4abd9a1133fc9af54af6 is not leader of this config: current role FOLLOWER
W20260812 08:00:35.170568  7535 tablet_service.cc:731] failed op from {username='slave'} at 127.0.0.1:51508: Illegal state: replica d74638c5fd0f4abd9a1133fc9af54af6 is not leader of this config: current role FOLLOWER
W20260812 08:00:35.170238  7538 tablet_service.cc:731] failed op from {username='slave'} at 127.0.0.1:51508: Illegal state: replica d74638c5fd0f4abd9a1133fc9af54af6 is not leader of this config: current role FOLLOWER
W20260812 08:00:35.175348  7538 tablet_service.cc:731] failed op from {username='slave'} at 127.0.0.1:51508: Illegal state: replica d74638c5fd0f4abd9a1133fc9af54af6 is not leader of this config: current role FOLLOWER
W20260812 08:00:35.185621  9305 flags.cc:432] Enabled unsafe flag: --log_inject_latency=true
W20260812 08:00:35.185879  9305 flags.cc:432] Enabled unsafe flag: --log_inject_latency_ms_mean=30
W20260812 08:00:35.185923  9305 flags.cc:432] Enabled unsafe flag: --log_inject_latency_ms_stddev=60
W20260812 08:00:35.186003  9305 flags.cc:432] Enabled unsafe flag: --openssl_security_level_override=0
W20260812 08:00:35.186055  9305 flags.cc:432] Enabled unsafe flag: --rpc_server_allow_ephemeral_ports=true
W20260812 08:00:35.186136  9305 flags.cc:432] Enabled unsafe flag: --never_fsync=true
W20260812 08:00:35.189684  9305 flags.cc:432] Enabled experimental flag: --ipki_server_key_size=768
W20260812 08:00:35.189874  9305 flags.cc:432] Enabled experimental flag: --local_ip_for_outbound_sockets=127.2.210.129
W20260812 08:00:35.190251  7538 tablet_service.cc:731] failed op from {username='slave'} at 127.0.0.1:51508: Illegal state: replica d74638c5fd0f4abd9a1133fc9af54af6 is not leader of this config: current role FOLLOWER
I20260812 08:00:35.193928  9305 tablet_server_runner.cc:78] Tablet server non-default flags:
--log_dir=/tmp/dist-test-taskwRVoWS/test-tmp/raft_consensus-itest.0.RaftConsensusITest.InsertDuplicateKeysWithCrashyNodes.1786521624037311-2890-0/raft_consensus-itest-crashy-nodes-cluster/ts-0/logs
--logbuflevel=-1
--logtostderr=true
--builtin_ntp_poll_interval_ms=100
--builtin_ntp_servers=127.2.210.148:42899
--ntp_initial_sync_wait_secs=10
--time_source=builtin
--log_inject_latency=true
--log_inject_latency_ms_mean=30
--log_inject_latency_ms_stddev=60
--log_preallocate_segments=false
--raft_heartbeat_interval_ms=100
--fs_data_dirs=/tmp/dist-test-taskwRVoWS/test-tmp/raft_consensus-itest.0.RaftConsensusITest.InsertDuplicateKeysWithCrashyNodes.1786521624037311-2890-0/raft_consensus-itest-crashy-nodes-cluster/ts-0/data
--fs_wal_dir=/tmp/dist-test-taskwRVoWS/test-tmp/raft_consensus-itest.0.RaftConsensusITest.InsertDuplicateKeysWithCrashyNodes.1786521624037311-2890-0/raft_consensus-itest-crashy-nodes-cluster/ts-0/wal
--ipki_server_key_size=768
--openssl_security_level_override=0
--rpc_bind_addresses=127.2.210.129:38341
--rpc_server_allow_ephemeral_ports=true
--metrics_log_interval_ms=1000
--server_dump_info_format=pb
--server_dump_info_path=/tmp/dist-test-taskwRVoWS/test-tmp/raft_consensus-itest.0.RaftConsensusITest.InsertDuplicateKeysWithCrashyNodes.1786521624037311-2890-0/raft_consensus-itest-crashy-nodes-cluster/ts-0/data/info.pb
--webserver_interface=127.2.210.129
--webserver_port=35093
--tserver_master_addrs=127.2.210.190:42857
--never_fsync=true
--heap_profile_path=/tmp/kudu.9305
--redact=none
--unlock_experimental_flags=true
--unlock_unsafe_flags=true
--enable_minidumps=false
--local_ip_for_outbound_sockets=127.2.210.129

Tablet server version:
kudu 1.19.0-SNAPSHOT
revision 70c51312f1186a8ae9f46647160b7730123f7601-dirty
build type DEBUG
built by None at 12 Aug 2026 06:06:26 UTC on 39be9dd7121a
I20260812 08:00:35.195185  9305 env_posix.cc:2285] Not raising this process' open files per process limit of 1048576; it is already as high as it can go
I20260812 08:00:35.196435  9305 file_cache.cc:504] Constructed file cache file cache with capacity 419430
E20260812 08:00:35.199714  9305 multi_raft_batcher.cc:235] multi_raft_heartbeat_window_ms should not be more than  raft_heartbeat_interval_ms / 2. , forcing multi_raft_heartbeat_window_ms = 50
W20260812 08:00:35.201407  7538 tablet_service.cc:731] failed op from {username='slave'} at 127.0.0.1:51508: Illegal state: replica d74638c5fd0f4abd9a1133fc9af54af6 is not leader of this config: current role FOLLOWER
W20260812 08:00:35.204020  9353 instance_detector.cc:116] could not retrieve OpenStack instance metadata: Network error: curl error: HTTP response code said error: The requested URL returned error: 404
W20260812 08:00:35.204022  9349 instance_detector.cc:116] could not retrieve Azure instance metadata: Network error: curl error: HTTP response code said error: The requested URL returned error: 404
W20260812 08:00:35.204018  9348 instance_detector.cc:116] could not retrieve AWS instance metadata: Network error: curl error: HTTP response code said error: The requested URL returned error: 404
I20260812 08:00:35.205884  9305 server_base.cc:1061] running on GCE node
I20260812 08:00:35.206354  9305 hybrid_clock.cc:584] initializing the hybrid clock with 'builtin' time source
I20260812 08:00:35.207049  9305 hybrid_clock.cc:630] waiting up to --ntp_initial_sync_wait_secs=10 seconds for the clock to synchronize
I20260812 08:00:35.208250  9305 hybrid_clock.cc:648] HybridClock initialized: now 1786521635208220 us; error 32 us; skew 500 ppm
I20260812 08:00:35.215400  9305 webserver.cc:533] Webserver started at http://127.2.210.129:35093/ using document root <none> and password file <none>
I20260812 08:00:35.216082  9305 fs_manager.cc:362] Metadata directory not provided
I20260812 08:00:35.216153  9305 fs_manager.cc:368] Using write-ahead log directory (fs_wal_dir) as metadata directory
I20260812 08:00:35.220639  9305 fs_manager.cc:714] Time spent opening directory manager: real 0.003s	user 0.003s	sys 0.002s
I20260812 08:00:35.223191  9363 log_block_manager.cc:4127] Time spent loading block containers with low live blocks: real 0.000s	user 0.000s	sys 0.000s
I20260812 08:00:35.231391  9305 fs_manager.cc:730] Time spent opening block manager: real 0.010s	user 0.003s	sys 0.000s
I20260812 08:00:35.231564  9305 fs_manager.cc:647] Opened local filesystem: /tmp/dist-test-taskwRVoWS/test-tmp/raft_consensus-itest.0.RaftConsensusITest.InsertDuplicateKeysWithCrashyNodes.1786521624037311-2890-0/raft_consensus-itest-crashy-nodes-cluster/ts-0/data,/tmp/dist-test-taskwRVoWS/test-tmp/raft_consensus-itest.0.RaftConsensusITest.InsertDuplicateKeysWithCrashyNodes.1786521624037311-2890-0/raft_consensus-itest-crashy-nodes-cluster/ts-0/wal
uuid: "b9a6f0448ec142e3b670c01f302af569"
format_stamp: "Formatted at 2026-08-12 08:00:25 on dist-test-slave-7kzw"
I20260812 08:00:35.232164  9305 fs_report.cc:389] FS layout report
--------------------
wal directory: /tmp/dist-test-taskwRVoWS/test-tmp/raft_consensus-itest.0.RaftConsensusITest.InsertDuplicateKeysWithCrashyNodes.1786521624037311-2890-0/raft_consensus-itest-crashy-nodes-cluster/ts-0/wal
metadata directory: /tmp/dist-test-taskwRVoWS/test-tmp/raft_consensus-itest.0.RaftConsensusITest.InsertDuplicateKeysWithCrashyNodes.1786521624037311-2890-0/raft_consensus-itest-crashy-nodes-cluster/ts-0/wal
1 data directories: /tmp/dist-test-taskwRVoWS/test-tmp/raft_consensus-itest.0.RaftConsensusITest.InsertDuplicateKeysWithCrashyNodes.1786521624037311-2890-0/raft_consensus-itest-crashy-nodes-cluster/ts-0/data/data
Total live blocks: 0
Total live bytes: 0
Total live bytes (after alignment): 0
Total number of LBM containers: 0 (0 full)
Did not check for missing blocks
Did not check for orphaned blocks
Total full LBM containers with extra space: 0 (0 repaired)
Total full LBM container extra space in bytes: 0 (0 repaired)
Total incomplete LBM containers: 0 (0 repaired)
Total LBM partial records: 0 (0 repaired)
Total corrupted LBM metadata records in RocksDB: 0 (0 repaired)
I20260812 08:00:35.234961  9306 mvcc.cc:204] Tried to move back new op lower bound from 7317592617591869440 to 7317592617464713216. Current Snapshot: MvccSnapshot[applied={T|T < 7317592617591869440}]
W20260812 08:00:35.250618  5350 scanner-internal.cc:458] Time spent opening tablet: real 1.135s	user 0.002s	sys 0.000s
W20260812 08:00:35.251076  9326 log.cc:510] T bc79e47f601248aa8cbae009a66f2d3c P 70de3bccb6a34816ae37e652531293ec: Injecting 93ms of latency in SegmentAllocator::Sync()
I20260812 08:00:35.252542  9305 rpc_server.cc:225] running with OpenSSL 1.1.1  11 Sep 2018
I20260812 08:00:35.253312  9305 env_posix.cc:2285] Not raising this process' running threads per effective uid limit of 18446744073709551615; it is already as high as it can go
I20260812 08:00:35.253532  9305 kserver.cc:163] Server-wide thread pool size limit: 3276
I20260812 08:00:35.254467  9305 txn_system_client.cc:432] TxnSystemClient initialization is disabled...
I20260812 08:00:35.256554  9376 ts_tablet_manager.cc:542] Loading tablet metadata (0/1 complete)
W20260812 08:00:35.259303  9312 log.cc:510] T bc79e47f601248aa8cbae009a66f2d3c P 3c42e345bcc848489bad682203442e5d: Injecting 94ms of latency in SegmentAllocator::Sync()
W20260812 08:00:35.261626  9343 log.cc:510] T bc79e47f601248aa8cbae009a66f2d3c P 306f52b28cc340cdb7aa695ffff0d3cd: Injecting 43ms of latency in SegmentAllocator::Sync()
W20260812 08:00:35.263756  9333 log.cc:510] T bc79e47f601248aa8cbae009a66f2d3c P be4ac71aeceb49a08908a47d3d3ced31: Injecting 136ms of latency in SegmentAllocator::Sync()
I20260812 08:00:35.264736  9305 ts_tablet_manager.cc:585] Loaded tablet metadata (1 total tablets, 1 live tablets)
I20260812 08:00:35.264853  9305 ts_tablet_manager.cc:531] Time spent load tablet metadata: real 0.009s	user 0.001s	sys 0.000s
I20260812 08:00:35.264950  9305 ts_tablet_manager.cc:600] Registering tablets (0/1 complete)
I20260812 08:00:35.266852  9305 ts_tablet_manager.cc:616] Registered 1 tablets
I20260812 08:00:35.266924  9305 ts_tablet_manager.cc:595] Time spent register tablets: real 0.002s	user 0.002s	sys 0.000s
I20260812 08:00:35.267372  9376 tablet_bootstrap.cc:492] T bc79e47f601248aa8cbae009a66f2d3c P b9a6f0448ec142e3b670c01f302af569: Bootstrap starting.
I20260812 08:00:35.281509  9305 rpc_server.cc:307] RPC server started. Bound to: 127.2.210.129:38341
I20260812 08:00:35.281572  9561 acceptor_pool.cc:272] collecting diagnostics on the listening RPC socket 127.2.210.129:38341 every 8 connection(s)
I20260812 08:00:35.283417  9376 log.cc:826] T bc79e47f601248aa8cbae009a66f2d3c P b9a6f0448ec142e3b670c01f302af569: Log is configured to *not* fsync() on all Append() calls
I20260812 08:00:35.284471  9305 server_base.cc:1193] Dumped server information to /tmp/dist-test-taskwRVoWS/test-tmp/raft_consensus-itest.0.RaftConsensusITest.InsertDuplicateKeysWithCrashyNodes.1786521624037311-2890-0/raft_consensus-itest-crashy-nodes-cluster/ts-0/data/info.pb
I20260812 08:00:35.285490  2890 external_mini_cluster.cc:1434] Started /tmp/dist-test-taskwRVoWS/build/debug/bin/kudu as pid 9305
I20260812 08:00:35.285735  2890 external_mini_cluster.cc:1664] Killing /tmp/dist-test-taskwRVoWS/build/debug/bin/kudu with pid 7467
I20260812 08:00:35.330021  9563 heartbeater.cc:344] Connected to a master server at 127.2.210.190:42857
I20260812 08:00:35.330366  9563 heartbeater.cc:461] Registering TS with master...
I20260812 08:00:35.331236  9563 heartbeater.cc:507] Master 127.2.210.190:42857 requested a full tablet report, sending...
I20260812 08:00:35.333680  3762 ts_manager.cc:194] Re-registered known tserver with Master: b9a6f0448ec142e3b670c01f302af569 (127.2.210.129:38341)
I20260812 08:00:35.334659  2890 external_mini_cluster.cc:1372] Running /tmp/dist-test-taskwRVoWS/build/debug/bin/kudu
/tmp/dist-test-taskwRVoWS/build/debug/bin/kudu
--fs_wal_dir=/tmp/dist-test-taskwRVoWS/test-tmp/raft_consensus-itest.0.RaftConsensusITest.InsertDuplicateKeysWithCrashyNodes.1786521624037311-2890-0/raft_consensus-itest-crashy-nodes-cluster/ts-1/wal
--fs_data_dirs=/tmp/dist-test-taskwRVoWS/test-tmp/raft_consensus-itest.0.RaftConsensusITest.InsertDuplicateKeysWithCrashyNodes.1786521624037311-2890-0/raft_consensus-itest-crashy-nodes-cluster/ts-1/data
--block_manager=log
--webserver_interface=localhost
--never_fsync
--enable_minidumps=false
--redact=none
--metrics_log_interval_ms=1000
--log_dir=/tmp/dist-test-taskwRVoWS/test-tmp/raft_consensus-itest.0.RaftConsensusITest.InsertDuplicateKeysWithCrashyNodes.1786521624037311-2890-0/raft_consensus-itest-crashy-nodes-cluster/ts-1/logs
--server_dump_info_path=/tmp/dist-test-taskwRVoWS/test-tmp/raft_consensus-itest.0.RaftConsensusITest.InsertDuplicateKeysWithCrashyNodes.1786521624037311-2890-0/raft_consensus-itest-crashy-nodes-cluster/ts-1/data/info.pb
--server_dump_info_format=pb
--rpc_server_allow_ephemeral_ports
--unlock_experimental_flags
--unlock_unsafe_flags
--logtostderr
--logbuflevel=-1
--ipki_server_key_size=768
--openssl_security_level_override=0
tserver
run
--rpc_bind_addresses=127.2.210.130:41603
--local_ip_for_outbound_sockets=127.2.210.130
--tserver_master_addrs=127.2.210.190:42857
--webserver_port=44889
--webserver_interface=127.2.210.130
--builtin_ntp_servers=127.2.210.148:42899
--builtin_ntp_poll_interval_ms=100
--ntp_initial_sync_wait_secs=10
--time_source=builtin
--log_inject_latency
--log_inject_latency_ms_mean=30
--log_inject_latency_ms_stddev=60
--raft_heartbeat_interval_ms=100
--log_preallocate_segments=false with env {}
I20260812 08:00:35.335014  3762 master_service.cc:502] Signed X509 certificate for tserver {username='slave'} at 127.2.210.129:32795
W20260812 08:00:35.348542  9326 log.cc:510] T bc79e47f601248aa8cbae009a66f2d3c P 70de3bccb6a34816ae37e652531293ec: Injecting 33ms of latency in SegmentAllocator::Sync()
W20260812 08:00:35.357012  9312 log.cc:510] T bc79e47f601248aa8cbae009a66f2d3c P 3c42e345bcc848489bad682203442e5d: Injecting 3ms of latency in SegmentAllocator::Sync()
I20260812 08:00:35.360889  9376 tablet_bootstrap.cc:492] T bc79e47f601248aa8cbae009a66f2d3c P b9a6f0448ec142e3b670c01f302af569: Bootstrap replayed 1/1 log segments. Stats: ops{read=57 overwritten=0 applied=57 ignored=31} inserts{seen=39 ignored=0} mutations{seen=0 ignored=0} orphaned_commits=0. Pending: 0 replicates
I20260812 08:00:35.361542  9376 tablet_bootstrap.cc:492] T bc79e47f601248aa8cbae009a66f2d3c P b9a6f0448ec142e3b670c01f302af569: Bootstrap complete.
W20260812 08:00:35.361850  9376 log.cc:510] T bc79e47f601248aa8cbae009a66f2d3c P b9a6f0448ec142e3b670c01f302af569: Injecting 34ms of latency in SegmentAllocator::Sync()
W20260812 08:00:35.363323  8831 consensus_peers.cc:597] T bc79e47f601248aa8cbae009a66f2d3c P 3c42e345bcc848489bad682203442e5d -> Peer d74638c5fd0f4abd9a1133fc9af54af6 (127.2.210.130:41603): Couldn't send request to peer d74638c5fd0f4abd9a1133fc9af54af6. Status: Network error: Client connection negotiation failed: client connection to 127.2.210.130:41603: connect: Connection refused (error 111). This is attempt 1: this message will repeat every 5th retry.
W20260812 08:00:35.370921  9343 log.cc:510] T bc79e47f601248aa8cbae009a66f2d3c P 306f52b28cc340cdb7aa695ffff0d3cd: Injecting 69ms of latency in SegmentAllocator::Sync()
W20260812 08:00:35.385008  9326 log.cc:510] T bc79e47f601248aa8cbae009a66f2d3c P 70de3bccb6a34816ae37e652531293ec: Injecting 16ms of latency in SegmentAllocator::Sync()
W20260812 08:00:35.385565  5352 scanner-internal.cc:458] Time spent opening tablet: real 1.270s	user 0.002s	sys 0.000s
I20260812 08:00:35.396420  9376 ts_tablet_manager.cc:1403] T bc79e47f601248aa8cbae009a66f2d3c P b9a6f0448ec142e3b670c01f302af569: Time spent bootstrapping tablet: real 0.129s	user 0.054s	sys 0.004s
I20260812 08:00:35.399909  9376 raft_consensus.cc:359] T bc79e47f601248aa8cbae009a66f2d3c P b9a6f0448ec142e3b670c01f302af569 [term 18 FOLLOWER]: Replica starting. Triggering 0 pending ops. Active config: opid_index: -1 OBSOLETE_local: false peers { permanent_uuid: "3c42e345bcc848489bad682203442e5d" member_type: VOTER last_known_addr { host: "127.2.210.132" port: 35573 } } peers { permanent_uuid: "70de3bccb6a34816ae37e652531293ec" member_type: VOTER last_known_addr { host: "127.2.210.133" port: 40147 } } peers { permanent_uuid: "b9a6f0448ec142e3b670c01f302af569" member_type: VOTER last_known_addr { host: "127.2.210.129" port: 38341 } } peers { permanent_uuid: "306f52b28cc340cdb7aa695ffff0d3cd" member_type: VOTER last_known_addr { host: "127.2.210.131" port: 40773 } } peers { permanent_uuid: "d1f23ea4179942709baa3e7a43a4da8d" member_type: VOTER last_known_addr { host: "127.2.210.135" port: 36963 } } peers { permanent_uuid: "d74638c5fd0f4abd9a1133fc9af54af6" member_type: VOTER last_known_addr { host: "127.2.210.130" port: 41603 } } peers { permanent_uuid: "be4ac71aeceb49a08908a47d3d3ced31" member_type: VOTER last_known_addr { host: "127.2.210.134" port: 46683 } }
I20260812 08:00:35.400396  9376 raft_consensus.cc:740] T bc79e47f601248aa8cbae009a66f2d3c P b9a6f0448ec142e3b670c01f302af569 [term 18 FOLLOWER]: Becoming Follower/Learner. State: Replica: b9a6f0448ec142e3b670c01f302af569, State: Initialized, Role: FOLLOWER
I20260812 08:00:35.400985  9376 consensus_queue.cc:260] T bc79e47f601248aa8cbae009a66f2d3c P b9a6f0448ec142e3b670c01f302af569 [NON_LEADER]: Queue going to NON_LEADER mode. State: All replicated index: 0, Majority replicated index: 0, Committed index: 57, Last appended: 16.57, Last appended by leader: 57, Current term: 0, Majority size: -1, State: 0, Mode: NON_LEADER, active raft config: opid_index: -1 OBSOLETE_local: false peers { permanent_uuid: "3c42e345bcc848489bad682203442e5d" member_type: VOTER last_known_addr { host: "127.2.210.132" port: 35573 } } peers { permanent_uuid: "70de3bccb6a34816ae37e652531293ec" member_type: VOTER last_known_addr { host: "127.2.210.133" port: 40147 } } peers { permanent_uuid: "b9a6f0448ec142e3b670c01f302af569" member_type: VOTER last_known_addr { host: "127.2.210.129" port: 38341 } } peers { permanent_uuid: "306f52b28cc340cdb7aa695ffff0d3cd" member_type: VOTER last_known_addr { host: "127.2.210.131" port: 40773 } } peers { permanent_uuid: "d1f23ea4179942709baa3e7a43a4da8d" member_type: VOTER last_known_addr { host: "127.2.210.135" port: 36963 } } peers { permanent_uuid: "d74638c5fd0f4abd9a1133fc9af54af6" member_type: VOTER last_known_addr { host: "127.2.210.130" port: 41603 } } peers { permanent_uuid: "be4ac71aeceb49a08908a47d3d3ced31" member_type: VOTER last_known_addr { host: "127.2.210.134" port: 46683 } }
I20260812 08:00:35.403192  9376 ts_tablet_manager.cc:1434] T bc79e47f601248aa8cbae009a66f2d3c P b9a6f0448ec142e3b670c01f302af569: Time spent starting tablet: real 0.007s	user 0.001s	sys 0.004s
I20260812 08:00:35.403764  9563 heartbeater.cc:499] Master 127.2.210.190:42857 was elected leader, sending a full tablet report...
W20260812 08:00:35.404155  9333 log.cc:510] T bc79e47f601248aa8cbae009a66f2d3c P be4ac71aeceb49a08908a47d3d3ced31: Injecting 63ms of latency in SegmentAllocator::Sync()
I20260812 08:00:35.443447  9315 mvcc.cc:204] Tried to move back new op lower bound from 7317592618413101056 to 7317592617464713216. Current Snapshot: MvccSnapshot[applied={T|T < 7317592618413101056 or (T in {7317592618413101056})}]
W20260812 08:00:35.444087  9312 log.cc:510] T bc79e47f601248aa8cbae009a66f2d3c P 3c42e345bcc848489bad682203442e5d: Injecting 120ms of latency in SegmentAllocator::Sync()
W20260812 08:00:35.445078  9338 log.cc:510] T bc79e47f601248aa8cbae009a66f2d3c P d1f23ea4179942709baa3e7a43a4da8d: Injecting 26ms of latency in SegmentAllocator::Sync()
W20260812 08:00:35.458835  9326 log.cc:510] T bc79e47f601248aa8cbae009a66f2d3c P 70de3bccb6a34816ae37e652531293ec: Injecting 56ms of latency in SegmentAllocator::Sync()
I20260812 08:00:35.464887  9476 raft_consensus.cc:3060] T bc79e47f601248aa8cbae009a66f2d3c P b9a6f0448ec142e3b670c01f302af569 [term 18 FOLLOWER]: Advancing to term 19
W20260812 08:00:35.471504  9333 log.cc:510] T bc79e47f601248aa8cbae009a66f2d3c P be4ac71aeceb49a08908a47d3d3ced31: Injecting 108ms of latency in SegmentAllocator::Sync()
W20260812 08:00:35.472522  9575 log.cc:510] T bc79e47f601248aa8cbae009a66f2d3c P b9a6f0448ec142e3b670c01f302af569: Injecting 45ms of latency in SegmentAllocator::Sync()
W20260812 08:00:35.475011  9338 log.cc:510] T bc79e47f601248aa8cbae009a66f2d3c P d1f23ea4179942709baa3e7a43a4da8d: Injecting 88ms of latency in SegmentAllocator::Sync()
I20260812 08:00:35.478696  9574 mvcc.cc:204] Tried to move back new op lower bound from 7317592618413101056 to 7317592617464713216. Current Snapshot: MvccSnapshot[applied={T|T < 7317592618413101056 or (T in {7317592618413101056})}]
W20260812 08:00:35.509191  9568 flags.cc:432] Enabled unsafe flag: --log_inject_latency=true
W20260812 08:00:35.509479  9568 flags.cc:432] Enabled unsafe flag: --log_inject_latency_ms_mean=30
W20260812 08:00:35.509542  9568 flags.cc:432] Enabled unsafe flag: --log_inject_latency_ms_stddev=60
W20260812 08:00:35.509653  9568 flags.cc:432] Enabled unsafe flag: --openssl_security_level_override=0
W20260812 08:00:35.509698  9568 flags.cc:432] Enabled unsafe flag: --rpc_server_allow_ephemeral_ports=true
W20260812 08:00:35.509788  9568 flags.cc:432] Enabled unsafe flag: --never_fsync=true
W20260812 08:00:35.513806  9568 flags.cc:432] Enabled experimental flag: --ipki_server_key_size=768
W20260812 08:00:35.513937  9568 flags.cc:432] Enabled experimental flag: --local_ip_for_outbound_sockets=127.2.210.130
I20260812 08:00:35.519732  9568 tablet_server_runner.cc:78] Tablet server non-default flags:
--log_dir=/tmp/dist-test-taskwRVoWS/test-tmp/raft_consensus-itest.0.RaftConsensusITest.InsertDuplicateKeysWithCrashyNodes.1786521624037311-2890-0/raft_consensus-itest-crashy-nodes-cluster/ts-1/logs
--logbuflevel=-1
--logtostderr=true
--builtin_ntp_poll_interval_ms=100
--builtin_ntp_servers=127.2.210.148:42899
--ntp_initial_sync_wait_secs=10
--time_source=builtin
--log_inject_latency=true
--log_inject_latency_ms_mean=30
--log_inject_latency_ms_stddev=60
--log_preallocate_segments=false
--raft_heartbeat_interval_ms=100
--fs_data_dirs=/tmp/dist-test-taskwRVoWS/test-tmp/raft_consensus-itest.0.RaftConsensusITest.InsertDuplicateKeysWithCrashyNodes.1786521624037311-2890-0/raft_consensus-itest-crashy-nodes-cluster/ts-1/data
--fs_wal_dir=/tmp/dist-test-taskwRVoWS/test-tmp/raft_consensus-itest.0.RaftConsensusITest.InsertDuplicateKeysWithCrashyNodes.1786521624037311-2890-0/raft_consensus-itest-crashy-nodes-cluster/ts-1/wal
--ipki_server_key_size=768
--openssl_security_level_override=0
--rpc_bind_addresses=127.2.210.130:41603
--rpc_server_allow_ephemeral_ports=true
--metrics_log_interval_ms=1000
--server_dump_info_format=pb
--server_dump_info_path=/tmp/dist-test-taskwRVoWS/test-tmp/raft_consensus-itest.0.RaftConsensusITest.InsertDuplicateKeysWithCrashyNodes.1786521624037311-2890-0/raft_consensus-itest-crashy-nodes-cluster/ts-1/data/info.pb
--webserver_interface=127.2.210.130
--webserver_port=44889
--tserver_master_addrs=127.2.210.190:42857
--never_fsync=true
--heap_profile_path=/tmp/kudu.9568
--redact=none
--unlock_experimental_flags=true
--unlock_unsafe_flags=true
--enable_minidumps=false
--local_ip_for_outbound_sockets=127.2.210.130

Tablet server version:
kudu 1.19.0-SNAPSHOT
revision 70c51312f1186a8ae9f46647160b7730123f7601-dirty
build type DEBUG
built by None at 12 Aug 2026 06:06:26 UTC on 39be9dd7121a
I20260812 08:00:35.521317  9568 env_posix.cc:2285] Not raising this process' open files per process limit of 1048576; it is already as high as it can go
I20260812 08:00:35.522807  9568 file_cache.cc:504] Constructed file cache file cache with capacity 419430
E20260812 08:00:35.526594  9568 multi_raft_batcher.cc:235] multi_raft_heartbeat_window_ms should not be more than  raft_heartbeat_interval_ms / 2. , forcing multi_raft_heartbeat_window_ms = 50
W20260812 08:00:35.531059  9589 instance_detector.cc:116] could not retrieve AWS instance metadata: Network error: curl error: HTTP response code said error: The requested URL returned error: 404
W20260812 08:00:35.531114  9592 instance_detector.cc:116] could not retrieve OpenStack instance metadata: Network error: curl error: HTTP response code said error: The requested URL returned error: 404
I20260812 08:00:35.531347  9568 server_base.cc:1061] running on GCE node
W20260812 08:00:35.531492  9590 instance_detector.cc:116] could not retrieve Azure instance metadata: Network error: curl error: HTTP response code said error: The requested URL returned error: 404
I20260812 08:00:35.531977  9568 hybrid_clock.cc:584] initializing the hybrid clock with 'builtin' time source
I20260812 08:00:35.532711  9568 hybrid_clock.cc:630] waiting up to --ntp_initial_sync_wait_secs=10 seconds for the clock to synchronize
I20260812 08:00:35.533905  9568 hybrid_clock.cc:648] HybridClock initialized: now 1786521635533883 us; error 33 us; skew 500 ppm
I20260812 08:00:35.536177  9568 webserver.cc:533] Webserver started at http://127.2.210.130:44889/ using document root <none> and password file <none>
I20260812 08:00:35.537000  9568 fs_manager.cc:362] Metadata directory not provided
I20260812 08:00:35.537096  9568 fs_manager.cc:368] Using write-ahead log directory (fs_wal_dir) as metadata directory
I20260812 08:00:35.541069  9568 fs_manager.cc:714] Time spent opening directory manager: real 0.002s	user 0.001s	sys 0.000s
I20260812 08:00:35.543318  9600 log_block_manager.cc:4127] Time spent loading block containers with low live blocks: real 0.000s	user 0.000s	sys 0.000s
I20260812 08:00:35.544505  9568 fs_manager.cc:730] Time spent opening block manager: real 0.002s	user 0.002s	sys 0.001s
I20260812 08:00:35.544649  9568 fs_manager.cc:647] Opened local filesystem: /tmp/dist-test-taskwRVoWS/test-tmp/raft_consensus-itest.0.RaftConsensusITest.InsertDuplicateKeysWithCrashyNodes.1786521624037311-2890-0/raft_consensus-itest-crashy-nodes-cluster/ts-1/data,/tmp/dist-test-taskwRVoWS/test-tmp/raft_consensus-itest.0.RaftConsensusITest.InsertDuplicateKeysWithCrashyNodes.1786521624037311-2890-0/raft_consensus-itest-crashy-nodes-cluster/ts-1/wal
uuid: "d74638c5fd0f4abd9a1133fc9af54af6"
format_stamp: "Formatted at 2026-08-12 08:00:25 on dist-test-slave-7kzw"
I20260812 08:00:35.545075  9568 fs_report.cc:389] FS layout report
--------------------
wal directory: /tmp/dist-test-taskwRVoWS/test-tmp/raft_consensus-itest.0.RaftConsensusITest.InsertDuplicateKeysWithCrashyNodes.1786521624037311-2890-0/raft_consensus-itest-crashy-nodes-cluster/ts-1/wal
metadata directory: /tmp/dist-test-taskwRVoWS/test-tmp/raft_consensus-itest.0.RaftConsensusITest.InsertDuplicateKeysWithCrashyNodes.1786521624037311-2890-0/raft_consensus-itest-crashy-nodes-cluster/ts-1/wal
1 data directories: /tmp/dist-test-taskwRVoWS/test-tmp/raft_consensus-itest.0.RaftConsensusITest.InsertDuplicateKeysWithCrashyNodes.1786521624037311-2890-0/raft_consensus-itest-crashy-nodes-cluster/ts-1/data/data
Total live blocks: 0
Total live bytes: 0
Total live bytes (after alignment): 0
Total number of LBM containers: 0 (0 full)
Did not check for missing blocks
Did not check for orphaned blocks
Total full LBM containers with extra space: 0 (0 repaired)
Total full LBM container extra space in bytes: 0 (0 repaired)
Total incomplete LBM containers: 0 (0 repaired)
Total LBM partial records: 0 (0 repaired)
Total corrupted LBM metadata records in RocksDB: 0 (0 repaired)
I20260812 08:00:35.568822  9568 rpc_server.cc:225] running with OpenSSL 1.1.1  11 Sep 2018
I20260812 08:00:35.569738  9568 env_posix.cc:2285] Not raising this process' running threads per effective uid limit of 18446744073709551615; it is already as high as it can go
