W20260812 08:00:21.301395 18041 master_options.cc:55] Only 2 masters are specified by master_addresses_flag ('127.16.225.126:33315,127.16.225.125:40699'), but minimum of 3 are required to tolerate failures of any one master. It is recommended to use at least 3 masters.
I20260812 08:00:21.302311 18041 env_posix.cc:2285] Not raising this process' open files per process limit of 1048576; it is already as high as it can go
I20260812 08:00:21.303332 18041 file_cache.cc:504] Constructed file cache file cache with capacity 419430
W20260812 08:00:21.308960 18050 instance_detector.cc:116] could not retrieve Azure instance metadata: Network error: curl error: HTTP response code said error: The requested URL returned error: 404
W20260812 08:00:21.308990 18049 instance_detector.cc:116] could not retrieve AWS instance metadata: Network error: curl error: HTTP response code said error: The requested URL returned error: 404
W20260812 08:00:21.309005 18052 instance_detector.cc:116] could not retrieve OpenStack instance metadata: Network error: curl error: HTTP response code said error: The requested URL returned error: 404
I20260812 08:00:21.309203 18041 server_base.cc:1061] running on GCE node
I20260812 08:00:21.309744 18041 hybrid_clock.cc:584] initializing the hybrid clock with 'builtin' time source
I20260812 08:00:21.310678 18041 hybrid_clock.cc:630] waiting up to --ntp_initial_sync_wait_secs=10 seconds for the clock to synchronize
I20260812 08:00:21.311852 18041 hybrid_clock.cc:648] HybridClock initialized: now 1786521621311837 us; error 35 us; skew 500 ppm
I20260812 08:00:21.313558 18041 webserver.cc:533] Webserver started at http://127.16.225.125:41001/ using document root <none> and password file <none>
I20260812 08:00:21.314196 18041 fs_manager.cc:362] Metadata directory not provided
I20260812 08:00:21.314273 18041 fs_manager.cc:368] Using write-ahead log directory (fs_wal_dir) as metadata directory
I20260812 08:00:21.314476 18041 server_base.cc:909] This appears to be a new deployment of Kudu; creating new FS layout
I20260812 08:00:21.316054 18041 fs_manager.cc:1068] Generated new instance metadata in path /tmp/dist-test-taskspG5D4/test-tmp/dynamic_multi_master-test.2.AutoAddMasterTest.TestAddNewMaster.1786521619176811-17285-0/minicluster-data/master-1/data/instance:
uuid: "07c60a1bfbb44296904a86dcb05d2ae0"
format_stamp: "Formatted at 2026-08-12 08:00:21 on dist-test-slave-6nmv"
I20260812 08:00:21.316530 18041 fs_manager.cc:1068] Generated new instance metadata in path /tmp/dist-test-taskspG5D4/test-tmp/dynamic_multi_master-test.2.AutoAddMasterTest.TestAddNewMaster.1786521619176811-17285-0/minicluster-data/master-1/wal/instance:
uuid: "07c60a1bfbb44296904a86dcb05d2ae0"
format_stamp: "Formatted at 2026-08-12 08:00:21 on dist-test-slave-6nmv"
I20260812 08:00:21.319687 18041 fs_manager.cc:696] Time spent creating directory manager: real 0.003s	user 0.005s	sys 0.000s
I20260812 08:00:21.321537 18039 consensus_peers.cc:770] Retrying to get permanent uuid for remote peer: member_type: VOTER last_known_addr { host: "127.16.225.125" port: 40699 } attempt: 2
I20260812 08:00:21.321772 18059 log_block_manager.cc:4127] Time spent loading block containers with low live blocks: real 0.000s	user 0.000s	sys 0.000s
I20260812 08:00:21.322830 18041 fs_manager.cc:730] Time spent opening block manager: real 0.002s	user 0.002s	sys 0.000s
W20260812 08:00:21.322906 18039 consensus_peers.cc:760] Error getting permanent uuid from config peer 127.16.225.125:40699: Network error: Client connection negotiation failed: client connection to 127.16.225.125:40699: connect: Connection refused (error 111)
I20260812 08:00:21.322957 18041 fs_manager.cc:647] Opened local filesystem: /tmp/dist-test-taskspG5D4/test-tmp/dynamic_multi_master-test.2.AutoAddMasterTest.TestAddNewMaster.1786521619176811-17285-0/minicluster-data/master-1/data,/tmp/dist-test-taskspG5D4/test-tmp/dynamic_multi_master-test.2.AutoAddMasterTest.TestAddNewMaster.1786521619176811-17285-0/minicluster-data/master-1/wal
uuid: "07c60a1bfbb44296904a86dcb05d2ae0"
format_stamp: "Formatted at 2026-08-12 08:00:21 on dist-test-slave-6nmv"
I20260812 08:00:21.323046 18041 fs_report.cc:389] FS layout report
--------------------
wal directory: /tmp/dist-test-taskspG5D4/test-tmp/dynamic_multi_master-test.2.AutoAddMasterTest.TestAddNewMaster.1786521619176811-17285-0/minicluster-data/master-1/wal
metadata directory: /tmp/dist-test-taskspG5D4/test-tmp/dynamic_multi_master-test.2.AutoAddMasterTest.TestAddNewMaster.1786521619176811-17285-0/minicluster-data/master-1/wal
1 data directories: /tmp/dist-test-taskspG5D4/test-tmp/dynamic_multi_master-test.2.AutoAddMasterTest.TestAddNewMaster.1786521619176811-17285-0/minicluster-data/master-1/data/data
Total live blocks: 0
Total live bytes: 0
Total live bytes (after alignment): 0
Total number of LBM containers: 0 (0 full)
Did not check for missing blocks
Did not check for orphaned blocks
Total full LBM containers with extra space: 0 (0 repaired)
Total full LBM container extra space in bytes: 0 (0 repaired)
Total incomplete LBM containers: 0 (0 repaired)
Total LBM partial records: 0 (0 repaired)
Total corrupted LBM metadata records in RocksDB: 0 (0 repaired)
I20260812 08:00:21.355986 18041 rpc_server.cc:225] running with OpenSSL 1.1.1  11 Sep 2018
I20260812 08:00:21.356634 18041 env_posix.cc:2285] Not raising this process' running threads per effective uid limit of 18446744073709551615; it is already as high as it can go
I20260812 08:00:21.356796 18041 kserver.cc:163] Server-wide thread pool size limit: 3276
I20260812 08:00:21.364722 18116 acceptor_pool.cc:272] collecting diagnostics on the listening RPC socket 127.16.225.125:40699 every 8 connection(s)
I20260812 08:00:21.364724 18041 rpc_server.cc:307] RPC server started. Bound to: 127.16.225.125:40699
I20260812 08:00:21.365778 18041 server_base.cc:1193] Dumped server information to /tmp/dist-test-taskspG5D4/test-tmp/dynamic_multi_master-test.2.AutoAddMasterTest.TestAddNewMaster.1786521619176811-17285-0/minicluster-data/master-1/data/info.pb
I20260812 08:00:21.368556 18117 data_dirs.cc:400] Could only allocate 1 dirs of requested 3 for tablet 00000000000000000000000000000000. 1 dirs total, 0 dirs full, 0 dirs failed
I20260812 08:00:21.371347 18117 sys_catalog.cc:422] member_type: VOTER last_known_addr { host: "127.16.225.126" port: 33315 } has no permanent_uuid. Determining permanent_uuid...
I20260812 08:00:21.376070 17285 external_mini_cluster.cc:1434] Started /tmp/dist-test-taskspG5D4/build/debug/bin/kudu as pid 18041
I20260812 08:00:21.376178 17285 external_mini_cluster.cc:1448] Reading /tmp/dist-test-taskspG5D4/test-tmp/dynamic_multi_master-test.2.AutoAddMasterTest.TestAddNewMaster.1786521619176811-17285-0/minicluster-data/master-1/wal/instance
I20260812 08:00:21.380411 18117 sys_catalog.cc:422] member_type: VOTER last_known_addr { host: "127.16.225.125" port: 40699 } has no permanent_uuid. Determining permanent_uuid...
I20260812 08:00:21.388187 18117 tablet_bootstrap.cc:492] T 00000000000000000000000000000000 P 07c60a1bfbb44296904a86dcb05d2ae0: Bootstrap starting.
I20260812 08:00:21.390372 18117 tablet_bootstrap.cc:654] T 00000000000000000000000000000000 P 07c60a1bfbb44296904a86dcb05d2ae0: Neither blocks nor log segments found. Creating new log.
I20260812 08:00:21.391064 18117 log.cc:826] T 00000000000000000000000000000000 P 07c60a1bfbb44296904a86dcb05d2ae0: Log is configured to *not* fsync() on all Append() calls
I20260812 08:00:21.392596 18117 tablet_bootstrap.cc:492] T 00000000000000000000000000000000 P 07c60a1bfbb44296904a86dcb05d2ae0: No bootstrap required, opened a new log
I20260812 08:00:21.395632 18117 raft_consensus.cc:359] T 00000000000000000000000000000000 P 07c60a1bfbb44296904a86dcb05d2ae0 [term 0 FOLLOWER]: Replica starting. Triggering 0 pending ops. Active config: opid_index: -1 OBSOLETE_local: false peers { permanent_uuid: "4406d7a36c4a4e3c8632b96762052a3a" member_type: VOTER last_known_addr { host: "127.16.225.126" port: 33315 } } peers { permanent_uuid: "07c60a1bfbb44296904a86dcb05d2ae0" member_type: VOTER last_known_addr { host: "127.16.225.125" port: 40699 } }
I20260812 08:00:21.395780 18117 raft_consensus.cc:385] T 00000000000000000000000000000000 P 07c60a1bfbb44296904a86dcb05d2ae0 [term 0 FOLLOWER]: Consensus starting up: Expiring failure detector timer to make a prompt election more likely
I20260812 08:00:21.395823 18117 raft_consensus.cc:740] T 00000000000000000000000000000000 P 07c60a1bfbb44296904a86dcb05d2ae0 [term 0 FOLLOWER]: Becoming Follower/Learner. State: Replica: 07c60a1bfbb44296904a86dcb05d2ae0, State: Initialized, Role: FOLLOWER
I20260812 08:00:21.396152 18117 consensus_queue.cc:260] T 00000000000000000000000000000000 P 07c60a1bfbb44296904a86dcb05d2ae0 [NON_LEADER]: Queue going to NON_LEADER mode. State: All replicated index: 0, Majority replicated index: 0, Committed index: 0, Last appended: 0.0, Last appended by leader: 0, Current term: 0, Majority size: -1, State: 0, Mode: NON_LEADER, active raft config: opid_index: -1 OBSOLETE_local: false peers { permanent_uuid: "4406d7a36c4a4e3c8632b96762052a3a" member_type: VOTER last_known_addr { host: "127.16.225.126" port: 33315 } } peers { permanent_uuid: "07c60a1bfbb44296904a86dcb05d2ae0" member_type: VOTER last_known_addr { host: "127.16.225.125" port: 40699 } }
I20260812 08:00:21.396519 18125 sys_catalog.cc:455] T 00000000000000000000000000000000 P 07c60a1bfbb44296904a86dcb05d2ae0 [sys.catalog]: SysCatalogTable state changed. Reason: RaftConsensus started. Latest consensus state: current_term: 0 committed_config { opid_index: -1 OBSOLETE_local: false peers { permanent_uuid: "4406d7a36c4a4e3c8632b96762052a3a" member_type: VOTER last_known_addr { host: "127.16.225.126" port: 33315 } } peers { permanent_uuid: "07c60a1bfbb44296904a86dcb05d2ae0" member_type: VOTER last_known_addr { host: "127.16.225.125" port: 40699 } } }
I20260812 08:00:21.396669 18125 sys_catalog.cc:458] T 00000000000000000000000000000000 P 07c60a1bfbb44296904a86dcb05d2ae0 [sys.catalog]: This master's current role is: FOLLOWER
I20260812 08:00:21.397161 18117 sys_catalog.cc:565] T 00000000000000000000000000000000 P 07c60a1bfbb44296904a86dcb05d2ae0 [sys.catalog]: configured and running, proceeding with master startup.
W20260812 08:00:21.401893 18140 catalog_manager.cc:1594] T 00000000000000000000000000000000 P 07c60a1bfbb44296904a86dcb05d2ae0: loading cluster ID for follower catalog manager: Not found: cluster ID entry not found
W20260812 08:00:21.401968 18140 catalog_manager.cc:883] Not found: cluster ID entry not found: failed to prepare follower catalog manager, will retry
I20260812 08:00:21.400547 18041 master_runner.cc:187] Error getting master registration for 127.16.225.126:33315: OK, instance_id { permanent_uuid: "4406d7a36c4a4e3c8632b96762052a3a" instance_seqno: 1786521621180465 } error { code: CATALOG_MANAGER_NOT_INITIALIZED status { code: SERVICE_UNAVAILABLE message: "Catalog manager is not initialized. State: Starting" } }
I20260812 08:00:21.402653 18041 master_runner.cc:419] Couldn't verify the masters in the cluster. Trying again...
I20260812 08:00:21.414085 18039 consensus_peers.cc:770] Retrying to get permanent uuid for remote peer: member_type: VOTER last_known_addr { host: "127.16.225.125" port: 40699 } attempt: 3
I20260812 08:00:21.421075 18039 tablet_bootstrap.cc:492] T 00000000000000000000000000000000 P 4406d7a36c4a4e3c8632b96762052a3a: Bootstrap starting.
I20260812 08:00:21.423834 18039 tablet_bootstrap.cc:654] T 00000000000000000000000000000000 P 4406d7a36c4a4e3c8632b96762052a3a: Neither blocks nor log segments found. Creating new log.
I20260812 08:00:21.424729 18039 log.cc:826] T 00000000000000000000000000000000 P 4406d7a36c4a4e3c8632b96762052a3a: Log is configured to *not* fsync() on all Append() calls
I20260812 08:00:21.426656 18039 tablet_bootstrap.cc:492] T 00000000000000000000000000000000 P 4406d7a36c4a4e3c8632b96762052a3a: No bootstrap required, opened a new log
I20260812 08:00:21.430826 18039 raft_consensus.cc:359] T 00000000000000000000000000000000 P 4406d7a36c4a4e3c8632b96762052a3a [term 0 FOLLOWER]: Replica starting. Triggering 0 pending ops. Active config: opid_index: -1 OBSOLETE_local: false peers { permanent_uuid: "4406d7a36c4a4e3c8632b96762052a3a" member_type: VOTER last_known_addr { host: "127.16.225.126" port: 33315 } } peers { permanent_uuid: "07c60a1bfbb44296904a86dcb05d2ae0" member_type: VOTER last_known_addr { host: "127.16.225.125" port: 40699 } }
I20260812 08:00:21.431023 18039 raft_consensus.cc:385] T 00000000000000000000000000000000 P 4406d7a36c4a4e3c8632b96762052a3a [term 0 FOLLOWER]: Consensus starting up: Expiring failure detector timer to make a prompt election more likely
I20260812 08:00:21.431079 18039 raft_consensus.cc:740] T 00000000000000000000000000000000 P 4406d7a36c4a4e3c8632b96762052a3a [term 0 FOLLOWER]: Becoming Follower/Learner. State: Replica: 4406d7a36c4a4e3c8632b96762052a3a, State: Initialized, Role: FOLLOWER
I20260812 08:00:21.431499 18039 consensus_queue.cc:260] T 00000000000000000000000000000000 P 4406d7a36c4a4e3c8632b96762052a3a [NON_LEADER]: Queue going to NON_LEADER mode. State: All replicated index: 0, Majority replicated index: 0, Committed index: 0, Last appended: 0.0, Last appended by leader: 0, Current term: 0, Majority size: -1, State: 0, Mode: NON_LEADER, active raft config: opid_index: -1 OBSOLETE_local: false peers { permanent_uuid: "4406d7a36c4a4e3c8632b96762052a3a" member_type: VOTER last_known_addr { host: "127.16.225.126" port: 33315 } } peers { permanent_uuid: "07c60a1bfbb44296904a86dcb05d2ae0" member_type: VOTER last_known_addr { host: "127.16.225.125" port: 40699 } }
I20260812 08:00:21.432181 18143 sys_catalog.cc:455] T 00000000000000000000000000000000 P 4406d7a36c4a4e3c8632b96762052a3a [sys.catalog]: SysCatalogTable state changed. Reason: RaftConsensus started. Latest consensus state: current_term: 0 committed_config { opid_index: -1 OBSOLETE_local: false peers { permanent_uuid: "4406d7a36c4a4e3c8632b96762052a3a" member_type: VOTER last_known_addr { host: "127.16.225.126" port: 33315 } } peers { permanent_uuid: "07c60a1bfbb44296904a86dcb05d2ae0" member_type: VOTER last_known_addr { host: "127.16.225.125" port: 40699 } } }
I20260812 08:00:21.432301 18143 sys_catalog.cc:458] T 00000000000000000000000000000000 P 4406d7a36c4a4e3c8632b96762052a3a [sys.catalog]: This master's current role is: FOLLOWER
I20260812 08:00:21.432695 18039 sys_catalog.cc:565] T 00000000000000000000000000000000 P 4406d7a36c4a4e3c8632b96762052a3a [sys.catalog]: configured and running, proceeding with master startup.
W20260812 08:00:21.437544 18158 catalog_manager.cc:1594] T 00000000000000000000000000000000 P 4406d7a36c4a4e3c8632b96762052a3a: loading cluster ID for follower catalog manager: Not found: cluster ID entry not found
W20260812 08:00:21.437623 18158 catalog_manager.cc:883] Not found: cluster ID entry not found: failed to prepare follower catalog manager, will retry
I20260812 08:00:21.439026 17965 master_runner.cc:264] No leader master found from master 4406d7a36c4a4e3c8632b96762052a3a
I20260812 08:00:21.439111 17965 master_runner.cc:419] Couldn't verify the masters in the cluster. Trying again...
I20260812 08:00:21.542207 18143 raft_consensus.cc:493] T 00000000000000000000000000000000 P 4406d7a36c4a4e3c8632b96762052a3a [term 0 FOLLOWER]: Starting pre-election (no leader contacted us within the election timeout)
I20260812 08:00:21.542424 18143 raft_consensus.cc:515] T 00000000000000000000000000000000 P 4406d7a36c4a4e3c8632b96762052a3a [term 0 FOLLOWER]: Starting pre-election with config: opid_index: -1 OBSOLETE_local: false peers { permanent_uuid: "4406d7a36c4a4e3c8632b96762052a3a" member_type: VOTER last_known_addr { host: "127.16.225.126" port: 33315 } } peers { permanent_uuid: "07c60a1bfbb44296904a86dcb05d2ae0" member_type: VOTER last_known_addr { host: "127.16.225.125" port: 40699 } }
I20260812 08:00:21.543330 18143 leader_election.cc:290] T 00000000000000000000000000000000 P 4406d7a36c4a4e3c8632b96762052a3a [CANDIDATE]: Term 1 pre-election: Requested pre-vote from peers 07c60a1bfbb44296904a86dcb05d2ae0 (127.16.225.125:40699)
I20260812 08:00:21.544494 18088 tablet_service.cc:1917] Received RequestConsensusVote() RPC: tablet_id: "00000000000000000000000000000000" candidate_uuid: "4406d7a36c4a4e3c8632b96762052a3a" candidate_term: 1 candidate_status { last_received { term: 0 index: 0 } } ignore_live_leader: false dest_uuid: "07c60a1bfbb44296904a86dcb05d2ae0" is_pre_election: true
I20260812 08:00:21.544831 18088 raft_consensus.cc:2468] T 00000000000000000000000000000000 P 07c60a1bfbb44296904a86dcb05d2ae0 [term 0 FOLLOWER]: Leader pre-election vote request: Granting yes vote for candidate 4406d7a36c4a4e3c8632b96762052a3a in term 0.
I20260812 08:00:21.545341 17984 leader_election.cc:304] T 00000000000000000000000000000000 P 4406d7a36c4a4e3c8632b96762052a3a [CANDIDATE]: Term 1 pre-election: Election decided. Result: candidate won. Election summary: received 2 responses out of 2 voters: 2 yes votes; 0 no votes. yes voters: 07c60a1bfbb44296904a86dcb05d2ae0, 4406d7a36c4a4e3c8632b96762052a3a; no voters: 
I20260812 08:00:21.545634 18143 raft_consensus.cc:2804] T 00000000000000000000000000000000 P 4406d7a36c4a4e3c8632b96762052a3a [term 0 FOLLOWER]: Leader pre-election won for term 1
I20260812 08:00:21.545712 18143 raft_consensus.cc:493] T 00000000000000000000000000000000 P 4406d7a36c4a4e3c8632b96762052a3a [term 0 FOLLOWER]: Starting leader election (no leader contacted us within the election timeout)
I20260812 08:00:21.545756 18143 raft_consensus.cc:3060] T 00000000000000000000000000000000 P 4406d7a36c4a4e3c8632b96762052a3a [term 0 FOLLOWER]: Advancing to term 1
I20260812 08:00:21.546906 18143 raft_consensus.cc:515] T 00000000000000000000000000000000 P 4406d7a36c4a4e3c8632b96762052a3a [term 1 FOLLOWER]: Starting leader election with config: opid_index: -1 OBSOLETE_local: false peers { permanent_uuid: "4406d7a36c4a4e3c8632b96762052a3a" member_type: VOTER last_known_addr { host: "127.16.225.126" port: 33315 } } peers { permanent_uuid: "07c60a1bfbb44296904a86dcb05d2ae0" member_type: VOTER last_known_addr { host: "127.16.225.125" port: 40699 } }
I20260812 08:00:21.547205 18143 leader_election.cc:290] T 00000000000000000000000000000000 P 4406d7a36c4a4e3c8632b96762052a3a [CANDIDATE]: Term 1 election: Requested vote from peers 07c60a1bfbb44296904a86dcb05d2ae0 (127.16.225.125:40699)
I20260812 08:00:21.547652 18088 tablet_service.cc:1917] Received RequestConsensusVote() RPC: tablet_id: "00000000000000000000000000000000" candidate_uuid: "4406d7a36c4a4e3c8632b96762052a3a" candidate_term: 1 candidate_status { last_received { term: 0 index: 0 } } ignore_live_leader: false dest_uuid: "07c60a1bfbb44296904a86dcb05d2ae0"
I20260812 08:00:21.547798 18088 raft_consensus.cc:3060] T 00000000000000000000000000000000 P 07c60a1bfbb44296904a86dcb05d2ae0 [term 0 FOLLOWER]: Advancing to term 1
I20260812 08:00:21.549008 18088 raft_consensus.cc:2468] T 00000000000000000000000000000000 P 07c60a1bfbb44296904a86dcb05d2ae0 [term 1 FOLLOWER]: Leader election vote request: Granting yes vote for candidate 4406d7a36c4a4e3c8632b96762052a3a in term 1.
I20260812 08:00:21.549368 17984 leader_election.cc:304] T 00000000000000000000000000000000 P 4406d7a36c4a4e3c8632b96762052a3a [CANDIDATE]: Term 1 election: Election decided. Result: candidate won. Election summary: received 2 responses out of 2 voters: 2 yes votes; 0 no votes. yes voters: 07c60a1bfbb44296904a86dcb05d2ae0, 4406d7a36c4a4e3c8632b96762052a3a; no voters: 
I20260812 08:00:21.549611 18143 raft_consensus.cc:2804] T 00000000000000000000000000000000 P 4406d7a36c4a4e3c8632b96762052a3a [term 1 FOLLOWER]: Leader election won for term 1
I20260812 08:00:21.549893 18143 raft_consensus.cc:697] T 00000000000000000000000000000000 P 4406d7a36c4a4e3c8632b96762052a3a [term 1 LEADER]: Becoming Leader. State: Replica: 4406d7a36c4a4e3c8632b96762052a3a, State: Running, Role: LEADER
I20260812 08:00:21.550196 18143 consensus_queue.cc:237] T 00000000000000000000000000000000 P 4406d7a36c4a4e3c8632b96762052a3a [LEADER]: Queue going to LEADER mode. State: All replicated index: 0, Majority replicated index: 0, Committed index: 0, Last appended: 0.0, Last appended by leader: 0, Current term: 1, Majority size: 2, State: 0, Mode: LEADER, active raft config: opid_index: -1 OBSOLETE_local: false peers { permanent_uuid: "4406d7a36c4a4e3c8632b96762052a3a" member_type: VOTER last_known_addr { host: "127.16.225.126" port: 33315 } } peers { permanent_uuid: "07c60a1bfbb44296904a86dcb05d2ae0" member_type: VOTER last_known_addr { host: "127.16.225.125" port: 40699 } }
I20260812 08:00:21.552627 18161 sys_catalog.cc:455] T 00000000000000000000000000000000 P 4406d7a36c4a4e3c8632b96762052a3a [sys.catalog]: SysCatalogTable state changed. Reason: New leader 4406d7a36c4a4e3c8632b96762052a3a. Latest consensus state: current_term: 1 leader_uuid: "4406d7a36c4a4e3c8632b96762052a3a" committed_config { opid_index: -1 OBSOLETE_local: false peers { permanent_uuid: "4406d7a36c4a4e3c8632b96762052a3a" member_type: VOTER last_known_addr { host: "127.16.225.126" port: 33315 } } peers { permanent_uuid: "07c60a1bfbb44296904a86dcb05d2ae0" member_type: VOTER last_known_addr { host: "127.16.225.125" port: 40699 } } }
I20260812 08:00:21.552757 18161 sys_catalog.cc:458] T 00000000000000000000000000000000 P 4406d7a36c4a4e3c8632b96762052a3a [sys.catalog]: This master's current role is: LEADER
I20260812 08:00:21.553185 18163 catalog_manager.cc:1511] Loading table and tablet metadata into memory...
I20260812 08:00:21.554258 18163 catalog_manager.cc:1520] Initializing Kudu cluster ID...
I20260812 08:00:21.559660 18088 raft_consensus.cc:1275] T 00000000000000000000000000000000 P 07c60a1bfbb44296904a86dcb05d2ae0 [term 1 FOLLOWER]: Refusing update from remote peer 4406d7a36c4a4e3c8632b96762052a3a: Log matching property violated. Preceding OpId in replica: term: 0 index: 0. Preceding OpId from leader: term: 1 index: 2. (index mismatch)
I20260812 08:00:21.560319 18161 consensus_queue.cc:1048] T 00000000000000000000000000000000 P 4406d7a36c4a4e3c8632b96762052a3a [LEADER]: Connected to new peer: Peer: permanent_uuid: "07c60a1bfbb44296904a86dcb05d2ae0" member_type: VOTER last_known_addr { host: "127.16.225.125" port: 40699 }, Status: LMP_MISMATCH, Last received: 0.0, Next index: 1, Last known committed idx: 0, Time since last communication: 0.000s
I20260812 08:00:21.564699 18125 sys_catalog.cc:455] T 00000000000000000000000000000000 P 07c60a1bfbb44296904a86dcb05d2ae0 [sys.catalog]: SysCatalogTable state changed. Reason: New leader 4406d7a36c4a4e3c8632b96762052a3a. Latest consensus state: current_term: 1 leader_uuid: "4406d7a36c4a4e3c8632b96762052a3a" committed_config { opid_index: -1 OBSOLETE_local: false peers { permanent_uuid: "4406d7a36c4a4e3c8632b96762052a3a" member_type: VOTER last_known_addr { host: "127.16.225.126" port: 33315 } } peers { permanent_uuid: "07c60a1bfbb44296904a86dcb05d2ae0" member_type: VOTER last_known_addr { host: "127.16.225.125" port: 40699 } } }
I20260812 08:00:21.564819 18125 sys_catalog.cc:458] T 00000000000000000000000000000000 P 07c60a1bfbb44296904a86dcb05d2ae0 [sys.catalog]: This master's current role is: FOLLOWER
I20260812 08:00:21.567951 18161 sys_catalog.cc:455] T 00000000000000000000000000000000 P 4406d7a36c4a4e3c8632b96762052a3a [sys.catalog]: SysCatalogTable state changed. Reason: Peer health change. Latest consensus state: current_term: 1 leader_uuid: "4406d7a36c4a4e3c8632b96762052a3a" committed_config { opid_index: -1 OBSOLETE_local: false peers { permanent_uuid: "4406d7a36c4a4e3c8632b96762052a3a" member_type: VOTER last_known_addr { host: "127.16.225.126" port: 33315 } } peers { permanent_uuid: "07c60a1bfbb44296904a86dcb05d2ae0" member_type: VOTER last_known_addr { host: "127.16.225.125" port: 40699 } } }
I20260812 08:00:21.568086 18161 sys_catalog.cc:458] T 00000000000000000000000000000000 P 4406d7a36c4a4e3c8632b96762052a3a [sys.catalog]: This master's current role is: LEADER
I20260812 08:00:21.568195 18164 mvcc.cc:204] Tried to move back new op lower bound from 7317592561900064768 to 7317592561871929344. Current Snapshot: MvccSnapshot[applied={T|T < 7317592561900064768}]
I20260812 08:00:21.568455 18125 sys_catalog.cc:455] T 00000000000000000000000000000000 P 07c60a1bfbb44296904a86dcb05d2ae0 [sys.catalog]: SysCatalogTable state changed. Reason: Replicated consensus-only round. Latest consensus state: current_term: 1 leader_uuid: "4406d7a36c4a4e3c8632b96762052a3a" committed_config { opid_index: -1 OBSOLETE_local: false peers { permanent_uuid: "4406d7a36c4a4e3c8632b96762052a3a" member_type: VOTER last_known_addr { host: "127.16.225.126" port: 33315 } } peers { permanent_uuid: "07c60a1bfbb44296904a86dcb05d2ae0" member_type: VOTER last_known_addr { host: "127.16.225.125" port: 40699 } } }
I20260812 08:00:21.568583 18125 sys_catalog.cc:458] T 00000000000000000000000000000000 P 07c60a1bfbb44296904a86dcb05d2ae0 [sys.catalog]: This master's current role is: FOLLOWER
I20260812 08:00:21.571317 18163 catalog_manager.cc:1383] Generated new cluster ID: 03de7ba2d05c4365900a0b4d63aedd6b
I20260812 08:00:21.571385 18163 catalog_manager.cc:1531] Initializing Kudu internal certificate authority...
I20260812 08:00:21.594619 18163 catalog_manager.cc:1406] Generated new certificate authority record
I20260812 08:00:21.595674 18163 catalog_manager.cc:1540] Loading token signing keys...
I20260812 08:00:21.605932 18163 catalog_manager.cc:6092] T 00000000000000000000000000000000 P 4406d7a36c4a4e3c8632b96762052a3a: Generated new TSK 0
I20260812 08:00:21.606509 18163 catalog_manager.cc:1550] Initializing in-progress tserver states...
I20260812 08:00:21.625965 17285 external_mini_cluster.cc:1372] Running /tmp/dist-test-taskspG5D4/build/debug/bin/kudu
/tmp/dist-test-taskspG5D4/build/debug/bin/kudu
--fs_wal_dir=/tmp/dist-test-taskspG5D4/test-tmp/dynamic_multi_master-test.2.AutoAddMasterTest.TestAddNewMaster.1786521619176811-17285-0/minicluster-data/ts-0/wal
--fs_data_dirs=/tmp/dist-test-taskspG5D4/test-tmp/dynamic_multi_master-test.2.AutoAddMasterTest.TestAddNewMaster.1786521619176811-17285-0/minicluster-data/ts-0/data
--block_manager=log
--webserver_interface=localhost
--never_fsync
--enable_minidumps=false
--redact=none
--metrics_log_interval_ms=1000
--log_dir=/tmp/dist-test-taskspG5D4/test-tmp/dynamic_multi_master-test.2.AutoAddMasterTest.TestAddNewMaster.1786521619176811-17285-0/minicluster-data/ts-0/logs
--server_dump_info_path=/tmp/dist-test-taskspG5D4/test-tmp/dynamic_multi_master-test.2.AutoAddMasterTest.TestAddNewMaster.1786521619176811-17285-0/minicluster-data/ts-0/data/info.pb
--server_dump_info_format=pb
--rpc_server_allow_ephemeral_ports
--unlock_experimental_flags
--unlock_unsafe_flags
--logtostderr
--logbuflevel=-1
--ipki_server_key_size=768
--openssl_security_level_override=0
tserver
run
--rpc_bind_addresses=127.16.225.65:0
--local_ip_for_outbound_sockets=127.16.225.65
--webserver_interface=127.16.225.65
--webserver_port=0
--tserver_master_addrs=127.16.225.126:33315,127.16.225.125:40699
--builtin_ntp_servers=127.16.225.84:42151
--builtin_ntp_poll_interval_ms=100
--ntp_initial_sync_wait_secs=10
--time_source=builtin with env {}
W20260812 08:00:21.724890 18169 flags.cc:432] Enabled unsafe flag: --openssl_security_level_override=0
W20260812 08:00:21.725090 18169 flags.cc:432] Enabled unsafe flag: --rpc_server_allow_ephemeral_ports=true
W20260812 08:00:21.725162 18169 flags.cc:432] Enabled unsafe flag: --never_fsync=true
W20260812 08:00:21.728175 18169 flags.cc:432] Enabled experimental flag: --ipki_server_key_size=768
W20260812 08:00:21.728329 18169 flags.cc:432] Enabled experimental flag: --local_ip_for_outbound_sockets=127.16.225.65
I20260812 08:00:21.731942 18169 tablet_server_runner.cc:78] Tablet server non-default flags:
--log_dir=/tmp/dist-test-taskspG5D4/test-tmp/dynamic_multi_master-test.2.AutoAddMasterTest.TestAddNewMaster.1786521619176811-17285-0/minicluster-data/ts-0/logs
--logbuflevel=-1
--logtostderr=true
--builtin_ntp_poll_interval_ms=100
--builtin_ntp_servers=127.16.225.84:42151
--ntp_initial_sync_wait_secs=10
--time_source=builtin
--fs_data_dirs=/tmp/dist-test-taskspG5D4/test-tmp/dynamic_multi_master-test.2.AutoAddMasterTest.TestAddNewMaster.1786521619176811-17285-0/minicluster-data/ts-0/data
--fs_wal_dir=/tmp/dist-test-taskspG5D4/test-tmp/dynamic_multi_master-test.2.AutoAddMasterTest.TestAddNewMaster.1786521619176811-17285-0/minicluster-data/ts-0/wal
--ipki_server_key_size=768
--openssl_security_level_override=0
--rpc_bind_addresses=127.16.225.65:0
--rpc_server_allow_ephemeral_ports=true
--metrics_log_interval_ms=1000
--server_dump_info_format=pb
--server_dump_info_path=/tmp/dist-test-taskspG5D4/test-tmp/dynamic_multi_master-test.2.AutoAddMasterTest.TestAddNewMaster.1786521619176811-17285-0/minicluster-data/ts-0/data/info.pb
--webserver_interface=127.16.225.65
--webserver_port=0
--tserver_master_addrs=127.16.225.126:33315,127.16.225.125:40699
--never_fsync=true
--heap_profile_path=/tmp/kudu.18169
--redact=none
--unlock_experimental_flags=true
--unlock_unsafe_flags=true
--enable_minidumps=false
--local_ip_for_outbound_sockets=127.16.225.65

Tablet server version:
kudu 1.19.0-SNAPSHOT
revision 70c51312f1186a8ae9f46647160b7730123f7601-dirty
build type DEBUG
built by None at 12 Aug 2026 06:06:26 UTC on 39be9dd7121a
I20260812 08:00:21.732909 18169 env_posix.cc:2285] Not raising this process' open files per process limit of 1048576; it is already as high as it can go
I20260812 08:00:21.733947 18169 file_cache.cc:504] Constructed file cache file cache with capacity 419430
W20260812 08:00:21.740175 18176 instance_detector.cc:116] could not retrieve AWS instance metadata: Network error: curl error: HTTP response code said error: The requested URL returned error: 404
W20260812 08:00:21.740226 18177 instance_detector.cc:116] could not retrieve Azure instance metadata: Network error: curl error: HTTP response code said error: The requested URL returned error: 404
I20260812 08:00:21.740278 18169 server_base.cc:1061] running on GCE node
W20260812 08:00:21.740163 18179 instance_detector.cc:116] could not retrieve OpenStack instance metadata: Network error: curl error: HTTP response code said error: The requested URL returned error: 404
I20260812 08:00:21.740830 18169 hybrid_clock.cc:584] initializing the hybrid clock with 'builtin' time source
I20260812 08:00:21.741303 18169 hybrid_clock.cc:630] waiting up to --ntp_initial_sync_wait_secs=10 seconds for the clock to synchronize
I20260812 08:00:21.742442 18169 hybrid_clock.cc:648] HybridClock initialized: now 1786521621742424 us; error 28 us; skew 500 ppm
I20260812 08:00:21.743986 18169 webserver.cc:533] Webserver started at http://127.16.225.65:38105/ using document root <none> and password file <none>
I20260812 08:00:21.744516 18169 fs_manager.cc:362] Metadata directory not provided
I20260812 08:00:21.744581 18169 fs_manager.cc:368] Using write-ahead log directory (fs_wal_dir) as metadata directory
I20260812 08:00:21.744796 18169 server_base.cc:909] This appears to be a new deployment of Kudu; creating new FS layout
I20260812 08:00:21.746256 18169 fs_manager.cc:1068] Generated new instance metadata in path /tmp/dist-test-taskspG5D4/test-tmp/dynamic_multi_master-test.2.AutoAddMasterTest.TestAddNewMaster.1786521619176811-17285-0/minicluster-data/ts-0/data/instance:
uuid: "66da88da6c3e41749b0ba6c133477e0b"
format_stamp: "Formatted at 2026-08-12 08:00:21 on dist-test-slave-6nmv"
I20260812 08:00:21.746698 18169 fs_manager.cc:1068] Generated new instance metadata in path /tmp/dist-test-taskspG5D4/test-tmp/dynamic_multi_master-test.2.AutoAddMasterTest.TestAddNewMaster.1786521619176811-17285-0/minicluster-data/ts-0/wal/instance:
uuid: "66da88da6c3e41749b0ba6c133477e0b"
format_stamp: "Formatted at 2026-08-12 08:00:21 on dist-test-slave-6nmv"
I20260812 08:00:21.749646 18169 fs_manager.cc:696] Time spent creating directory manager: real 0.003s	user 0.003s	sys 0.000s
I20260812 08:00:21.751813 18186 log_block_manager.cc:4127] Time spent loading block containers with low live blocks: real 0.000s	user 0.000s	sys 0.000s
I20260812 08:00:21.752753 18169 fs_manager.cc:730] Time spent opening block manager: real 0.002s	user 0.002s	sys 0.000s
I20260812 08:00:21.752889 18169 fs_manager.cc:647] Opened local filesystem: /tmp/dist-test-taskspG5D4/test-tmp/dynamic_multi_master-test.2.AutoAddMasterTest.TestAddNewMaster.1786521619176811-17285-0/minicluster-data/ts-0/data,/tmp/dist-test-taskspG5D4/test-tmp/dynamic_multi_master-test.2.AutoAddMasterTest.TestAddNewMaster.1786521619176811-17285-0/minicluster-data/ts-0/wal
uuid: "66da88da6c3e41749b0ba6c133477e0b"
format_stamp: "Formatted at 2026-08-12 08:00:21 on dist-test-slave-6nmv"
I20260812 08:00:21.752983 18169 fs_report.cc:389] FS layout report
--------------------
wal directory: /tmp/dist-test-taskspG5D4/test-tmp/dynamic_multi_master-test.2.AutoAddMasterTest.TestAddNewMaster.1786521619176811-17285-0/minicluster-data/ts-0/wal
metadata directory: /tmp/dist-test-taskspG5D4/test-tmp/dynamic_multi_master-test.2.AutoAddMasterTest.TestAddNewMaster.1786521619176811-17285-0/minicluster-data/ts-0/wal
1 data directories: /tmp/dist-test-taskspG5D4/test-tmp/dynamic_multi_master-test.2.AutoAddMasterTest.TestAddNewMaster.1786521619176811-17285-0/minicluster-data/ts-0/data/data
Total live blocks: 0
Total live bytes: 0
Total live bytes (after alignment): 0
Total number of LBM containers: 0 (0 full)
Did not check for missing blocks
Did not check for orphaned blocks
Total full LBM containers with extra space: 0 (0 repaired)
Total full LBM container extra space in bytes: 0 (0 repaired)
Total incomplete LBM containers: 0 (0 repaired)
Total LBM partial records: 0 (0 repaired)
Total corrupted LBM metadata records in RocksDB: 0 (0 repaired)
I20260812 08:00:21.765547 18169 rpc_server.cc:225] running with OpenSSL 1.1.1  11 Sep 2018
I20260812 08:00:21.766149 18169 env_posix.cc:2285] Not raising this process' running threads per effective uid limit of 18446744073709551615; it is already as high as it can go
I20260812 08:00:21.766323 18169 kserver.cc:163] Server-wide thread pool size limit: 3276
I20260812 08:00:21.766853 18169 txn_system_client.cc:432] TxnSystemClient initialization is disabled...
I20260812 08:00:21.767807 18169 ts_tablet_manager.cc:585] Loaded tablet metadata (0 total tablets, 0 live tablets)
I20260812 08:00:21.767874 18169 ts_tablet_manager.cc:531] Time spent load tablet metadata: real 0.000s	user 0.000s	sys 0.000s
I20260812 08:00:21.767930 18169 ts_tablet_manager.cc:616] Registered 0 tablets
I20260812 08:00:21.767973 18169 ts_tablet_manager.cc:595] Time spent register tablets: real 0.000s	user 0.000s	sys 0.000s
I20260812 08:00:21.777750 18169 rpc_server.cc:307] RPC server started. Bound to: 127.16.225.65:45241
I20260812 08:00:21.777794 18317 acceptor_pool.cc:272] collecting diagnostics on the listening RPC socket 127.16.225.65:45241 every 8 connection(s)
I20260812 08:00:21.778743 18169 server_base.cc:1193] Dumped server information to /tmp/dist-test-taskspG5D4/test-tmp/dynamic_multi_master-test.2.AutoAddMasterTest.TestAddNewMaster.1786521619176811-17285-0/minicluster-data/ts-0/data/info.pb
I20260812 08:00:21.781673 17285 external_mini_cluster.cc:1434] Started /tmp/dist-test-taskspG5D4/build/debug/bin/kudu as pid 18169
I20260812 08:00:21.781773 17285 external_mini_cluster.cc:1448] Reading /tmp/dist-test-taskspG5D4/test-tmp/dynamic_multi_master-test.2.AutoAddMasterTest.TestAddNewMaster.1786521619176811-17285-0/minicluster-data/ts-0/wal/instance
I20260812 08:00:21.788208 18319 heartbeater.cc:344] Connected to a master server at 127.16.225.126:33315
I20260812 08:00:21.788218 18318 heartbeater.cc:344] Connected to a master server at 127.16.225.125:40699
I20260812 08:00:21.788441 18319 heartbeater.cc:461] Registering TS with master...
I20260812 08:00:21.788441 18318 heartbeater.cc:461] Registering TS with master...
I20260812 08:00:21.788954 18319 heartbeater.cc:507] Master 127.16.225.126:33315 requested a full tablet report, sending...
I20260812 08:00:21.788954 18318 heartbeater.cc:507] Master 127.16.225.125:40699 requested a full tablet report, sending...
I20260812 08:00:21.790287 17997 ts_manager.cc:194] Registered new tserver with Master: 66da88da6c3e41749b0ba6c133477e0b (127.16.225.65:45241)
I20260812 08:00:21.790319 18077 ts_manager.cc:194] Registered new tserver with Master: 66da88da6c3e41749b0ba6c133477e0b (127.16.225.65:45241)
I20260812 08:00:21.791414 17997 master_service.cc:502] Signed X509 certificate for tserver {username='slave'} at 127.16.225.65:37623
I20260812 08:00:21.800122 17285 external_mini_cluster.cc:955] 1 TS(s) registered with all masters
I20260812 08:00:21.803385 17285 external_mini_cluster.cc:955] 1 TS(s) registered with all masters
I20260812 08:00:21.817008 17997 catalog_manager.cc:2283] Servicing CreateTable request from {username='slave'} at 127.0.0.1:42500:
name: "test-workload"
schema {
  columns {
    name: "key"
    type: INT32
    is_key: true
    is_nullable: false
    encoding: AUTO_ENCODING
    compression: DEFAULT_COMPRESSION
    cfile_block_size: 0
    immutable: false
  }
  columns {
    name: "int_val"
    type: INT32
    is_key: false
    is_nullable: false
    encoding: AUTO_ENCODING
    compression: DEFAULT_COMPRESSION
    cfile_block_size: 0
    immutable: false
  }
  columns {
    name: "string_val"
    type: STRING
    is_key: false
    is_nullable: true
    encoding: AUTO_ENCODING
    compression: DEFAULT_COMPRESSION
    cfile_block_size: 0
    immutable: false
  }
}
num_replicas: 1
split_rows_range_bounds {
}
partition_schema {
  range_schema {
    columns {
      name: "key"
    }
  }
}
I20260812 08:00:21.834427 18239 tablet_service.cc:1511] Processing CreateTablet for tablet 03399e2a406b4ef3990dd52396154be9 (DEFAULT_TABLE table=test-workload [id=0056957d94e1404c9b0ffd866c3b76e5]), partition=RANGE (key) PARTITION UNBOUNDED
I20260812 08:00:21.835393 18239 data_dirs.cc:400] Could only allocate 1 dirs of requested 3 for tablet 03399e2a406b4ef3990dd52396154be9. 1 dirs total, 0 dirs full, 0 dirs failed
I20260812 08:00:21.839840 18334 tablet_bootstrap.cc:492] T 03399e2a406b4ef3990dd52396154be9 P 66da88da6c3e41749b0ba6c133477e0b: Bootstrap starting.
I20260812 08:00:21.841615 18334 tablet_bootstrap.cc:654] T 03399e2a406b4ef3990dd52396154be9 P 66da88da6c3e41749b0ba6c133477e0b: Neither blocks nor log segments found. Creating new log.
I20260812 08:00:21.842309 18334 log.cc:826] T 03399e2a406b4ef3990dd52396154be9 P 66da88da6c3e41749b0ba6c133477e0b: Log is configured to *not* fsync() on all Append() calls
I20260812 08:00:21.843865 18334 tablet_bootstrap.cc:492] T 03399e2a406b4ef3990dd52396154be9 P 66da88da6c3e41749b0ba6c133477e0b: No bootstrap required, opened a new log
I20260812 08:00:21.844077 18334 ts_tablet_manager.cc:1403] T 03399e2a406b4ef3990dd52396154be9 P 66da88da6c3e41749b0ba6c133477e0b: Time spent bootstrapping tablet: real 0.004s	user 0.000s	sys 0.003s
I20260812 08:00:21.846390 18334 raft_consensus.cc:359] T 03399e2a406b4ef3990dd52396154be9 P 66da88da6c3e41749b0ba6c133477e0b [term 0 FOLLOWER]: Replica starting. Triggering 0 pending ops. Active config: opid_index: -1 OBSOLETE_local: true peers { permanent_uuid: "66da88da6c3e41749b0ba6c133477e0b" member_type: VOTER last_known_addr { host: "127.16.225.65" port: 45241 } }
I20260812 08:00:21.846560 18334 raft_consensus.cc:385] T 03399e2a406b4ef3990dd52396154be9 P 66da88da6c3e41749b0ba6c133477e0b [term 0 FOLLOWER]: Consensus starting up: Expiring failure detector timer to make a prompt election more likely
I20260812 08:00:21.846654 18334 raft_consensus.cc:740] T 03399e2a406b4ef3990dd52396154be9 P 66da88da6c3e41749b0ba6c133477e0b [term 0 FOLLOWER]: Becoming Follower/Learner. State: Replica: 66da88da6c3e41749b0ba6c133477e0b, State: Initialized, Role: FOLLOWER
I20260812 08:00:21.847026 18334 consensus_queue.cc:260] T 03399e2a406b4ef3990dd52396154be9 P 66da88da6c3e41749b0ba6c133477e0b [NON_LEADER]: Queue going to NON_LEADER mode. State: All replicated index: 0, Majority replicated index: 0, Committed index: 0, Last appended: 0.0, Last appended by leader: 0, Current term: 0, Majority size: -1, State: 0, Mode: NON_LEADER, active raft config: opid_index: -1 OBSOLETE_local: true peers { permanent_uuid: "66da88da6c3e41749b0ba6c133477e0b" member_type: VOTER last_known_addr { host: "127.16.225.65" port: 45241 } }
I20260812 08:00:21.847167 18334 raft_consensus.cc:399] T 03399e2a406b4ef3990dd52396154be9 P 66da88da6c3e41749b0ba6c133477e0b [term 0 FOLLOWER]: Only one voter in the Raft config. Triggering election immediately
I20260812 08:00:21.847229 18334 raft_consensus.cc:493] T 03399e2a406b4ef3990dd52396154be9 P 66da88da6c3e41749b0ba6c133477e0b [term 0 FOLLOWER]: Starting leader election (initial election of a single-replica configuration)
I20260812 08:00:21.847322 18334 raft_consensus.cc:3060] T 03399e2a406b4ef3990dd52396154be9 P 66da88da6c3e41749b0ba6c133477e0b [term 0 FOLLOWER]: Advancing to term 1
I20260812 08:00:21.848016 18334 raft_consensus.cc:515] T 03399e2a406b4ef3990dd52396154be9 P 66da88da6c3e41749b0ba6c133477e0b [term 1 FOLLOWER]: Starting leader election with config: opid_index: -1 OBSOLETE_local: true peers { permanent_uuid: "66da88da6c3e41749b0ba6c133477e0b" member_type: VOTER last_known_addr { host: "127.16.225.65" port: 45241 } }
I20260812 08:00:21.848367 18334 leader_election.cc:304] T 03399e2a406b4ef3990dd52396154be9 P 66da88da6c3e41749b0ba6c133477e0b [CANDIDATE]: Term 1 election: Election decided. Result: candidate won. Election summary: received 1 responses out of 1 voters: 1 yes votes; 0 no votes. yes voters: 66da88da6c3e41749b0ba6c133477e0b; no voters: 
I20260812 08:00:21.848665 18334 leader_election.cc:290] T 03399e2a406b4ef3990dd52396154be9 P 66da88da6c3e41749b0ba6c133477e0b [CANDIDATE]: Term 1 election: Requested vote from peers 
I20260812 08:00:21.848767 18336 raft_consensus.cc:2804] T 03399e2a406b4ef3990dd52396154be9 P 66da88da6c3e41749b0ba6c133477e0b [term 1 FOLLOWER]: Leader election won for term 1
I20260812 08:00:21.848995 18336 raft_consensus.cc:697] T 03399e2a406b4ef3990dd52396154be9 P 66da88da6c3e41749b0ba6c133477e0b [term 1 LEADER]: Becoming Leader. State: Replica: 66da88da6c3e41749b0ba6c133477e0b, State: Running, Role: LEADER
I20260812 08:00:21.849289 18336 consensus_queue.cc:237] T 03399e2a406b4ef3990dd52396154be9 P 66da88da6c3e41749b0ba6c133477e0b [LEADER]: Queue going to LEADER mode. State: All replicated index: 0, Majority replicated index: 0, Committed index: 0, Last appended: 0.0, Last appended by leader: 0, Current term: 1, Majority size: 1, State: 0, Mode: LEADER, active raft config: opid_index: -1 OBSOLETE_local: true peers { permanent_uuid: "66da88da6c3e41749b0ba6c133477e0b" member_type: VOTER last_known_addr { host: "127.16.225.65" port: 45241 } }
I20260812 08:00:21.849305 18319 heartbeater.cc:499] Master 127.16.225.126:33315 was elected leader, sending a full tablet report...
I20260812 08:00:21.849679 18334 ts_tablet_manager.cc:1434] T 03399e2a406b4ef3990dd52396154be9 P 66da88da6c3e41749b0ba6c133477e0b: Time spent starting tablet: real 0.006s	user 0.005s	sys 0.002s
I20260812 08:00:21.852217 17997 catalog_manager.cc:5719] T 03399e2a406b4ef3990dd52396154be9 P 66da88da6c3e41749b0ba6c133477e0b reported cstate change: term changed from 0 to 1, leader changed from <none> to 66da88da6c3e41749b0ba6c133477e0b (127.16.225.65). New cstate: current_term: 1 leader_uuid: "66da88da6c3e41749b0ba6c133477e0b" committed_config { opid_index: -1 OBSOLETE_local: true peers { permanent_uuid: "66da88da6c3e41749b0ba6c133477e0b" member_type: VOTER last_known_addr { host: "127.16.225.65" port: 45241 } health_report { overall_health: HEALTHY } } }
I20260812 08:00:21.858166 17285 external_mini_cluster.cc:1664] Killing /tmp/dist-test-taskspG5D4/build/debug/bin/kudu with pid 18169
I20260812 08:00:21.869445 17285 external_mini_cluster.cc:1664] Killing /tmp/dist-test-taskspG5D4/build/debug/bin/kudu with pid 17965
I20260812 08:00:21.877122 17285 external_mini_cluster.cc:1664] Killing /tmp/dist-test-taskspG5D4/build/debug/bin/kudu with pid 18041
I20260812 08:00:21.885803 17285 external_mini_cluster.cc:1372] Running /tmp/dist-test-taskspG5D4/build/debug/bin/kudu
/tmp/dist-test-taskspG5D4/build/debug/bin/kudu
--fs_wal_dir=/tmp/dist-test-taskspG5D4/test-tmp/dynamic_multi_master-test.2.AutoAddMasterTest.TestAddNewMaster.1786521619176811-17285-0/minicluster-data/master-0/wal
--fs_data_dirs=/tmp/dist-test-taskspG5D4/test-tmp/dynamic_multi_master-test.2.AutoAddMasterTest.TestAddNewMaster.1786521619176811-17285-0/minicluster-data/master-0/data
--block_manager=log
--webserver_interface=localhost
--never_fsync
--enable_minidumps=false
--redact=none
--metrics_log_interval_ms=1000
--log_dir=/tmp/dist-test-taskspG5D4/test-tmp/dynamic_multi_master-test.2.AutoAddMasterTest.TestAddNewMaster.1786521619176811-17285-0/minicluster-data/master-0/logs
--server_dump_info_path=/tmp/dist-test-taskspG5D4/test-tmp/dynamic_multi_master-test.2.AutoAddMasterTest.TestAddNewMaster.1786521619176811-17285-0/minicluster-data/master-0/data/info.pb
--server_dump_info_format=pb
--rpc_server_allow_ephemeral_ports
--unlock_experimental_flags
--unlock_unsafe_flags
--logtostderr
--logbuflevel=-1
--ipki_server_key_size=768
--openssl_security_level_override=0
master
run
--ipki_ca_key_size=768
--tsk_num_rsa_bits=512
--rpc_bind_addresses=127.16.225.126:33315
--webserver_interface=127.16.225.126
--webserver_port=39233
--builtin_ntp_servers=127.16.225.84:42151
--builtin_ntp_poll_interval_ms=100
--ntp_initial_sync_wait_secs=10
--time_source=builtin
--rpc_reuseport=true
--master_addresses=127.16.225.126:33315,127.16.225.125:40699,127.16.225.124:38591 with env {}
W20260812 08:00:21.982831 18342 flags.cc:432] Enabled unsafe flag: --openssl_security_level_override=0
W20260812 08:00:21.983053 18342 flags.cc:432] Enabled unsafe flag: --rpc_server_allow_ephemeral_ports=true
W20260812 08:00:21.983124 18342 flags.cc:432] Enabled unsafe flag: --never_fsync=true
W20260812 08:00:21.986251 18342 flags.cc:432] Enabled experimental flag: --ipki_ca_key_size=768
W20260812 08:00:21.986342 18342 flags.cc:432] Enabled experimental flag: --ipki_server_key_size=768
W20260812 08:00:21.986377 18342 flags.cc:432] Enabled experimental flag: --tsk_num_rsa_bits=512
W20260812 08:00:21.986419 18342 flags.cc:432] Enabled experimental flag: --rpc_reuseport=true
I20260812 08:00:21.990027 18342 master_runner.cc:387] Master server non-default flags:
--log_dir=/tmp/dist-test-taskspG5D4/test-tmp/dynamic_multi_master-test.2.AutoAddMasterTest.TestAddNewMaster.1786521619176811-17285-0/minicluster-data/master-0/logs
--logbuflevel=-1
--logtostderr=true
--builtin_ntp_poll_interval_ms=100
--builtin_ntp_servers=127.16.225.84:42151
--ntp_initial_sync_wait_secs=10
--time_source=builtin
--fs_data_dirs=/tmp/dist-test-taskspG5D4/test-tmp/dynamic_multi_master-test.2.AutoAddMasterTest.TestAddNewMaster.1786521619176811-17285-0/minicluster-data/master-0/data
--fs_wal_dir=/tmp/dist-test-taskspG5D4/test-tmp/dynamic_multi_master-test.2.AutoAddMasterTest.TestAddNewMaster.1786521619176811-17285-0/minicluster-data/master-0/wal
--ipki_ca_key_size=768
--master_addresses=127.16.225.126:33315,127.16.225.125:40699,127.16.225.124:38591
--ipki_server_key_size=768
--openssl_security_level_override=0
--tsk_num_rsa_bits=512
--rpc_bind_addresses=127.16.225.126:33315
--rpc_reuseport=true
--rpc_server_allow_ephemeral_ports=true
--metrics_log_interval_ms=1000
--server_dump_info_format=pb
--server_dump_info_path=/tmp/dist-test-taskspG5D4/test-tmp/dynamic_multi_master-test.2.AutoAddMasterTest.TestAddNewMaster.1786521619176811-17285-0/minicluster-data/master-0/data/info.pb
--webserver_interface=127.16.225.126
--webserver_port=39233
--never_fsync=true
--heap_profile_path=/tmp/kudu.18342
--redact=none
--unlock_experimental_flags=true
--unlock_unsafe_flags=true
--enable_minidumps=false

Master server version:
kudu 1.19.0-SNAPSHOT
revision 70c51312f1186a8ae9f46647160b7730123f7601-dirty
build type DEBUG
built by None at 12 Aug 2026 06:06:26 UTC on 39be9dd7121a
I20260812 08:00:21.991083 18342 env_posix.cc:2285] Not raising this process' open files per process limit of 1048576; it is already as high as it can go
I20260812 08:00:21.992182 18342 file_cache.cc:504] Constructed file cache file cache with capacity 419430
W20260812 08:00:21.997275 18350 instance_detector.cc:116] could not retrieve Azure instance metadata: Network error: curl error: HTTP response code said error: The requested URL returned error: 404
W20260812 08:00:21.997284 18353 instance_detector.cc:116] could not retrieve OpenStack instance metadata: Network error: curl error: HTTP response code said error: The requested URL returned error: 404
W20260812 08:00:21.997284 18348 instance_detector.cc:116] could not retrieve AWS instance metadata: Network error: curl error: HTTP response code said error: The requested URL returned error: 404
I20260812 08:00:21.997658 18342 server_base.cc:1061] running on GCE node
I20260812 08:00:21.998149 18342 hybrid_clock.cc:584] initializing the hybrid clock with 'builtin' time source
I20260812 08:00:21.998961 18342 hybrid_clock.cc:630] waiting up to --ntp_initial_sync_wait_secs=10 seconds for the clock to synchronize
I20260812 08:00:22.000144 18342 hybrid_clock.cc:648] HybridClock initialized: now 1786521622000129 us; error 32 us; skew 500 ppm
I20260812 08:00:22.001652 18342 webserver.cc:533] Webserver started at http://127.16.225.126:39233/ using document root <none> and password file <none>
I20260812 08:00:22.002230 18342 fs_manager.cc:362] Metadata directory not provided
I20260812 08:00:22.002341 18342 fs_manager.cc:368] Using write-ahead log directory (fs_wal_dir) as metadata directory
I20260812 08:00:22.005349 18342 fs_manager.cc:714] Time spent opening directory manager: real 0.002s	user 0.003s	sys 0.000s
