I20260812 08:00:29.893417 19161 data_dirs.cc:400] Could only allocate 1 dirs of requested 3 for tablet b0056d86dfd046519a7b2fc962bbf1d3. 1 dirs total, 0 dirs full, 0 dirs failed
I20260812 08:00:29.895038 19252 tablet_bootstrap.cc:492] T b0056d86dfd046519a7b2fc962bbf1d3 P 7c0f7e8a312246a68c9dc19ed343ba43: Bootstrap starting.
I20260812 08:00:29.896091 19252 tablet_bootstrap.cc:654] T b0056d86dfd046519a7b2fc962bbf1d3 P 7c0f7e8a312246a68c9dc19ed343ba43: Neither blocks nor log segments found. Creating new log.
I20260812 08:00:29.897094 19252 tablet_bootstrap.cc:492] T b0056d86dfd046519a7b2fc962bbf1d3 P 7c0f7e8a312246a68c9dc19ed343ba43: No bootstrap required, opened a new log
I20260812 08:00:29.897188 19252 ts_tablet_manager.cc:1403] T b0056d86dfd046519a7b2fc962bbf1d3 P 7c0f7e8a312246a68c9dc19ed343ba43: Time spent bootstrapping tablet: real 0.002s	user 0.001s	sys 0.000s
I20260812 08:00:29.897660 19252 raft_consensus.cc:359] T b0056d86dfd046519a7b2fc962bbf1d3 P 7c0f7e8a312246a68c9dc19ed343ba43 [term 0 FOLLOWER]: Replica starting. Triggering 0 pending ops. Active config: opid_index: -1 OBSOLETE_local: true peers { permanent_uuid: "7c0f7e8a312246a68c9dc19ed343ba43" member_type: VOTER last_known_addr { host: "127.16.225.65" port: 46107 } }
I20260812 08:00:29.897734 19252 raft_consensus.cc:385] T b0056d86dfd046519a7b2fc962bbf1d3 P 7c0f7e8a312246a68c9dc19ed343ba43 [term 0 FOLLOWER]: Consensus starting up: Expiring failure detector timer to make a prompt election more likely
I20260812 08:00:29.897785 19252 raft_consensus.cc:740] T b0056d86dfd046519a7b2fc962bbf1d3 P 7c0f7e8a312246a68c9dc19ed343ba43 [term 0 FOLLOWER]: Becoming Follower/Learner. State: Replica: 7c0f7e8a312246a68c9dc19ed343ba43, State: Initialized, Role: FOLLOWER
I20260812 08:00:29.897956 19252 consensus_queue.cc:260] T b0056d86dfd046519a7b2fc962bbf1d3 P 7c0f7e8a312246a68c9dc19ed343ba43 [NON_LEADER]: Queue going to NON_LEADER mode. State: All replicated index: 0, Majority replicated index: 0, Committed index: 0, Last appended: 0.0, Last appended by leader: 0, Current term: 0, Majority size: -1, State: 0, Mode: NON_LEADER, active raft config: opid_index: -1 OBSOLETE_local: true peers { permanent_uuid: "7c0f7e8a312246a68c9dc19ed343ba43" member_type: VOTER last_known_addr { host: "127.16.225.65" port: 46107 } }
I20260812 08:00:29.898048 19252 raft_consensus.cc:399] T b0056d86dfd046519a7b2fc962bbf1d3 P 7c0f7e8a312246a68c9dc19ed343ba43 [term 0 FOLLOWER]: Only one voter in the Raft config. Triggering election immediately
I20260812 08:00:29.898098 19252 raft_consensus.cc:493] T b0056d86dfd046519a7b2fc962bbf1d3 P 7c0f7e8a312246a68c9dc19ed343ba43 [term 0 FOLLOWER]: Starting leader election (initial election of a single-replica configuration)
I20260812 08:00:29.898156 19252 raft_consensus.cc:3060] T b0056d86dfd046519a7b2fc962bbf1d3 P 7c0f7e8a312246a68c9dc19ed343ba43 [term 0 FOLLOWER]: Advancing to term 1
I20260812 08:00:29.899089 19252 raft_consensus.cc:515] T b0056d86dfd046519a7b2fc962bbf1d3 P 7c0f7e8a312246a68c9dc19ed343ba43 [term 1 FOLLOWER]: Starting leader election with config: opid_index: -1 OBSOLETE_local: true peers { permanent_uuid: "7c0f7e8a312246a68c9dc19ed343ba43" member_type: VOTER last_known_addr { host: "127.16.225.65" port: 46107 } }
I20260812 08:00:29.899255 19252 leader_election.cc:304] T b0056d86dfd046519a7b2fc962bbf1d3 P 7c0f7e8a312246a68c9dc19ed343ba43 [CANDIDATE]: Term 1 election: Election decided. Result: candidate won. Election summary: received 1 responses out of 1 voters: 1 yes votes; 0 no votes. yes voters: 7c0f7e8a312246a68c9dc19ed343ba43; no voters: 
I20260812 08:00:29.899365 19252 leader_election.cc:290] T b0056d86dfd046519a7b2fc962bbf1d3 P 7c0f7e8a312246a68c9dc19ed343ba43 [CANDIDATE]: Term 1 election: Requested vote from peers 
I20260812 08:00:29.899453 19259 raft_consensus.cc:2804] T b0056d86dfd046519a7b2fc962bbf1d3 P 7c0f7e8a312246a68c9dc19ed343ba43 [term 1 FOLLOWER]: Leader election won for term 1
I20260812 08:00:29.899608 19259 raft_consensus.cc:697] T b0056d86dfd046519a7b2fc962bbf1d3 P 7c0f7e8a312246a68c9dc19ed343ba43 [term 1 LEADER]: Becoming Leader. State: Replica: 7c0f7e8a312246a68c9dc19ed343ba43, State: Running, Role: LEADER
I20260812 08:00:29.899679 19252 ts_tablet_manager.cc:1434] T b0056d86dfd046519a7b2fc962bbf1d3 P 7c0f7e8a312246a68c9dc19ed343ba43: Time spent starting tablet: real 0.002s	user 0.001s	sys 0.000s
I20260812 08:00:29.899750 19259 consensus_queue.cc:237] T b0056d86dfd046519a7b2fc962bbf1d3 P 7c0f7e8a312246a68c9dc19ed343ba43 [LEADER]: Queue going to LEADER mode. State: All replicated index: 0, Majority replicated index: 0, Committed index: 0, Last appended: 0.0, Last appended by leader: 0, Current term: 1, Majority size: 1, State: 0, Mode: LEADER, active raft config: opid_index: -1 OBSOLETE_local: true peers { permanent_uuid: "7c0f7e8a312246a68c9dc19ed343ba43" member_type: VOTER last_known_addr { host: "127.16.225.65" port: 46107 } }
I20260812 08:00:29.901439 19015 catalog_manager.cc:5719] T b0056d86dfd046519a7b2fc962bbf1d3 P 7c0f7e8a312246a68c9dc19ed343ba43 reported cstate change: term changed from 0 to 1, leader changed from <none> to 7c0f7e8a312246a68c9dc19ed343ba43 (127.16.225.65). New cstate: current_term: 1 leader_uuid: "7c0f7e8a312246a68c9dc19ed343ba43" committed_config { opid_index: -1 OBSOLETE_local: true peers { permanent_uuid: "7c0f7e8a312246a68c9dc19ed343ba43" member_type: VOTER last_known_addr { host: "127.16.225.65" port: 46107 } health_report { overall_health: HEALTHY } } }
I20260812 08:00:29.915987 19015 catalog_manager.cc:2283] Servicing CreateTable request from {username='slave'} at 127.0.0.1:41234:
name: "Table.TestAddMasterSysCatalogCopy/0.26"
schema {
  columns {
    name: "key"
    type: INT32
    is_key: true
    is_nullable: false
    encoding: AUTO_ENCODING
    compression: DEFAULT_COMPRESSION
    cfile_block_size: 0
    immutable: false
  }
}
num_replicas: 1
split_rows_range_bounds {
}
partition_schema {
  range_schema {
    columns {
      name: "key"
    }
  }
}
I20260812 08:00:29.921434 19161 tablet_service.cc:1511] Processing CreateTablet for tablet a9ec2f54d0bf437aba7717e937ca1bc2 (DEFAULT_TABLE table=Table.TestAddMasterSysCatalogCopy/0.26 [id=a507bcec165c49debe06c5d8f77a199a]), partition=RANGE (key) PARTITION UNBOUNDED
I20260812 08:00:29.921803 19161 data_dirs.cc:400] Could only allocate 1 dirs of requested 3 for tablet a9ec2f54d0bf437aba7717e937ca1bc2. 1 dirs total, 0 dirs full, 0 dirs failed
I20260812 08:00:29.924060 19252 tablet_bootstrap.cc:492] T a9ec2f54d0bf437aba7717e937ca1bc2 P 7c0f7e8a312246a68c9dc19ed343ba43: Bootstrap starting.
I20260812 08:00:29.924942 19252 tablet_bootstrap.cc:654] T a9ec2f54d0bf437aba7717e937ca1bc2 P 7c0f7e8a312246a68c9dc19ed343ba43: Neither blocks nor log segments found. Creating new log.
I20260812 08:00:29.926025 19252 tablet_bootstrap.cc:492] T a9ec2f54d0bf437aba7717e937ca1bc2 P 7c0f7e8a312246a68c9dc19ed343ba43: No bootstrap required, opened a new log
I20260812 08:00:29.926120 19252 ts_tablet_manager.cc:1403] T a9ec2f54d0bf437aba7717e937ca1bc2 P 7c0f7e8a312246a68c9dc19ed343ba43: Time spent bootstrapping tablet: real 0.002s	user 0.001s	sys 0.000s
I20260812 08:00:29.926676 19252 raft_consensus.cc:359] T a9ec2f54d0bf437aba7717e937ca1bc2 P 7c0f7e8a312246a68c9dc19ed343ba43 [term 0 FOLLOWER]: Replica starting. Triggering 0 pending ops. Active config: opid_index: -1 OBSOLETE_local: true peers { permanent_uuid: "7c0f7e8a312246a68c9dc19ed343ba43" member_type: VOTER last_known_addr { host: "127.16.225.65" port: 46107 } }
I20260812 08:00:29.926787 19252 raft_consensus.cc:385] T a9ec2f54d0bf437aba7717e937ca1bc2 P 7c0f7e8a312246a68c9dc19ed343ba43 [term 0 FOLLOWER]: Consensus starting up: Expiring failure detector timer to make a prompt election more likely
I20260812 08:00:29.926832 19252 raft_consensus.cc:740] T a9ec2f54d0bf437aba7717e937ca1bc2 P 7c0f7e8a312246a68c9dc19ed343ba43 [term 0 FOLLOWER]: Becoming Follower/Learner. State: Replica: 7c0f7e8a312246a68c9dc19ed343ba43, State: Initialized, Role: FOLLOWER
I20260812 08:00:29.926995 19252 consensus_queue.cc:260] T a9ec2f54d0bf437aba7717e937ca1bc2 P 7c0f7e8a312246a68c9dc19ed343ba43 [NON_LEADER]: Queue going to NON_LEADER mode. State: All replicated index: 0, Majority replicated index: 0, Committed index: 0, Last appended: 0.0, Last appended by leader: 0, Current term: 0, Majority size: -1, State: 0, Mode: NON_LEADER, active raft config: opid_index: -1 OBSOLETE_local: true peers { permanent_uuid: "7c0f7e8a312246a68c9dc19ed343ba43" member_type: VOTER last_known_addr { host: "127.16.225.65" port: 46107 } }
I20260812 08:00:29.927105 19252 raft_consensus.cc:399] T a9ec2f54d0bf437aba7717e937ca1bc2 P 7c0f7e8a312246a68c9dc19ed343ba43 [term 0 FOLLOWER]: Only one voter in the Raft config. Triggering election immediately
I20260812 08:00:29.927151 19252 raft_consensus.cc:493] T a9ec2f54d0bf437aba7717e937ca1bc2 P 7c0f7e8a312246a68c9dc19ed343ba43 [term 0 FOLLOWER]: Starting leader election (initial election of a single-replica configuration)
I20260812 08:00:29.927206 19252 raft_consensus.cc:3060] T a9ec2f54d0bf437aba7717e937ca1bc2 P 7c0f7e8a312246a68c9dc19ed343ba43 [term 0 FOLLOWER]: Advancing to term 1
I20260812 08:00:29.927937 19252 raft_consensus.cc:515] T a9ec2f54d0bf437aba7717e937ca1bc2 P 7c0f7e8a312246a68c9dc19ed343ba43 [term 1 FOLLOWER]: Starting leader election with config: opid_index: -1 OBSOLETE_local: true peers { permanent_uuid: "7c0f7e8a312246a68c9dc19ed343ba43" member_type: VOTER last_known_addr { host: "127.16.225.65" port: 46107 } }
I20260812 08:00:29.928086 19252 leader_election.cc:304] T a9ec2f54d0bf437aba7717e937ca1bc2 P 7c0f7e8a312246a68c9dc19ed343ba43 [CANDIDATE]: Term 1 election: Election decided. Result: candidate won. Election summary: received 1 responses out of 1 voters: 1 yes votes; 0 no votes. yes voters: 7c0f7e8a312246a68c9dc19ed343ba43; no voters: 
I20260812 08:00:29.928205 19252 leader_election.cc:290] T a9ec2f54d0bf437aba7717e937ca1bc2 P 7c0f7e8a312246a68c9dc19ed343ba43 [CANDIDATE]: Term 1 election: Requested vote from peers 
I20260812 08:00:29.928254 19259 raft_consensus.cc:2804] T a9ec2f54d0bf437aba7717e937ca1bc2 P 7c0f7e8a312246a68c9dc19ed343ba43 [term 1 FOLLOWER]: Leader election won for term 1
I20260812 08:00:29.928330 19259 raft_consensus.cc:697] T a9ec2f54d0bf437aba7717e937ca1bc2 P 7c0f7e8a312246a68c9dc19ed343ba43 [term 1 LEADER]: Becoming Leader. State: Replica: 7c0f7e8a312246a68c9dc19ed343ba43, State: Running, Role: LEADER
I20260812 08:00:29.928443 19259 consensus_queue.cc:237] T a9ec2f54d0bf437aba7717e937ca1bc2 P 7c0f7e8a312246a68c9dc19ed343ba43 [LEADER]: Queue going to LEADER mode. State: All replicated index: 0, Majority replicated index: 0, Committed index: 0, Last appended: 0.0, Last appended by leader: 0, Current term: 1, Majority size: 1, State: 0, Mode: LEADER, active raft config: opid_index: -1 OBSOLETE_local: true peers { permanent_uuid: "7c0f7e8a312246a68c9dc19ed343ba43" member_type: VOTER last_known_addr { host: "127.16.225.65" port: 46107 } }
I20260812 08:00:29.928472 19252 ts_tablet_manager.cc:1434] T a9ec2f54d0bf437aba7717e937ca1bc2 P 7c0f7e8a312246a68c9dc19ed343ba43: Time spent starting tablet: real 0.002s	user 0.000s	sys 0.000s
I20260812 08:00:29.930516 19015 catalog_manager.cc:5719] T a9ec2f54d0bf437aba7717e937ca1bc2 P 7c0f7e8a312246a68c9dc19ed343ba43 reported cstate change: term changed from 0 to 1, leader changed from <none> to 7c0f7e8a312246a68c9dc19ed343ba43 (127.16.225.65). New cstate: current_term: 1 leader_uuid: "7c0f7e8a312246a68c9dc19ed343ba43" committed_config { opid_index: -1 OBSOLETE_local: true peers { permanent_uuid: "7c0f7e8a312246a68c9dc19ed343ba43" member_type: VOTER last_known_addr { host: "127.16.225.65" port: 46107 } health_report { overall_health: HEALTHY } } }
I20260812 08:00:29.943607 19015 catalog_manager.cc:2283] Servicing CreateTable request from {username='slave'} at 127.0.0.1:41236:
name: "Table.TestAddMasterSysCatalogCopy/0.27"
schema {
  columns {
    name: "key"
    type: INT32
    is_key: true
    is_nullable: false
    encoding: AUTO_ENCODING
    compression: DEFAULT_COMPRESSION
    cfile_block_size: 0
    immutable: false
  }
}
num_replicas: 1
split_rows_range_bounds {
}
partition_schema {
  range_schema {
    columns {
      name: "key"
    }
  }
}
I20260812 08:00:29.948837 19161 tablet_service.cc:1511] Processing CreateTablet for tablet e365191adf924dad80c05e63d65c0860 (DEFAULT_TABLE table=Table.TestAddMasterSysCatalogCopy/0.27 [id=824c74bbfdcd4b59b565dd21e8ab1b70]), partition=RANGE (key) PARTITION UNBOUNDED
I20260812 08:00:29.949193 19161 data_dirs.cc:400] Could only allocate 1 dirs of requested 3 for tablet e365191adf924dad80c05e63d65c0860. 1 dirs total, 0 dirs full, 0 dirs failed
I20260812 08:00:29.951036 19252 tablet_bootstrap.cc:492] T e365191adf924dad80c05e63d65c0860 P 7c0f7e8a312246a68c9dc19ed343ba43: Bootstrap starting.
I20260812 08:00:29.952193 19252 tablet_bootstrap.cc:654] T e365191adf924dad80c05e63d65c0860 P 7c0f7e8a312246a68c9dc19ed343ba43: Neither blocks nor log segments found. Creating new log.
I20260812 08:00:29.953243 19252 tablet_bootstrap.cc:492] T e365191adf924dad80c05e63d65c0860 P 7c0f7e8a312246a68c9dc19ed343ba43: No bootstrap required, opened a new log
I20260812 08:00:29.953346 19252 ts_tablet_manager.cc:1403] T e365191adf924dad80c05e63d65c0860 P 7c0f7e8a312246a68c9dc19ed343ba43: Time spent bootstrapping tablet: real 0.002s	user 0.001s	sys 0.000s
I20260812 08:00:29.953727 19252 raft_consensus.cc:359] T e365191adf924dad80c05e63d65c0860 P 7c0f7e8a312246a68c9dc19ed343ba43 [term 0 FOLLOWER]: Replica starting. Triggering 0 pending ops. Active config: opid_index: -1 OBSOLETE_local: true peers { permanent_uuid: "7c0f7e8a312246a68c9dc19ed343ba43" member_type: VOTER last_known_addr { host: "127.16.225.65" port: 46107 } }
I20260812 08:00:29.953830 19252 raft_consensus.cc:385] T e365191adf924dad80c05e63d65c0860 P 7c0f7e8a312246a68c9dc19ed343ba43 [term 0 FOLLOWER]: Consensus starting up: Expiring failure detector timer to make a prompt election more likely
I20260812 08:00:29.953890 19252 raft_consensus.cc:740] T e365191adf924dad80c05e63d65c0860 P 7c0f7e8a312246a68c9dc19ed343ba43 [term 0 FOLLOWER]: Becoming Follower/Learner. State: Replica: 7c0f7e8a312246a68c9dc19ed343ba43, State: Initialized, Role: FOLLOWER
I20260812 08:00:29.954017 19252 consensus_queue.cc:260] T e365191adf924dad80c05e63d65c0860 P 7c0f7e8a312246a68c9dc19ed343ba43 [NON_LEADER]: Queue going to NON_LEADER mode. State: All replicated index: 0, Majority replicated index: 0, Committed index: 0, Last appended: 0.0, Last appended by leader: 0, Current term: 0, Majority size: -1, State: 0, Mode: NON_LEADER, active raft config: opid_index: -1 OBSOLETE_local: true peers { permanent_uuid: "7c0f7e8a312246a68c9dc19ed343ba43" member_type: VOTER last_known_addr { host: "127.16.225.65" port: 46107 } }
I20260812 08:00:29.954118 19252 raft_consensus.cc:399] T e365191adf924dad80c05e63d65c0860 P 7c0f7e8a312246a68c9dc19ed343ba43 [term 0 FOLLOWER]: Only one voter in the Raft config. Triggering election immediately
I20260812 08:00:29.954159 19252 raft_consensus.cc:493] T e365191adf924dad80c05e63d65c0860 P 7c0f7e8a312246a68c9dc19ed343ba43 [term 0 FOLLOWER]: Starting leader election (initial election of a single-replica configuration)
I20260812 08:00:29.954209 19252 raft_consensus.cc:3060] T e365191adf924dad80c05e63d65c0860 P 7c0f7e8a312246a68c9dc19ed343ba43 [term 0 FOLLOWER]: Advancing to term 1
I20260812 08:00:29.955068 19252 raft_consensus.cc:515] T e365191adf924dad80c05e63d65c0860 P 7c0f7e8a312246a68c9dc19ed343ba43 [term 1 FOLLOWER]: Starting leader election with config: opid_index: -1 OBSOLETE_local: true peers { permanent_uuid: "7c0f7e8a312246a68c9dc19ed343ba43" member_type: VOTER last_known_addr { host: "127.16.225.65" port: 46107 } }
I20260812 08:00:29.955195 19252 leader_election.cc:304] T e365191adf924dad80c05e63d65c0860 P 7c0f7e8a312246a68c9dc19ed343ba43 [CANDIDATE]: Term 1 election: Election decided. Result: candidate won. Election summary: received 1 responses out of 1 voters: 1 yes votes; 0 no votes. yes voters: 7c0f7e8a312246a68c9dc19ed343ba43; no voters: 
I20260812 08:00:29.955300 19252 leader_election.cc:290] T e365191adf924dad80c05e63d65c0860 P 7c0f7e8a312246a68c9dc19ed343ba43 [CANDIDATE]: Term 1 election: Requested vote from peers 
I20260812 08:00:29.955349 19257 raft_consensus.cc:2804] T e365191adf924dad80c05e63d65c0860 P 7c0f7e8a312246a68c9dc19ed343ba43 [term 1 FOLLOWER]: Leader election won for term 1
I20260812 08:00:29.955427 19257 raft_consensus.cc:697] T e365191adf924dad80c05e63d65c0860 P 7c0f7e8a312246a68c9dc19ed343ba43 [term 1 LEADER]: Becoming Leader. State: Replica: 7c0f7e8a312246a68c9dc19ed343ba43, State: Running, Role: LEADER
I20260812 08:00:29.955538 19257 consensus_queue.cc:237] T e365191adf924dad80c05e63d65c0860 P 7c0f7e8a312246a68c9dc19ed343ba43 [LEADER]: Queue going to LEADER mode. State: All replicated index: 0, Majority replicated index: 0, Committed index: 0, Last appended: 0.0, Last appended by leader: 0, Current term: 1, Majority size: 1, State: 0, Mode: LEADER, active raft config: opid_index: -1 OBSOLETE_local: true peers { permanent_uuid: "7c0f7e8a312246a68c9dc19ed343ba43" member_type: VOTER last_known_addr { host: "127.16.225.65" port: 46107 } }
I20260812 08:00:29.955611 19252 ts_tablet_manager.cc:1434] T e365191adf924dad80c05e63d65c0860 P 7c0f7e8a312246a68c9dc19ed343ba43: Time spent starting tablet: real 0.002s	user 0.000s	sys 0.001s
I20260812 08:00:29.957331 19015 catalog_manager.cc:5719] T e365191adf924dad80c05e63d65c0860 P 7c0f7e8a312246a68c9dc19ed343ba43 reported cstate change: term changed from 0 to 1, leader changed from <none> to 7c0f7e8a312246a68c9dc19ed343ba43 (127.16.225.65). New cstate: current_term: 1 leader_uuid: "7c0f7e8a312246a68c9dc19ed343ba43" committed_config { opid_index: -1 OBSOLETE_local: true peers { permanent_uuid: "7c0f7e8a312246a68c9dc19ed343ba43" member_type: VOTER last_known_addr { host: "127.16.225.65" port: 46107 } health_report { overall_health: HEALTHY } } }
I20260812 08:00:29.971629 19015 catalog_manager.cc:2283] Servicing CreateTable request from {username='slave'} at 127.0.0.1:41248:
name: "Table.TestAddMasterSysCatalogCopy/0.28"
schema {
  columns {
    name: "key"
    type: INT32
    is_key: true
    is_nullable: false
    encoding: AUTO_ENCODING
    compression: DEFAULT_COMPRESSION
    cfile_block_size: 0
    immutable: false
  }
}
num_replicas: 1
split_rows_range_bounds {
}
partition_schema {
  range_schema {
    columns {
      name: "key"
    }
  }
}
I20260812 08:00:29.976384 19161 tablet_service.cc:1511] Processing CreateTablet for tablet 5c44b99317b84d2a8d7693599f71a2b2 (DEFAULT_TABLE table=Table.TestAddMasterSysCatalogCopy/0.28 [id=f63a74bf37c847b6bfea5ec2530e07cf]), partition=RANGE (key) PARTITION UNBOUNDED
I20260812 08:00:29.976675 19161 data_dirs.cc:400] Could only allocate 1 dirs of requested 3 for tablet 5c44b99317b84d2a8d7693599f71a2b2. 1 dirs total, 0 dirs full, 0 dirs failed
I20260812 08:00:29.978420 19252 tablet_bootstrap.cc:492] T 5c44b99317b84d2a8d7693599f71a2b2 P 7c0f7e8a312246a68c9dc19ed343ba43: Bootstrap starting.
I20260812 08:00:29.979522 19252 tablet_bootstrap.cc:654] T 5c44b99317b84d2a8d7693599f71a2b2 P 7c0f7e8a312246a68c9dc19ed343ba43: Neither blocks nor log segments found. Creating new log.
I20260812 08:00:29.980573 19252 tablet_bootstrap.cc:492] T 5c44b99317b84d2a8d7693599f71a2b2 P 7c0f7e8a312246a68c9dc19ed343ba43: No bootstrap required, opened a new log
I20260812 08:00:29.980646 19252 ts_tablet_manager.cc:1403] T 5c44b99317b84d2a8d7693599f71a2b2 P 7c0f7e8a312246a68c9dc19ed343ba43: Time spent bootstrapping tablet: real 0.002s	user 0.000s	sys 0.001s
I20260812 08:00:29.981078 19252 raft_consensus.cc:359] T 5c44b99317b84d2a8d7693599f71a2b2 P 7c0f7e8a312246a68c9dc19ed343ba43 [term 0 FOLLOWER]: Replica starting. Triggering 0 pending ops. Active config: opid_index: -1 OBSOLETE_local: true peers { permanent_uuid: "7c0f7e8a312246a68c9dc19ed343ba43" member_type: VOTER last_known_addr { host: "127.16.225.65" port: 46107 } }
I20260812 08:00:29.981154 19252 raft_consensus.cc:385] T 5c44b99317b84d2a8d7693599f71a2b2 P 7c0f7e8a312246a68c9dc19ed343ba43 [term 0 FOLLOWER]: Consensus starting up: Expiring failure detector timer to make a prompt election more likely
I20260812 08:00:29.981206 19252 raft_consensus.cc:740] T 5c44b99317b84d2a8d7693599f71a2b2 P 7c0f7e8a312246a68c9dc19ed343ba43 [term 0 FOLLOWER]: Becoming Follower/Learner. State: Replica: 7c0f7e8a312246a68c9dc19ed343ba43, State: Initialized, Role: FOLLOWER
I20260812 08:00:29.981365 19252 consensus_queue.cc:260] T 5c44b99317b84d2a8d7693599f71a2b2 P 7c0f7e8a312246a68c9dc19ed343ba43 [NON_LEADER]: Queue going to NON_LEADER mode. State: All replicated index: 0, Majority replicated index: 0, Committed index: 0, Last appended: 0.0, Last appended by leader: 0, Current term: 0, Majority size: -1, State: 0, Mode: NON_LEADER, active raft config: opid_index: -1 OBSOLETE_local: true peers { permanent_uuid: "7c0f7e8a312246a68c9dc19ed343ba43" member_type: VOTER last_known_addr { host: "127.16.225.65" port: 46107 } }
I20260812 08:00:29.981467 19252 raft_consensus.cc:399] T 5c44b99317b84d2a8d7693599f71a2b2 P 7c0f7e8a312246a68c9dc19ed343ba43 [term 0 FOLLOWER]: Only one voter in the Raft config. Triggering election immediately
I20260812 08:00:29.981515 19252 raft_consensus.cc:493] T 5c44b99317b84d2a8d7693599f71a2b2 P 7c0f7e8a312246a68c9dc19ed343ba43 [term 0 FOLLOWER]: Starting leader election (initial election of a single-replica configuration)
I20260812 08:00:29.981568 19252 raft_consensus.cc:3060] T 5c44b99317b84d2a8d7693599f71a2b2 P 7c0f7e8a312246a68c9dc19ed343ba43 [term 0 FOLLOWER]: Advancing to term 1
I20260812 08:00:29.982440 19252 raft_consensus.cc:515] T 5c44b99317b84d2a8d7693599f71a2b2 P 7c0f7e8a312246a68c9dc19ed343ba43 [term 1 FOLLOWER]: Starting leader election with config: opid_index: -1 OBSOLETE_local: true peers { permanent_uuid: "7c0f7e8a312246a68c9dc19ed343ba43" member_type: VOTER last_known_addr { host: "127.16.225.65" port: 46107 } }
I20260812 08:00:29.982553 19252 leader_election.cc:304] T 5c44b99317b84d2a8d7693599f71a2b2 P 7c0f7e8a312246a68c9dc19ed343ba43 [CANDIDATE]: Term 1 election: Election decided. Result: candidate won. Election summary: received 1 responses out of 1 voters: 1 yes votes; 0 no votes. yes voters: 7c0f7e8a312246a68c9dc19ed343ba43; no voters: 
I20260812 08:00:29.982645 19252 leader_election.cc:290] T 5c44b99317b84d2a8d7693599f71a2b2 P 7c0f7e8a312246a68c9dc19ed343ba43 [CANDIDATE]: Term 1 election: Requested vote from peers 
I20260812 08:00:29.982694 19257 raft_consensus.cc:2804] T 5c44b99317b84d2a8d7693599f71a2b2 P 7c0f7e8a312246a68c9dc19ed343ba43 [term 1 FOLLOWER]: Leader election won for term 1
I20260812 08:00:29.982791 19257 raft_consensus.cc:697] T 5c44b99317b84d2a8d7693599f71a2b2 P 7c0f7e8a312246a68c9dc19ed343ba43 [term 1 LEADER]: Becoming Leader. State: Replica: 7c0f7e8a312246a68c9dc19ed343ba43, State: Running, Role: LEADER
I20260812 08:00:29.982913 19252 ts_tablet_manager.cc:1434] T 5c44b99317b84d2a8d7693599f71a2b2 P 7c0f7e8a312246a68c9dc19ed343ba43: Time spent starting tablet: real 0.002s	user 0.002s	sys 0.000s
I20260812 08:00:29.982892 19257 consensus_queue.cc:237] T 5c44b99317b84d2a8d7693599f71a2b2 P 7c0f7e8a312246a68c9dc19ed343ba43 [LEADER]: Queue going to LEADER mode. State: All replicated index: 0, Majority replicated index: 0, Committed index: 0, Last appended: 0.0, Last appended by leader: 0, Current term: 1, Majority size: 1, State: 0, Mode: LEADER, active raft config: opid_index: -1 OBSOLETE_local: true peers { permanent_uuid: "7c0f7e8a312246a68c9dc19ed343ba43" member_type: VOTER last_known_addr { host: "127.16.225.65" port: 46107 } }
I20260812 08:00:29.984879 19015 catalog_manager.cc:5719] T 5c44b99317b84d2a8d7693599f71a2b2 P 7c0f7e8a312246a68c9dc19ed343ba43 reported cstate change: term changed from 0 to 1, leader changed from <none> to 7c0f7e8a312246a68c9dc19ed343ba43 (127.16.225.65). New cstate: current_term: 1 leader_uuid: "7c0f7e8a312246a68c9dc19ed343ba43" committed_config { opid_index: -1 OBSOLETE_local: true peers { permanent_uuid: "7c0f7e8a312246a68c9dc19ed343ba43" member_type: VOTER last_known_addr { host: "127.16.225.65" port: 46107 } health_report { overall_health: HEALTHY } } }
I20260812 08:00:29.997574 19015 catalog_manager.cc:2283] Servicing CreateTable request from {username='slave'} at 127.0.0.1:41250:
name: "Table.TestAddMasterSysCatalogCopy/0.29"
schema {
  columns {
    name: "key"
    type: INT32
    is_key: true
    is_nullable: false
    encoding: AUTO_ENCODING
    compression: DEFAULT_COMPRESSION
    cfile_block_size: 0
    immutable: false
  }
}
num_replicas: 1
split_rows_range_bounds {
}
partition_schema {
  range_schema {
    columns {
      name: "key"
    }
  }
}
I20260812 08:00:30.001988 19161 tablet_service.cc:1511] Processing CreateTablet for tablet 43f86c7e5c5a421ca85a54d0e7e6443e (DEFAULT_TABLE table=Table.TestAddMasterSysCatalogCopy/0.29 [id=53a18186a52644a5a37495082055328f]), partition=RANGE (key) PARTITION UNBOUNDED
I20260812 08:00:30.002265 19161 data_dirs.cc:400] Could only allocate 1 dirs of requested 3 for tablet 43f86c7e5c5a421ca85a54d0e7e6443e. 1 dirs total, 0 dirs full, 0 dirs failed
I20260812 08:00:30.004119 19252 tablet_bootstrap.cc:492] T 43f86c7e5c5a421ca85a54d0e7e6443e P 7c0f7e8a312246a68c9dc19ed343ba43: Bootstrap starting.
I20260812 08:00:30.005211 19252 tablet_bootstrap.cc:654] T 43f86c7e5c5a421ca85a54d0e7e6443e P 7c0f7e8a312246a68c9dc19ed343ba43: Neither blocks nor log segments found. Creating new log.
I20260812 08:00:30.006502 19252 tablet_bootstrap.cc:492] T 43f86c7e5c5a421ca85a54d0e7e6443e P 7c0f7e8a312246a68c9dc19ed343ba43: No bootstrap required, opened a new log
I20260812 08:00:30.006585 19252 ts_tablet_manager.cc:1403] T 43f86c7e5c5a421ca85a54d0e7e6443e P 7c0f7e8a312246a68c9dc19ed343ba43: Time spent bootstrapping tablet: real 0.003s	user 0.002s	sys 0.000s
I20260812 08:00:30.007063 19252 raft_consensus.cc:359] T 43f86c7e5c5a421ca85a54d0e7e6443e P 7c0f7e8a312246a68c9dc19ed343ba43 [term 0 FOLLOWER]: Replica starting. Triggering 0 pending ops. Active config: opid_index: -1 OBSOLETE_local: true peers { permanent_uuid: "7c0f7e8a312246a68c9dc19ed343ba43" member_type: VOTER last_known_addr { host: "127.16.225.65" port: 46107 } }
I20260812 08:00:30.007177 19252 raft_consensus.cc:385] T 43f86c7e5c5a421ca85a54d0e7e6443e P 7c0f7e8a312246a68c9dc19ed343ba43 [term 0 FOLLOWER]: Consensus starting up: Expiring failure detector timer to make a prompt election more likely
I20260812 08:00:30.007220 19252 raft_consensus.cc:740] T 43f86c7e5c5a421ca85a54d0e7e6443e P 7c0f7e8a312246a68c9dc19ed343ba43 [term 0 FOLLOWER]: Becoming Follower/Learner. State: Replica: 7c0f7e8a312246a68c9dc19ed343ba43, State: Initialized, Role: FOLLOWER
I20260812 08:00:30.007377 19252 consensus_queue.cc:260] T 43f86c7e5c5a421ca85a54d0e7e6443e P 7c0f7e8a312246a68c9dc19ed343ba43 [NON_LEADER]: Queue going to NON_LEADER mode. State: All replicated index: 0, Majority replicated index: 0, Committed index: 0, Last appended: 0.0, Last appended by leader: 0, Current term: 0, Majority size: -1, State: 0, Mode: NON_LEADER, active raft config: opid_index: -1 OBSOLETE_local: true peers { permanent_uuid: "7c0f7e8a312246a68c9dc19ed343ba43" member_type: VOTER last_known_addr { host: "127.16.225.65" port: 46107 } }
I20260812 08:00:30.007489 19252 raft_consensus.cc:399] T 43f86c7e5c5a421ca85a54d0e7e6443e P 7c0f7e8a312246a68c9dc19ed343ba43 [term 0 FOLLOWER]: Only one voter in the Raft config. Triggering election immediately
I20260812 08:00:30.007537 19252 raft_consensus.cc:493] T 43f86c7e5c5a421ca85a54d0e7e6443e P 7c0f7e8a312246a68c9dc19ed343ba43 [term 0 FOLLOWER]: Starting leader election (initial election of a single-replica configuration)
I20260812 08:00:30.007596 19252 raft_consensus.cc:3060] T 43f86c7e5c5a421ca85a54d0e7e6443e P 7c0f7e8a312246a68c9dc19ed343ba43 [term 0 FOLLOWER]: Advancing to term 1
I20260812 08:00:30.008422 19252 raft_consensus.cc:515] T 43f86c7e5c5a421ca85a54d0e7e6443e P 7c0f7e8a312246a68c9dc19ed343ba43 [term 1 FOLLOWER]: Starting leader election with config: opid_index: -1 OBSOLETE_local: true peers { permanent_uuid: "7c0f7e8a312246a68c9dc19ed343ba43" member_type: VOTER last_known_addr { host: "127.16.225.65" port: 46107 } }
I20260812 08:00:30.008603 19252 leader_election.cc:304] T 43f86c7e5c5a421ca85a54d0e7e6443e P 7c0f7e8a312246a68c9dc19ed343ba43 [CANDIDATE]: Term 1 election: Election decided. Result: candidate won. Election summary: received 1 responses out of 1 voters: 1 yes votes; 0 no votes. yes voters: 7c0f7e8a312246a68c9dc19ed343ba43; no voters: 
I20260812 08:00:30.008716 19252 leader_election.cc:290] T 43f86c7e5c5a421ca85a54d0e7e6443e P 7c0f7e8a312246a68c9dc19ed343ba43 [CANDIDATE]: Term 1 election: Requested vote from peers 
I20260812 08:00:30.008774 19258 raft_consensus.cc:2804] T 43f86c7e5c5a421ca85a54d0e7e6443e P 7c0f7e8a312246a68c9dc19ed343ba43 [term 1 FOLLOWER]: Leader election won for term 1
I20260812 08:00:30.008857 19258 raft_consensus.cc:697] T 43f86c7e5c5a421ca85a54d0e7e6443e P 7c0f7e8a312246a68c9dc19ed343ba43 [term 1 LEADER]: Becoming Leader. State: Replica: 7c0f7e8a312246a68c9dc19ed343ba43, State: Running, Role: LEADER
I20260812 08:00:30.008984 19258 consensus_queue.cc:237] T 43f86c7e5c5a421ca85a54d0e7e6443e P 7c0f7e8a312246a68c9dc19ed343ba43 [LEADER]: Queue going to LEADER mode. State: All replicated index: 0, Majority replicated index: 0, Committed index: 0, Last appended: 0.0, Last appended by leader: 0, Current term: 1, Majority size: 1, State: 0, Mode: LEADER, active raft config: opid_index: -1 OBSOLETE_local: true peers { permanent_uuid: "7c0f7e8a312246a68c9dc19ed343ba43" member_type: VOTER last_known_addr { host: "127.16.225.65" port: 46107 } }
I20260812 08:00:30.009369 19252 ts_tablet_manager.cc:1434] T 43f86c7e5c5a421ca85a54d0e7e6443e P 7c0f7e8a312246a68c9dc19ed343ba43: Time spent starting tablet: real 0.003s	user 0.002s	sys 0.001s
I20260812 08:00:30.011345 19015 catalog_manager.cc:5719] T 43f86c7e5c5a421ca85a54d0e7e6443e P 7c0f7e8a312246a68c9dc19ed343ba43 reported cstate change: term changed from 0 to 1, leader changed from <none> to 7c0f7e8a312246a68c9dc19ed343ba43 (127.16.225.65). New cstate: current_term: 1 leader_uuid: "7c0f7e8a312246a68c9dc19ed343ba43" committed_config { opid_index: -1 OBSOLETE_local: true peers { permanent_uuid: "7c0f7e8a312246a68c9dc19ed343ba43" member_type: VOTER last_known_addr { host: "127.16.225.65" port: 46107 } health_report { overall_health: HEALTHY } } }
I20260812 08:00:30.030048 19015 catalog_manager.cc:2283] Servicing CreateTable request from {username='slave'} at 127.0.0.1:41256:
name: "Table.TestAddMasterSysCatalogCopy/0.30"
schema {
  columns {
    name: "key"
    type: INT32
    is_key: true
    is_nullable: false
    encoding: AUTO_ENCODING
    compression: DEFAULT_COMPRESSION
    cfile_block_size: 0
    immutable: false
  }
}
num_replicas: 1
split_rows_range_bounds {
}
partition_schema {
  range_schema {
    columns {
      name: "key"
    }
  }
}
I20260812 08:00:30.035202 19161 tablet_service.cc:1511] Processing CreateTablet for tablet d048a89d43e14725a404d0da82b5130b (DEFAULT_TABLE table=Table.TestAddMasterSysCatalogCopy/0.30 [id=f87e5a37d23245c5830fe338b2356c81]), partition=RANGE (key) PARTITION UNBOUNDED
I20260812 08:00:30.035575 19161 data_dirs.cc:400] Could only allocate 1 dirs of requested 3 for tablet d048a89d43e14725a404d0da82b5130b. 1 dirs total, 0 dirs full, 0 dirs failed
I20260812 08:00:30.037297 19252 tablet_bootstrap.cc:492] T d048a89d43e14725a404d0da82b5130b P 7c0f7e8a312246a68c9dc19ed343ba43: Bootstrap starting.
I20260812 08:00:30.038291 19252 tablet_bootstrap.cc:654] T d048a89d43e14725a404d0da82b5130b P 7c0f7e8a312246a68c9dc19ed343ba43: Neither blocks nor log segments found. Creating new log.
I20260812 08:00:30.039323 19252 tablet_bootstrap.cc:492] T d048a89d43e14725a404d0da82b5130b P 7c0f7e8a312246a68c9dc19ed343ba43: No bootstrap required, opened a new log
I20260812 08:00:30.039418 19252 ts_tablet_manager.cc:1403] T d048a89d43e14725a404d0da82b5130b P 7c0f7e8a312246a68c9dc19ed343ba43: Time spent bootstrapping tablet: real 0.002s	user 0.002s	sys 0.000s
I20260812 08:00:30.039824 19252 raft_consensus.cc:359] T d048a89d43e14725a404d0da82b5130b P 7c0f7e8a312246a68c9dc19ed343ba43 [term 0 FOLLOWER]: Replica starting. Triggering 0 pending ops. Active config: opid_index: -1 OBSOLETE_local: true peers { permanent_uuid: "7c0f7e8a312246a68c9dc19ed343ba43" member_type: VOTER last_known_addr { host: "127.16.225.65" port: 46107 } }
I20260812 08:00:30.039907 19252 raft_consensus.cc:385] T d048a89d43e14725a404d0da82b5130b P 7c0f7e8a312246a68c9dc19ed343ba43 [term 0 FOLLOWER]: Consensus starting up: Expiring failure detector timer to make a prompt election more likely
I20260812 08:00:30.039973 19252 raft_consensus.cc:740] T d048a89d43e14725a404d0da82b5130b P 7c0f7e8a312246a68c9dc19ed343ba43 [term 0 FOLLOWER]: Becoming Follower/Learner. State: Replica: 7c0f7e8a312246a68c9dc19ed343ba43, State: Initialized, Role: FOLLOWER
I20260812 08:00:30.040177 19252 consensus_queue.cc:260] T d048a89d43e14725a404d0da82b5130b P 7c0f7e8a312246a68c9dc19ed343ba43 [NON_LEADER]: Queue going to NON_LEADER mode. State: All replicated index: 0, Majority replicated index: 0, Committed index: 0, Last appended: 0.0, Last appended by leader: 0, Current term: 0, Majority size: -1, State: 0, Mode: NON_LEADER, active raft config: opid_index: -1 OBSOLETE_local: true peers { permanent_uuid: "7c0f7e8a312246a68c9dc19ed343ba43" member_type: VOTER last_known_addr { host: "127.16.225.65" port: 46107 } }
I20260812 08:00:30.040278 19252 raft_consensus.cc:399] T d048a89d43e14725a404d0da82b5130b P 7c0f7e8a312246a68c9dc19ed343ba43 [term 0 FOLLOWER]: Only one voter in the Raft config. Triggering election immediately
I20260812 08:00:30.040333 19252 raft_consensus.cc:493] T d048a89d43e14725a404d0da82b5130b P 7c0f7e8a312246a68c9dc19ed343ba43 [term 0 FOLLOWER]: Starting leader election (initial election of a single-replica configuration)
I20260812 08:00:30.040392 19252 raft_consensus.cc:3060] T d048a89d43e14725a404d0da82b5130b P 7c0f7e8a312246a68c9dc19ed343ba43 [term 0 FOLLOWER]: Advancing to term 1
I20260812 08:00:30.041188 19252 raft_consensus.cc:515] T d048a89d43e14725a404d0da82b5130b P 7c0f7e8a312246a68c9dc19ed343ba43 [term 1 FOLLOWER]: Starting leader election with config: opid_index: -1 OBSOLETE_local: true peers { permanent_uuid: "7c0f7e8a312246a68c9dc19ed343ba43" member_type: VOTER last_known_addr { host: "127.16.225.65" port: 46107 } }
I20260812 08:00:30.041337 19252 leader_election.cc:304] T d048a89d43e14725a404d0da82b5130b P 7c0f7e8a312246a68c9dc19ed343ba43 [CANDIDATE]: Term 1 election: Election decided. Result: candidate won. Election summary: received 1 responses out of 1 voters: 1 yes votes; 0 no votes. yes voters: 7c0f7e8a312246a68c9dc19ed343ba43; no voters: 
I20260812 08:00:30.041455 19252 leader_election.cc:290] T d048a89d43e14725a404d0da82b5130b P 7c0f7e8a312246a68c9dc19ed343ba43 [CANDIDATE]: Term 1 election: Requested vote from peers 
I20260812 08:00:30.041540 19259 raft_consensus.cc:2804] T d048a89d43e14725a404d0da82b5130b P 7c0f7e8a312246a68c9dc19ed343ba43 [term 1 FOLLOWER]: Leader election won for term 1
I20260812 08:00:30.041667 19259 raft_consensus.cc:697] T d048a89d43e14725a404d0da82b5130b P 7c0f7e8a312246a68c9dc19ed343ba43 [term 1 LEADER]: Becoming Leader. State: Replica: 7c0f7e8a312246a68c9dc19ed343ba43, State: Running, Role: LEADER
I20260812 08:00:30.041697 19252 ts_tablet_manager.cc:1434] T d048a89d43e14725a404d0da82b5130b P 7c0f7e8a312246a68c9dc19ed343ba43: Time spent starting tablet: real 0.002s	user 0.000s	sys 0.000s
I20260812 08:00:30.041846 19259 consensus_queue.cc:237] T d048a89d43e14725a404d0da82b5130b P 7c0f7e8a312246a68c9dc19ed343ba43 [LEADER]: Queue going to LEADER mode. State: All replicated index: 0, Majority replicated index: 0, Committed index: 0, Last appended: 0.0, Last appended by leader: 0, Current term: 1, Majority size: 1, State: 0, Mode: LEADER, active raft config: opid_index: -1 OBSOLETE_local: true peers { permanent_uuid: "7c0f7e8a312246a68c9dc19ed343ba43" member_type: VOTER last_known_addr { host: "127.16.225.65" port: 46107 } }
I20260812 08:00:30.044061 19015 catalog_manager.cc:5719] T d048a89d43e14725a404d0da82b5130b P 7c0f7e8a312246a68c9dc19ed343ba43 reported cstate change: term changed from 0 to 1, leader changed from <none> to 7c0f7e8a312246a68c9dc19ed343ba43 (127.16.225.65). New cstate: current_term: 1 leader_uuid: "7c0f7e8a312246a68c9dc19ed343ba43" committed_config { opid_index: -1 OBSOLETE_local: true peers { permanent_uuid: "7c0f7e8a312246a68c9dc19ed343ba43" member_type: VOTER last_known_addr { host: "127.16.225.65" port: 46107 } health_report { overall_health: HEALTHY } } }
I20260812 08:00:30.059159 19016 catalog_manager.cc:2283] Servicing CreateTable request from {username='slave'} at 127.0.0.1:41260:
name: "Table.TestAddMasterSysCatalogCopy/0.31"
schema {
  columns {
    name: "key"
    type: INT32
    is_key: true
    is_nullable: false
    encoding: AUTO_ENCODING
    compression: DEFAULT_COMPRESSION
    cfile_block_size: 0
    immutable: false
  }
}
num_replicas: 1
split_rows_range_bounds {
}
partition_schema {
  range_schema {
    columns {
      name: "key"
    }
  }
}
I20260812 08:00:30.064132 19161 tablet_service.cc:1511] Processing CreateTablet for tablet 8ac5b5b0c0a64b6cbf9d53cb067570a9 (DEFAULT_TABLE table=Table.TestAddMasterSysCatalogCopy/0.31 [id=36e99c2bba604a3484185034a6890631]), partition=RANGE (key) PARTITION UNBOUNDED
I20260812 08:00:30.064507 19161 data_dirs.cc:400] Could only allocate 1 dirs of requested 3 for tablet 8ac5b5b0c0a64b6cbf9d53cb067570a9. 1 dirs total, 0 dirs full, 0 dirs failed
I20260812 08:00:30.066356 19252 tablet_bootstrap.cc:492] T 8ac5b5b0c0a64b6cbf9d53cb067570a9 P 7c0f7e8a312246a68c9dc19ed343ba43: Bootstrap starting.
I20260812 08:00:30.067617 19252 tablet_bootstrap.cc:654] T 8ac5b5b0c0a64b6cbf9d53cb067570a9 P 7c0f7e8a312246a68c9dc19ed343ba43: Neither blocks nor log segments found. Creating new log.
I20260812 08:00:30.068676 19252 tablet_bootstrap.cc:492] T 8ac5b5b0c0a64b6cbf9d53cb067570a9 P 7c0f7e8a312246a68c9dc19ed343ba43: No bootstrap required, opened a new log
I20260812 08:00:30.068748 19252 ts_tablet_manager.cc:1403] T 8ac5b5b0c0a64b6cbf9d53cb067570a9 P 7c0f7e8a312246a68c9dc19ed343ba43: Time spent bootstrapping tablet: real 0.002s	user 0.001s	sys 0.000s
I20260812 08:00:30.069123 19252 raft_consensus.cc:359] T 8ac5b5b0c0a64b6cbf9d53cb067570a9 P 7c0f7e8a312246a68c9dc19ed343ba43 [term 0 FOLLOWER]: Replica starting. Triggering 0 pending ops. Active config: opid_index: -1 OBSOLETE_local: true peers { permanent_uuid: "7c0f7e8a312246a68c9dc19ed343ba43" member_type: VOTER last_known_addr { host: "127.16.225.65" port: 46107 } }
I20260812 08:00:30.069206 19252 raft_consensus.cc:385] T 8ac5b5b0c0a64b6cbf9d53cb067570a9 P 7c0f7e8a312246a68c9dc19ed343ba43 [term 0 FOLLOWER]: Consensus starting up: Expiring failure detector timer to make a prompt election more likely
I20260812 08:00:30.069228 19252 raft_consensus.cc:740] T 8ac5b5b0c0a64b6cbf9d53cb067570a9 P 7c0f7e8a312246a68c9dc19ed343ba43 [term 0 FOLLOWER]: Becoming Follower/Learner. State: Replica: 7c0f7e8a312246a68c9dc19ed343ba43, State: Initialized, Role: FOLLOWER
I20260812 08:00:30.069370 19252 consensus_queue.cc:260] T 8ac5b5b0c0a64b6cbf9d53cb067570a9 P 7c0f7e8a312246a68c9dc19ed343ba43 [NON_LEADER]: Queue going to NON_LEADER mode. State: All replicated index: 0, Majority replicated index: 0, Committed index: 0, Last appended: 0.0, Last appended by leader: 0, Current term: 0, Majority size: -1, State: 0, Mode: NON_LEADER, active raft config: opid_index: -1 OBSOLETE_local: true peers { permanent_uuid: "7c0f7e8a312246a68c9dc19ed343ba43" member_type: VOTER last_known_addr { host: "127.16.225.65" port: 46107 } }
I20260812 08:00:30.069489 19252 raft_consensus.cc:399] T 8ac5b5b0c0a64b6cbf9d53cb067570a9 P 7c0f7e8a312246a68c9dc19ed343ba43 [term 0 FOLLOWER]: Only one voter in the Raft config. Triggering election immediately
I20260812 08:00:30.069543 19252 raft_consensus.cc:493] T 8ac5b5b0c0a64b6cbf9d53cb067570a9 P 7c0f7e8a312246a68c9dc19ed343ba43 [term 0 FOLLOWER]: Starting leader election (initial election of a single-replica configuration)
I20260812 08:00:30.069597 19252 raft_consensus.cc:3060] T 8ac5b5b0c0a64b6cbf9d53cb067570a9 P 7c0f7e8a312246a68c9dc19ed343ba43 [term 0 FOLLOWER]: Advancing to term 1
I20260812 08:00:30.070573 19252 raft_consensus.cc:515] T 8ac5b5b0c0a64b6cbf9d53cb067570a9 P 7c0f7e8a312246a68c9dc19ed343ba43 [term 1 FOLLOWER]: Starting leader election with config: opid_index: -1 OBSOLETE_local: true peers { permanent_uuid: "7c0f7e8a312246a68c9dc19ed343ba43" member_type: VOTER last_known_addr { host: "127.16.225.65" port: 46107 } }
I20260812 08:00:30.070688 19252 leader_election.cc:304] T 8ac5b5b0c0a64b6cbf9d53cb067570a9 P 7c0f7e8a312246a68c9dc19ed343ba43 [CANDIDATE]: Term 1 election: Election decided. Result: candidate won. Election summary: received 1 responses out of 1 voters: 1 yes votes; 0 no votes. yes voters: 7c0f7e8a312246a68c9dc19ed343ba43; no voters: 
I20260812 08:00:30.070758 19252 leader_election.cc:290] T 8ac5b5b0c0a64b6cbf9d53cb067570a9 P 7c0f7e8a312246a68c9dc19ed343ba43 [CANDIDATE]: Term 1 election: Requested vote from peers 
I20260812 08:00:30.070830 19259 raft_consensus.cc:2804] T 8ac5b5b0c0a64b6cbf9d53cb067570a9 P 7c0f7e8a312246a68c9dc19ed343ba43 [term 1 FOLLOWER]: Leader election won for term 1
I20260812 08:00:30.070960 19259 raft_consensus.cc:697] T 8ac5b5b0c0a64b6cbf9d53cb067570a9 P 7c0f7e8a312246a68c9dc19ed343ba43 [term 1 LEADER]: Becoming Leader. State: Replica: 7c0f7e8a312246a68c9dc19ed343ba43, State: Running, Role: LEADER
I20260812 08:00:30.071038 19252 ts_tablet_manager.cc:1434] T 8ac5b5b0c0a64b6cbf9d53cb067570a9 P 7c0f7e8a312246a68c9dc19ed343ba43: Time spent starting tablet: real 0.002s	user 0.000s	sys 0.001s
I20260812 08:00:30.071097 19259 consensus_queue.cc:237] T 8ac5b5b0c0a64b6cbf9d53cb067570a9 P 7c0f7e8a312246a68c9dc19ed343ba43 [LEADER]: Queue going to LEADER mode. State: All replicated index: 0, Majority replicated index: 0, Committed index: 0, Last appended: 0.0, Last appended by leader: 0, Current term: 1, Majority size: 1, State: 0, Mode: LEADER, active raft config: opid_index: -1 OBSOLETE_local: true peers { permanent_uuid: "7c0f7e8a312246a68c9dc19ed343ba43" member_type: VOTER last_known_addr { host: "127.16.225.65" port: 46107 } }
I20260812 08:00:30.073166 19016 catalog_manager.cc:5719] T 8ac5b5b0c0a64b6cbf9d53cb067570a9 P 7c0f7e8a312246a68c9dc19ed343ba43 reported cstate change: term changed from 0 to 1, leader changed from <none> to 7c0f7e8a312246a68c9dc19ed343ba43 (127.16.225.65). New cstate: current_term: 1 leader_uuid: "7c0f7e8a312246a68c9dc19ed343ba43" committed_config { opid_index: -1 OBSOLETE_local: true peers { permanent_uuid: "7c0f7e8a312246a68c9dc19ed343ba43" member_type: VOTER last_known_addr { host: "127.16.225.65" port: 46107 } health_report { overall_health: HEALTHY } } }
I20260812 08:00:30.078439 19004 maintenance_manager.cc:419] P edc1a83ea4b2444a91d79d09e1503fb7: Scheduling FlushMRSOp(00000000000000000000000000000000): perf score=0.000073
I20260812 08:00:30.084637 19003 maintenance_manager.cc:643] P edc1a83ea4b2444a91d79d09e1503fb7: FlushMRSOp(00000000000000000000000000000000) complete. Timing: real 0.006s	user 0.001s	sys 0.003s Metrics: {"bytes_written":8666,"cfile_init":1,"dirs.queue_time_us":78,"dirs.run_cpu_time_us":262,"dirs.run_wall_time_us":1304,"drs_written":1,"lbm_read_time_us":70,"lbm_reads_lt_1ms":4,"lbm_write_time_us":489,"lbm_writes_lt_1ms":27,"peak_mem_usage":0,"rows_written":18}
I20260812 08:00:30.085304 19004 maintenance_manager.cc:419] P edc1a83ea4b2444a91d79d09e1503fb7: Scheduling CompactRowSetsOp(00000000000000000000000000000000): perf score=0.433925
I20260812 08:00:30.088292 19016 catalog_manager.cc:2283] Servicing CreateTable request from {username='slave'} at 127.0.0.1:41276:
name: "Table.TestAddMasterSysCatalogCopy/0.32"
schema {
  columns {
    name: "key"
    type: INT32
    is_key: true
    is_nullable: false
    encoding: AUTO_ENCODING
    compression: DEFAULT_COMPRESSION
    cfile_block_size: 0
    immutable: false
  }
}
num_replicas: 1
split_rows_range_bounds {
}
partition_schema {
  range_schema {
    columns {
      name: "key"
    }
  }
}
I20260812 08:00:30.093711 19161 tablet_service.cc:1511] Processing CreateTablet for tablet b6f3e42a8bd949128d3f57b8de1ad64b (DEFAULT_TABLE table=Table.TestAddMasterSysCatalogCopy/0.32 [id=2160e3ff9ff04483a3b56f2bbcbb80ee]), partition=RANGE (key) PARTITION UNBOUNDED
I20260812 08:00:30.094097 19161 data_dirs.cc:400] Could only allocate 1 dirs of requested 3 for tablet b6f3e42a8bd949128d3f57b8de1ad64b. 1 dirs total, 0 dirs full, 0 dirs failed
I20260812 08:00:30.095898 19252 tablet_bootstrap.cc:492] T b6f3e42a8bd949128d3f57b8de1ad64b P 7c0f7e8a312246a68c9dc19ed343ba43: Bootstrap starting.
I20260812 08:00:30.097086 19252 tablet_bootstrap.cc:654] T b6f3e42a8bd949128d3f57b8de1ad64b P 7c0f7e8a312246a68c9dc19ed343ba43: Neither blocks nor log segments found. Creating new log.
I20260812 08:00:30.097776 19003 maintenance_manager.cc:643] P edc1a83ea4b2444a91d79d09e1503fb7: CompactRowSetsOp(00000000000000000000000000000000) complete. Timing: real 0.012s	user 0.011s	sys 0.001s Metrics: {"bytes_written":19458,"cfile_cache_hit":13,"cfile_cache_hit_bytes":12743,"cfile_cache_miss":31,"cfile_cache_miss_bytes":19615,"cfile_init":9,"delta_iterators_relevant":6,"dirs.queue_time_us":484,"dirs.run_cpu_time_us":231,"dirs.run_wall_time_us":1252,"drs_written":1,"lbm_read_time_us":684,"lbm_reads_lt_1ms":67,"lbm_write_time_us":534,"lbm_writes_lt_1ms":27,"mutex_wait_us":41,"num_input_rowsets":2,"peak_mem_usage":65536,"rows_written":65}
I20260812 08:00:30.098417 19004 maintenance_manager.cc:419] P edc1a83ea4b2444a91d79d09e1503fb7: Scheduling UndoDeltaBlockGCOp(00000000000000000000000000000000): 2885 bytes on disk
I20260812 08:00:30.098757 19003 maintenance_manager.cc:643] P edc1a83ea4b2444a91d79d09e1503fb7: UndoDeltaBlockGCOp(00000000000000000000000000000000) complete. Timing: real 0.000s	user 0.000s	sys 0.000s Metrics: {"cfile_init":1,"lbm_read_time_us":46,"lbm_reads_lt_1ms":4}
I20260812 08:00:30.098840 19252 tablet_bootstrap.cc:492] T b6f3e42a8bd949128d3f57b8de1ad64b P 7c0f7e8a312246a68c9dc19ed343ba43: No bootstrap required, opened a new log
I20260812 08:00:30.098958 19252 ts_tablet_manager.cc:1403] T b6f3e42a8bd949128d3f57b8de1ad64b P 7c0f7e8a312246a68c9dc19ed343ba43: Time spent bootstrapping tablet: real 0.003s	user 0.000s	sys 0.001s
I20260812 08:00:30.099128 19004 maintenance_manager.cc:419] P edc1a83ea4b2444a91d79d09e1503fb7: Scheduling FlushMRSOp(00000000000000000000000000000000): perf score=0.000004
I20260812 08:00:30.099440 19252 raft_consensus.cc:359] T b6f3e42a8bd949128d3f57b8de1ad64b P 7c0f7e8a312246a68c9dc19ed343ba43 [term 0 FOLLOWER]: Replica starting. Triggering 0 pending ops. Active config: opid_index: -1 OBSOLETE_local: true peers { permanent_uuid: "7c0f7e8a312246a68c9dc19ed343ba43" member_type: VOTER last_known_addr { host: "127.16.225.65" port: 46107 } }
I20260812 08:00:30.099553 19252 raft_consensus.cc:385] T b6f3e42a8bd949128d3f57b8de1ad64b P 7c0f7e8a312246a68c9dc19ed343ba43 [term 0 FOLLOWER]: Consensus starting up: Expiring failure detector timer to make a prompt election more likely
I20260812 08:00:30.099602 19252 raft_consensus.cc:740] T b6f3e42a8bd949128d3f57b8de1ad64b P 7c0f7e8a312246a68c9dc19ed343ba43 [term 0 FOLLOWER]: Becoming Follower/Learner. State: Replica: 7c0f7e8a312246a68c9dc19ed343ba43, State: Initialized, Role: FOLLOWER
I20260812 08:00:30.099758 19252 consensus_queue.cc:260] T b6f3e42a8bd949128d3f57b8de1ad64b P 7c0f7e8a312246a68c9dc19ed343ba43 [NON_LEADER]: Queue going to NON_LEADER mode. State: All replicated index: 0, Majority replicated index: 0, Committed index: 0, Last appended: 0.0, Last appended by leader: 0, Current term: 0, Majority size: -1, State: 0, Mode: NON_LEADER, active raft config: opid_index: -1 OBSOLETE_local: true peers { permanent_uuid: "7c0f7e8a312246a68c9dc19ed343ba43" member_type: VOTER last_known_addr { host: "127.16.225.65" port: 46107 } }
I20260812 08:00:30.099852 19252 raft_consensus.cc:399] T b6f3e42a8bd949128d3f57b8de1ad64b P 7c0f7e8a312246a68c9dc19ed343ba43 [term 0 FOLLOWER]: Only one voter in the Raft config. Triggering election immediately
I20260812 08:00:30.099897 19252 raft_consensus.cc:493] T b6f3e42a8bd949128d3f57b8de1ad64b P 7c0f7e8a312246a68c9dc19ed343ba43 [term 0 FOLLOWER]: Starting leader election (initial election of a single-replica configuration)
I20260812 08:00:30.099954 19252 raft_consensus.cc:3060] T b6f3e42a8bd949128d3f57b8de1ad64b P 7c0f7e8a312246a68c9dc19ed343ba43 [term 0 FOLLOWER]: Advancing to term 1
I20260812 08:00:30.100601 19252 raft_consensus.cc:515] T b6f3e42a8bd949128d3f57b8de1ad64b P 7c0f7e8a312246a68c9dc19ed343ba43 [term 1 FOLLOWER]: Starting leader election with config: opid_index: -1 OBSOLETE_local: true peers { permanent_uuid: "7c0f7e8a312246a68c9dc19ed343ba43" member_type: VOTER last_known_addr { host: "127.16.225.65" port: 46107 } }
I20260812 08:00:30.100768 19252 leader_election.cc:304] T b6f3e42a8bd949128d3f57b8de1ad64b P 7c0f7e8a312246a68c9dc19ed343ba43 [CANDIDATE]: Term 1 election: Election decided. Result: candidate won. Election summary: received 1 responses out of 1 voters: 1 yes votes; 0 no votes. yes voters: 7c0f7e8a312246a68c9dc19ed343ba43; no voters: 
I20260812 08:00:30.100874 19252 leader_election.cc:290] T b6f3e42a8bd949128d3f57b8de1ad64b P 7c0f7e8a312246a68c9dc19ed343ba43 [CANDIDATE]: Term 1 election: Requested vote from peers 
I20260812 08:00:30.100934 19259 raft_consensus.cc:2804] T b6f3e42a8bd949128d3f57b8de1ad64b P 7c0f7e8a312246a68c9dc19ed343ba43 [term 1 FOLLOWER]: Leader election won for term 1
