W20260812 08:02:49.735008 30884 system_unsync_time.cc:38] NTP support is disabled. Clock error bounds will not be accurate. This configuration is not suitable for distributed clusters.
I20260812 08:02:49.735025 30884 hybrid_clock.cc:648] HybridClock initialized: now 1786521769735025 us; error 0 us; skew 500 ppm
I20260812 08:02:49.736315 30884 webserver.cc:533] Webserver started at http://127.0.0.1:41717/ using document root <none> and password file <none>
I20260812 08:02:49.736469 30884 fs_manager.cc:362] Metadata directory not provided
I20260812 08:02:49.736521 30884 fs_manager.cc:368] Using write-ahead log directory (fs_wal_dir) as metadata directory
I20260812 08:02:49.736581 30884 server_base.cc:909] This appears to be a new deployment of Kudu; creating new FS layout
I20260812 08:02:49.737027 30884 fs_manager.cc:1068] Generated new instance metadata in path /tmp/dist-test-taskaaKpOr/test-tmp/tablet_server-test.2.Params_ScanCorruptedDeltasParamTest.Test_1.1786521622793830-30884-0/TabletServerTest-fsroot/instance:
uuid: "616f024b11444b8babf5b5c5a995b9f4"
format_stamp: "Formatted at 2026-08-12 08:02:49 on dist-test-slave-g350"
I20260812 08:02:49.738971 30884 fs_manager.cc:696] Time spent creating directory manager: real 0.002s	user 0.000s	sys 0.002s
I20260812 08:02:49.740248  2805 log_block_manager.cc:4127] Time spent loading block containers with low live blocks: real 0.000s	user 0.000s	sys 0.000s
I20260812 08:02:49.741264 30884 fs_manager.cc:730] Time spent opening block manager: real 0.002s	user 0.000s	sys 0.001s
I20260812 08:02:49.741361 30884 fs_manager.cc:647] Opened local filesystem: /tmp/dist-test-taskaaKpOr/test-tmp/tablet_server-test.2.Params_ScanCorruptedDeltasParamTest.Test_1.1786521622793830-30884-0/TabletServerTest-fsroot
uuid: "616f024b11444b8babf5b5c5a995b9f4"
format_stamp: "Formatted at 2026-08-12 08:02:49 on dist-test-slave-g350"
I20260812 08:02:49.741492 30884 fs_report.cc:389] FS layout report
--------------------
wal directory: /tmp/dist-test-taskaaKpOr/test-tmp/tablet_server-test.2.Params_ScanCorruptedDeltasParamTest.Test_1.1786521622793830-30884-0/TabletServerTest-fsroot
metadata directory: /tmp/dist-test-taskaaKpOr/test-tmp/tablet_server-test.2.Params_ScanCorruptedDeltasParamTest.Test_1.1786521622793830-30884-0/TabletServerTest-fsroot
1 data directories: /tmp/dist-test-taskaaKpOr/test-tmp/tablet_server-test.2.Params_ScanCorruptedDeltasParamTest.Test_1.1786521622793830-30884-0/TabletServerTest-fsroot/data
Total live blocks: 0
Total live bytes: 0
Total live bytes (after alignment): 0
Total number of LBM containers: 0 (0 full)
Did not check for missing blocks
Did not check for orphaned blocks
Total full LBM containers with extra space: 0 (0 repaired)
Total full LBM container extra space in bytes: 0 (0 repaired)
Total incomplete LBM containers: 0 (0 repaired)
Total LBM partial records: 0 (0 repaired)
Total corrupted LBM metadata records in RocksDB: 0 (0 repaired)
I20260812 08:02:49.753212 30884 rpc_server.cc:225] running with OpenSSL 1.1.1  11 Sep 2018
I20260812 08:02:49.754004 30884 kserver.cc:163] Server-wide thread pool size limit: 3276
I20260812 08:02:49.754384 30884 txn_system_client.cc:432] TxnSystemClient initialization is disabled...
I20260812 08:02:49.755120 30884 ts_tablet_manager.cc:585] Loaded tablet metadata (0 total tablets, 0 live tablets)
I20260812 08:02:49.755180 30884 ts_tablet_manager.cc:531] Time spent load tablet metadata: real 0.000s	user 0.000s	sys 0.000s
I20260812 08:02:49.755477 30884 ts_tablet_manager.cc:616] Registered 0 tablets
I20260812 08:02:49.755548 30884 ts_tablet_manager.cc:595] Time spent register tablets: real 0.000s	user 0.000s	sys 0.000s
I20260812 08:02:49.765220 30884 rpc_server.cc:307] RPC server started. Bound to: 127.0.0.1:35817
I20260812 08:02:49.766310  2877 acceptor_pool.cc:272] collecting diagnostics on the listening RPC socket 127.0.0.1:35817 every 8 connection(s)
W20260812 08:02:49.766703  2807 reactor.cc:805] Failed to create an outbound connection to 255.255.255.255:1 because connect() failed: Network error: connect(2) error: Network is unreachable (error 101)
I20260812 08:02:49.766956 30884 data_dirs.cc:400] Could only allocate 1 dirs of requested 3 for tablet ffffffffffffffffffffffffffffffff. 1 dirs total, 0 dirs full, 0 dirs failed
W20260812 08:02:49.767060  2807 reactor.cc:805] Failed to create an outbound connection to 255.255.255.255:1 because connect() failed: Network error: connect(2) error: Network is unreachable (error 101)
W20260812 08:02:49.767377  2807 reactor.cc:805] Failed to create an outbound connection to 255.255.255.255:1 because connect() failed: Network error: connect(2) error: Network is unreachable (error 101)
W20260812 08:02:49.767515  2878 heartbeater.cc:412] Failed 3 heartbeats in a row: no longer allowing fast heartbeat attempts.
I20260812 08:02:49.769260  2880 tablet_bootstrap.cc:492] T ffffffffffffffffffffffffffffffff P 616f024b11444b8babf5b5c5a995b9f4: Bootstrap starting.
I20260812 08:02:49.770205  2880 tablet_bootstrap.cc:654] T ffffffffffffffffffffffffffffffff P 616f024b11444b8babf5b5c5a995b9f4: Neither blocks nor log segments found. Creating new log.
I20260812 08:02:49.771914  2880 tablet_bootstrap.cc:492] T ffffffffffffffffffffffffffffffff P 616f024b11444b8babf5b5c5a995b9f4: No bootstrap required, opened a new log
I20260812 08:02:49.772024  2880 ts_tablet_manager.cc:1403] T ffffffffffffffffffffffffffffffff P 616f024b11444b8babf5b5c5a995b9f4: Time spent bootstrapping tablet: real 0.003s	user 0.002s	sys 0.000s
I20260812 08:02:49.772537  2880 raft_consensus.cc:359] T ffffffffffffffffffffffffffffffff P 616f024b11444b8babf5b5c5a995b9f4 [term 0 FOLLOWER]: Replica starting. Triggering 0 pending ops. Active config: opid_index: -1 peers { permanent_uuid: "616f024b11444b8babf5b5c5a995b9f4" member_type: VOTER last_known_addr { host: "127.0.0.1" port: 35817 } }
I20260812 08:02:49.772650  2880 raft_consensus.cc:385] T ffffffffffffffffffffffffffffffff P 616f024b11444b8babf5b5c5a995b9f4 [term 0 FOLLOWER]: Consensus starting up: Expiring failure detector timer to make a prompt election more likely
I20260812 08:02:49.772673  2880 raft_consensus.cc:740] T ffffffffffffffffffffffffffffffff P 616f024b11444b8babf5b5c5a995b9f4 [term 0 FOLLOWER]: Becoming Follower/Learner. State: Replica: 616f024b11444b8babf5b5c5a995b9f4, State: Initialized, Role: FOLLOWER
I20260812 08:02:49.772991  2880 consensus_queue.cc:260] T ffffffffffffffffffffffffffffffff P 616f024b11444b8babf5b5c5a995b9f4 [NON_LEADER]: Queue going to NON_LEADER mode. State: All replicated index: 0, Majority replicated index: 0, Committed index: 0, Last appended: 0.0, Last appended by leader: 0, Current term: 0, Majority size: -1, State: 0, Mode: NON_LEADER, active raft config: opid_index: -1 peers { permanent_uuid: "616f024b11444b8babf5b5c5a995b9f4" member_type: VOTER last_known_addr { host: "127.0.0.1" port: 35817 } }
I20260812 08:02:49.773129  2880 raft_consensus.cc:399] T ffffffffffffffffffffffffffffffff P 616f024b11444b8babf5b5c5a995b9f4 [term 0 FOLLOWER]: Only one voter in the Raft config. Triggering election immediately
I20260812 08:02:49.773165  2880 raft_consensus.cc:493] T ffffffffffffffffffffffffffffffff P 616f024b11444b8babf5b5c5a995b9f4 [term 0 FOLLOWER]: Starting leader election (initial election of a single-replica configuration)
I20260812 08:02:49.773241  2880 raft_consensus.cc:3060] T ffffffffffffffffffffffffffffffff P 616f024b11444b8babf5b5c5a995b9f4 [term 0 FOLLOWER]: Advancing to term 1
I20260812 08:02:49.775866  2880 raft_consensus.cc:515] T ffffffffffffffffffffffffffffffff P 616f024b11444b8babf5b5c5a995b9f4 [term 1 FOLLOWER]: Starting leader election with config: opid_index: -1 peers { permanent_uuid: "616f024b11444b8babf5b5c5a995b9f4" member_type: VOTER last_known_addr { host: "127.0.0.1" port: 35817 } }
I20260812 08:02:49.776053  2880 leader_election.cc:304] T ffffffffffffffffffffffffffffffff P 616f024b11444b8babf5b5c5a995b9f4 [CANDIDATE]: Term 1 election: Election decided. Result: candidate won. Election summary: received 1 responses out of 1 voters: 1 yes votes; 0 no votes. yes voters: 616f024b11444b8babf5b5c5a995b9f4; no voters: 
I20260812 08:02:49.776485  2880 leader_election.cc:290] T ffffffffffffffffffffffffffffffff P 616f024b11444b8babf5b5c5a995b9f4 [CANDIDATE]: Term 1 election: Requested vote from peers 
I20260812 08:02:49.776734  2882 raft_consensus.cc:2804] T ffffffffffffffffffffffffffffffff P 616f024b11444b8babf5b5c5a995b9f4 [term 1 FOLLOWER]: Leader election won for term 1
I20260812 08:02:49.776861  2880 ts_tablet_manager.cc:1434] T ffffffffffffffffffffffffffffffff P 616f024b11444b8babf5b5c5a995b9f4: Time spent starting tablet: real 0.005s	user 0.005s	sys 0.000s
I20260812 08:02:49.777055  2882 raft_consensus.cc:697] T ffffffffffffffffffffffffffffffff P 616f024b11444b8babf5b5c5a995b9f4 [term 1 LEADER]: Becoming Leader. State: Replica: 616f024b11444b8babf5b5c5a995b9f4, State: Running, Role: LEADER
W20260812 08:02:49.777137  2807 reactor.cc:805] Failed to create an outbound connection to 255.255.255.255:1 because connect() failed: Network error: connect(2) error: Network is unreachable (error 101)
I20260812 08:02:49.777226  2882 consensus_queue.cc:237] T ffffffffffffffffffffffffffffffff P 616f024b11444b8babf5b5c5a995b9f4 [LEADER]: Queue going to LEADER mode. State: All replicated index: 0, Majority replicated index: 0, Committed index: 0, Last appended: 0.0, Last appended by leader: 0, Current term: 1, Majority size: 1, State: 0, Mode: LEADER, active raft config: opid_index: -1 peers { permanent_uuid: "616f024b11444b8babf5b5c5a995b9f4" member_type: VOTER last_known_addr { host: "127.0.0.1" port: 35817 } }
W20260812 08:02:49.777428  2807 reactor.cc:805] Failed to create an outbound connection to 255.255.255.255:1 because connect() failed: Network error: connect(2) error: Network is unreachable (error 101)
I20260812 08:02:49.828681 30884 tablet.cc:1622] T ffffffffffffffffffffffffffffffff P 616f024b11444b8babf5b5c5a995b9f4: MemRowSet was empty: no flush needed.
I20260812 08:02:49.831086 30884 tablet_server.cc:179] TabletServer@127.0.0.1:0 shutting down...
I20260812 08:02:50.018018 30884 ts_tablet_manager.cc:1507] Shutting down tablet manager...
I20260812 08:02:50.018944 30884 tablet_replica.cc:333] T ffffffffffffffffffffffffffffffff P 616f024b11444b8babf5b5c5a995b9f4: stopping tablet replica
I20260812 08:02:50.019204 30884 raft_consensus.cc:2243] T ffffffffffffffffffffffffffffffff P 616f024b11444b8babf5b5c5a995b9f4 [term 1 LEADER]: Raft consensus shutting down.
I20260812 08:02:50.019789 30884 raft_consensus.cc:2272] T ffffffffffffffffffffffffffffffff P 616f024b11444b8babf5b5c5a995b9f4 [term 1 FOLLOWER]: Raft consensus is shut down!
I20260812 08:02:50.035074 30884 tablet_server.cc:196] TabletServer@127.0.0.1:0 shutdown complete.
I20260812 08:02:50.039023 30884 file_cache.cc:504] Constructed file cache file cache with capacity 419430
W20260812 08:02:50.041541  2890 instance_detector.cc:116] could not retrieve AWS instance metadata: Network error: curl error: HTTP response code said error: The requested URL returned error: 404
W20260812 08:02:50.041662  2891 instance_detector.cc:116] could not retrieve Azure instance metadata: Network error: curl error: HTTP response code said error: The requested URL returned error: 404
W20260812 08:02:50.041822  2893 instance_detector.cc:116] could not retrieve OpenStack instance metadata: Network error: curl error: HTTP response code said error: The requested URL returned error: 404
I20260812 08:02:50.041913 30884 server_base.cc:1061] running on GCE node
I20260812 08:02:50.042174 30884 hybrid_clock.cc:584] initializing the hybrid clock with 'system_unsync' time source
W20260812 08:02:50.042224 30884 system_unsync_time.cc:38] NTP support is disabled. Clock error bounds will not be accurate. This configuration is not suitable for distributed clusters.
I20260812 08:02:50.042243 30884 hybrid_clock.cc:648] HybridClock initialized: now 1786521770042242 us; error 0 us; skew 500 ppm
I20260812 08:02:50.043147 30884 webserver.cc:533] Webserver started at http://127.0.0.1:42847/ using document root <none> and password file <none>
I20260812 08:02:50.043289 30884 fs_manager.cc:362] Metadata directory not provided
I20260812 08:02:50.043326 30884 fs_manager.cc:365] Using existing metadata directory in first data directory
I20260812 08:02:50.044764 30884 fs_manager.cc:714] Time spent opening directory manager: real 0.001s	user 0.001s	sys 0.000s
I20260812 08:02:50.047799  2902 log_block_manager.cc:4127] Time spent loading block containers with low live blocks: real 0.000s	user 0.000s	sys 0.000s
I20260812 08:02:50.048331 30884 fs_manager.cc:730] Time spent opening block manager: real 0.003s	user 0.001s	sys 0.000s
I20260812 08:02:50.048419 30884 fs_manager.cc:647] Opened local filesystem: /tmp/dist-test-taskaaKpOr/test-tmp/tablet_server-test.2.Params_ScanCorruptedDeltasParamTest.Test_1.1786521622793830-30884-0/TabletServerTest-fsroot
uuid: "616f024b11444b8babf5b5c5a995b9f4"
format_stamp: "Formatted at 2026-08-12 08:02:49 on dist-test-slave-g350"
I20260812 08:02:50.048556 30884 fs_report.cc:389] FS layout report
--------------------
wal directory: /tmp/dist-test-taskaaKpOr/test-tmp/tablet_server-test.2.Params_ScanCorruptedDeltasParamTest.Test_1.1786521622793830-30884-0/TabletServerTest-fsroot
metadata directory: /tmp/dist-test-taskaaKpOr/test-tmp/tablet_server-test.2.Params_ScanCorruptedDeltasParamTest.Test_1.1786521622793830-30884-0/TabletServerTest-fsroot
1 data directories: /tmp/dist-test-taskaaKpOr/test-tmp/tablet_server-test.2.Params_ScanCorruptedDeltasParamTest.Test_1.1786521622793830-30884-0/TabletServerTest-fsroot/data
Total live blocks: 6
Total live bytes: 8062
Total live bytes (after alignment): 28672
Total number of LBM containers: 6 (0 full)
Did not check for missing blocks
Did not check for orphaned blocks
Total full LBM containers with extra space: 0 (0 repaired)
Total full LBM container extra space in bytes: 0 (0 repaired)
Total incomplete LBM containers: 0 (0 repaired)
Total LBM partial records: 0 (0 repaired)
Total corrupted LBM metadata records in RocksDB: 0 (0 repaired)
I20260812 08:02:50.069202 30884 rpc_server.cc:225] running with OpenSSL 1.1.1  11 Sep 2018
I20260812 08:02:50.069738 30884 kserver.cc:163] Server-wide thread pool size limit: 3276
I20260812 08:02:50.070083 30884 txn_system_client.cc:432] TxnSystemClient initialization is disabled...
I20260812 08:02:50.070815  2910 ts_tablet_manager.cc:542] Loading tablet metadata (0/1 complete)
I20260812 08:02:50.072636 30884 ts_tablet_manager.cc:585] Loaded tablet metadata (1 total tablets, 1 live tablets)
I20260812 08:02:50.072752 30884 ts_tablet_manager.cc:531] Time spent load tablet metadata: real 0.002s	user 0.000s	sys 0.000s
I20260812 08:02:50.072822 30884 ts_tablet_manager.cc:600] Registering tablets (0/1 complete)
I20260812 08:02:50.074635 30884 ts_tablet_manager.cc:616] Registered 1 tablets
I20260812 08:02:50.074759 30884 ts_tablet_manager.cc:595] Time spent register tablets: real 0.002s	user 0.001s	sys 0.000s
I20260812 08:02:50.074893  2910 tablet_bootstrap.cc:492] T ffffffffffffffffffffffffffffffff P 616f024b11444b8babf5b5c5a995b9f4: Bootstrap starting.
I20260812 08:02:50.079620  2910 tablet_bootstrap.cc:492] T ffffffffffffffffffffffffffffffff P 616f024b11444b8babf5b5c5a995b9f4: Bootstrap replayed 1/1 log segments. Stats: ops{read=2 overwritten=0 applied=2 ignored=0} inserts{seen=0 ignored=0} mutations{seen=1 ignored=0} orphaned_commits=0. Pending: 0 replicates
I20260812 08:02:50.080358  2910 tablet_bootstrap.cc:492] T ffffffffffffffffffffffffffffffff P 616f024b11444b8babf5b5c5a995b9f4: Bootstrap complete.
I20260812 08:02:50.080852  2910 ts_tablet_manager.cc:1403] T ffffffffffffffffffffffffffffffff P 616f024b11444b8babf5b5c5a995b9f4: Time spent bootstrapping tablet: real 0.006s	user 0.003s	sys 0.000s
I20260812 08:02:50.082760  2910 raft_consensus.cc:359] T ffffffffffffffffffffffffffffffff P 616f024b11444b8babf5b5c5a995b9f4 [term 1 FOLLOWER]: Replica starting. Triggering 0 pending ops. Active config: opid_index: -1 peers { permanent_uuid: "616f024b11444b8babf5b5c5a995b9f4" member_type: VOTER last_known_addr { host: "127.0.0.1" port: 35817 } }
I20260812 08:02:50.082974  2910 raft_consensus.cc:740] T ffffffffffffffffffffffffffffffff P 616f024b11444b8babf5b5c5a995b9f4 [term 1 FOLLOWER]: Becoming Follower/Learner. State: Replica: 616f024b11444b8babf5b5c5a995b9f4, State: Initialized, Role: FOLLOWER
I20260812 08:02:50.083230  2910 consensus_queue.cc:260] T ffffffffffffffffffffffffffffffff P 616f024b11444b8babf5b5c5a995b9f4 [NON_LEADER]: Queue going to NON_LEADER mode. State: All replicated index: 0, Majority replicated index: 0, Committed index: 2, Last appended: 1.2, Last appended by leader: 2, Current term: 0, Majority size: -1, State: 0, Mode: NON_LEADER, active raft config: opid_index: -1 peers { permanent_uuid: "616f024b11444b8babf5b5c5a995b9f4" member_type: VOTER last_known_addr { host: "127.0.0.1" port: 35817 } }
I20260812 08:02:50.083365  2910 raft_consensus.cc:399] T ffffffffffffffffffffffffffffffff P 616f024b11444b8babf5b5c5a995b9f4 [term 1 FOLLOWER]: Only one voter in the Raft config. Triggering election immediately
I20260812 08:02:50.083456  2910 raft_consensus.cc:493] T ffffffffffffffffffffffffffffffff P 616f024b11444b8babf5b5c5a995b9f4 [term 1 FOLLOWER]: Starting leader election (initial election of a single-replica configuration)
I20260812 08:02:50.083549  2910 raft_consensus.cc:3060] T ffffffffffffffffffffffffffffffff P 616f024b11444b8babf5b5c5a995b9f4 [term 1 FOLLOWER]: Advancing to term 2
I20260812 08:02:50.084802  2910 raft_consensus.cc:515] T ffffffffffffffffffffffffffffffff P 616f024b11444b8babf5b5c5a995b9f4 [term 2 FOLLOWER]: Starting leader election with config: opid_index: -1 peers { permanent_uuid: "616f024b11444b8babf5b5c5a995b9f4" member_type: VOTER last_known_addr { host: "127.0.0.1" port: 35817 } }
I20260812 08:02:50.084990  2910 leader_election.cc:304] T ffffffffffffffffffffffffffffffff P 616f024b11444b8babf5b5c5a995b9f4 [CANDIDATE]: Term 2 election: Election decided. Result: candidate won. Election summary: received 1 responses out of 1 voters: 1 yes votes; 0 no votes. yes voters: 616f024b11444b8babf5b5c5a995b9f4; no voters: 
I20260812 08:02:50.085225  2910 leader_election.cc:290] T ffffffffffffffffffffffffffffffff P 616f024b11444b8babf5b5c5a995b9f4 [CANDIDATE]: Term 2 election: Requested vote from peers 
I20260812 08:02:50.085286  2973 raft_consensus.cc:2804] T ffffffffffffffffffffffffffffffff P 616f024b11444b8babf5b5c5a995b9f4 [term 2 FOLLOWER]: Leader election won for term 2
I20260812 08:02:50.085453  2973 raft_consensus.cc:697] T ffffffffffffffffffffffffffffffff P 616f024b11444b8babf5b5c5a995b9f4 [term 2 LEADER]: Becoming Leader. State: Replica: 616f024b11444b8babf5b5c5a995b9f4, State: Running, Role: LEADER
I20260812 08:02:50.085538 30884 rpc_server.cc:307] RPC server started. Bound to: 127.0.0.1:38691
I20260812 08:02:50.085649  2910 ts_tablet_manager.cc:1434] T ffffffffffffffffffffffffffffffff P 616f024b11444b8babf5b5c5a995b9f4: Time spent starting tablet: real 0.005s	user 0.008s	sys 0.000s
I20260812 08:02:50.085726  2973 consensus_queue.cc:237] T ffffffffffffffffffffffffffffffff P 616f024b11444b8babf5b5c5a995b9f4 [LEADER]: Queue going to LEADER mode. State: All replicated index: 0, Majority replicated index: 2, Committed index: 2, Last appended: 1.2, Last appended by leader: 2, Current term: 2, Majority size: 1, State: 0, Mode: LEADER, active raft config: opid_index: -1 peers { permanent_uuid: "616f024b11444b8babf5b5c5a995b9f4" member_type: VOTER last_known_addr { host: "127.0.0.1" port: 35817 } }
I20260812 08:02:50.085549  2980 acceptor_pool.cc:272] collecting diagnostics on the listening RPC socket 127.0.0.1:38691 every 8 connection(s)
I20260812 08:02:50.086510 30884 tablet_server-test.cc:2571] Rebuilt tablet ffffffffffffffffffffffffffffffff with broken blocks
W20260812 08:02:50.086763  2904 reactor.cc:805] Failed to create an outbound connection to 255.255.255.255:1 because connect() failed: Network error: connect(2) error: Network is unreachable (error 101)
W20260812 08:02:50.087317  2904 reactor.cc:805] Failed to create an outbound connection to 255.255.255.255:1 because connect() failed: Network error: connect(2) error: Network is unreachable (error 101)
W20260812 08:02:50.087656  2904 reactor.cc:805] Failed to create an outbound connection to 255.255.255.255:1 because connect() failed: Network error: connect(2) error: Network is unreachable (error 101)
W20260812 08:02:50.087852  2983 heartbeater.cc:412] Failed 3 heartbeats in a row: no longer allowing fast heartbeat attempts.
E20260812 08:02:50.092406  2925 cfile_reader.cc:647] Encountered corrupted CFile in filesystem block: 17108134280563146342
I20260812 08:02:50.092510  2925 ts_tablet_manager.cc:1993] T ffffffffffffffffffffffffffffffff P 616f024b11444b8babf5b5c5a995b9f4: failing tablet
E20260812 08:02:50.092684  2925 tablet_service.cc:3247] scan 'scanner_id: "97c74fb1be474cadb4e9b42adb3db435" new_scan_request { tablet_id: "ffffffffffffffffffffffffffffffff" projected_columns { name: "key" type: INT32 is_key: true is_nullable: false encoding: AUTO_ENCODING compression: DEFAULT_COMPRESSION cfile_block_size: 0 immutable: false } projected_columns { name: "int_val" type: INT32 is_key: false is_nullable: false encoding: AUTO_ENCODING compression: DEFAULT_COMPRESSION cfile_block_size: 0 immutable: false } projected_columns { name: "string_val" type: STRING is_key: false is_nullable: true encoding: AUTO_ENCODING compression: DEFAULT_COMPRESSION cfile_block_size: 0 immutable: false } read_mode: READ_AT_SNAPSHOT } batch_size_bytes: 10000': could not copy row data from iterator after scanning 0 rows: Corruption: failed to init CFileReader for block 17108134280563146342: failed to parse CFile pre-header: bad CFile header magic: juducfl2\x00\x00\x00\x00
I20260812 08:02:50.092777  2910 tablet_replica.cc:333] stopping tablet replica
I20260812 08:02:50.093448  2910 raft_consensus.cc:2243] T ffffffffffffffffffffffffffffffff P 616f024b11444b8babf5b5c5a995b9f4 [term 2 LEADER]: Raft consensus shutting down.
I20260812 08:02:50.093866  2910 raft_consensus.cc:2272] T ffffffffffffffffffffffffffffffff P 616f024b11444b8babf5b5c5a995b9f4 [term 2 FOLLOWER]: Raft consensus is shut down!
I20260812 08:02:50.101575 30884 tablet_server.cc:179] TabletServer@127.0.0.1:0 shutting down...
I20260812 08:02:50.337311 30884 ts_tablet_manager.cc:1507] Shutting down tablet manager...
I20260812 08:02:50.351390 30884 tablet_server.cc:196] TabletServer@127.0.0.1:0 shutdown complete.
[       OK ] Params/ScanCorruptedDeltasParamTest.Test/1 (627 ms)
[----------] 1 test from Params/ScanCorruptedDeltasParamTest (627 ms total)

[----------] 1 test from Params/ScannerOpenWhenServerShutsDownParamTest
[ RUN      ] Params/ScannerOpenWhenServerShutsDownParamTest.Test/2
I20260812 08:02:50.359606 30884 file_cache.cc:504] Constructed file cache file cache with capacity 419430
W20260812 08:02:50.361995  2994 instance_detector.cc:116] could not retrieve AWS instance metadata: Network error: curl error: HTTP response code said error: The requested URL returned error: 404
W20260812 08:02:50.362079  2995 instance_detector.cc:116] could not retrieve Azure instance metadata: Network error: curl error: HTTP response code said error: The requested URL returned error: 404
W20260812 08:02:50.362037  2997 instance_detector.cc:116] could not retrieve OpenStack instance metadata: Network error: curl error: HTTP response code said error: The requested URL returned error: 404
I20260812 08:02:50.362303 30884 server_base.cc:1061] running on GCE node
I20260812 08:02:50.362479 30884 hybrid_clock.cc:584] initializing the hybrid clock with 'system_unsync' time source
W20260812 08:02:50.362545 30884 system_unsync_time.cc:38] NTP support is disabled. Clock error bounds will not be accurate. This configuration is not suitable for distributed clusters.
I20260812 08:02:50.362578 30884 hybrid_clock.cc:648] HybridClock initialized: now 1786521770362577 us; error 0 us; skew 500 ppm
I20260812 08:02:50.363576 30884 webserver.cc:533] Webserver started at http://127.0.0.1:39749/ using document root <none> and password file <none>
I20260812 08:02:50.363752 30884 fs_manager.cc:362] Metadata directory not provided
I20260812 08:02:50.363839 30884 fs_manager.cc:368] Using write-ahead log directory (fs_wal_dir) as metadata directory
I20260812 08:02:50.363921 30884 server_base.cc:909] This appears to be a new deployment of Kudu; creating new FS layout
I20260812 08:02:50.364374 30884 fs_manager.cc:1068] Generated new instance metadata in path /tmp/dist-test-taskaaKpOr/test-tmp/tablet_server-test.2.Params_ScannerOpenWhenServerShutsDownParamTest.Test_2.1786521622793830-30884-0/TabletServerTest-fsroot/instance:
uuid: "a934d8bd13c14bb4ac1899e110ba47f1"
format_stamp: "Formatted at 2026-08-12 08:02:50 on dist-test-slave-g350"
I20260812 08:02:50.366379 30884 fs_manager.cc:696] Time spent creating directory manager: real 0.002s	user 0.002s	sys 0.000s
I20260812 08:02:50.367648  3006 log_block_manager.cc:4127] Time spent loading block containers with low live blocks: real 0.000s	user 0.000s	sys 0.000s
I20260812 08:02:50.367962 30884 fs_manager.cc:730] Time spent opening block manager: real 0.001s	user 0.001s	sys 0.000s
I20260812 08:02:50.368059 30884 fs_manager.cc:647] Opened local filesystem: /tmp/dist-test-taskaaKpOr/test-tmp/tablet_server-test.2.Params_ScannerOpenWhenServerShutsDownParamTest.Test_2.1786521622793830-30884-0/TabletServerTest-fsroot
uuid: "a934d8bd13c14bb4ac1899e110ba47f1"
format_stamp: "Formatted at 2026-08-12 08:02:50 on dist-test-slave-g350"
I20260812 08:02:50.368166 30884 fs_report.cc:389] FS layout report
--------------------
wal directory: /tmp/dist-test-taskaaKpOr/test-tmp/tablet_server-test.2.Params_ScannerOpenWhenServerShutsDownParamTest.Test_2.1786521622793830-30884-0/TabletServerTest-fsroot
metadata directory: /tmp/dist-test-taskaaKpOr/test-tmp/tablet_server-test.2.Params_ScannerOpenWhenServerShutsDownParamTest.Test_2.1786521622793830-30884-0/TabletServerTest-fsroot
1 data directories: /tmp/dist-test-taskaaKpOr/test-tmp/tablet_server-test.2.Params_ScannerOpenWhenServerShutsDownParamTest.Test_2.1786521622793830-30884-0/TabletServerTest-fsroot/data
Total live blocks: 0
Total live bytes: 0
Total live bytes (after alignment): 0
Total number of LBM containers: 0 (0 full)
Did not check for missing blocks
Did not check for orphaned blocks
Total full LBM containers with extra space: 0 (0 repaired)
Total full LBM container extra space in bytes: 0 (0 repaired)
Total incomplete LBM containers: 0 (0 repaired)
Total LBM partial records: 0 (0 repaired)
Total corrupted LBM metadata records in RocksDB: 0 (0 repaired)
I20260812 08:02:50.383754 30884 rpc_server.cc:225] running with OpenSSL 1.1.1  11 Sep 2018
I20260812 08:02:50.384275 30884 kserver.cc:163] Server-wide thread pool size limit: 3276
I20260812 08:02:50.384660 30884 txn_system_client.cc:432] TxnSystemClient initialization is disabled...
I20260812 08:02:50.385223 30884 ts_tablet_manager.cc:585] Loaded tablet metadata (0 total tablets, 0 live tablets)
I20260812 08:02:50.385294 30884 ts_tablet_manager.cc:531] Time spent load tablet metadata: real 0.000s	user 0.000s	sys 0.000s
I20260812 08:02:50.385350 30884 ts_tablet_manager.cc:616] Registered 0 tablets
I20260812 08:02:50.385407 30884 ts_tablet_manager.cc:595] Time spent register tablets: real 0.000s	user 0.000s	sys 0.000s
I20260812 08:02:50.390470 30884 rpc_server.cc:307] RPC server started. Bound to: 127.0.0.1:38839
I20260812 08:02:50.390488  3080 acceptor_pool.cc:272] collecting diagnostics on the listening RPC socket 127.0.0.1:38839 every 8 connection(s)
W20260812 08:02:50.391340  3008 reactor.cc:805] Failed to create an outbound connection to 255.255.255.255:1 because connect() failed: Network error: connect(2) error: Network is unreachable (error 101)
I20260812 08:02:50.391438 30884 data_dirs.cc:400] Could only allocate 1 dirs of requested 3 for tablet ffffffffffffffffffffffffffffffff. 1 dirs total, 0 dirs full, 0 dirs failed
W20260812 08:02:50.391757  3008 reactor.cc:805] Failed to create an outbound connection to 255.255.255.255:1 because connect() failed: Network error: connect(2) error: Network is unreachable (error 101)
W20260812 08:02:50.392051  3008 reactor.cc:805] Failed to create an outbound connection to 255.255.255.255:1 because connect() failed: Network error: connect(2) error: Network is unreachable (error 101)
W20260812 08:02:50.392364  3081 heartbeater.cc:412] Failed 3 heartbeats in a row: no longer allowing fast heartbeat attempts.
I20260812 08:02:50.393929  3083 tablet_bootstrap.cc:492] T ffffffffffffffffffffffffffffffff P a934d8bd13c14bb4ac1899e110ba47f1: Bootstrap starting.
I20260812 08:02:50.394884  3083 tablet_bootstrap.cc:654] T ffffffffffffffffffffffffffffffff P a934d8bd13c14bb4ac1899e110ba47f1: Neither blocks nor log segments found. Creating new log.
I20260812 08:02:50.396131  3083 tablet_bootstrap.cc:492] T ffffffffffffffffffffffffffffffff P a934d8bd13c14bb4ac1899e110ba47f1: No bootstrap required, opened a new log
I20260812 08:02:50.396347  3083 ts_tablet_manager.cc:1403] T ffffffffffffffffffffffffffffffff P a934d8bd13c14bb4ac1899e110ba47f1: Time spent bootstrapping tablet: real 0.002s	user 0.002s	sys 0.000s
I20260812 08:02:50.396801  3083 raft_consensus.cc:359] T ffffffffffffffffffffffffffffffff P a934d8bd13c14bb4ac1899e110ba47f1 [term 0 FOLLOWER]: Replica starting. Triggering 0 pending ops. Active config: opid_index: -1 peers { permanent_uuid: "a934d8bd13c14bb4ac1899e110ba47f1" member_type: VOTER last_known_addr { host: "127.0.0.1" port: 38839 } }
I20260812 08:02:50.396924  3083 raft_consensus.cc:385] T ffffffffffffffffffffffffffffffff P a934d8bd13c14bb4ac1899e110ba47f1 [term 0 FOLLOWER]: Consensus starting up: Expiring failure detector timer to make a prompt election more likely
I20260812 08:02:50.396973  3083 raft_consensus.cc:740] T ffffffffffffffffffffffffffffffff P a934d8bd13c14bb4ac1899e110ba47f1 [term 0 FOLLOWER]: Becoming Follower/Learner. State: Replica: a934d8bd13c14bb4ac1899e110ba47f1, State: Initialized, Role: FOLLOWER
I20260812 08:02:50.397156  3083 consensus_queue.cc:260] T ffffffffffffffffffffffffffffffff P a934d8bd13c14bb4ac1899e110ba47f1 [NON_LEADER]: Queue going to NON_LEADER mode. State: All replicated index: 0, Majority replicated index: 0, Committed index: 0, Last appended: 0.0, Last appended by leader: 0, Current term: 0, Majority size: -1, State: 0, Mode: NON_LEADER, active raft config: opid_index: -1 peers { permanent_uuid: "a934d8bd13c14bb4ac1899e110ba47f1" member_type: VOTER last_known_addr { host: "127.0.0.1" port: 38839 } }
I20260812 08:02:50.397277  3083 raft_consensus.cc:399] T ffffffffffffffffffffffffffffffff P a934d8bd13c14bb4ac1899e110ba47f1 [term 0 FOLLOWER]: Only one voter in the Raft config. Triggering election immediately
I20260812 08:02:50.397322  3083 raft_consensus.cc:493] T ffffffffffffffffffffffffffffffff P a934d8bd13c14bb4ac1899e110ba47f1 [term 0 FOLLOWER]: Starting leader election (initial election of a single-replica configuration)
I20260812 08:02:50.397375  3083 raft_consensus.cc:3060] T ffffffffffffffffffffffffffffffff P a934d8bd13c14bb4ac1899e110ba47f1 [term 0 FOLLOWER]: Advancing to term 1
I20260812 08:02:50.398640  3083 raft_consensus.cc:515] T ffffffffffffffffffffffffffffffff P a934d8bd13c14bb4ac1899e110ba47f1 [term 1 FOLLOWER]: Starting leader election with config: opid_index: -1 peers { permanent_uuid: "a934d8bd13c14bb4ac1899e110ba47f1" member_type: VOTER last_known_addr { host: "127.0.0.1" port: 38839 } }
I20260812 08:02:50.398823  3083 leader_election.cc:304] T ffffffffffffffffffffffffffffffff P a934d8bd13c14bb4ac1899e110ba47f1 [CANDIDATE]: Term 1 election: Election decided. Result: candidate won. Election summary: received 1 responses out of 1 voters: 1 yes votes; 0 no votes. yes voters: a934d8bd13c14bb4ac1899e110ba47f1; no voters: 
I20260812 08:02:50.399070  3083 leader_election.cc:290] T ffffffffffffffffffffffffffffffff P a934d8bd13c14bb4ac1899e110ba47f1 [CANDIDATE]: Term 1 election: Requested vote from peers 
I20260812 08:02:50.399320  3085 raft_consensus.cc:2804] T ffffffffffffffffffffffffffffffff P a934d8bd13c14bb4ac1899e110ba47f1 [term 1 FOLLOWER]: Leader election won for term 1
I20260812 08:02:50.399411  3083 ts_tablet_manager.cc:1434] T ffffffffffffffffffffffffffffffff P a934d8bd13c14bb4ac1899e110ba47f1: Time spent starting tablet: real 0.003s	user 0.004s	sys 0.000s
I20260812 08:02:50.399480  3085 raft_consensus.cc:697] T ffffffffffffffffffffffffffffffff P a934d8bd13c14bb4ac1899e110ba47f1 [term 1 LEADER]: Becoming Leader. State: Replica: a934d8bd13c14bb4ac1899e110ba47f1, State: Running, Role: LEADER
W20260812 08:02:50.399772  3008 reactor.cc:805] Failed to create an outbound connection to 255.255.255.255:1 because connect() failed: Network error: connect(2) error: Network is unreachable (error 101)
I20260812 08:02:50.399772  3085 consensus_queue.cc:237] T ffffffffffffffffffffffffffffffff P a934d8bd13c14bb4ac1899e110ba47f1 [LEADER]: Queue going to LEADER mode. State: All replicated index: 0, Majority replicated index: 0, Committed index: 0, Last appended: 0.0, Last appended by leader: 0, Current term: 1, Majority size: 1, State: 0, Mode: LEADER, active raft config: opid_index: -1 peers { permanent_uuid: "a934d8bd13c14bb4ac1899e110ba47f1" member_type: VOTER last_known_addr { host: "127.0.0.1" port: 38839 } }
W20260812 08:02:50.400296  3008 reactor.cc:805] Failed to create an outbound connection to 255.255.255.255:1 because connect() failed: Network error: connect(2) error: Network is unreachable (error 101)
I20260812 08:02:50.430931 30884 tablet.cc:1622] T ffffffffffffffffffffffffffffffff P a934d8bd13c14bb4ac1899e110ba47f1: MemRowSet was empty: no flush needed.
I20260812 08:02:50.434729 30884 tablet_server.cc:179] TabletServer@127.0.0.1:0 shutting down...
I20260812 08:02:50.641949 30884 ts_tablet_manager.cc:1507] Shutting down tablet manager...
I20260812 08:02:50.642405 30884 tablet_replica.cc:333] T ffffffffffffffffffffffffffffffff P a934d8bd13c14bb4ac1899e110ba47f1: stopping tablet replica
I20260812 08:02:50.642547 30884 raft_consensus.cc:2243] T ffffffffffffffffffffffffffffffff P a934d8bd13c14bb4ac1899e110ba47f1 [term 1 LEADER]: Raft consensus shutting down.
I20260812 08:02:50.642694 30884 raft_consensus.cc:2272] T ffffffffffffffffffffffffffffffff P a934d8bd13c14bb4ac1899e110ba47f1 [term 1 FOLLOWER]: Raft consensus is shut down!
I20260812 08:02:50.656131 30884 tablet_server.cc:196] TabletServer@127.0.0.1:0 shutdown complete.
[       OK ] Params/ScannerOpenWhenServerShutsDownParamTest.Test/2 (304 ms)
[----------] 1 test from Params/ScannerOpenWhenServerShutsDownParamTest (304 ms total)

[----------] 1 test from Params/InvalidScanRequest_WithIdsParamTest
[ RUN      ] Params/InvalidScanRequest_WithIdsParamTest.Test/0
I20260812 08:02:50.663532 30884 file_cache.cc:504] Constructed file cache file cache with capacity 419430
W20260812 08:02:50.666004  3100 instance_detector.cc:116] could not retrieve Azure instance metadata: Network error: curl error: HTTP response code said error: The requested URL returned error: 404
W20260812 08:02:50.666004  3102 instance_detector.cc:116] could not retrieve OpenStack instance metadata: Network error: curl error: HTTP response code said error: The requested URL returned error: 404
I20260812 08:02:50.666326 30884 server_base.cc:1061] running on GCE node
W20260812 08:02:50.666386  3099 instance_detector.cc:116] could not retrieve AWS instance metadata: Network error: curl error: HTTP response code said error: The requested URL returned error: 404
I20260812 08:02:50.666637 30884 hybrid_clock.cc:584] initializing the hybrid clock with 'system_unsync' time source
W20260812 08:02:50.666687 30884 system_unsync_time.cc:38] NTP support is disabled. Clock error bounds will not be accurate. This configuration is not suitable for distributed clusters.
I20260812 08:02:50.666704 30884 hybrid_clock.cc:648] HybridClock initialized: now 1786521770666704 us; error 0 us; skew 500 ppm
I20260812 08:02:50.667761 30884 webserver.cc:533] Webserver started at http://127.0.0.1:35731/ using document root <none> and password file <none>
I20260812 08:02:50.667928 30884 fs_manager.cc:362] Metadata directory not provided
I20260812 08:02:50.668009 30884 fs_manager.cc:368] Using write-ahead log directory (fs_wal_dir) as metadata directory
I20260812 08:02:50.668103 30884 server_base.cc:909] This appears to be a new deployment of Kudu; creating new FS layout
I20260812 08:02:50.668537 30884 fs_manager.cc:1068] Generated new instance metadata in path /tmp/dist-test-taskaaKpOr/test-tmp/tablet_server-test.2.Params_InvalidScanRequest_WithIdsParamTest.Test_0.1786521622793830-30884-0/TabletServerTest-fsroot/instance:
uuid: "b81af540f96840f489d8a20da45e0ffd"
format_stamp: "Formatted at 2026-08-12 08:02:50 on dist-test-slave-g350"
I20260812 08:02:50.670341 30884 fs_manager.cc:696] Time spent creating directory manager: real 0.002s	user 0.002s	sys 0.000s
I20260812 08:02:50.671500  3107 log_block_manager.cc:4127] Time spent loading block containers with low live blocks: real 0.000s	user 0.000s	sys 0.000s
I20260812 08:02:50.671980 30884 fs_manager.cc:730] Time spent opening block manager: real 0.001s	user 0.001s	sys 0.000s
I20260812 08:02:50.672089 30884 fs_manager.cc:647] Opened local filesystem: /tmp/dist-test-taskaaKpOr/test-tmp/tablet_server-test.2.Params_InvalidScanRequest_WithIdsParamTest.Test_0.1786521622793830-30884-0/TabletServerTest-fsroot
uuid: "b81af540f96840f489d8a20da45e0ffd"
format_stamp: "Formatted at 2026-08-12 08:02:50 on dist-test-slave-g350"
I20260812 08:02:50.672192 30884 fs_report.cc:389] FS layout report
--------------------
wal directory: /tmp/dist-test-taskaaKpOr/test-tmp/tablet_server-test.2.Params_InvalidScanRequest_WithIdsParamTest.Test_0.1786521622793830-30884-0/TabletServerTest-fsroot
metadata directory: /tmp/dist-test-taskaaKpOr/test-tmp/tablet_server-test.2.Params_InvalidScanRequest_WithIdsParamTest.Test_0.1786521622793830-30884-0/TabletServerTest-fsroot
1 data directories: /tmp/dist-test-taskaaKpOr/test-tmp/tablet_server-test.2.Params_InvalidScanRequest_WithIdsParamTest.Test_0.1786521622793830-30884-0/TabletServerTest-fsroot/data
Total live blocks: 0
Total live bytes: 0
Total live bytes (after alignment): 0
Total number of LBM containers: 0 (0 full)
Did not check for missing blocks
Did not check for orphaned blocks
Total full LBM containers with extra space: 0 (0 repaired)
Total full LBM container extra space in bytes: 0 (0 repaired)
Total incomplete LBM containers: 0 (0 repaired)
Total LBM partial records: 0 (0 repaired)
Total corrupted LBM metadata records in RocksDB: 0 (0 repaired)
I20260812 08:02:50.681463 30884 rpc_server.cc:225] running with OpenSSL 1.1.1  11 Sep 2018
I20260812 08:02:50.682005 30884 kserver.cc:163] Server-wide thread pool size limit: 3276
I20260812 08:02:50.682391 30884 txn_system_client.cc:432] TxnSystemClient initialization is disabled...
I20260812 08:02:50.683043 30884 ts_tablet_manager.cc:585] Loaded tablet metadata (0 total tablets, 0 live tablets)
I20260812 08:02:50.683090 30884 ts_tablet_manager.cc:531] Time spent load tablet metadata: real 0.000s	user 0.000s	sys 0.000s
I20260812 08:02:50.683182 30884 ts_tablet_manager.cc:616] Registered 0 tablets
I20260812 08:02:50.683238 30884 ts_tablet_manager.cc:595] Time spent register tablets: real 0.000s	user 0.000s	sys 0.000s
I20260812 08:02:50.688477 30884 rpc_server.cc:307] RPC server started. Bound to: 127.0.0.1:42635
I20260812 08:02:50.688545  3184 acceptor_pool.cc:272] collecting diagnostics on the listening RPC socket 127.0.0.1:42635 every 8 connection(s)
I20260812 08:02:50.689478 30884 data_dirs.cc:400] Could only allocate 1 dirs of requested 3 for tablet ffffffffffffffffffffffffffffffff. 1 dirs total, 0 dirs full, 0 dirs failed
W20260812 08:02:50.689563  3110 reactor.cc:805] Failed to create an outbound connection to 255.255.255.255:1 because connect() failed: Network error: connect(2) error: Network is unreachable (error 101)
W20260812 08:02:50.689972  3110 reactor.cc:805] Failed to create an outbound connection to 255.255.255.255:1 because connect() failed: Network error: connect(2) error: Network is unreachable (error 101)
W20260812 08:02:50.690258  3110 reactor.cc:805] Failed to create an outbound connection to 255.255.255.255:1 because connect() failed: Network error: connect(2) error: Network is unreachable (error 101)
W20260812 08:02:50.690397  3185 heartbeater.cc:412] Failed 3 heartbeats in a row: no longer allowing fast heartbeat attempts.
I20260812 08:02:50.691953  3187 tablet_bootstrap.cc:492] T ffffffffffffffffffffffffffffffff P b81af540f96840f489d8a20da45e0ffd: Bootstrap starting.
I20260812 08:02:50.692775  3187 tablet_bootstrap.cc:654] T ffffffffffffffffffffffffffffffff P b81af540f96840f489d8a20da45e0ffd: Neither blocks nor log segments found. Creating new log.
I20260812 08:02:50.694036  3187 tablet_bootstrap.cc:492] T ffffffffffffffffffffffffffffffff P b81af540f96840f489d8a20da45e0ffd: No bootstrap required, opened a new log
I20260812 08:02:50.694124  3187 ts_tablet_manager.cc:1403] T ffffffffffffffffffffffffffffffff P b81af540f96840f489d8a20da45e0ffd: Time spent bootstrapping tablet: real 0.002s	user 0.002s	sys 0.000s
I20260812 08:02:50.694487  3187 raft_consensus.cc:359] T ffffffffffffffffffffffffffffffff P b81af540f96840f489d8a20da45e0ffd [term 0 FOLLOWER]: Replica starting. Triggering 0 pending ops. Active config: opid_index: -1 peers { permanent_uuid: "b81af540f96840f489d8a20da45e0ffd" member_type: VOTER last_known_addr { host: "127.0.0.1" port: 42635 } }
I20260812 08:02:50.694583  3187 raft_consensus.cc:385] T ffffffffffffffffffffffffffffffff P b81af540f96840f489d8a20da45e0ffd [term 0 FOLLOWER]: Consensus starting up: Expiring failure detector timer to make a prompt election more likely
I20260812 08:02:50.694607  3187 raft_consensus.cc:740] T ffffffffffffffffffffffffffffffff P b81af540f96840f489d8a20da45e0ffd [term 0 FOLLOWER]: Becoming Follower/Learner. State: Replica: b81af540f96840f489d8a20da45e0ffd, State: Initialized, Role: FOLLOWER
I20260812 08:02:50.694761  3187 consensus_queue.cc:260] T ffffffffffffffffffffffffffffffff P b81af540f96840f489d8a20da45e0ffd [NON_LEADER]: Queue going to NON_LEADER mode. State: All replicated index: 0, Majority replicated index: 0, Committed index: 0, Last appended: 0.0, Last appended by leader: 0, Current term: 0, Majority size: -1, State: 0, Mode: NON_LEADER, active raft config: opid_index: -1 peers { permanent_uuid: "b81af540f96840f489d8a20da45e0ffd" member_type: VOTER last_known_addr { host: "127.0.0.1" port: 42635 } }
I20260812 08:02:50.694845  3187 raft_consensus.cc:399] T ffffffffffffffffffffffffffffffff P b81af540f96840f489d8a20da45e0ffd [term 0 FOLLOWER]: Only one voter in the Raft config. Triggering election immediately
I20260812 08:02:50.694870  3187 raft_consensus.cc:493] T ffffffffffffffffffffffffffffffff P b81af540f96840f489d8a20da45e0ffd [term 0 FOLLOWER]: Starting leader election (initial election of a single-replica configuration)
I20260812 08:02:50.694900  3187 raft_consensus.cc:3060] T ffffffffffffffffffffffffffffffff P b81af540f96840f489d8a20da45e0ffd [term 0 FOLLOWER]: Advancing to term 1
I20260812 08:02:50.695740  3187 raft_consensus.cc:515] T ffffffffffffffffffffffffffffffff P b81af540f96840f489d8a20da45e0ffd [term 1 FOLLOWER]: Starting leader election with config: opid_index: -1 peers { permanent_uuid: "b81af540f96840f489d8a20da45e0ffd" member_type: VOTER last_known_addr { host: "127.0.0.1" port: 42635 } }
I20260812 08:02:50.695874  3187 leader_election.cc:304] T ffffffffffffffffffffffffffffffff P b81af540f96840f489d8a20da45e0ffd [CANDIDATE]: Term 1 election: Election decided. Result: candidate won. Election summary: received 1 responses out of 1 voters: 1 yes votes; 0 no votes. yes voters: b81af540f96840f489d8a20da45e0ffd; no voters: 
I20260812 08:02:50.696041  3187 leader_election.cc:290] T ffffffffffffffffffffffffffffffff P b81af540f96840f489d8a20da45e0ffd [CANDIDATE]: Term 1 election: Requested vote from peers 
I20260812 08:02:50.696226  3189 raft_consensus.cc:2804] T ffffffffffffffffffffffffffffffff P b81af540f96840f489d8a20da45e0ffd [term 1 FOLLOWER]: Leader election won for term 1
I20260812 08:02:50.696370  3187 ts_tablet_manager.cc:1434] T ffffffffffffffffffffffffffffffff P b81af540f96840f489d8a20da45e0ffd: Time spent starting tablet: real 0.002s	user 0.003s	sys 0.000s
I20260812 08:02:50.696429  3189 raft_consensus.cc:697] T ffffffffffffffffffffffffffffffff P b81af540f96840f489d8a20da45e0ffd [term 1 LEADER]: Becoming Leader. State: Replica: b81af540f96840f489d8a20da45e0ffd, State: Running, Role: LEADER
W20260812 08:02:50.696599  3110 reactor.cc:805] Failed to create an outbound connection to 255.255.255.255:1 because connect() failed: Network error: connect(2) error: Network is unreachable (error 101)
I20260812 08:02:50.696601  3189 consensus_queue.cc:237] T ffffffffffffffffffffffffffffffff P b81af540f96840f489d8a20da45e0ffd [LEADER]: Queue going to LEADER mode. State: All replicated index: 0, Majority replicated index: 0, Committed index: 0, Last appended: 0.0, Last appended by leader: 0, Current term: 1, Majority size: 1, State: 0, Mode: LEADER, active raft config: opid_index: -1 peers { permanent_uuid: "b81af540f96840f489d8a20da45e0ffd" member_type: VOTER last_known_addr { host: "127.0.0.1" port: 42635 } }
W20260812 08:02:50.697098  3110 reactor.cc:805] Failed to create an outbound connection to 255.255.255.255:1 because connect() failed: Network error: connect(2) error: Network is unreachable (error 101)
I20260812 08:02:50.706552 30884 tablet_server.cc:179] TabletServer@127.0.0.1:0 shutting down...
I20260812 08:02:50.940266 30884 ts_tablet_manager.cc:1507] Shutting down tablet manager...
I20260812 08:02:50.941063 30884 tablet_replica.cc:333] T ffffffffffffffffffffffffffffffff P b81af540f96840f489d8a20da45e0ffd: stopping tablet replica
I20260812 08:02:50.941243 30884 raft_consensus.cc:2243] T ffffffffffffffffffffffffffffffff P b81af540f96840f489d8a20da45e0ffd [term 1 LEADER]: Raft consensus shutting down.
I20260812 08:02:50.941427 30884 raft_consensus.cc:2272] T ffffffffffffffffffffffffffffffff P b81af540f96840f489d8a20da45e0ffd [term 1 FOLLOWER]: Raft consensus is shut down!
I20260812 08:02:50.956099 30884 tablet_server.cc:196] TabletServer@127.0.0.1:0 shutdown complete.
[       OK ] Params/InvalidScanRequest_WithIdsParamTest.Test/0 (299 ms)
[----------] 1 test from Params/InvalidScanRequest_WithIdsParamTest (299 ms total)

[----------] 1 test from Params/InvalidScanSeqIdParamTest
[ RUN      ] Params/InvalidScanSeqIdParamTest.Test/1
I20260812 08:02:50.963522 30884 file_cache.cc:504] Constructed file cache file cache with capacity 419430
W20260812 08:02:50.965792  3200 instance_detector.cc:116] could not retrieve AWS instance metadata: Network error: curl error: HTTP response code said error: The requested URL returned error: 404
W20260812 08:02:50.965880  3203 instance_detector.cc:116] could not retrieve OpenStack instance metadata: Network error: curl error: HTTP response code said error: The requested URL returned error: 404
W20260812 08:02:50.965880  3201 instance_detector.cc:116] could not retrieve Azure instance metadata: Network error: curl error: HTTP response code said error: The requested URL returned error: 404
I20260812 08:02:50.966316 30884 server_base.cc:1061] running on GCE node
I20260812 08:02:50.966539 30884 hybrid_clock.cc:584] initializing the hybrid clock with 'system_unsync' time source
W20260812 08:02:50.966595 30884 system_unsync_time.cc:38] NTP support is disabled. Clock error bounds will not be accurate. This configuration is not suitable for distributed clusters.
I20260812 08:02:50.966621 30884 hybrid_clock.cc:648] HybridClock initialized: now 1786521770966621 us; error 0 us; skew 500 ppm
I20260812 08:02:50.967638 30884 webserver.cc:533] Webserver started at http://127.0.0.1:35933/ using document root <none> and password file <none>
I20260812 08:02:50.967840 30884 fs_manager.cc:362] Metadata directory not provided
I20260812 08:02:50.967931 30884 fs_manager.cc:368] Using write-ahead log directory (fs_wal_dir) as metadata directory
I20260812 08:02:50.968019 30884 server_base.cc:909] This appears to be a new deployment of Kudu; creating new FS layout
I20260812 08:02:50.968550 30884 fs_manager.cc:1068] Generated new instance metadata in path /tmp/dist-test-taskaaKpOr/test-tmp/tablet_server-test.2.Params_InvalidScanSeqIdParamTest.Test_1.1786521622793830-30884-0/TabletServerTest-fsroot/instance:
uuid: "e4933b69cb6d4a9c92d517cfe41ab60d"
format_stamp: "Formatted at 2026-08-12 08:02:50 on dist-test-slave-g350"
I20260812 08:02:50.970482 30884 fs_manager.cc:696] Time spent creating directory manager: real 0.002s	user 0.000s	sys 0.003s
I20260812 08:02:50.971802  3208 log_block_manager.cc:4127] Time spent loading block containers with low live blocks: real 0.000s	user 0.000s	sys 0.000s
I20260812 08:02:50.972270 30884 fs_manager.cc:730] Time spent opening block manager: real 0.001s	user 0.000s	sys 0.001s
I20260812 08:02:50.972380 30884 fs_manager.cc:647] Opened local filesystem: /tmp/dist-test-taskaaKpOr/test-tmp/tablet_server-test.2.Params_InvalidScanSeqIdParamTest.Test_1.1786521622793830-30884-0/TabletServerTest-fsroot
uuid: "e4933b69cb6d4a9c92d517cfe41ab60d"
format_stamp: "Formatted at 2026-08-12 08:02:50 on dist-test-slave-g350"
I20260812 08:02:50.972491 30884 fs_report.cc:389] FS layout report
--------------------
wal directory: /tmp/dist-test-taskaaKpOr/test-tmp/tablet_server-test.2.Params_InvalidScanSeqIdParamTest.Test_1.1786521622793830-30884-0/TabletServerTest-fsroot
metadata directory: /tmp/dist-test-taskaaKpOr/test-tmp/tablet_server-test.2.Params_InvalidScanSeqIdParamTest.Test_1.1786521622793830-30884-0/TabletServerTest-fsroot
