--local_ip_for_outbound_sockets=127.20.43.70

Tablet server version:
kudu 1.19.0-SNAPSHOT
revision 70c51312f1186a8ae9f46647160b7730123f7601-dirty
build type DEBUG
built by None at 12 Aug 2026 06:06:26 UTC on 39be9dd7121a
I20260812 08:00:14.605466 26597 env_posix.cc:2285] Not raising this process' open files per process limit of 1048576; it is already as high as it can go
I20260812 08:00:14.606676 26597 file_cache.cc:504] Constructed file cache file cache with capacity 419430
W20260812 08:00:14.613368 26610 instance_detector.cc:116] could not retrieve OpenStack instance metadata: Network error: curl error: HTTP response code said error: The requested URL returned error: 404
W20260812 08:00:14.613360 26608 instance_detector.cc:116] could not retrieve Azure instance metadata: Network error: curl error: HTTP response code said error: The requested URL returned error: 404
I20260812 08:00:14.613583 26597 server_base.cc:1061] running on GCE node
W20260812 08:00:14.613361 26606 instance_detector.cc:116] could not retrieve AWS instance metadata: Network error: curl error: HTTP response code said error: The requested URL returned error: 404
I20260812 08:00:14.614127 26597 hybrid_clock.cc:584] initializing the hybrid clock with 'builtin' time source
I20260812 08:00:14.614620 26597 hybrid_clock.cc:630] waiting up to --ntp_initial_sync_wait_secs=10 seconds for the clock to synchronize
I20260812 08:00:14.615764 26597 hybrid_clock.cc:648] HybridClock initialized: now 1786521614615753 us; error 35 us; skew 500 ppm
I20260812 08:00:14.617465 26597 webserver.cc:533] Webserver started at http://127.20.43.70:38883/ using document root <none> and password file <none>
I20260812 08:00:14.617992 26597 fs_manager.cc:362] Metadata directory not provided
I20260812 08:00:14.618079 26597 fs_manager.cc:368] Using write-ahead log directory (fs_wal_dir) as metadata directory
I20260812 08:00:14.621223 26597 fs_manager.cc:714] Time spent opening directory manager: real 0.002s	user 0.003s	sys 0.000s
I20260812 08:00:14.623167 26623 log_block_manager.cc:4127] Time spent loading block containers with low live blocks: real 0.000s	user 0.000s	sys 0.000s
I20260812 08:00:14.624390 26597 fs_manager.cc:730] Time spent opening block manager: real 0.002s	user 0.002s	sys 0.000s
I20260812 08:00:14.624488 26597 fs_manager.cc:647] Opened local filesystem: /tmp/dist-test-taskiWut0c/test-tmp/rebalancer_tool-test.5.RebalanceParamTest.Rebalance_4.1786521595819285-20653-0/raft_consensus-itest-cluster/ts-5/data,/tmp/dist-test-taskiWut0c/test-tmp/rebalancer_tool-test.5.RebalanceParamTest.Rebalance_4.1786521595819285-20653-0/raft_consensus-itest-cluster/ts-5/wal
uuid: "7d25ee1bcc1f421da09f734e2d7c0571"
format_stamp: "Formatted at 2026-08-12 08:00:07 on dist-test-slave-mjjr"
I20260812 08:00:14.624819 26597 fs_report.cc:389] FS layout report
--------------------
wal directory: /tmp/dist-test-taskiWut0c/test-tmp/rebalancer_tool-test.5.RebalanceParamTest.Rebalance_4.1786521595819285-20653-0/raft_consensus-itest-cluster/ts-5/wal
metadata directory: /tmp/dist-test-taskiWut0c/test-tmp/rebalancer_tool-test.5.RebalanceParamTest.Rebalance_4.1786521595819285-20653-0/raft_consensus-itest-cluster/ts-5/wal
1 data directories: /tmp/dist-test-taskiWut0c/test-tmp/rebalancer_tool-test.5.RebalanceParamTest.Rebalance_4.1786521595819285-20653-0/raft_consensus-itest-cluster/ts-5/data/data
Total live blocks: 0
Total live bytes: 0
Total live bytes (after alignment): 0
Total number of LBM containers: 0 (0 full)
Did not check for missing blocks
Did not check for orphaned blocks
Total full LBM containers with extra space: 0 (0 repaired)
Total full LBM container extra space in bytes: 0 (0 repaired)
Total incomplete LBM containers: 0 (0 repaired)
Total LBM partial records: 0 (0 repaired)
Total corrupted LBM metadata records in RocksDB: 0 (0 repaired)
I20260812 08:00:14.646185 26597 rpc_server.cc:225] running with OpenSSL 1.1.1  11 Sep 2018
I20260812 08:00:14.646742 26597 env_posix.cc:2285] Not raising this process' running threads per effective uid limit of 18446744073709551615; it is already as high as it can go
I20260812 08:00:14.646884 26597 kserver.cc:163] Server-wide thread pool size limit: 3276
I20260812 08:00:14.647352 26597 txn_system_client.cc:432] TxnSystemClient initialization is disabled...
I20260812 08:00:14.648473 26632 ts_tablet_manager.cc:542] Loading tablet metadata (0/1 complete)
I20260812 08:00:14.651579 26597 ts_tablet_manager.cc:585] Loaded tablet metadata (1 total tablets, 1 live tablets)
I20260812 08:00:14.651664 26597 ts_tablet_manager.cc:531] Time spent load tablet metadata: real 0.003s	user 0.001s	sys 0.000s
I20260812 08:00:14.651741 26597 ts_tablet_manager.cc:600] Registering tablets (0/1 complete)
I20260812 08:00:14.653069 26597 ts_tablet_manager.cc:616] Registered 1 tablets
I20260812 08:00:14.653110 26597 ts_tablet_manager.cc:595] Time spent register tablets: real 0.001s	user 0.000s	sys 0.000s
I20260812 08:00:14.653467 26632 tablet_bootstrap.cc:492] T 4e125f86589547e180da6e505d431f61 P 7d25ee1bcc1f421da09f734e2d7c0571: Bootstrap starting.
I20260812 08:00:14.664614 26597 rpc_server.cc:307] RPC server started. Bound to: 127.20.43.70:42843
I20260812 08:00:14.664710 26799 acceptor_pool.cc:272] collecting diagnostics on the listening RPC socket 127.20.43.70:42843 every 8 connection(s)
I20260812 08:00:14.665601 26597 server_base.cc:1193] Dumped server information to /tmp/dist-test-taskiWut0c/test-tmp/rebalancer_tool-test.5.RebalanceParamTest.Rebalance_4.1786521595819285-20653-0/raft_consensus-itest-cluster/ts-5/data/info.pb
I20260812 08:00:14.668205 20653 external_mini_cluster.cc:1434] Started /tmp/dist-test-taskiWut0c/build/debug/bin/kudu as pid 26597
I20260812 08:00:14.668633 20653 external_mini_cluster.cc:1372] Running /tmp/dist-test-taskiWut0c/build/debug/bin/kudu
/tmp/dist-test-taskiWut0c/build/debug/bin/kudu
--fs_wal_dir=/tmp/dist-test-taskiWut0c/test-tmp/rebalancer_tool-test.5.RebalanceParamTest.Rebalance_4.1786521595819285-20653-0/raft_consensus-itest-cluster/ts-6/wal
--fs_data_dirs=/tmp/dist-test-taskiWut0c/test-tmp/rebalancer_tool-test.5.RebalanceParamTest.Rebalance_4.1786521595819285-20653-0/raft_consensus-itest-cluster/ts-6/data
--block_manager=log
--webserver_interface=localhost
--never_fsync
--enable_minidumps=false
--redact=none
--metrics_log_interval_ms=1000
--log_dir=/tmp/dist-test-taskiWut0c/test-tmp/rebalancer_tool-test.5.RebalanceParamTest.Rebalance_4.1786521595819285-20653-0/raft_consensus-itest-cluster/ts-6/logs
--server_dump_info_path=/tmp/dist-test-taskiWut0c/test-tmp/rebalancer_tool-test.5.RebalanceParamTest.Rebalance_4.1786521595819285-20653-0/raft_consensus-itest-cluster/ts-6/data/info.pb
--server_dump_info_format=pb
--rpc_server_allow_ephemeral_ports
--unlock_experimental_flags
--unlock_unsafe_flags
--logtostderr
--logbuflevel=-1
--ipki_server_key_size=768
--openssl_security_level_override=0
tserver
run
--rpc_bind_addresses=127.20.43.71:40829
--local_ip_for_outbound_sockets=127.20.43.71
--tserver_master_addrs=127.20.43.126:45653
--webserver_port=36865
--webserver_interface=127.20.43.71
--builtin_ntp_servers=127.20.43.84:39665
--builtin_ntp_poll_interval_ms=100
--ntp_initial_sync_wait_secs=10
--time_source=builtin
--raft_prepare_replacement_before_eviction=false with env {}
I20260812 08:00:14.670077 26632 log.cc:826] T 4e125f86589547e180da6e505d431f61 P 7d25ee1bcc1f421da09f734e2d7c0571: Log is configured to *not* fsync() on all Append() calls
I20260812 08:00:14.672260 26632 tablet_bootstrap.cc:492] T 4e125f86589547e180da6e505d431f61 P 7d25ee1bcc1f421da09f734e2d7c0571: Bootstrap replayed 1/1 log segments. Stats: ops{read=1 overwritten=0 applied=0 ignored=0} inserts{seen=0 ignored=0} mutations{seen=0 ignored=0} orphaned_commits=0. Pending: 1 replicates
I20260812 08:00:14.672746 26632 tablet_bootstrap.cc:492] T 4e125f86589547e180da6e505d431f61 P 7d25ee1bcc1f421da09f734e2d7c0571: Bootstrap complete.
I20260812 08:00:14.674288 26632 ts_tablet_manager.cc:1403] T 4e125f86589547e180da6e505d431f61 P 7d25ee1bcc1f421da09f734e2d7c0571: Time spent bootstrapping tablet: real 0.021s	user 0.010s	sys 0.010s
I20260812 08:00:14.677899 26800 heartbeater.cc:344] Connected to a master server at 127.20.43.126:45653
I20260812 08:00:14.678149 26800 heartbeater.cc:461] Registering TS with master...
I20260812 08:00:14.678516 26800 heartbeater.cc:507] Master 127.20.43.126:45653 requested a full tablet report, sending...
I20260812 08:00:14.678249 26632 raft_consensus.cc:359] T 4e125f86589547e180da6e505d431f61 P 7d25ee1bcc1f421da09f734e2d7c0571 [term 1 FOLLOWER]: Replica starting. Triggering 1 pending ops. Active config: opid_index: -1 OBSOLETE_local: false peers { permanent_uuid: "7d25ee1bcc1f421da09f734e2d7c0571" member_type: VOTER last_known_addr { host: "127.20.43.70" port: 42843 } } peers { permanent_uuid: "9e16f88e58b049fc9efe09a025ded7c8" member_type: VOTER last_known_addr { host: "127.20.43.71" port: 40829 } } peers { permanent_uuid: "519546dcc5d34aada4e8191fab30c1a3" member_type: VOTER last_known_addr { host: "127.20.43.69" port: 41349 } }
I20260812 08:00:14.678933 26632 raft_consensus.cc:740] T 4e125f86589547e180da6e505d431f61 P 7d25ee1bcc1f421da09f734e2d7c0571 [term 1 FOLLOWER]: Becoming Follower/Learner. State: Replica: 7d25ee1bcc1f421da09f734e2d7c0571, State: Initialized, Role: FOLLOWER
I20260812 08:00:14.679462 26632 consensus_queue.cc:260] T 4e125f86589547e180da6e505d431f61 P 7d25ee1bcc1f421da09f734e2d7c0571 [NON_LEADER]: Queue going to NON_LEADER mode. State: All replicated index: 0, Majority replicated index: 0, Committed index: 0, Last appended: 1.1, Last appended by leader: 1, Current term: 0, Majority size: -1, State: 0, Mode: NON_LEADER, active raft config: opid_index: -1 OBSOLETE_local: false peers { permanent_uuid: "7d25ee1bcc1f421da09f734e2d7c0571" member_type: VOTER last_known_addr { host: "127.20.43.70" port: 42843 } } peers { permanent_uuid: "9e16f88e58b049fc9efe09a025ded7c8" member_type: VOTER last_known_addr { host: "127.20.43.71" port: 40829 } } peers { permanent_uuid: "519546dcc5d34aada4e8191fab30c1a3" member_type: VOTER last_known_addr { host: "127.20.43.69" port: 41349 } }
I20260812 08:00:14.681849 24368 ts_manager.cc:194] Re-registered known tserver with Master: 7d25ee1bcc1f421da09f734e2d7c0571 (127.20.43.70:42843)
I20260812 08:00:14.682193 26632 ts_tablet_manager.cc:1434] T 4e125f86589547e180da6e505d431f61 P 7d25ee1bcc1f421da09f734e2d7c0571: Time spent starting tablet: real 0.008s	user 0.004s	sys 0.002s
I20260812 08:00:14.682641 24368 master_service.cc:502] Signed X509 certificate for tserver {username='slave'} at 127.20.43.70:57323
I20260812 08:00:14.684654 26800 heartbeater.cc:499] Master 127.20.43.126:45653 was elected leader, sending a full tablet report...
W20260812 08:00:14.729796 26595 tablet.cc:2406] T 4e125f86589547e180da6e505d431f61 P 519546dcc5d34aada4e8191fab30c1a3: Can't schedule compaction. Clean time has not been advanced past its initial value.
W20260812 08:00:14.789683 26803 flags.cc:432] Enabled unsafe flag: --openssl_security_level_override=0
W20260812 08:00:14.789883 26803 flags.cc:432] Enabled unsafe flag: --rpc_server_allow_ephemeral_ports=true
W20260812 08:00:14.789971 26803 flags.cc:432] Enabled unsafe flag: --never_fsync=true
W20260812 08:00:14.793195 26803 flags.cc:432] Enabled experimental flag: --raft_prepare_replacement_before_eviction=false
W20260812 08:00:14.793251 26803 flags.cc:432] Enabled experimental flag: --ipki_server_key_size=768
W20260812 08:00:14.793388 26803 flags.cc:432] Enabled experimental flag: --local_ip_for_outbound_sockets=127.20.43.71
I20260812 08:00:14.797400 26803 tablet_server_runner.cc:78] Tablet server non-default flags:
--log_dir=/tmp/dist-test-taskiWut0c/test-tmp/rebalancer_tool-test.5.RebalanceParamTest.Rebalance_4.1786521595819285-20653-0/raft_consensus-itest-cluster/ts-6/logs
--logbuflevel=-1
--logtostderr=true
--builtin_ntp_poll_interval_ms=100
--builtin_ntp_servers=127.20.43.84:39665
--ntp_initial_sync_wait_secs=10
--time_source=builtin
--raft_prepare_replacement_before_eviction=false
--fs_data_dirs=/tmp/dist-test-taskiWut0c/test-tmp/rebalancer_tool-test.5.RebalanceParamTest.Rebalance_4.1786521595819285-20653-0/raft_consensus-itest-cluster/ts-6/data
--fs_wal_dir=/tmp/dist-test-taskiWut0c/test-tmp/rebalancer_tool-test.5.RebalanceParamTest.Rebalance_4.1786521595819285-20653-0/raft_consensus-itest-cluster/ts-6/wal
--ipki_server_key_size=768
--openssl_security_level_override=0
--rpc_bind_addresses=127.20.43.71:40829
--rpc_server_allow_ephemeral_ports=true
--metrics_log_interval_ms=1000
--server_dump_info_format=pb
--server_dump_info_path=/tmp/dist-test-taskiWut0c/test-tmp/rebalancer_tool-test.5.RebalanceParamTest.Rebalance_4.1786521595819285-20653-0/raft_consensus-itest-cluster/ts-6/data/info.pb
--webserver_interface=127.20.43.71
--webserver_port=36865
--tserver_master_addrs=127.20.43.126:45653
--never_fsync=true
--heap_profile_path=/tmp/kudu.26803
--redact=none
--unlock_experimental_flags=true
--unlock_unsafe_flags=true
--enable_minidumps=false
--local_ip_for_outbound_sockets=127.20.43.71

Tablet server version:
kudu 1.19.0-SNAPSHOT
revision 70c51312f1186a8ae9f46647160b7730123f7601-dirty
build type DEBUG
built by None at 12 Aug 2026 06:06:26 UTC on 39be9dd7121a
I20260812 08:00:14.798354 26803 env_posix.cc:2285] Not raising this process' open files per process limit of 1048576; it is already as high as it can go
I20260812 08:00:14.799409 26803 file_cache.cc:504] Constructed file cache file cache with capacity 419430
W20260812 08:00:14.805394 26815 instance_detector.cc:116] could not retrieve OpenStack instance metadata: Network error: curl error: HTTP response code said error: The requested URL returned error: 404
W20260812 08:00:14.805431 26813 instance_detector.cc:116] could not retrieve Azure instance metadata: Network error: curl error: HTTP response code said error: The requested URL returned error: 404
W20260812 08:00:14.805685 26812 instance_detector.cc:116] could not retrieve AWS instance metadata: Network error: curl error: HTTP response code said error: The requested URL returned error: 404
I20260812 08:00:14.805897 26803 server_base.cc:1061] running on GCE node
I20260812 08:00:14.806245 26803 hybrid_clock.cc:584] initializing the hybrid clock with 'builtin' time source
I20260812 08:00:14.806713 26803 hybrid_clock.cc:630] waiting up to --ntp_initial_sync_wait_secs=10 seconds for the clock to synchronize
I20260812 08:00:14.807894 26803 hybrid_clock.cc:648] HybridClock initialized: now 1786521614807871 us; error 38 us; skew 500 ppm
I20260812 08:00:14.809542 26803 webserver.cc:533] Webserver started at http://127.20.43.71:36865/ using document root <none> and password file <none>
I20260812 08:00:14.810081 26803 fs_manager.cc:362] Metadata directory not provided
I20260812 08:00:14.810185 26803 fs_manager.cc:368] Using write-ahead log directory (fs_wal_dir) as metadata directory
I20260812 08:00:14.813534 26803 fs_manager.cc:714] Time spent opening directory manager: real 0.002s	user 0.000s	sys 0.003s
I20260812 08:00:14.815375 26825 log_block_manager.cc:4127] Time spent loading block containers with low live blocks: real 0.000s	user 0.000s	sys 0.000s
I20260812 08:00:14.816377 26803 fs_manager.cc:730] Time spent opening block manager: real 0.002s	user 0.001s	sys 0.001s
I20260812 08:00:14.816498 26803 fs_manager.cc:647] Opened local filesystem: /tmp/dist-test-taskiWut0c/test-tmp/rebalancer_tool-test.5.RebalanceParamTest.Rebalance_4.1786521595819285-20653-0/raft_consensus-itest-cluster/ts-6/data,/tmp/dist-test-taskiWut0c/test-tmp/rebalancer_tool-test.5.RebalanceParamTest.Rebalance_4.1786521595819285-20653-0/raft_consensus-itest-cluster/ts-6/wal
uuid: "9e16f88e58b049fc9efe09a025ded7c8"
format_stamp: "Formatted at 2026-08-12 08:00:07 on dist-test-slave-mjjr"
I20260812 08:00:14.816870 26803 fs_report.cc:389] FS layout report
--------------------
wal directory: /tmp/dist-test-taskiWut0c/test-tmp/rebalancer_tool-test.5.RebalanceParamTest.Rebalance_4.1786521595819285-20653-0/raft_consensus-itest-cluster/ts-6/wal
metadata directory: /tmp/dist-test-taskiWut0c/test-tmp/rebalancer_tool-test.5.RebalanceParamTest.Rebalance_4.1786521595819285-20653-0/raft_consensus-itest-cluster/ts-6/wal
1 data directories: /tmp/dist-test-taskiWut0c/test-tmp/rebalancer_tool-test.5.RebalanceParamTest.Rebalance_4.1786521595819285-20653-0/raft_consensus-itest-cluster/ts-6/data/data
Total live blocks: 0
Total live bytes: 0
Total live bytes (after alignment): 0
Total number of LBM containers: 0 (0 full)
Did not check for missing blocks
Did not check for orphaned blocks
Total full LBM containers with extra space: 0 (0 repaired)
Total full LBM container extra space in bytes: 0 (0 repaired)
Total incomplete LBM containers: 0 (0 repaired)
Total LBM partial records: 0 (0 repaired)
Total corrupted LBM metadata records in RocksDB: 0 (0 repaired)
I20260812 08:00:14.831279 26803 rpc_server.cc:225] running with OpenSSL 1.1.1  11 Sep 2018
I20260812 08:00:14.831908 26803 env_posix.cc:2285] Not raising this process' running threads per effective uid limit of 18446744073709551615; it is already as high as it can go
I20260812 08:00:14.832091 26803 kserver.cc:163] Server-wide thread pool size limit: 3276
I20260812 08:00:14.832626 26803 txn_system_client.cc:432] TxnSystemClient initialization is disabled...
I20260812 08:00:14.833797 26837 ts_tablet_manager.cc:542] Loading tablet metadata (0/1 complete)
I20260812 08:00:14.836947 26803 ts_tablet_manager.cc:585] Loaded tablet metadata (1 total tablets, 1 live tablets)
I20260812 08:00:14.837019 26803 ts_tablet_manager.cc:531] Time spent load tablet metadata: real 0.003s	user 0.000s	sys 0.000s
I20260812 08:00:14.837108 26803 ts_tablet_manager.cc:600] Registering tablets (0/1 complete)
I20260812 08:00:14.838510 26803 ts_tablet_manager.cc:616] Registered 1 tablets
I20260812 08:00:14.838574 26803 ts_tablet_manager.cc:595] Time spent register tablets: real 0.001s	user 0.000s	sys 0.000s
I20260812 08:00:14.838845 26837 tablet_bootstrap.cc:492] T 4e125f86589547e180da6e505d431f61 P 9e16f88e58b049fc9efe09a025ded7c8: Bootstrap starting.
I20260812 08:00:14.850551 26803 rpc_server.cc:307] RPC server started. Bound to: 127.20.43.71:40829
I20260812 08:00:14.850627 26984 acceptor_pool.cc:272] collecting diagnostics on the listening RPC socket 127.20.43.71:40829 every 8 connection(s)
I20260812 08:00:14.851537 26803 server_base.cc:1193] Dumped server information to /tmp/dist-test-taskiWut0c/test-tmp/rebalancer_tool-test.5.RebalanceParamTest.Rebalance_4.1786521595819285-20653-0/raft_consensus-itest-cluster/ts-6/data/info.pb
I20260812 08:00:14.854517 26837 log.cc:826] T 4e125f86589547e180da6e505d431f61 P 9e16f88e58b049fc9efe09a025ded7c8: Log is configured to *not* fsync() on all Append() calls
I20260812 08:00:14.855978 26837 tablet_bootstrap.cc:492] T 4e125f86589547e180da6e505d431f61 P 9e16f88e58b049fc9efe09a025ded7c8: Bootstrap replayed 1/1 log segments. Stats: ops{read=0 overwritten=0 applied=0 ignored=0} inserts{seen=0 ignored=0} mutations{seen=0 ignored=0} orphaned_commits=0. Pending: 0 replicates
I20260812 08:00:14.856329 26837 tablet_bootstrap.cc:492] T 4e125f86589547e180da6e505d431f61 P 9e16f88e58b049fc9efe09a025ded7c8: Bootstrap complete.
I20260812 08:00:14.857859 26837 ts_tablet_manager.cc:1403] T 4e125f86589547e180da6e505d431f61 P 9e16f88e58b049fc9efe09a025ded7c8: Time spent bootstrapping tablet: real 0.019s	user 0.009s	sys 0.008s
I20260812 08:00:14.857890 20653 external_mini_cluster.cc:1434] Started /tmp/dist-test-taskiWut0c/build/debug/bin/kudu as pid 26803
I20260812 08:00:14.861353 26985 heartbeater.cc:344] Connected to a master server at 127.20.43.126:45653
I20260812 08:00:14.861178 26837 raft_consensus.cc:359] T 4e125f86589547e180da6e505d431f61 P 9e16f88e58b049fc9efe09a025ded7c8 [term 1 FOLLOWER]: Replica starting. Triggering 0 pending ops. Active config: opid_index: -1 OBSOLETE_local: false peers { permanent_uuid: "7d25ee1bcc1f421da09f734e2d7c0571" member_type: VOTER last_known_addr { host: "127.20.43.70" port: 42843 } } peers { permanent_uuid: "9e16f88e58b049fc9efe09a025ded7c8" member_type: VOTER last_known_addr { host: "127.20.43.71" port: 40829 } } peers { permanent_uuid: "519546dcc5d34aada4e8191fab30c1a3" member_type: VOTER last_known_addr { host: "127.20.43.69" port: 41349 } }
I20260812 08:00:14.861572 26985 heartbeater.cc:461] Registering TS with master...
I20260812 08:00:14.861589 26837 raft_consensus.cc:740] T 4e125f86589547e180da6e505d431f61 P 9e16f88e58b049fc9efe09a025ded7c8 [term 1 FOLLOWER]: Becoming Follower/Learner. State: Replica: 9e16f88e58b049fc9efe09a025ded7c8, State: Initialized, Role: FOLLOWER
I20260812 08:00:14.862088 26985 heartbeater.cc:507] Master 127.20.43.126:45653 requested a full tablet report, sending...
I20260812 08:00:14.862106 26837 consensus_queue.cc:260] T 4e125f86589547e180da6e505d431f61 P 9e16f88e58b049fc9efe09a025ded7c8 [NON_LEADER]: Queue going to NON_LEADER mode. State: All replicated index: 0, Majority replicated index: 0, Committed index: 0, Last appended: 0.0, Last appended by leader: 0, Current term: 0, Majority size: -1, State: 0, Mode: NON_LEADER, active raft config: opid_index: -1 OBSOLETE_local: false peers { permanent_uuid: "7d25ee1bcc1f421da09f734e2d7c0571" member_type: VOTER last_known_addr { host: "127.20.43.70" port: 42843 } } peers { permanent_uuid: "9e16f88e58b049fc9efe09a025ded7c8" member_type: VOTER last_known_addr { host: "127.20.43.71" port: 40829 } } peers { permanent_uuid: "519546dcc5d34aada4e8191fab30c1a3" member_type: VOTER last_known_addr { host: "127.20.43.69" port: 41349 } }
I20260812 08:00:14.863147 26837 ts_tablet_manager.cc:1434] T 4e125f86589547e180da6e505d431f61 P 9e16f88e58b049fc9efe09a025ded7c8: Time spent starting tablet: real 0.005s	user 0.007s	sys 0.000s
I20260812 08:00:14.863937 24368 ts_manager.cc:194] Re-registered known tserver with Master: 9e16f88e58b049fc9efe09a025ded7c8 (127.20.43.71:40829)
I20260812 08:00:14.864845 24368 master_service.cc:502] Signed X509 certificate for tserver {username='slave'} at 127.20.43.71:34997
I20260812 08:00:14.866569 26985 heartbeater.cc:499] Master 127.20.43.126:45653 was elected leader, sending a full tablet report...
I20260812 08:00:14.869050 20653 test_workload.cc:405] TestWorkload: Skipping table creation because table rebalance_test_table_0 already exists
I20260812 08:00:14.879874 20653 test_workload.cc:405] TestWorkload: Skipping table creation because table rebalance_test_table_1 already exists
I20260812 08:00:14.893885 20653 test_workload.cc:405] TestWorkload: Skipping table creation because table rebalance_test_table_2 already exists
W20260812 08:00:14.916601 26801 tablet.cc:2406] T 4e125f86589547e180da6e505d431f61 P 7d25ee1bcc1f421da09f734e2d7c0571: Can't schedule compaction. Clean time has not been advanced past its initial value.
I20260812 08:00:14.921064 20653 test_workload.cc:405] TestWorkload: Skipping table creation because table rebalance_test_table_3 already exists
I20260812 08:00:14.954160 20653 test_workload.cc:405] TestWorkload: Skipping table creation because table rebalance_test_table_4 already exists
W20260812 08:00:15.102463 26987 tablet.cc:2406] T 4e125f86589547e180da6e505d431f61 P 9e16f88e58b049fc9efe09a025ded7c8: Can't schedule compaction. Clean time has not been advanced past its initial value.
I20260812 08:00:15.764900 26697 tablet_service.cc:1467] Tablet server has 0 leaders and 0 scanners
I20260812 08:00:15.806828 26896 tablet_service.cc:1467] Tablet server has 0 leaders and 0 scanners
I20260812 08:00:15.818164 26489 tablet_service.cc:1467] Tablet server has 0 leaders and 0 scanners
I20260812 08:00:15.820436 27237 raft_consensus.cc:493] T 4e125f86589547e180da6e505d431f61 P 519546dcc5d34aada4e8191fab30c1a3 [term 1 FOLLOWER]: Starting pre-election (no leader contacted us within the election timeout)
I20260812 08:00:15.820694 27237 raft_consensus.cc:515] T 4e125f86589547e180da6e505d431f61 P 519546dcc5d34aada4e8191fab30c1a3 [term 1 FOLLOWER]: Starting pre-election with config: opid_index: -1 OBSOLETE_local: false peers { permanent_uuid: "7d25ee1bcc1f421da09f734e2d7c0571" member_type: VOTER last_known_addr { host: "127.20.43.70" port: 42843 } } peers { permanent_uuid: "9e16f88e58b049fc9efe09a025ded7c8" member_type: VOTER last_known_addr { host: "127.20.43.71" port: 40829 } } peers { permanent_uuid: "519546dcc5d34aada4e8191fab30c1a3" member_type: VOTER last_known_addr { host: "127.20.43.69" port: 41349 } }
I20260812 08:00:15.823333 24546 tablet_service.cc:1467] Tablet server has 1 leaders and 0 scanners
I20260812 08:00:15.830447 24962 tablet_service.cc:1467] Tablet server has 4 leaders and 0 scanners
I20260812 08:00:15.839973 25139 tablet_service.cc:1467] Tablet server has 5 leaders and 0 scanners
I20260812 08:00:15.854238 27237 leader_election.cc:290] T 4e125f86589547e180da6e505d431f61 P 519546dcc5d34aada4e8191fab30c1a3 [CANDIDATE]: Term 2 pre-election: Requested pre-vote from peers 7d25ee1bcc1f421da09f734e2d7c0571 (127.20.43.70:42843), 9e16f88e58b049fc9efe09a025ded7c8 (127.20.43.71:40829)
I20260812 08:00:15.863981 26723 tablet_service.cc:1917] Received RequestConsensusVote() RPC: tablet_id: "4e125f86589547e180da6e505d431f61" candidate_uuid: "519546dcc5d34aada4e8191fab30c1a3" candidate_term: 2 candidate_status { last_received { term: 0 index: 0 } } ignore_live_leader: false dest_uuid: "7d25ee1bcc1f421da09f734e2d7c0571" is_pre_election: true
I20260812 08:00:15.871461 26723 raft_consensus.cc:2410] T 4e125f86589547e180da6e505d431f61 P 7d25ee1bcc1f421da09f734e2d7c0571 [term 1 FOLLOWER]: Leader pre-election vote request: Denying vote to candidate 519546dcc5d34aada4e8191fab30c1a3 for term 2 because replica has last-logged OpId of term: 1 index: 1, which is greater than that of the candidate, which has last-logged OpId of term: 0 index: 0.
I20260812 08:00:15.884997 24767 tablet_service.cc:1467] Tablet server has 5 leaders and 0 scanners
I20260812 08:00:15.893677 26924 tablet_service.cc:1917] Received RequestConsensusVote() RPC: tablet_id: "4e125f86589547e180da6e505d431f61" candidate_uuid: "519546dcc5d34aada4e8191fab30c1a3" candidate_term: 2 candidate_status { last_received { term: 0 index: 0 } } ignore_live_leader: false dest_uuid: "9e16f88e58b049fc9efe09a025ded7c8" is_pre_election: true
I20260812 08:00:15.894063 26924 raft_consensus.cc:2468] T 4e125f86589547e180da6e505d431f61 P 9e16f88e58b049fc9efe09a025ded7c8 [term 1 FOLLOWER]: Leader pre-election vote request: Granting yes vote for candidate 519546dcc5d34aada4e8191fab30c1a3 in term 1.
I20260812 08:00:15.894636 26413 leader_election.cc:304] T 4e125f86589547e180da6e505d431f61 P 519546dcc5d34aada4e8191fab30c1a3 [CANDIDATE]: Term 2 pre-election: Election decided. Result: candidate won. Election summary: received 3 responses out of 3 voters: 2 yes votes; 1 no votes. yes voters: 519546dcc5d34aada4e8191fab30c1a3, 9e16f88e58b049fc9efe09a025ded7c8; no voters: 7d25ee1bcc1f421da09f734e2d7c0571
I20260812 08:00:15.895221 27237 raft_consensus.cc:2804] T 4e125f86589547e180da6e505d431f61 P 519546dcc5d34aada4e8191fab30c1a3 [term 1 FOLLOWER]: Leader pre-election won for term 2
I20260812 08:00:15.895308 27237 raft_consensus.cc:493] T 4e125f86589547e180da6e505d431f61 P 519546dcc5d34aada4e8191fab30c1a3 [term 1 FOLLOWER]: Starting leader election (no leader contacted us within the election timeout)
I20260812 08:00:15.895357 27237 raft_consensus.cc:3060] T 4e125f86589547e180da6e505d431f61 P 519546dcc5d34aada4e8191fab30c1a3 [term 1 FOLLOWER]: Advancing to term 2
I20260812 08:00:15.897994 27237 raft_consensus.cc:515] T 4e125f86589547e180da6e505d431f61 P 519546dcc5d34aada4e8191fab30c1a3 [term 2 FOLLOWER]: Starting leader election with config: opid_index: -1 OBSOLETE_local: false peers { permanent_uuid: "7d25ee1bcc1f421da09f734e2d7c0571" member_type: VOTER last_known_addr { host: "127.20.43.70" port: 42843 } } peers { permanent_uuid: "9e16f88e58b049fc9efe09a025ded7c8" member_type: VOTER last_known_addr { host: "127.20.43.71" port: 40829 } } peers { permanent_uuid: "519546dcc5d34aada4e8191fab30c1a3" member_type: VOTER last_known_addr { host: "127.20.43.69" port: 41349 } }
I20260812 08:00:15.898365 27237 leader_election.cc:290] T 4e125f86589547e180da6e505d431f61 P 519546dcc5d34aada4e8191fab30c1a3 [CANDIDATE]: Term 2 election: Requested vote from peers 7d25ee1bcc1f421da09f734e2d7c0571 (127.20.43.70:42843), 9e16f88e58b049fc9efe09a025ded7c8 (127.20.43.71:40829)
I20260812 08:00:15.899030 26723 tablet_service.cc:1917] Received RequestConsensusVote() RPC: tablet_id: "4e125f86589547e180da6e505d431f61" candidate_uuid: "519546dcc5d34aada4e8191fab30c1a3" candidate_term: 2 candidate_status { last_received { term: 0 index: 0 } } ignore_live_leader: false dest_uuid: "7d25ee1bcc1f421da09f734e2d7c0571"
I20260812 08:00:15.899175 26723 raft_consensus.cc:3060] T 4e125f86589547e180da6e505d431f61 P 7d25ee1bcc1f421da09f734e2d7c0571 [term 1 FOLLOWER]: Advancing to term 2
I20260812 08:00:15.901262 26723 raft_consensus.cc:2410] T 4e125f86589547e180da6e505d431f61 P 7d25ee1bcc1f421da09f734e2d7c0571 [term 2 FOLLOWER]: Leader election vote request: Denying vote to candidate 519546dcc5d34aada4e8191fab30c1a3 for term 2 because replica has last-logged OpId of term: 1 index: 1, which is greater than that of the candidate, which has last-logged OpId of term: 0 index: 0.
I20260812 08:00:15.901834 26924 tablet_service.cc:1917] Received RequestConsensusVote() RPC: tablet_id: "4e125f86589547e180da6e505d431f61" candidate_uuid: "519546dcc5d34aada4e8191fab30c1a3" candidate_term: 2 candidate_status { last_received { term: 0 index: 0 } } ignore_live_leader: false dest_uuid: "9e16f88e58b049fc9efe09a025ded7c8"
I20260812 08:00:15.901976 26924 raft_consensus.cc:3060] T 4e125f86589547e180da6e505d431f61 P 9e16f88e58b049fc9efe09a025ded7c8 [term 1 FOLLOWER]: Advancing to term 2
I20260812 08:00:15.903777 26924 raft_consensus.cc:2468] T 4e125f86589547e180da6e505d431f61 P 9e16f88e58b049fc9efe09a025ded7c8 [term 2 FOLLOWER]: Leader election vote request: Granting yes vote for candidate 519546dcc5d34aada4e8191fab30c1a3 in term 2.
I20260812 08:00:15.904239 26413 leader_election.cc:304] T 4e125f86589547e180da6e505d431f61 P 519546dcc5d34aada4e8191fab30c1a3 [CANDIDATE]: Term 2 election: Election decided. Result: candidate won. Election summary: received 2 responses out of 3 voters: 2 yes votes; 0 no votes. yes voters: 519546dcc5d34aada4e8191fab30c1a3, 9e16f88e58b049fc9efe09a025ded7c8; no voters: 
I20260812 08:00:15.904851 27237 raft_consensus.cc:2804] T 4e125f86589547e180da6e505d431f61 P 519546dcc5d34aada4e8191fab30c1a3 [term 2 FOLLOWER]: Leader election won for term 2
I20260812 08:00:15.905167 27237 raft_consensus.cc:697] T 4e125f86589547e180da6e505d431f61 P 519546dcc5d34aada4e8191fab30c1a3 [term 2 LEADER]: Becoming Leader. State: Replica: 519546dcc5d34aada4e8191fab30c1a3, State: Running, Role: LEADER
I20260812 08:00:15.905818 27237 consensus_queue.cc:237] T 4e125f86589547e180da6e505d431f61 P 519546dcc5d34aada4e8191fab30c1a3 [LEADER]: Queue going to LEADER mode. State: All replicated index: 0, Majority replicated index: 0, Committed index: 0, Last appended: 0.0, Last appended by leader: 0, Current term: 2, Majority size: 2, State: 0, Mode: LEADER, active raft config: opid_index: -1 OBSOLETE_local: false peers { permanent_uuid: "7d25ee1bcc1f421da09f734e2d7c0571" member_type: VOTER last_known_addr { host: "127.20.43.70" port: 42843 } } peers { permanent_uuid: "9e16f88e58b049fc9efe09a025ded7c8" member_type: VOTER last_known_addr { host: "127.20.43.71" port: 40829 } } peers { permanent_uuid: "519546dcc5d34aada4e8191fab30c1a3" member_type: VOTER last_known_addr { host: "127.20.43.69" port: 41349 } }
I20260812 08:00:15.909258 24366 catalog_manager.cc:5719] T 4e125f86589547e180da6e505d431f61 P 519546dcc5d34aada4e8191fab30c1a3 reported cstate change: term changed from 1 to 2, leader changed from 7d25ee1bcc1f421da09f734e2d7c0571 (127.20.43.70) to 519546dcc5d34aada4e8191fab30c1a3 (127.20.43.69). New cstate: current_term: 2 leader_uuid: "519546dcc5d34aada4e8191fab30c1a3" committed_config { opid_index: -1 OBSOLETE_local: false peers { permanent_uuid: "7d25ee1bcc1f421da09f734e2d7c0571" member_type: VOTER last_known_addr { host: "127.20.43.70" port: 42843 } } peers { permanent_uuid: "9e16f88e58b049fc9efe09a025ded7c8" member_type: VOTER last_known_addr { host: "127.20.43.71" port: 40829 } } peers { permanent_uuid: "519546dcc5d34aada4e8191fab30c1a3" member_type: VOTER last_known_addr { host: "127.20.43.69" port: 41349 } } }
I20260812 08:00:16.035426 27258 raft_consensus.cc:493] T 4e125f86589547e180da6e505d431f61 P 7d25ee1bcc1f421da09f734e2d7c0571 [term 2 FOLLOWER]: Starting pre-election (no leader contacted us within the election timeout)
I20260812 08:00:16.036093 27258 raft_consensus.cc:515] T 4e125f86589547e180da6e505d431f61 P 7d25ee1bcc1f421da09f734e2d7c0571 [term 2 FOLLOWER]: Starting pre-election with config: opid_index: -1 OBSOLETE_local: false peers { permanent_uuid: "7d25ee1bcc1f421da09f734e2d7c0571" member_type: VOTER last_known_addr { host: "127.20.43.70" port: 42843 } } peers { permanent_uuid: "9e16f88e58b049fc9efe09a025ded7c8" member_type: VOTER last_known_addr { host: "127.20.43.71" port: 40829 } } peers { permanent_uuid: "519546dcc5d34aada4e8191fab30c1a3" member_type: VOTER last_known_addr { host: "127.20.43.69" port: 41349 } }
I20260812 08:00:16.045843 26924 tablet_service.cc:1917] Received RequestConsensusVote() RPC: tablet_id: "4e125f86589547e180da6e505d431f61" candidate_uuid: "7d25ee1bcc1f421da09f734e2d7c0571" candidate_term: 3 candidate_status { last_received { term: 1 index: 1 } } ignore_live_leader: false dest_uuid: "9e16f88e58b049fc9efe09a025ded7c8" is_pre_election: true
I20260812 08:00:16.046023 26924 raft_consensus.cc:2468] T 4e125f86589547e180da6e505d431f61 P 9e16f88e58b049fc9efe09a025ded7c8 [term 2 FOLLOWER]: Leader pre-election vote request: Granting yes vote for candidate 7d25ee1bcc1f421da09f734e2d7c0571 in term 2.
I20260812 08:00:16.046535 26626 leader_election.cc:304] T 4e125f86589547e180da6e505d431f61 P 7d25ee1bcc1f421da09f734e2d7c0571 [CANDIDATE]: Term 3 pre-election: Election decided. Result: candidate won. Election summary: received 2 responses out of 3 voters: 2 yes votes; 0 no votes. yes voters: 7d25ee1bcc1f421da09f734e2d7c0571, 9e16f88e58b049fc9efe09a025ded7c8; no voters: 
I20260812 08:00:16.050238 27258 leader_election.cc:290] T 4e125f86589547e180da6e505d431f61 P 7d25ee1bcc1f421da09f734e2d7c0571 [CANDIDATE]: Term 3 pre-election: Requested pre-vote from peers 9e16f88e58b049fc9efe09a025ded7c8 (127.20.43.71:40829), 519546dcc5d34aada4e8191fab30c1a3 (127.20.43.69:41349)
I20260812 08:00:16.052742 27258 raft_consensus.cc:2804] T 4e125f86589547e180da6e505d431f61 P 7d25ee1bcc1f421da09f734e2d7c0571 [term 2 FOLLOWER]: Leader pre-election won for term 3
I20260812 08:00:16.054366 27258 raft_consensus.cc:493] T 4e125f86589547e180da6e505d431f61 P 7d25ee1bcc1f421da09f734e2d7c0571 [term 2 FOLLOWER]: Starting leader election (no leader contacted us within the election timeout)
I20260812 08:00:16.055920 27258 raft_consensus.cc:3060] T 4e125f86589547e180da6e505d431f61 P 7d25ee1bcc1f421da09f734e2d7c0571 [term 2 FOLLOWER]: Advancing to term 3
I20260812 08:00:16.057621 27258 raft_consensus.cc:515] T 4e125f86589547e180da6e505d431f61 P 7d25ee1bcc1f421da09f734e2d7c0571 [term 3 FOLLOWER]: Starting leader election with config: opid_index: -1 OBSOLETE_local: false peers { permanent_uuid: "7d25ee1bcc1f421da09f734e2d7c0571" member_type: VOTER last_known_addr { host: "127.20.43.70" port: 42843 } } peers { permanent_uuid: "9e16f88e58b049fc9efe09a025ded7c8" member_type: VOTER last_known_addr { host: "127.20.43.71" port: 40829 } } peers { permanent_uuid: "519546dcc5d34aada4e8191fab30c1a3" member_type: VOTER last_known_addr { host: "127.20.43.69" port: 41349 } }
I20260812 08:00:16.058446 26924 tablet_service.cc:1917] Received RequestConsensusVote() RPC: tablet_id: "4e125f86589547e180da6e505d431f61" candidate_uuid: "7d25ee1bcc1f421da09f734e2d7c0571" candidate_term: 3 candidate_status { last_received { term: 1 index: 1 } } ignore_live_leader: false dest_uuid: "9e16f88e58b049fc9efe09a025ded7c8"
I20260812 08:00:16.058597 26924 raft_consensus.cc:3060] T 4e125f86589547e180da6e505d431f61 P 9e16f88e58b049fc9efe09a025ded7c8 [term 2 FOLLOWER]: Advancing to term 3
I20260812 08:00:16.059703 26924 raft_consensus.cc:2468] T 4e125f86589547e180da6e505d431f61 P 9e16f88e58b049fc9efe09a025ded7c8 [term 3 FOLLOWER]: Leader election vote request: Granting yes vote for candidate 7d25ee1bcc1f421da09f734e2d7c0571 in term 3.
I20260812 08:00:16.060072 26626 leader_election.cc:304] T 4e125f86589547e180da6e505d431f61 P 7d25ee1bcc1f421da09f734e2d7c0571 [CANDIDATE]: Term 3 election: Election decided. Result: candidate won. Election summary: received 2 responses out of 3 voters: 2 yes votes; 0 no votes. yes voters: 7d25ee1bcc1f421da09f734e2d7c0571, 9e16f88e58b049fc9efe09a025ded7c8; no voters: 
I20260812 08:00:16.062712 27262 raft_consensus.cc:2804] T 4e125f86589547e180da6e505d431f61 P 7d25ee1bcc1f421da09f734e2d7c0571 [term 3 FOLLOWER]: Leader election won for term 3
I20260812 08:00:16.063273 27262 raft_consensus.cc:697] T 4e125f86589547e180da6e505d431f61 P 7d25ee1bcc1f421da09f734e2d7c0571 [term 3 LEADER]: Becoming Leader. State: Replica: 7d25ee1bcc1f421da09f734e2d7c0571, State: Running, Role: LEADER
I20260812 08:00:16.063725 27262 consensus_queue.cc:237] T 4e125f86589547e180da6e505d431f61 P 7d25ee1bcc1f421da09f734e2d7c0571 [LEADER]: Queue going to LEADER mode. State: All replicated index: 0, Majority replicated index: 0, Committed index: 0, Last appended: 1.1, Last appended by leader: 1, Current term: 3, Majority size: 2, State: 0, Mode: LEADER, active raft config: opid_index: -1 OBSOLETE_local: false peers { permanent_uuid: "7d25ee1bcc1f421da09f734e2d7c0571" member_type: VOTER last_known_addr { host: "127.20.43.70" port: 42843 } } peers { permanent_uuid: "9e16f88e58b049fc9efe09a025ded7c8" member_type: VOTER last_known_addr { host: "127.20.43.71" port: 40829 } } peers { permanent_uuid: "519546dcc5d34aada4e8191fab30c1a3" member_type: VOTER last_known_addr { host: "127.20.43.69" port: 41349 } }
I20260812 08:00:16.072067 27258 leader_election.cc:290] T 4e125f86589547e180da6e505d431f61 P 7d25ee1bcc1f421da09f734e2d7c0571 [CANDIDATE]: Term 3 election: Requested vote from peers 9e16f88e58b049fc9efe09a025ded7c8 (127.20.43.71:40829), 519546dcc5d34aada4e8191fab30c1a3 (127.20.43.69:41349)
I20260812 08:00:16.071998 24366 catalog_manager.cc:5719] T 4e125f86589547e180da6e505d431f61 P 7d25ee1bcc1f421da09f734e2d7c0571 reported cstate change: term changed from 2 to 3, leader changed from 519546dcc5d34aada4e8191fab30c1a3 (127.20.43.69) to 7d25ee1bcc1f421da09f734e2d7c0571 (127.20.43.70). New cstate: current_term: 3 leader_uuid: "7d25ee1bcc1f421da09f734e2d7c0571" committed_config { opid_index: -1 OBSOLETE_local: false peers { permanent_uuid: "7d25ee1bcc1f421da09f734e2d7c0571" member_type: VOTER last_known_addr { host: "127.20.43.70" port: 42843 } } peers { permanent_uuid: "9e16f88e58b049fc9efe09a025ded7c8" member_type: VOTER last_known_addr { host: "127.20.43.71" port: 40829 } } peers { permanent_uuid: "519546dcc5d34aada4e8191fab30c1a3" member_type: VOTER last_known_addr { host: "127.20.43.69" port: 41349 } } }
I20260812 08:00:16.087785 26519 tablet_service.cc:1917] Received RequestConsensusVote() RPC: tablet_id: "4e125f86589547e180da6e505d431f61" candidate_uuid: "7d25ee1bcc1f421da09f734e2d7c0571" candidate_term: 3 candidate_status { last_received { term: 1 index: 1 } } ignore_live_leader: false dest_uuid: "519546dcc5d34aada4e8191fab30c1a3"
I20260812 08:00:16.088383 26521 tablet_service.cc:1917] Received RequestConsensusVote() RPC: tablet_id: "4e125f86589547e180da6e505d431f61" candidate_uuid: "7d25ee1bcc1f421da09f734e2d7c0571" candidate_term: 3 candidate_status { last_received { term: 1 index: 1 } } ignore_live_leader: false dest_uuid: "519546dcc5d34aada4e8191fab30c1a3" is_pre_election: true
I20260812 08:00:16.370011 26697 tablet_service.cc:1467] Tablet server has 1 leaders and 0 scanners
I20260812 08:00:16.379307 26489 tablet_service.cc:1467] Tablet server has 1 leaders and 0 scanners
I20260812 08:00:16.381040 26723 raft_consensus.cc:1240] T 4e125f86589547e180da6e505d431f61 P 7d25ee1bcc1f421da09f734e2d7c0571 [term 3 LEADER]: Rejecting Update request from peer 519546dcc5d34aada4e8191fab30c1a3 for earlier term 2. Current term is 3. Ops: []
I20260812 08:00:16.382627 27245 consensus_queue.cc:1059] T 4e125f86589547e180da6e505d431f61 P 519546dcc5d34aada4e8191fab30c1a3 [LEADER]: Peer responded invalid term: Peer: permanent_uuid: "7d25ee1bcc1f421da09f734e2d7c0571" member_type: VOTER last_known_addr { host: "127.20.43.70" port: 42843 }, Status: INVALID_TERM, Last received: 0.0, Next index: 1, Last known committed idx: 0, Time since last communication: 0.000s
I20260812 08:00:16.382860 27245 consensus_queue.cc:1243] T 4e125f86589547e180da6e505d431f61 P 519546dcc5d34aada4e8191fab30c1a3 [LEADER]: Peer 7d25ee1bcc1f421da09f734e2d7c0571 log is divergent from this leader: its last log entry 3.2 is not in this leader's log and it has not received anything from this leader yet. Falling back to committed index 0
I20260812 08:00:16.383019 27245 raft_consensus.cc:3055] T 4e125f86589547e180da6e505d431f61 P 519546dcc5d34aada4e8191fab30c1a3 [term 2 LEADER]: Stepping down as leader of term 2
I20260812 08:00:16.383067 27245 raft_consensus.cc:740] T 4e125f86589547e180da6e505d431f61 P 519546dcc5d34aada4e8191fab30c1a3 [term 2 LEADER]: Becoming Follower/Learner. State: Replica: 519546dcc5d34aada4e8191fab30c1a3, State: Running, Role: LEADER
I20260812 08:00:16.383244 27245 consensus_queue.cc:260] T 4e125f86589547e180da6e505d431f61 P 519546dcc5d34aada4e8191fab30c1a3 [NON_LEADER]: Queue going to NON_LEADER mode. State: All replicated index: 0, Majority replicated index: 0, Committed index: 0, Last appended: 2.1, Last appended by leader: 1, Current term: 2, Majority size: -1, State: 0, Mode: NON_LEADER, active raft config: opid_index: -1 OBSOLETE_local: false peers { permanent_uuid: "7d25ee1bcc1f421da09f734e2d7c0571" member_type: VOTER last_known_addr { host: "127.20.43.70" port: 42843 } } peers { permanent_uuid: "9e16f88e58b049fc9efe09a025ded7c8" member_type: VOTER last_known_addr { host: "127.20.43.71" port: 40829 } } peers { permanent_uuid: "519546dcc5d34aada4e8191fab30c1a3" member_type: VOTER last_known_addr { host: "127.20.43.69" port: 41349 } }
I20260812 08:00:16.383522 27245 raft_consensus.cc:3060] T 4e125f86589547e180da6e505d431f61 P 519546dcc5d34aada4e8191fab30c1a3 [term 2 FOLLOWER]: Advancing to term 3
I20260812 08:00:16.425719 26896 tablet_service.cc:1467] Tablet server has 0 leaders and 0 scanners
I20260812 08:00:16.434820 24767 tablet_service.cc:1467] Tablet server has 5 leaders and 0 scanners
I20260812 08:00:16.437206 24962 tablet_service.cc:1467] Tablet server has 4 leaders and 0 scanners
I20260812 08:00:16.444147 24546 tablet_service.cc:1467] Tablet server has 1 leaders and 0 scanners
I20260812 08:00:16.459124 25139 tablet_service.cc:1467] Tablet server has 5 leaders and 0 scanners
I20260812 08:00:16.556593 26924 raft_consensus.cc:1275] T 4e125f86589547e180da6e505d431f61 P 9e16f88e58b049fc9efe09a025ded7c8 [term 3 FOLLOWER]: Refusing update from remote peer 7d25ee1bcc1f421da09f734e2d7c0571: Log matching property violated. Preceding OpId in replica: term: 0 index: 0. Preceding OpId from leader: term: 3 index: 2. (index mismatch)
I20260812 08:00:16.557607 27269 consensus_queue.cc:1048] T 4e125f86589547e180da6e505d431f61 P 7d25ee1bcc1f421da09f734e2d7c0571 [LEADER]: Connected to new peer: Peer: permanent_uuid: "9e16f88e58b049fc9efe09a025ded7c8" member_type: VOTER last_known_addr { host: "127.20.43.71" port: 40829 }, Status: LMP_MISMATCH, Last received: 0.0, Next index: 2, Last known committed idx: 0, Time since last communication: 0.000s
I20260812 08:00:16.580644 26521 raft_consensus.cc:1275] T 4e125f86589547e180da6e505d431f61 P 519546dcc5d34aada4e8191fab30c1a3 [term 3 FOLLOWER]: Refusing update from remote peer 7d25ee1bcc1f421da09f734e2d7c0571: Log matching property violated. Preceding OpId in replica: term: 2 index: 1. Preceding OpId from leader: term: 3 index: 2. (index mismatch)
I20260812 08:00:16.581331 27269 consensus_queue.cc:1048] T 4e125f86589547e180da6e505d431f61 P 7d25ee1bcc1f421da09f734e2d7c0571 [LEADER]: Connected to new peer: Peer: permanent_uuid: "519546dcc5d34aada4e8191fab30c1a3" member_type: VOTER last_known_addr { host: "127.20.43.69" port: 41349 }, Status: LMP_MISMATCH, Last received: 0.0, Next index: 2, Last known committed idx: 0, Time since last communication: 0.000s
I20260812 08:00:16.581501 27269 consensus_queue.cc:1243] T 4e125f86589547e180da6e505d431f61 P 7d25ee1bcc1f421da09f734e2d7c0571 [LEADER]: Peer 519546dcc5d34aada4e8191fab30c1a3 log is divergent from this leader: its last log entry 2.1 is not in this leader's log and it has not received anything from this leader yet. Falling back to committed index 0
I20260812 08:00:16.582413 26521 pending_rounds.cc:85] T 4e125f86589547e180da6e505d431f61 P 519546dcc5d34aada4e8191fab30c1a3: Aborting all ops after (but not including) 0
I20260812 08:00:16.582499 26521 pending_rounds.cc:107] T 4e125f86589547e180da6e505d431f61 P 519546dcc5d34aada4e8191fab30c1a3: Aborting uncommitted NO_OP operation due to leader change: 2.1
I20260812 08:00:16.582563 26521 raft_consensus.cc:2889] T 4e125f86589547e180da6e505d431f61 P 519546dcc5d34aada4e8191fab30c1a3 [term 3 FOLLOWER]: NO_OP replication failed: Aborted: Op aborted by new leader
I20260812 08:00:16.725646 25162 consensus_queue.cc:237] T ef6bf9e5a90c42788f26ac9c34ee9a29 P ed5db775dff648a28caf60c04d5337f5 [LEADER]: Queue going to LEADER mode. State: All replicated index: 0, Majority replicated index: 38, Committed index: 38, Last appended: 1.38, Last appended by leader: 0, Current term: 1, Majority size: 3, State: 0, Mode: LEADER, active raft config: opid_index: 39 OBSOLETE_local: false peers { permanent_uuid: "ed5db775dff648a28caf60c04d5337f5" member_type: VOTER last_known_addr { host: "127.20.43.68" port: 34731 } } peers { permanent_uuid: "3dbdece3c23a4bae8cf5fa3246b70b98" member_type: VOTER last_known_addr { host: "127.20.43.66" port: 41015 } } peers { permanent_uuid: "10eb94083d0040b1835ba5750ee1d765" member_type: VOTER last_known_addr { host: "127.20.43.67" port: 33237 } } peers { permanent_uuid: "7d25ee1bcc1f421da09f734e2d7c0571" member_type: VOTER last_known_addr { host: "127.20.43.70" port: 42843 } }
I20260812 08:00:16.727375 24991 raft_consensus.cc:1275] T ef6bf9e5a90c42788f26ac9c34ee9a29 P 10eb94083d0040b1835ba5750ee1d765 [term 1 FOLLOWER]: Refusing update from remote peer ed5db775dff648a28caf60c04d5337f5: Log matching property violated. Preceding OpId in replica: term: 1 index: 38. Preceding OpId from leader: term: 1 index: 39. (index mismatch)
I20260812 08:00:16.728524 27160 consensus_queue.cc:1048] T ef6bf9e5a90c42788f26ac9c34ee9a29 P ed5db775dff648a28caf60c04d5337f5 [LEADER]: Connected to new peer: Peer: permanent_uuid: "10eb94083d0040b1835ba5750ee1d765" member_type: VOTER last_known_addr { host: "127.20.43.67" port: 33237 }, Status: LMP_MISMATCH, Last received: 0.0, Next index: 39, Last known committed idx: 38, Time since last communication: 0.000s
I20260812 08:00:16.738245 24798 raft_consensus.cc:1275] T ef6bf9e5a90c42788f26ac9c34ee9a29 P 3dbdece3c23a4bae8cf5fa3246b70b98 [term 1 FOLLOWER]: Refusing update from remote peer ed5db775dff648a28caf60c04d5337f5: Log matching property violated. Preceding OpId in replica: term: 1 index: 38. Preceding OpId from leader: term: 1 index: 39. (index mismatch)
I20260812 08:00:16.751904 27155 consensus_queue.cc:1048] T ef6bf9e5a90c42788f26ac9c34ee9a29 P ed5db775dff648a28caf60c04d5337f5 [LEADER]: Connected to new peer: Peer: permanent_uuid: "3dbdece3c23a4bae8cf5fa3246b70b98" member_type: VOTER last_known_addr { host: "127.20.43.66" port: 41015 }, Status: LMP_MISMATCH, Last received: 0.0, Next index: 39, Last known committed idx: 38, Time since last communication: 0.000s
W20260812 08:00:16.766069 25077 consensus_peers.cc:597] T ef6bf9e5a90c42788f26ac9c34ee9a29 P ed5db775dff648a28caf60c04d5337f5 -> Peer 7d25ee1bcc1f421da09f734e2d7c0571 (127.20.43.70:42843): Couldn't send request to peer 7d25ee1bcc1f421da09f734e2d7c0571. Error code: TABLET_NOT_FOUND (6). Status: Not found: Tablet not found: ef6bf9e5a90c42788f26ac9c34ee9a29. This is attempt 1: this message will repeat every 5th retry.
I20260812 08:00:16.780928 27155 raft_consensus.cc:2955] T ef6bf9e5a90c42788f26ac9c34ee9a29 P ed5db775dff648a28caf60c04d5337f5 [term 1 LEADER]: Committing config change with OpId 1.39: config changed from index -1 to 39, VOTER 7d25ee1bcc1f421da09f734e2d7c0571 (127.20.43.70) added. New config: { opid_index: 39 OBSOLETE_local: false peers { permanent_uuid: "ed5db775dff648a28caf60c04d5337f5" member_type: VOTER last_known_addr { host: "127.20.43.68" port: 34731 } } peers { permanent_uuid: "3dbdece3c23a4bae8cf5fa3246b70b98" member_type: VOTER last_known_addr { host: "127.20.43.66" port: 41015 } } peers { permanent_uuid: "10eb94083d0040b1835ba5750ee1d765" member_type: VOTER last_known_addr { host: "127.20.43.67" port: 33237 } } peers { permanent_uuid: "7d25ee1bcc1f421da09f734e2d7c0571" member_type: VOTER last_known_addr { host: "127.20.43.70" port: 42843 } } }
