I20260812 08:01:10.135385  3321 consensus_queue.cc:260] T c714ddc172e441729e160427da032b41 P 12695d6c75f74b1f9e6f1542cb6a7255 [NON_LEADER]: Queue going to NON_LEADER mode. State: All replicated index: 0, Majority replicated index: 0, Committed index: 0, Last appended: 0.0, Last appended by leader: 0, Current term: 0, Majority size: -1, State: 0, Mode: NON_LEADER, active raft config: opid_index: -1 OBSOLETE_local: false peers { permanent_uuid: "12695d6c75f74b1f9e6f1542cb6a7255" member_type: VOTER last_known_addr { host: "127.20.43.66" port: 35225 } } peers { permanent_uuid: "1ef4632f87294dd797cd682ccca1fb05" member_type: VOTER last_known_addr { host: "127.20.43.68" port: 44813 } } peers { permanent_uuid: "1583ecee03ad4a419a90084b4340d4ed" member_type: VOTER last_known_addr { host: "127.20.43.67" port: 41941 } }
I20260812 08:01:10.135739  3318 tablet_bootstrap.cc:492] T fb5f0910f2404ba5a705f76575be8888 P 1583ecee03ad4a419a90084b4340d4ed: No bootstrap required, opened a new log
I20260812 08:01:10.135828  3318 ts_tablet_manager.cc:1403] T fb5f0910f2404ba5a705f76575be8888 P 1583ecee03ad4a419a90084b4340d4ed: Time spent bootstrapping tablet: real 0.002s	user 0.000s	sys 0.002s
I20260812 08:01:10.136173  3321 ts_tablet_manager.cc:1434] T c714ddc172e441729e160427da032b41 P 12695d6c75f74b1f9e6f1542cb6a7255: Time spent starting tablet: real 0.002s	user 0.001s	sys 0.000s
I20260812 08:01:10.136252  3318 raft_consensus.cc:359] T fb5f0910f2404ba5a705f76575be8888 P 1583ecee03ad4a419a90084b4340d4ed [term 0 FOLLOWER]: Replica starting. Triggering 0 pending ops. Active config: opid_index: -1 OBSOLETE_local: false peers { permanent_uuid: "1583ecee03ad4a419a90084b4340d4ed" member_type: VOTER last_known_addr { host: "127.20.43.67" port: 41941 } } peers { permanent_uuid: "1ef4632f87294dd797cd682ccca1fb05" member_type: VOTER last_known_addr { host: "127.20.43.68" port: 44813 } } peers { permanent_uuid: "f2adc8fdff1a4536bf214baddbac0ae4" member_type: VOTER last_known_addr { host: "127.20.43.65" port: 41325 } }
I20260812 08:01:10.136375  3318 raft_consensus.cc:385] T fb5f0910f2404ba5a705f76575be8888 P 1583ecee03ad4a419a90084b4340d4ed [term 0 FOLLOWER]: Consensus starting up: Expiring failure detector timer to make a prompt election more likely
I20260812 08:01:10.136425  3318 raft_consensus.cc:740] T fb5f0910f2404ba5a705f76575be8888 P 1583ecee03ad4a419a90084b4340d4ed [term 0 FOLLOWER]: Becoming Follower/Learner. State: Replica: 1583ecee03ad4a419a90084b4340d4ed, State: Initialized, Role: FOLLOWER
I20260812 08:01:10.136554  3318 consensus_queue.cc:260] T fb5f0910f2404ba5a705f76575be8888 P 1583ecee03ad4a419a90084b4340d4ed [NON_LEADER]: Queue going to NON_LEADER mode. State: All replicated index: 0, Majority replicated index: 0, Committed index: 0, Last appended: 0.0, Last appended by leader: 0, Current term: 0, Majority size: -1, State: 0, Mode: NON_LEADER, active raft config: opid_index: -1 OBSOLETE_local: false peers { permanent_uuid: "1583ecee03ad4a419a90084b4340d4ed" member_type: VOTER last_known_addr { host: "127.20.43.67" port: 41941 } } peers { permanent_uuid: "1ef4632f87294dd797cd682ccca1fb05" member_type: VOTER last_known_addr { host: "127.20.43.68" port: 44813 } } peers { permanent_uuid: "f2adc8fdff1a4536bf214baddbac0ae4" member_type: VOTER last_known_addr { host: "127.20.43.65" port: 41325 } }
I20260812 08:01:10.136847  3318 ts_tablet_manager.cc:1434] T fb5f0910f2404ba5a705f76575be8888 P 1583ecee03ad4a419a90084b4340d4ed: Time spent starting tablet: real 0.001s	user 0.001s	sys 0.000s
I20260812 08:01:10.137276  3321 tablet_bootstrap.cc:492] T dcb078341a5f43a39718c229b0b91db3 P 12695d6c75f74b1f9e6f1542cb6a7255: Bootstrap starting.
I20260812 08:01:10.138464  3321 tablet_bootstrap.cc:654] T dcb078341a5f43a39718c229b0b91db3 P 12695d6c75f74b1f9e6f1542cb6a7255: Neither blocks nor log segments found. Creating new log.
I20260812 08:01:10.139794  3321 tablet_bootstrap.cc:492] T dcb078341a5f43a39718c229b0b91db3 P 12695d6c75f74b1f9e6f1542cb6a7255: No bootstrap required, opened a new log
I20260812 08:01:10.139897  3321 ts_tablet_manager.cc:1403] T dcb078341a5f43a39718c229b0b91db3 P 12695d6c75f74b1f9e6f1542cb6a7255: Time spent bootstrapping tablet: real 0.003s	user 0.002s	sys 0.000s
I20260812 08:01:10.140563  3321 raft_consensus.cc:359] T dcb078341a5f43a39718c229b0b91db3 P 12695d6c75f74b1f9e6f1542cb6a7255 [term 0 FOLLOWER]: Replica starting. Triggering 0 pending ops. Active config: opid_index: -1 OBSOLETE_local: false peers { permanent_uuid: "f2adc8fdff1a4536bf214baddbac0ae4" member_type: VOTER last_known_addr { host: "127.20.43.65" port: 41325 } } peers { permanent_uuid: "1583ecee03ad4a419a90084b4340d4ed" member_type: VOTER last_known_addr { host: "127.20.43.67" port: 41941 } } peers { permanent_uuid: "12695d6c75f74b1f9e6f1542cb6a7255" member_type: VOTER last_known_addr { host: "127.20.43.66" port: 35225 } }
I20260812 08:01:10.140655  3321 raft_consensus.cc:385] T dcb078341a5f43a39718c229b0b91db3 P 12695d6c75f74b1f9e6f1542cb6a7255 [term 0 FOLLOWER]: Consensus starting up: Expiring failure detector timer to make a prompt election more likely
I20260812 08:01:10.140722  3321 raft_consensus.cc:740] T dcb078341a5f43a39718c229b0b91db3 P 12695d6c75f74b1f9e6f1542cb6a7255 [term 0 FOLLOWER]: Becoming Follower/Learner. State: Replica: 12695d6c75f74b1f9e6f1542cb6a7255, State: Initialized, Role: FOLLOWER
I20260812 08:01:10.140868  3321 consensus_queue.cc:260] T dcb078341a5f43a39718c229b0b91db3 P 12695d6c75f74b1f9e6f1542cb6a7255 [NON_LEADER]: Queue going to NON_LEADER mode. State: All replicated index: 0, Majority replicated index: 0, Committed index: 0, Last appended: 0.0, Last appended by leader: 0, Current term: 0, Majority size: -1, State: 0, Mode: NON_LEADER, active raft config: opid_index: -1 OBSOLETE_local: false peers { permanent_uuid: "f2adc8fdff1a4536bf214baddbac0ae4" member_type: VOTER last_known_addr { host: "127.20.43.65" port: 41325 } } peers { permanent_uuid: "1583ecee03ad4a419a90084b4340d4ed" member_type: VOTER last_known_addr { host: "127.20.43.67" port: 41941 } } peers { permanent_uuid: "12695d6c75f74b1f9e6f1542cb6a7255" member_type: VOTER last_known_addr { host: "127.20.43.66" port: 35225 } }
I20260812 08:01:10.141208  3321 ts_tablet_manager.cc:1434] T dcb078341a5f43a39718c229b0b91db3 P 12695d6c75f74b1f9e6f1542cb6a7255: Time spent starting tablet: real 0.001s	user 0.000s	sys 0.000s
I20260812 08:01:10.146051  2475 raft_consensus.cc:493] T c714ddc172e441729e160427da032b41 P 1ef4632f87294dd797cd682ccca1fb05 [term 0 FOLLOWER]: Starting pre-election (no leader contacted us within the election timeout)
I20260812 08:01:10.146162  2475 raft_consensus.cc:515] T c714ddc172e441729e160427da032b41 P 1ef4632f87294dd797cd682ccca1fb05 [term 0 FOLLOWER]: Starting pre-election with config: opid_index: -1 OBSOLETE_local: false peers { permanent_uuid: "12695d6c75f74b1f9e6f1542cb6a7255" member_type: VOTER last_known_addr { host: "127.20.43.66" port: 35225 } } peers { permanent_uuid: "1ef4632f87294dd797cd682ccca1fb05" member_type: VOTER last_known_addr { host: "127.20.43.68" port: 44813 } } peers { permanent_uuid: "1583ecee03ad4a419a90084b4340d4ed" member_type: VOTER last_known_addr { host: "127.20.43.67" port: 41941 } }
I20260812 08:01:10.146517  2475 leader_election.cc:290] T c714ddc172e441729e160427da032b41 P 1ef4632f87294dd797cd682ccca1fb05 [CANDIDATE]: Term 1 pre-election: Requested pre-vote from peers 12695d6c75f74b1f9e6f1542cb6a7255 (127.20.43.66:35225), 1583ecee03ad4a419a90084b4340d4ed (127.20.43.67:41941)
I20260812 08:01:10.146859  1097 tablet_service.cc:1917] Received RequestConsensusVote() RPC: tablet_id: "c714ddc172e441729e160427da032b41" candidate_uuid: "1ef4632f87294dd797cd682ccca1fb05" candidate_term: 1 candidate_status { last_received { term: 0 index: 0 } } ignore_live_leader: false dest_uuid: "12695d6c75f74b1f9e6f1542cb6a7255" is_pre_election: true
I20260812 08:01:10.146996  1097 raft_consensus.cc:2468] T c714ddc172e441729e160427da032b41 P 12695d6c75f74b1f9e6f1542cb6a7255 [term 0 FOLLOWER]: Leader pre-election vote request: Granting yes vote for candidate 1ef4632f87294dd797cd682ccca1fb05 in term 0.
I20260812 08:01:10.147317  1420 leader_election.cc:304] T c714ddc172e441729e160427da032b41 P 1ef4632f87294dd797cd682ccca1fb05 [CANDIDATE]: Term 1 pre-election: Election decided. Result: candidate won. Election summary: received 2 responses out of 3 voters: 2 yes votes; 0 no votes. yes voters: 12695d6c75f74b1f9e6f1542cb6a7255, 1ef4632f87294dd797cd682ccca1fb05; no voters: 
I20260812 08:01:10.147302  1310 tablet_service.cc:1917] Received RequestConsensusVote() RPC: tablet_id: "c714ddc172e441729e160427da032b41" candidate_uuid: "1ef4632f87294dd797cd682ccca1fb05" candidate_term: 1 candidate_status { last_received { term: 0 index: 0 } } ignore_live_leader: false dest_uuid: "1583ecee03ad4a419a90084b4340d4ed" is_pre_election: true
I20260812 08:01:10.147447  1310 raft_consensus.cc:2468] T c714ddc172e441729e160427da032b41 P 1583ecee03ad4a419a90084b4340d4ed [term 0 FOLLOWER]: Leader pre-election vote request: Granting yes vote for candidate 1ef4632f87294dd797cd682ccca1fb05 in term 0.
I20260812 08:01:10.147509  2475 raft_consensus.cc:2804] T c714ddc172e441729e160427da032b41 P 1ef4632f87294dd797cd682ccca1fb05 [term 0 FOLLOWER]: Leader pre-election won for term 1
I20260812 08:01:10.147555  2475 raft_consensus.cc:493] T c714ddc172e441729e160427da032b41 P 1ef4632f87294dd797cd682ccca1fb05 [term 0 FOLLOWER]: Starting leader election (no leader contacted us within the election timeout)
I20260812 08:01:10.147605  2475 raft_consensus.cc:3060] T c714ddc172e441729e160427da032b41 P 1ef4632f87294dd797cd682ccca1fb05 [term 0 FOLLOWER]: Advancing to term 1
I20260812 08:01:10.148540  2475 raft_consensus.cc:515] T c714ddc172e441729e160427da032b41 P 1ef4632f87294dd797cd682ccca1fb05 [term 1 FOLLOWER]: Starting leader election with config: opid_index: -1 OBSOLETE_local: false peers { permanent_uuid: "12695d6c75f74b1f9e6f1542cb6a7255" member_type: VOTER last_known_addr { host: "127.20.43.66" port: 35225 } } peers { permanent_uuid: "1ef4632f87294dd797cd682ccca1fb05" member_type: VOTER last_known_addr { host: "127.20.43.68" port: 44813 } } peers { permanent_uuid: "1583ecee03ad4a419a90084b4340d4ed" member_type: VOTER last_known_addr { host: "127.20.43.67" port: 41941 } }
I20260812 08:01:10.148937  2475 leader_election.cc:290] T c714ddc172e441729e160427da032b41 P 1ef4632f87294dd797cd682ccca1fb05 [CANDIDATE]: Term 1 election: Requested vote from peers 12695d6c75f74b1f9e6f1542cb6a7255 (127.20.43.66:35225), 1583ecee03ad4a419a90084b4340d4ed (127.20.43.67:41941)
I20260812 08:01:10.149286  1097 tablet_service.cc:1917] Received RequestConsensusVote() RPC: tablet_id: "c714ddc172e441729e160427da032b41" candidate_uuid: "1ef4632f87294dd797cd682ccca1fb05" candidate_term: 1 candidate_status { last_received { term: 0 index: 0 } } ignore_live_leader: false dest_uuid: "12695d6c75f74b1f9e6f1542cb6a7255"
I20260812 08:01:10.149385  1097 raft_consensus.cc:3060] T c714ddc172e441729e160427da032b41 P 12695d6c75f74b1f9e6f1542cb6a7255 [term 0 FOLLOWER]: Advancing to term 1
I20260812 08:01:10.150475  1097 raft_consensus.cc:2468] T c714ddc172e441729e160427da032b41 P 12695d6c75f74b1f9e6f1542cb6a7255 [term 1 FOLLOWER]: Leader election vote request: Granting yes vote for candidate 1ef4632f87294dd797cd682ccca1fb05 in term 1.
I20260812 08:01:10.150758  1310 tablet_service.cc:1917] Received RequestConsensusVote() RPC: tablet_id: "c714ddc172e441729e160427da032b41" candidate_uuid: "1ef4632f87294dd797cd682ccca1fb05" candidate_term: 1 candidate_status { last_received { term: 0 index: 0 } } ignore_live_leader: false dest_uuid: "1583ecee03ad4a419a90084b4340d4ed"
I20260812 08:01:10.150859  1310 raft_consensus.cc:3060] T c714ddc172e441729e160427da032b41 P 1583ecee03ad4a419a90084b4340d4ed [term 0 FOLLOWER]: Advancing to term 1
I20260812 08:01:10.151600  1310 raft_consensus.cc:2468] T c714ddc172e441729e160427da032b41 P 1583ecee03ad4a419a90084b4340d4ed [term 1 FOLLOWER]: Leader election vote request: Granting yes vote for candidate 1ef4632f87294dd797cd682ccca1fb05 in term 1.
I20260812 08:01:10.151954  1420 leader_election.cc:304] T c714ddc172e441729e160427da032b41 P 1ef4632f87294dd797cd682ccca1fb05 [CANDIDATE]: Term 1 election: Election decided. Result: candidate won. Election summary: received 2 responses out of 3 voters: 2 yes votes; 0 no votes. yes voters: 12695d6c75f74b1f9e6f1542cb6a7255, 1ef4632f87294dd797cd682ccca1fb05; no voters: 
I20260812 08:01:10.152272  2859 raft_consensus.cc:2804] T c714ddc172e441729e160427da032b41 P 1ef4632f87294dd797cd682ccca1fb05 [term 1 FOLLOWER]: Leader election won for term 1
I20260812 08:01:10.152515  2859 raft_consensus.cc:697] T c714ddc172e441729e160427da032b41 P 1ef4632f87294dd797cd682ccca1fb05 [term 1 LEADER]: Becoming Leader. State: Replica: 1ef4632f87294dd797cd682ccca1fb05, State: Running, Role: LEADER
I20260812 08:01:10.152671  2859 consensus_queue.cc:237] T c714ddc172e441729e160427da032b41 P 1ef4632f87294dd797cd682ccca1fb05 [LEADER]: Queue going to LEADER mode. State: All replicated index: 0, Majority replicated index: 0, Committed index: 0, Last appended: 0.0, Last appended by leader: 0, Current term: 1, Majority size: 2, State: 0, Mode: LEADER, active raft config: opid_index: -1 OBSOLETE_local: false peers { permanent_uuid: "12695d6c75f74b1f9e6f1542cb6a7255" member_type: VOTER last_known_addr { host: "127.20.43.66" port: 35225 } } peers { permanent_uuid: "1ef4632f87294dd797cd682ccca1fb05" member_type: VOTER last_known_addr { host: "127.20.43.68" port: 44813 } } peers { permanent_uuid: "1583ecee03ad4a419a90084b4340d4ed" member_type: VOTER last_known_addr { host: "127.20.43.67" port: 41941 } }
I20260812 08:01:10.154466   650 catalog_manager.cc:5719] T c714ddc172e441729e160427da032b41 P 1ef4632f87294dd797cd682ccca1fb05 reported cstate change: term changed from 0 to 1, leader changed from <none> to 1ef4632f87294dd797cd682ccca1fb05 (127.20.43.68). New cstate: current_term: 1 leader_uuid: "1ef4632f87294dd797cd682ccca1fb05" committed_config { opid_index: -1 OBSOLETE_local: false peers { permanent_uuid: "12695d6c75f74b1f9e6f1542cb6a7255" member_type: VOTER last_known_addr { host: "127.20.43.66" port: 35225 } } peers { permanent_uuid: "1ef4632f87294dd797cd682ccca1fb05" member_type: VOTER last_known_addr { host: "127.20.43.68" port: 44813 } } peers { permanent_uuid: "1583ecee03ad4a419a90084b4340d4ed" member_type: VOTER last_known_addr { host: "127.20.43.67" port: 41941 } } }
I20260812 08:01:10.294480  3287 raft_consensus.cc:493] T dcb078341a5f43a39718c229b0b91db3 P f2adc8fdff1a4536bf214baddbac0ae4 [term 0 FOLLOWER]: Starting pre-election (no leader contacted us within the election timeout)
I20260812 08:01:10.294627  3287 raft_consensus.cc:515] T dcb078341a5f43a39718c229b0b91db3 P f2adc8fdff1a4536bf214baddbac0ae4 [term 0 FOLLOWER]: Starting pre-election with config: opid_index: -1 OBSOLETE_local: false peers { permanent_uuid: "f2adc8fdff1a4536bf214baddbac0ae4" member_type: VOTER last_known_addr { host: "127.20.43.65" port: 41325 } } peers { permanent_uuid: "1583ecee03ad4a419a90084b4340d4ed" member_type: VOTER last_known_addr { host: "127.20.43.67" port: 41941 } } peers { permanent_uuid: "12695d6c75f74b1f9e6f1542cb6a7255" member_type: VOTER last_known_addr { host: "127.20.43.66" port: 35225 } }
I20260812 08:01:10.295152  3287 leader_election.cc:290] T dcb078341a5f43a39718c229b0b91db3 P f2adc8fdff1a4536bf214baddbac0ae4 [CANDIDATE]: Term 1 pre-election: Requested pre-vote from peers 1583ecee03ad4a419a90084b4340d4ed (127.20.43.67:41941), 12695d6c75f74b1f9e6f1542cb6a7255 (127.20.43.66:35225)
I20260812 08:01:10.295684  1098 tablet_service.cc:1917] Received RequestConsensusVote() RPC: tablet_id: "dcb078341a5f43a39718c229b0b91db3" candidate_uuid: "f2adc8fdff1a4536bf214baddbac0ae4" candidate_term: 1 candidate_status { last_received { term: 0 index: 0 } } ignore_live_leader: false dest_uuid: "12695d6c75f74b1f9e6f1542cb6a7255" is_pre_election: true
I20260812 08:01:10.295691  1310 tablet_service.cc:1917] Received RequestConsensusVote() RPC: tablet_id: "dcb078341a5f43a39718c229b0b91db3" candidate_uuid: "f2adc8fdff1a4536bf214baddbac0ae4" candidate_term: 1 candidate_status { last_received { term: 0 index: 0 } } ignore_live_leader: false dest_uuid: "1583ecee03ad4a419a90084b4340d4ed" is_pre_election: true
I20260812 08:01:10.295868  1098 raft_consensus.cc:2468] T dcb078341a5f43a39718c229b0b91db3 P 12695d6c75f74b1f9e6f1542cb6a7255 [term 0 FOLLOWER]: Leader pre-election vote request: Granting yes vote for candidate f2adc8fdff1a4536bf214baddbac0ae4 in term 0.
I20260812 08:01:10.295879  1310 raft_consensus.cc:2468] T dcb078341a5f43a39718c229b0b91db3 P 1583ecee03ad4a419a90084b4340d4ed [term 0 FOLLOWER]: Leader pre-election vote request: Granting yes vote for candidate f2adc8fdff1a4536bf214baddbac0ae4 in term 0.
I20260812 08:01:10.296245   772 leader_election.cc:304] T dcb078341a5f43a39718c229b0b91db3 P f2adc8fdff1a4536bf214baddbac0ae4 [CANDIDATE]: Term 1 pre-election: Election decided. Result: candidate won. Election summary: received 2 responses out of 3 voters: 2 yes votes; 0 no votes. yes voters: 12695d6c75f74b1f9e6f1542cb6a7255, f2adc8fdff1a4536bf214baddbac0ae4; no voters: 
I20260812 08:01:10.296459  3287 raft_consensus.cc:2804] T dcb078341a5f43a39718c229b0b91db3 P f2adc8fdff1a4536bf214baddbac0ae4 [term 0 FOLLOWER]: Leader pre-election won for term 1
I20260812 08:01:10.296527  3287 raft_consensus.cc:493] T dcb078341a5f43a39718c229b0b91db3 P f2adc8fdff1a4536bf214baddbac0ae4 [term 0 FOLLOWER]: Starting leader election (no leader contacted us within the election timeout)
I20260812 08:01:10.296576  3287 raft_consensus.cc:3060] T dcb078341a5f43a39718c229b0b91db3 P f2adc8fdff1a4536bf214baddbac0ae4 [term 0 FOLLOWER]: Advancing to term 1
I20260812 08:01:10.297511  3287 raft_consensus.cc:515] T dcb078341a5f43a39718c229b0b91db3 P f2adc8fdff1a4536bf214baddbac0ae4 [term 1 FOLLOWER]: Starting leader election with config: opid_index: -1 OBSOLETE_local: false peers { permanent_uuid: "f2adc8fdff1a4536bf214baddbac0ae4" member_type: VOTER last_known_addr { host: "127.20.43.65" port: 41325 } } peers { permanent_uuid: "1583ecee03ad4a419a90084b4340d4ed" member_type: VOTER last_known_addr { host: "127.20.43.67" port: 41941 } } peers { permanent_uuid: "12695d6c75f74b1f9e6f1542cb6a7255" member_type: VOTER last_known_addr { host: "127.20.43.66" port: 35225 } }
I20260812 08:01:10.297884  3287 leader_election.cc:290] T dcb078341a5f43a39718c229b0b91db3 P f2adc8fdff1a4536bf214baddbac0ae4 [CANDIDATE]: Term 1 election: Requested vote from peers 1583ecee03ad4a419a90084b4340d4ed (127.20.43.67:41941), 12695d6c75f74b1f9e6f1542cb6a7255 (127.20.43.66:35225)
I20260812 08:01:10.298290  1310 tablet_service.cc:1917] Received RequestConsensusVote() RPC: tablet_id: "dcb078341a5f43a39718c229b0b91db3" candidate_uuid: "f2adc8fdff1a4536bf214baddbac0ae4" candidate_term: 1 candidate_status { last_received { term: 0 index: 0 } } ignore_live_leader: false dest_uuid: "1583ecee03ad4a419a90084b4340d4ed"
I20260812 08:01:10.298327  1098 tablet_service.cc:1917] Received RequestConsensusVote() RPC: tablet_id: "dcb078341a5f43a39718c229b0b91db3" candidate_uuid: "f2adc8fdff1a4536bf214baddbac0ae4" candidate_term: 1 candidate_status { last_received { term: 0 index: 0 } } ignore_live_leader: false dest_uuid: "12695d6c75f74b1f9e6f1542cb6a7255"
I20260812 08:01:10.298450  1098 raft_consensus.cc:3060] T dcb078341a5f43a39718c229b0b91db3 P 12695d6c75f74b1f9e6f1542cb6a7255 [term 0 FOLLOWER]: Advancing to term 1
I20260812 08:01:10.298439  1310 raft_consensus.cc:3060] T dcb078341a5f43a39718c229b0b91db3 P 1583ecee03ad4a419a90084b4340d4ed [term 0 FOLLOWER]: Advancing to term 1
I20260812 08:01:10.298600  3079 raft_consensus.cc:493] T fb5f0910f2404ba5a705f76575be8888 P 1583ecee03ad4a419a90084b4340d4ed [term 0 FOLLOWER]: Starting pre-election (no leader contacted us within the election timeout)
I20260812 08:01:10.298704  3079 raft_consensus.cc:515] T fb5f0910f2404ba5a705f76575be8888 P 1583ecee03ad4a419a90084b4340d4ed [term 0 FOLLOWER]: Starting pre-election with config: opid_index: -1 OBSOLETE_local: false peers { permanent_uuid: "1583ecee03ad4a419a90084b4340d4ed" member_type: VOTER last_known_addr { host: "127.20.43.67" port: 41941 } } peers { permanent_uuid: "1ef4632f87294dd797cd682ccca1fb05" member_type: VOTER last_known_addr { host: "127.20.43.68" port: 44813 } } peers { permanent_uuid: "f2adc8fdff1a4536bf214baddbac0ae4" member_type: VOTER last_known_addr { host: "127.20.43.65" port: 41325 } }
I20260812 08:01:10.299055  3079 leader_election.cc:290] T fb5f0910f2404ba5a705f76575be8888 P 1583ecee03ad4a419a90084b4340d4ed [CANDIDATE]: Term 1 pre-election: Requested pre-vote from peers 1ef4632f87294dd797cd682ccca1fb05 (127.20.43.68:44813), f2adc8fdff1a4536bf214baddbac0ae4 (127.20.43.65:41325)
I20260812 08:01:10.299561  1310 raft_consensus.cc:2468] T dcb078341a5f43a39718c229b0b91db3 P 1583ecee03ad4a419a90084b4340d4ed [term 1 FOLLOWER]: Leader election vote request: Granting yes vote for candidate f2adc8fdff1a4536bf214baddbac0ae4 in term 1.
I20260812 08:01:10.299541   853 tablet_service.cc:1917] Received RequestConsensusVote() RPC: tablet_id: "fb5f0910f2404ba5a705f76575be8888" candidate_uuid: "1583ecee03ad4a419a90084b4340d4ed" candidate_term: 1 candidate_status { last_received { term: 0 index: 0 } } ignore_live_leader: false dest_uuid: "f2adc8fdff1a4536bf214baddbac0ae4" is_pre_election: true
I20260812 08:01:10.299567  1098 raft_consensus.cc:2468] T dcb078341a5f43a39718c229b0b91db3 P 12695d6c75f74b1f9e6f1542cb6a7255 [term 1 FOLLOWER]: Leader election vote request: Granting yes vote for candidate f2adc8fdff1a4536bf214baddbac0ae4 in term 1.
I20260812 08:01:10.299603  1515 tablet_service.cc:1917] Received RequestConsensusVote() RPC: tablet_id: "fb5f0910f2404ba5a705f76575be8888" candidate_uuid: "1583ecee03ad4a419a90084b4340d4ed" candidate_term: 1 candidate_status { last_received { term: 0 index: 0 } } ignore_live_leader: false dest_uuid: "1ef4632f87294dd797cd682ccca1fb05" is_pre_election: true
I20260812 08:01:10.299691   853 raft_consensus.cc:2468] T fb5f0910f2404ba5a705f76575be8888 P f2adc8fdff1a4536bf214baddbac0ae4 [term 0 FOLLOWER]: Leader pre-election vote request: Granting yes vote for candidate 1583ecee03ad4a419a90084b4340d4ed in term 0.
I20260812 08:01:10.299775  1515 raft_consensus.cc:2468] T fb5f0910f2404ba5a705f76575be8888 P 1ef4632f87294dd797cd682ccca1fb05 [term 0 FOLLOWER]: Leader pre-election vote request: Granting yes vote for candidate 1583ecee03ad4a419a90084b4340d4ed in term 0.
I20260812 08:01:10.299939   775 leader_election.cc:304] T dcb078341a5f43a39718c229b0b91db3 P f2adc8fdff1a4536bf214baddbac0ae4 [CANDIDATE]: Term 1 election: Election decided. Result: candidate won. Election summary: received 2 responses out of 3 voters: 2 yes votes; 0 no votes. yes voters: 1583ecee03ad4a419a90084b4340d4ed, f2adc8fdff1a4536bf214baddbac0ae4; no voters: 
I20260812 08:01:10.299960  1200 leader_election.cc:304] T fb5f0910f2404ba5a705f76575be8888 P 1583ecee03ad4a419a90084b4340d4ed [CANDIDATE]: Term 1 pre-election: Election decided. Result: candidate won. Election summary: received 2 responses out of 3 voters: 2 yes votes; 0 no votes. yes voters: 1583ecee03ad4a419a90084b4340d4ed, f2adc8fdff1a4536bf214baddbac0ae4; no voters: 
I20260812 08:01:10.300166  3287 raft_consensus.cc:2804] T dcb078341a5f43a39718c229b0b91db3 P f2adc8fdff1a4536bf214baddbac0ae4 [term 1 FOLLOWER]: Leader election won for term 1
I20260812 08:01:10.300284  3287 raft_consensus.cc:697] T dcb078341a5f43a39718c229b0b91db3 P f2adc8fdff1a4536bf214baddbac0ae4 [term 1 LEADER]: Becoming Leader. State: Replica: f2adc8fdff1a4536bf214baddbac0ae4, State: Running, Role: LEADER
I20260812 08:01:10.300288  3079 raft_consensus.cc:2804] T fb5f0910f2404ba5a705f76575be8888 P 1583ecee03ad4a419a90084b4340d4ed [term 0 FOLLOWER]: Leader pre-election won for term 1
I20260812 08:01:10.300344  3079 raft_consensus.cc:493] T fb5f0910f2404ba5a705f76575be8888 P 1583ecee03ad4a419a90084b4340d4ed [term 0 FOLLOWER]: Starting leader election (no leader contacted us within the election timeout)
I20260812 08:01:10.300403  3079 raft_consensus.cc:3060] T fb5f0910f2404ba5a705f76575be8888 P 1583ecee03ad4a419a90084b4340d4ed [term 0 FOLLOWER]: Advancing to term 1
I20260812 08:01:10.300448  3287 consensus_queue.cc:237] T dcb078341a5f43a39718c229b0b91db3 P f2adc8fdff1a4536bf214baddbac0ae4 [LEADER]: Queue going to LEADER mode. State: All replicated index: 0, Majority replicated index: 0, Committed index: 0, Last appended: 0.0, Last appended by leader: 0, Current term: 1, Majority size: 2, State: 0, Mode: LEADER, active raft config: opid_index: -1 OBSOLETE_local: false peers { permanent_uuid: "f2adc8fdff1a4536bf214baddbac0ae4" member_type: VOTER last_known_addr { host: "127.20.43.65" port: 41325 } } peers { permanent_uuid: "1583ecee03ad4a419a90084b4340d4ed" member_type: VOTER last_known_addr { host: "127.20.43.67" port: 41941 } } peers { permanent_uuid: "12695d6c75f74b1f9e6f1542cb6a7255" member_type: VOTER last_known_addr { host: "127.20.43.66" port: 35225 } }
I20260812 08:01:10.301292  3079 raft_consensus.cc:515] T fb5f0910f2404ba5a705f76575be8888 P 1583ecee03ad4a419a90084b4340d4ed [term 1 FOLLOWER]: Starting leader election with config: opid_index: -1 OBSOLETE_local: false peers { permanent_uuid: "1583ecee03ad4a419a90084b4340d4ed" member_type: VOTER last_known_addr { host: "127.20.43.67" port: 41941 } } peers { permanent_uuid: "1ef4632f87294dd797cd682ccca1fb05" member_type: VOTER last_known_addr { host: "127.20.43.68" port: 44813 } } peers { permanent_uuid: "f2adc8fdff1a4536bf214baddbac0ae4" member_type: VOTER last_known_addr { host: "127.20.43.65" port: 41325 } }
I20260812 08:01:10.301680  3079 leader_election.cc:290] T fb5f0910f2404ba5a705f76575be8888 P 1583ecee03ad4a419a90084b4340d4ed [CANDIDATE]: Term 1 election: Requested vote from peers 1ef4632f87294dd797cd682ccca1fb05 (127.20.43.68:44813), f2adc8fdff1a4536bf214baddbac0ae4 (127.20.43.65:41325)
I20260812 08:01:10.302189  1515 tablet_service.cc:1917] Received RequestConsensusVote() RPC: tablet_id: "fb5f0910f2404ba5a705f76575be8888" candidate_uuid: "1583ecee03ad4a419a90084b4340d4ed" candidate_term: 1 candidate_status { last_received { term: 0 index: 0 } } ignore_live_leader: false dest_uuid: "1ef4632f87294dd797cd682ccca1fb05"
I20260812 08:01:10.302187   853 tablet_service.cc:1917] Received RequestConsensusVote() RPC: tablet_id: "fb5f0910f2404ba5a705f76575be8888" candidate_uuid: "1583ecee03ad4a419a90084b4340d4ed" candidate_term: 1 candidate_status { last_received { term: 0 index: 0 } } ignore_live_leader: false dest_uuid: "f2adc8fdff1a4536bf214baddbac0ae4"
I20260812 08:01:10.302301  1515 raft_consensus.cc:3060] T fb5f0910f2404ba5a705f76575be8888 P 1ef4632f87294dd797cd682ccca1fb05 [term 0 FOLLOWER]: Advancing to term 1
I20260812 08:01:10.302301   853 raft_consensus.cc:3060] T fb5f0910f2404ba5a705f76575be8888 P f2adc8fdff1a4536bf214baddbac0ae4 [term 0 FOLLOWER]: Advancing to term 1
I20260812 08:01:10.302554   650 catalog_manager.cc:5719] T dcb078341a5f43a39718c229b0b91db3 P f2adc8fdff1a4536bf214baddbac0ae4 reported cstate change: term changed from 0 to 1, leader changed from <none> to f2adc8fdff1a4536bf214baddbac0ae4 (127.20.43.65). New cstate: current_term: 1 leader_uuid: "f2adc8fdff1a4536bf214baddbac0ae4" committed_config { opid_index: -1 OBSOLETE_local: false peers { permanent_uuid: "f2adc8fdff1a4536bf214baddbac0ae4" member_type: VOTER last_known_addr { host: "127.20.43.65" port: 41325 } } peers { permanent_uuid: "1583ecee03ad4a419a90084b4340d4ed" member_type: VOTER last_known_addr { host: "127.20.43.67" port: 41941 } } peers { permanent_uuid: "12695d6c75f74b1f9e6f1542cb6a7255" member_type: VOTER last_known_addr { host: "127.20.43.66" port: 35225 } } }
I20260812 08:01:10.303218  1515 raft_consensus.cc:2468] T fb5f0910f2404ba5a705f76575be8888 P 1ef4632f87294dd797cd682ccca1fb05 [term 1 FOLLOWER]: Leader election vote request: Granting yes vote for candidate 1583ecee03ad4a419a90084b4340d4ed in term 1.
I20260812 08:01:10.303218   853 raft_consensus.cc:2468] T fb5f0910f2404ba5a705f76575be8888 P f2adc8fdff1a4536bf214baddbac0ae4 [term 1 FOLLOWER]: Leader election vote request: Granting yes vote for candidate 1583ecee03ad4a419a90084b4340d4ed in term 1.
I20260812 08:01:10.303527  1200 leader_election.cc:304] T fb5f0910f2404ba5a705f76575be8888 P 1583ecee03ad4a419a90084b4340d4ed [CANDIDATE]: Term 1 election: Election decided. Result: candidate won. Election summary: received 2 responses out of 3 voters: 2 yes votes; 0 no votes. yes voters: 1583ecee03ad4a419a90084b4340d4ed, 1ef4632f87294dd797cd682ccca1fb05; no voters: 
I20260812 08:01:10.303726  3079 raft_consensus.cc:2804] T fb5f0910f2404ba5a705f76575be8888 P 1583ecee03ad4a419a90084b4340d4ed [term 1 FOLLOWER]: Leader election won for term 1
I20260812 08:01:10.303922  3079 raft_consensus.cc:697] T fb5f0910f2404ba5a705f76575be8888 P 1583ecee03ad4a419a90084b4340d4ed [term 1 LEADER]: Becoming Leader. State: Replica: 1583ecee03ad4a419a90084b4340d4ed, State: Running, Role: LEADER
I20260812 08:01:10.304379  3079 consensus_queue.cc:237] T fb5f0910f2404ba5a705f76575be8888 P 1583ecee03ad4a419a90084b4340d4ed [LEADER]: Queue going to LEADER mode. State: All replicated index: 0, Majority replicated index: 0, Committed index: 0, Last appended: 0.0, Last appended by leader: 0, Current term: 1, Majority size: 2, State: 0, Mode: LEADER, active raft config: opid_index: -1 OBSOLETE_local: false peers { permanent_uuid: "1583ecee03ad4a419a90084b4340d4ed" member_type: VOTER last_known_addr { host: "127.20.43.67" port: 41941 } } peers { permanent_uuid: "1ef4632f87294dd797cd682ccca1fb05" member_type: VOTER last_known_addr { host: "127.20.43.68" port: 44813 } } peers { permanent_uuid: "f2adc8fdff1a4536bf214baddbac0ae4" member_type: VOTER last_known_addr { host: "127.20.43.65" port: 41325 } }
I20260812 08:01:10.306257   650 catalog_manager.cc:5719] T fb5f0910f2404ba5a705f76575be8888 P 1583ecee03ad4a419a90084b4340d4ed reported cstate change: term changed from 0 to 1, leader changed from <none> to 1583ecee03ad4a419a90084b4340d4ed (127.20.43.67). New cstate: current_term: 1 leader_uuid: "1583ecee03ad4a419a90084b4340d4ed" committed_config { opid_index: -1 OBSOLETE_local: false peers { permanent_uuid: "1583ecee03ad4a419a90084b4340d4ed" member_type: VOTER last_known_addr { host: "127.20.43.67" port: 41941 } } peers { permanent_uuid: "1ef4632f87294dd797cd682ccca1fb05" member_type: VOTER last_known_addr { host: "127.20.43.68" port: 44813 } } peers { permanent_uuid: "f2adc8fdff1a4536bf214baddbac0ae4" member_type: VOTER last_known_addr { host: "127.20.43.65" port: 41325 } } }
W20260812 08:01:10.418416  3350 flags.cc:432] Enabled unsafe flag: --openssl_security_level_override=0
W20260812 08:01:10.418637  3350 flags.cc:432] Enabled unsafe flag: --never_fsync=true
Using table 'rebalance_test_table_7'
I20260812 08:01:10.514734   853 raft_consensus.cc:1275] T fb5f0910f2404ba5a705f76575be8888 P f2adc8fdff1a4536bf214baddbac0ae4 [term 1 FOLLOWER]: Refusing update from remote peer 1583ecee03ad4a419a90084b4340d4ed: Log matching property violated. Preceding OpId in replica: term: 0 index: 0. Preceding OpId from leader: term: 1 index: 2. (index mismatch)
I20260812 08:01:10.515228  3079 consensus_queue.cc:1048] T fb5f0910f2404ba5a705f76575be8888 P 1583ecee03ad4a419a90084b4340d4ed [LEADER]: Connected to new peer: Peer: permanent_uuid: "f2adc8fdff1a4536bf214baddbac0ae4" member_type: VOTER last_known_addr { host: "127.20.43.65" port: 41325 }, Status: LMP_MISMATCH, Last received: 0.0, Next index: 1, Last known committed idx: 0, Time since last communication: 0.000s
I20260812 08:01:10.515408  1515 raft_consensus.cc:1275] T fb5f0910f2404ba5a705f76575be8888 P 1ef4632f87294dd797cd682ccca1fb05 [term 1 FOLLOWER]: Refusing update from remote peer 1583ecee03ad4a419a90084b4340d4ed: Log matching property violated. Preceding OpId in replica: term: 0 index: 0. Preceding OpId from leader: term: 1 index: 2. (index mismatch)
I20260812 08:01:10.516260  3079 consensus_queue.cc:1048] T fb5f0910f2404ba5a705f76575be8888 P 1583ecee03ad4a419a90084b4340d4ed [LEADER]: Connected to new peer: Peer: permanent_uuid: "1ef4632f87294dd797cd682ccca1fb05" member_type: VOTER last_known_addr { host: "127.20.43.68" port: 44813 }, Status: LMP_MISMATCH, Last received: 0.0, Next index: 1, Last known committed idx: 0, Time since last communication: 0.000s
I20260812 08:01:10.520905  1310 raft_consensus.cc:1275] T c714ddc172e441729e160427da032b41 P 1583ecee03ad4a419a90084b4340d4ed [term 1 FOLLOWER]: Refusing update from remote peer 1ef4632f87294dd797cd682ccca1fb05: Log matching property violated. Preceding OpId in replica: term: 0 index: 0. Preceding OpId from leader: term: 1 index: 2. (index mismatch)
I20260812 08:01:10.521301  1098 raft_consensus.cc:1275] T c714ddc172e441729e160427da032b41 P 12695d6c75f74b1f9e6f1542cb6a7255 [term 1 FOLLOWER]: Refusing update from remote peer 1ef4632f87294dd797cd682ccca1fb05: Log matching property violated. Preceding OpId in replica: term: 0 index: 0. Preceding OpId from leader: term: 1 index: 2. (index mismatch)
I20260812 08:01:10.521759  2859 consensus_queue.cc:1048] T c714ddc172e441729e160427da032b41 P 1ef4632f87294dd797cd682ccca1fb05 [LEADER]: Connected to new peer: Peer: permanent_uuid: "1583ecee03ad4a419a90084b4340d4ed" member_type: VOTER last_known_addr { host: "127.20.43.67" port: 41941 }, Status: LMP_MISMATCH, Last received: 0.0, Next index: 1, Last known committed idx: 0, Time since last communication: 0.000s
I20260812 08:01:10.521925  3341 consensus_queue.cc:1048] T c714ddc172e441729e160427da032b41 P 1ef4632f87294dd797cd682ccca1fb05 [LEADER]: Connected to new peer: Peer: permanent_uuid: "12695d6c75f74b1f9e6f1542cb6a7255" member_type: VOTER last_known_addr { host: "127.20.43.66" port: 35225 }, Status: LMP_MISMATCH, Last received: 0.0, Next index: 1, Last known committed idx: 0, Time since last communication: 0.000s
I20260812 08:01:10.524145  1097 raft_consensus.cc:1275] T dcb078341a5f43a39718c229b0b91db3 P 12695d6c75f74b1f9e6f1542cb6a7255 [term 1 FOLLOWER]: Refusing update from remote peer f2adc8fdff1a4536bf214baddbac0ae4: Log matching property violated. Preceding OpId in replica: term: 0 index: 0. Preceding OpId from leader: term: 1 index: 2. (index mismatch)
I20260812 08:01:10.524245  1314 raft_consensus.cc:1275] T dcb078341a5f43a39718c229b0b91db3 P 1583ecee03ad4a419a90084b4340d4ed [term 1 FOLLOWER]: Refusing update from remote peer f2adc8fdff1a4536bf214baddbac0ae4: Log matching property violated. Preceding OpId in replica: term: 0 index: 0. Preceding OpId from leader: term: 1 index: 2. (index mismatch)
I20260812 08:01:10.524699  3287 consensus_queue.cc:1048] T dcb078341a5f43a39718c229b0b91db3 P f2adc8fdff1a4536bf214baddbac0ae4 [LEADER]: Connected to new peer: Peer: permanent_uuid: "12695d6c75f74b1f9e6f1542cb6a7255" member_type: VOTER last_known_addr { host: "127.20.43.66" port: 35225 }, Status: LMP_MISMATCH, Last received: 0.0, Next index: 1, Last known committed idx: 0, Time since last communication: 0.000s
I20260812 08:01:10.524856  3286 consensus_queue.cc:1048] T dcb078341a5f43a39718c229b0b91db3 P f2adc8fdff1a4536bf214baddbac0ae4 [LEADER]: Connected to new peer: Peer: permanent_uuid: "1583ecee03ad4a419a90084b4340d4ed" member_type: VOTER last_known_addr { host: "127.20.43.67" port: 41941 }, Status: LMP_MISMATCH, Last received: 0.0, Next index: 1, Last known committed idx: 0, Time since last communication: 0.000s

INSERT report
    rows total: 2000
    time total: 126.607 ms
  time per row: 0.0633034 ms
I20260812 08:01:10.645627   646 catalog_manager.cc:2283] Servicing CreateTable request from {username='slave'} at 127.0.0.1:57102:
name: "rebalance_test_table_8"
schema {
  columns {
    name: "key"
    type: INT32
    is_key: true
    is_nullable: false
    encoding: AUTO_ENCODING
    compression: DEFAULT_COMPRESSION
    cfile_block_size: 0
    immutable: false
  }
  columns {
    name: "int_val"
    type: INT32
    is_key: false
    is_nullable: false
    encoding: AUTO_ENCODING
    compression: DEFAULT_COMPRESSION
    cfile_block_size: 0
    immutable: false
  }
  columns {
    name: "string_val"
    type: STRING
    is_key: false
    is_nullable: true
    encoding: AUTO_ENCODING
    compression: DEFAULT_COMPRESSION
    cfile_block_size: 0
    immutable: false
  }
}
num_replicas: 3
split_rows_range_bounds {
}
partition_schema {
  hash_schema {
    columns {
      name: "key"
    }
    num_buckets: 3
    seed: 0
  }
}
I20260812 08:01:10.652094   825 tablet_service.cc:1511] Processing CreateTablet for tablet 4fc457793387428989c0c76e6c4d5a1e (DEFAULT_TABLE table=rebalance_test_table_8 [id=307a3909f184430f8f342d1784d6ae15]), partition=HASH (key) PARTITION 0, RANGE (key) PARTITION UNBOUNDED
I20260812 08:01:10.652462   825 data_dirs.cc:400] Could only allocate 1 dirs of requested 3 for tablet 4fc457793387428989c0c76e6c4d5a1e. 1 dirs total, 0 dirs full, 0 dirs failed
I20260812 08:01:10.652670  1286 tablet_service.cc:1511] Processing CreateTablet for tablet 4fc457793387428989c0c76e6c4d5a1e (DEFAULT_TABLE table=rebalance_test_table_8 [id=307a3909f184430f8f342d1784d6ae15]), partition=HASH (key) PARTITION 0, RANGE (key) PARTITION UNBOUNDED
I20260812 08:01:10.652992  1286 data_dirs.cc:400] Could only allocate 1 dirs of requested 3 for tablet 4fc457793387428989c0c76e6c4d5a1e. 1 dirs total, 0 dirs full, 0 dirs failed
I20260812 08:01:10.653932  1480 tablet_service.cc:1511] Processing CreateTablet for tablet 31f03626f5824872b28eaed117335384 (DEFAULT_TABLE table=rebalance_test_table_8 [id=307a3909f184430f8f342d1784d6ae15]), partition=HASH (key) PARTITION 1, RANGE (key) PARTITION UNBOUNDED
I20260812 08:01:10.654240  1480 data_dirs.cc:400] Could only allocate 1 dirs of requested 3 for tablet 31f03626f5824872b28eaed117335384. 1 dirs total, 0 dirs full, 0 dirs failed
I20260812 08:01:10.654253  1061 tablet_service.cc:1511] Processing CreateTablet for tablet 4fc457793387428989c0c76e6c4d5a1e (DEFAULT_TABLE table=rebalance_test_table_8 [id=307a3909f184430f8f342d1784d6ae15]), partition=HASH (key) PARTITION 0, RANGE (key) PARTITION UNBOUNDED
I20260812 08:01:10.654559  1061 data_dirs.cc:400] Could only allocate 1 dirs of requested 3 for tablet 4fc457793387428989c0c76e6c4d5a1e. 1 dirs total, 0 dirs full, 0 dirs failed
I20260812 08:01:10.655295   830 tablet_service.cc:1511] Processing CreateTablet for tablet b424d4438e874d588c3c606d8c697a26 (DEFAULT_TABLE table=rebalance_test_table_8 [id=307a3909f184430f8f342d1784d6ae15]), partition=HASH (key) PARTITION 2, RANGE (key) PARTITION UNBOUNDED
I20260812 08:01:10.655539   830 data_dirs.cc:400] Could only allocate 1 dirs of requested 3 for tablet b424d4438e874d588c3c606d8c697a26. 1 dirs total, 0 dirs full, 0 dirs failed
I20260812 08:01:10.656267  1286 tablet_service.cc:1511] Processing CreateTablet for tablet b424d4438e874d588c3c606d8c697a26 (DEFAULT_TABLE table=rebalance_test_table_8 [id=307a3909f184430f8f342d1784d6ae15]), partition=HASH (key) PARTITION 2, RANGE (key) PARTITION UNBOUNDED
I20260812 08:01:10.656519  1286 data_dirs.cc:400] Could only allocate 1 dirs of requested 3 for tablet b424d4438e874d588c3c606d8c697a26. 1 dirs total, 0 dirs full, 0 dirs failed
I20260812 08:01:10.656746  1479 tablet_service.cc:1511] Processing CreateTablet for tablet b424d4438e874d588c3c606d8c697a26 (DEFAULT_TABLE table=rebalance_test_table_8 [id=307a3909f184430f8f342d1784d6ae15]), partition=HASH (key) PARTITION 2, RANGE (key) PARTITION UNBOUNDED
I20260812 08:01:10.656983  1479 data_dirs.cc:400] Could only allocate 1 dirs of requested 3 for tablet b424d4438e874d588c3c606d8c697a26. 1 dirs total, 0 dirs full, 0 dirs failed
I20260812 08:01:10.657213  3431 tablet_bootstrap.cc:492] T 4fc457793387428989c0c76e6c4d5a1e P 12695d6c75f74b1f9e6f1542cb6a7255: Bootstrap starting.
I20260812 08:01:10.658061   825 tablet_service.cc:1511] Processing CreateTablet for tablet 31f03626f5824872b28eaed117335384 (DEFAULT_TABLE table=rebalance_test_table_8 [id=307a3909f184430f8f342d1784d6ae15]), partition=HASH (key) PARTITION 1, RANGE (key) PARTITION UNBOUNDED
I20260812 08:01:10.658283  3431 tablet_bootstrap.cc:654] T 4fc457793387428989c0c76e6c4d5a1e P 12695d6c75f74b1f9e6f1542cb6a7255: Neither blocks nor log segments found. Creating new log.
I20260812 08:01:10.658310   825 data_dirs.cc:400] Could only allocate 1 dirs of requested 3 for tablet 31f03626f5824872b28eaed117335384. 1 dirs total, 0 dirs full, 0 dirs failed
I20260812 08:01:10.659186  1063 tablet_service.cc:1511] Processing CreateTablet for tablet 31f03626f5824872b28eaed117335384 (DEFAULT_TABLE table=rebalance_test_table_8 [id=307a3909f184430f8f342d1784d6ae15]), partition=HASH (key) PARTITION 1, RANGE (key) PARTITION UNBOUNDED
I20260812 08:01:10.659405  3431 tablet_bootstrap.cc:492] T 4fc457793387428989c0c76e6c4d5a1e P 12695d6c75f74b1f9e6f1542cb6a7255: No bootstrap required, opened a new log
I20260812 08:01:10.659456  1063 data_dirs.cc:400] Could only allocate 1 dirs of requested 3 for tablet 31f03626f5824872b28eaed117335384. 1 dirs total, 0 dirs full, 0 dirs failed
I20260812 08:01:10.659500  3431 ts_tablet_manager.cc:1403] T 4fc457793387428989c0c76e6c4d5a1e P 12695d6c75f74b1f9e6f1542cb6a7255: Time spent bootstrapping tablet: real 0.002s	user 0.002s	sys 0.000s
I20260812 08:01:10.660012  3431 raft_consensus.cc:359] T 4fc457793387428989c0c76e6c4d5a1e P 12695d6c75f74b1f9e6f1542cb6a7255 [term 0 FOLLOWER]: Replica starting. Triggering 0 pending ops. Active config: opid_index: -1 OBSOLETE_local: false peers { permanent_uuid: "f2adc8fdff1a4536bf214baddbac0ae4" member_type: VOTER last_known_addr { host: "127.20.43.65" port: 41325 } } peers { permanent_uuid: "12695d6c75f74b1f9e6f1542cb6a7255" member_type: VOTER last_known_addr { host: "127.20.43.66" port: 35225 } } peers { permanent_uuid: "1583ecee03ad4a419a90084b4340d4ed" member_type: VOTER last_known_addr { host: "127.20.43.67" port: 41941 } }
I20260812 08:01:10.660151  3431 raft_consensus.cc:385] T 4fc457793387428989c0c76e6c4d5a1e P 12695d6c75f74b1f9e6f1542cb6a7255 [term 0 FOLLOWER]: Consensus starting up: Expiring failure detector timer to make a prompt election more likely
I20260812 08:01:10.660192  3431 raft_consensus.cc:740] T 4fc457793387428989c0c76e6c4d5a1e P 12695d6c75f74b1f9e6f1542cb6a7255 [term 0 FOLLOWER]: Becoming Follower/Learner. State: Replica: 12695d6c75f74b1f9e6f1542cb6a7255, State: Initialized, Role: FOLLOWER
I20260812 08:01:10.660326  3431 consensus_queue.cc:260] T 4fc457793387428989c0c76e6c4d5a1e P 12695d6c75f74b1f9e6f1542cb6a7255 [NON_LEADER]: Queue going to NON_LEADER mode. State: All replicated index: 0, Majority replicated index: 0, Committed index: 0, Last appended: 0.0, Last appended by leader: 0, Current term: 0, Majority size: -1, State: 0, Mode: NON_LEADER, active raft config: opid_index: -1 OBSOLETE_local: false peers { permanent_uuid: "f2adc8fdff1a4536bf214baddbac0ae4" member_type: VOTER last_known_addr { host: "127.20.43.65" port: 41325 } } peers { permanent_uuid: "12695d6c75f74b1f9e6f1542cb6a7255" member_type: VOTER last_known_addr { host: "127.20.43.66" port: 35225 } } peers { permanent_uuid: "1583ecee03ad4a419a90084b4340d4ed" member_type: VOTER last_known_addr { host: "127.20.43.67" port: 41941 } }
I20260812 08:01:10.660512  3427 tablet_bootstrap.cc:492] T 4fc457793387428989c0c76e6c4d5a1e P 1583ecee03ad4a419a90084b4340d4ed: Bootstrap starting.
I20260812 08:01:10.660629  3431 ts_tablet_manager.cc:1434] T 4fc457793387428989c0c76e6c4d5a1e P 12695d6c75f74b1f9e6f1542cb6a7255: Time spent starting tablet: real 0.001s	user 0.001s	sys 0.000s
I20260812 08:01:10.661257  3429 tablet_bootstrap.cc:492] T 31f03626f5824872b28eaed117335384 P 1ef4632f87294dd797cd682ccca1fb05: Bootstrap starting.
I20260812 08:01:10.661468  3427 tablet_bootstrap.cc:654] T 4fc457793387428989c0c76e6c4d5a1e P 1583ecee03ad4a419a90084b4340d4ed: Neither blocks nor log segments found. Creating new log.
I20260812 08:01:10.661836  3431 tablet_bootstrap.cc:492] T 31f03626f5824872b28eaed117335384 P 12695d6c75f74b1f9e6f1542cb6a7255: Bootstrap starting.
I20260812 08:01:10.662341  3426 tablet_bootstrap.cc:492] T 4fc457793387428989c0c76e6c4d5a1e P f2adc8fdff1a4536bf214baddbac0ae4: Bootstrap starting.
I20260812 08:01:10.662819  3431 tablet_bootstrap.cc:654] T 31f03626f5824872b28eaed117335384 P 12695d6c75f74b1f9e6f1542cb6a7255: Neither blocks nor log segments found. Creating new log.
I20260812 08:01:10.663204  3426 tablet_bootstrap.cc:654] T 4fc457793387428989c0c76e6c4d5a1e P f2adc8fdff1a4536bf214baddbac0ae4: Neither blocks nor log segments found. Creating new log.
I20260812 08:01:10.664003  3427 tablet_bootstrap.cc:492] T 4fc457793387428989c0c76e6c4d5a1e P 1583ecee03ad4a419a90084b4340d4ed: No bootstrap required, opened a new log
I20260812 08:01:10.664088  3427 ts_tablet_manager.cc:1403] T 4fc457793387428989c0c76e6c4d5a1e P 1583ecee03ad4a419a90084b4340d4ed: Time spent bootstrapping tablet: real 0.004s	user 0.002s	sys 0.000s
I20260812 08:01:10.664173  3431 tablet_bootstrap.cc:492] T 31f03626f5824872b28eaed117335384 P 12695d6c75f74b1f9e6f1542cb6a7255: No bootstrap required, opened a new log
I20260812 08:01:10.664256  3431 ts_tablet_manager.cc:1403] T 31f03626f5824872b28eaed117335384 P 12695d6c75f74b1f9e6f1542cb6a7255: Time spent bootstrapping tablet: real 0.002s	user 0.002s	sys 0.000s
I20260812 08:01:10.664499  3427 raft_consensus.cc:359] T 4fc457793387428989c0c76e6c4d5a1e P 1583ecee03ad4a419a90084b4340d4ed [term 0 FOLLOWER]: Replica starting. Triggering 0 pending ops. Active config: opid_index: -1 OBSOLETE_local: false peers { permanent_uuid: "f2adc8fdff1a4536bf214baddbac0ae4" member_type: VOTER last_known_addr { host: "127.20.43.65" port: 41325 } } peers { permanent_uuid: "12695d6c75f74b1f9e6f1542cb6a7255" member_type: VOTER last_known_addr { host: "127.20.43.66" port: 35225 } } peers { permanent_uuid: "1583ecee03ad4a419a90084b4340d4ed" member_type: VOTER last_known_addr { host: "127.20.43.67" port: 41941 } }
I20260812 08:01:10.664614  3427 raft_consensus.cc:385] T 4fc457793387428989c0c76e6c4d5a1e P 1583ecee03ad4a419a90084b4340d4ed [term 0 FOLLOWER]: Consensus starting up: Expiring failure detector timer to make a prompt election more likely
I20260812 08:01:10.664649  3427 raft_consensus.cc:740] T 4fc457793387428989c0c76e6c4d5a1e P 1583ecee03ad4a419a90084b4340d4ed [term 0 FOLLOWER]: Becoming Follower/Learner. State: Replica: 1583ecee03ad4a419a90084b4340d4ed, State: Initialized, Role: FOLLOWER
I20260812 08:01:10.664774  3427 consensus_queue.cc:260] T 4fc457793387428989c0c76e6c4d5a1e P 1583ecee03ad4a419a90084b4340d4ed [NON_LEADER]: Queue going to NON_LEADER mode. State: All replicated index: 0, Majority replicated index: 0, Committed index: 0, Last appended: 0.0, Last appended by leader: 0, Current term: 0, Majority size: -1, State: 0, Mode: NON_LEADER, active raft config: opid_index: -1 OBSOLETE_local: false peers { permanent_uuid: "f2adc8fdff1a4536bf214baddbac0ae4" member_type: VOTER last_known_addr { host: "127.20.43.65" port: 41325 } } peers { permanent_uuid: "12695d6c75f74b1f9e6f1542cb6a7255" member_type: VOTER last_known_addr { host: "127.20.43.66" port: 35225 } } peers { permanent_uuid: "1583ecee03ad4a419a90084b4340d4ed" member_type: VOTER last_known_addr { host: "127.20.43.67" port: 41941 } }
I20260812 08:01:10.664783  3431 raft_consensus.cc:359] T 31f03626f5824872b28eaed117335384 P 12695d6c75f74b1f9e6f1542cb6a7255 [term 0 FOLLOWER]: Replica starting. Triggering 0 pending ops. Active config: opid_index: -1 OBSOLETE_local: false peers { permanent_uuid: "12695d6c75f74b1f9e6f1542cb6a7255" member_type: VOTER last_known_addr { host: "127.20.43.66" port: 35225 } } peers { permanent_uuid: "1ef4632f87294dd797cd682ccca1fb05" member_type: VOTER last_known_addr { host: "127.20.43.68" port: 44813 } } peers { permanent_uuid: "f2adc8fdff1a4536bf214baddbac0ae4" member_type: VOTER last_known_addr { host: "127.20.43.65" port: 41325 } }
I20260812 08:01:10.664893  3431 raft_consensus.cc:385] T 31f03626f5824872b28eaed117335384 P 12695d6c75f74b1f9e6f1542cb6a7255 [term 0 FOLLOWER]: Consensus starting up: Expiring failure detector timer to make a prompt election more likely
I20260812 08:01:10.664942  3431 raft_consensus.cc:740] T 31f03626f5824872b28eaed117335384 P 12695d6c75f74b1f9e6f1542cb6a7255 [term 0 FOLLOWER]: Becoming Follower/Learner. State: Replica: 12695d6c75f74b1f9e6f1542cb6a7255, State: Initialized, Role: FOLLOWER
I20260812 08:01:10.664925  3429 tablet_bootstrap.cc:654] T 31f03626f5824872b28eaed117335384 P 1ef4632f87294dd797cd682ccca1fb05: Neither blocks nor log segments found. Creating new log.
I20260812 08:01:10.665055  3427 ts_tablet_manager.cc:1434] T 4fc457793387428989c0c76e6c4d5a1e P 1583ecee03ad4a419a90084b4340d4ed: Time spent starting tablet: real 0.001s	user 0.000s	sys 0.001s
I20260812 08:01:10.665132  3431 consensus_queue.cc:260] T 31f03626f5824872b28eaed117335384 P 12695d6c75f74b1f9e6f1542cb6a7255 [NON_LEADER]: Queue going to NON_LEADER mode. State: All replicated index: 0, Majority replicated index: 0, Committed index: 0, Last appended: 0.0, Last appended by leader: 0, Current term: 0, Majority size: -1, State: 0, Mode: NON_LEADER, active raft config: opid_index: -1 OBSOLETE_local: false peers { permanent_uuid: "12695d6c75f74b1f9e6f1542cb6a7255" member_type: VOTER last_known_addr { host: "127.20.43.66" port: 35225 } } peers { permanent_uuid: "1ef4632f87294dd797cd682ccca1fb05" member_type: VOTER last_known_addr { host: "127.20.43.68" port: 44813 } } peers { permanent_uuid: "f2adc8fdff1a4536bf214baddbac0ae4" member_type: VOTER last_known_addr { host: "127.20.43.65" port: 41325 } }
I20260812 08:01:10.665230  3427 tablet_bootstrap.cc:492] T b424d4438e874d588c3c606d8c697a26 P 1583ecee03ad4a419a90084b4340d4ed: Bootstrap starting.
I20260812 08:01:10.665436  3431 ts_tablet_manager.cc:1434] T 31f03626f5824872b28eaed117335384 P 12695d6c75f74b1f9e6f1542cb6a7255: Time spent starting tablet: real 0.001s	user 0.001s	sys 0.000s
