I20260812 08:02:58.097714 22372 raft_consensus.cc:740] T e894d84cc10a4a46bb1913316be4d3f4 P 80968bd674a94b9196d3ef0f7f065947 [term 0 FOLLOWER]: Becoming Follower/Learner. State: Replica: 80968bd674a94b9196d3ef0f7f065947, State: Initialized, Role: FOLLOWER
I20260812 08:02:58.097750 22374 tablet_bootstrap.cc:654] T e894d84cc10a4a46bb1913316be4d3f4 P 8c81c9e6a1b340b6b2b892470192db20: Neither blocks nor log segments found. Creating new log.
I20260812 08:02:58.097820 21997 catalog_manager.cc:5811] TS 8c81c9e6a1b340b6b2b892470192db20 (127.18.63.67:36831) does not have the latest schema for tablet 07ac0b3594ef41b2a957fba476795afb (table default.test_table [id=d9fdf21c047742828be6b82be386b12a]). Expected version 31 got 0
I20260812 08:02:58.097851 22372 consensus_queue.cc:260] T e894d84cc10a4a46bb1913316be4d3f4 P 80968bd674a94b9196d3ef0f7f065947 [NON_LEADER]: Queue going to NON_LEADER mode. State: All replicated index: 0, Majority replicated index: 0, Committed index: 0, Last appended: 0.0, Last appended by leader: 0, Current term: 0, Majority size: -1, State: 0, Mode: NON_LEADER, active raft config: opid_index: -1 OBSOLETE_local: false peers { permanent_uuid: "80968bd674a94b9196d3ef0f7f065947" member_type: VOTER last_known_addr { host: "127.18.63.66" port: 45053 } } peers { permanent_uuid: "8c81c9e6a1b340b6b2b892470192db20" member_type: VOTER last_known_addr { host: "127.18.63.67" port: 36831 } } peers { permanent_uuid: "7ae51d9b0a384a1c9c761328d4c025ed" member_type: VOTER last_known_addr { host: "127.18.63.65" port: 36525 } }
I20260812 08:02:58.098136 22372 ts_tablet_manager.cc:1434] T e894d84cc10a4a46bb1913316be4d3f4 P 80968bd674a94b9196d3ef0f7f065947: Time spent starting tablet: real 0.001s	user 0.001s	sys 0.001s
I20260812 08:02:58.098978 22370 consensus_queue.cc:260] T e894d84cc10a4a46bb1913316be4d3f4 P 7ae51d9b0a384a1c9c761328d4c025ed [NON_LEADER]: Queue going to NON_LEADER mode. State: All replicated index: 0, Majority replicated index: 0, Committed index: 0, Last appended: 0.0, Last appended by leader: 0, Current term: 0, Majority size: -1, State: 0, Mode: NON_LEADER, active raft config: opid_index: -1 OBSOLETE_local: false peers { permanent_uuid: "80968bd674a94b9196d3ef0f7f065947" member_type: VOTER last_known_addr { host: "127.18.63.66" port: 45053 } } peers { permanent_uuid: "8c81c9e6a1b340b6b2b892470192db20" member_type: VOTER last_known_addr { host: "127.18.63.67" port: 36831 } } peers { permanent_uuid: "7ae51d9b0a384a1c9c761328d4c025ed" member_type: VOTER last_known_addr { host: "127.18.63.65" port: 36525 } }
I20260812 08:02:58.099367 22370 ts_tablet_manager.cc:1434] T e894d84cc10a4a46bb1913316be4d3f4 P 7ae51d9b0a384a1c9c761328d4c025ed: Time spent starting tablet: real 0.007s	user 0.001s	sys 0.000s
I20260812 08:02:58.099548 22370 tablet_bootstrap.cc:492] T 746593fe068f4712bf4b886555d50b9b P 7ae51d9b0a384a1c9c761328d4c025ed: Bootstrap starting.
I20260812 08:02:58.100471 22370 tablet_bootstrap.cc:654] T 746593fe068f4712bf4b886555d50b9b P 7ae51d9b0a384a1c9c761328d4c025ed: Neither blocks nor log segments found. Creating new log.
I20260812 08:02:58.101707 22370 tablet_bootstrap.cc:492] T 746593fe068f4712bf4b886555d50b9b P 7ae51d9b0a384a1c9c761328d4c025ed: No bootstrap required, opened a new log
I20260812 08:02:58.101715 22374 tablet_bootstrap.cc:492] T e894d84cc10a4a46bb1913316be4d3f4 P 8c81c9e6a1b340b6b2b892470192db20: No bootstrap required, opened a new log
I20260812 08:02:58.101795 22374 ts_tablet_manager.cc:1403] T e894d84cc10a4a46bb1913316be4d3f4 P 8c81c9e6a1b340b6b2b892470192db20: Time spent bootstrapping tablet: real 0.006s	user 0.000s	sys 0.002s
I20260812 08:02:58.101799 22370 ts_tablet_manager.cc:1403] T 746593fe068f4712bf4b886555d50b9b P 7ae51d9b0a384a1c9c761328d4c025ed: Time spent bootstrapping tablet: real 0.002s	user 0.001s	sys 0.001s
I20260812 08:02:58.102270 22370 raft_consensus.cc:359] T 746593fe068f4712bf4b886555d50b9b P 7ae51d9b0a384a1c9c761328d4c025ed [term 0 FOLLOWER]: Replica starting. Triggering 0 pending ops. Active config: opid_index: -1 OBSOLETE_local: false peers { permanent_uuid: "80968bd674a94b9196d3ef0f7f065947" member_type: VOTER last_known_addr { host: "127.18.63.66" port: 45053 } } peers { permanent_uuid: "8c81c9e6a1b340b6b2b892470192db20" member_type: VOTER last_known_addr { host: "127.18.63.67" port: 36831 } } peers { permanent_uuid: "7ae51d9b0a384a1c9c761328d4c025ed" member_type: VOTER last_known_addr { host: "127.18.63.65" port: 36525 } }
I20260812 08:02:58.102382 22370 raft_consensus.cc:385] T 746593fe068f4712bf4b886555d50b9b P 7ae51d9b0a384a1c9c761328d4c025ed [term 0 FOLLOWER]: Consensus starting up: Expiring failure detector timer to make a prompt election more likely
I20260812 08:02:58.102420 22370 raft_consensus.cc:740] T 746593fe068f4712bf4b886555d50b9b P 7ae51d9b0a384a1c9c761328d4c025ed [term 0 FOLLOWER]: Becoming Follower/Learner. State: Replica: 7ae51d9b0a384a1c9c761328d4c025ed, State: Initialized, Role: FOLLOWER
I20260812 08:02:58.102370 22374 raft_consensus.cc:359] T e894d84cc10a4a46bb1913316be4d3f4 P 8c81c9e6a1b340b6b2b892470192db20 [term 0 FOLLOWER]: Replica starting. Triggering 0 pending ops. Active config: opid_index: -1 OBSOLETE_local: false peers { permanent_uuid: "80968bd674a94b9196d3ef0f7f065947" member_type: VOTER last_known_addr { host: "127.18.63.66" port: 45053 } } peers { permanent_uuid: "8c81c9e6a1b340b6b2b892470192db20" member_type: VOTER last_known_addr { host: "127.18.63.67" port: 36831 } } peers { permanent_uuid: "7ae51d9b0a384a1c9c761328d4c025ed" member_type: VOTER last_known_addr { host: "127.18.63.65" port: 36525 } }
I20260812 08:02:58.102478 22374 raft_consensus.cc:385] T e894d84cc10a4a46bb1913316be4d3f4 P 8c81c9e6a1b340b6b2b892470192db20 [term 0 FOLLOWER]: Consensus starting up: Expiring failure detector timer to make a prompt election more likely
I20260812 08:02:58.102505 22374 raft_consensus.cc:740] T e894d84cc10a4a46bb1913316be4d3f4 P 8c81c9e6a1b340b6b2b892470192db20 [term 0 FOLLOWER]: Becoming Follower/Learner. State: Replica: 8c81c9e6a1b340b6b2b892470192db20, State: Initialized, Role: FOLLOWER
I20260812 08:02:58.102569 22370 consensus_queue.cc:260] T 746593fe068f4712bf4b886555d50b9b P 7ae51d9b0a384a1c9c761328d4c025ed [NON_LEADER]: Queue going to NON_LEADER mode. State: All replicated index: 0, Majority replicated index: 0, Committed index: 0, Last appended: 0.0, Last appended by leader: 0, Current term: 0, Majority size: -1, State: 0, Mode: NON_LEADER, active raft config: opid_index: -1 OBSOLETE_local: false peers { permanent_uuid: "80968bd674a94b9196d3ef0f7f065947" member_type: VOTER last_known_addr { host: "127.18.63.66" port: 45053 } } peers { permanent_uuid: "8c81c9e6a1b340b6b2b892470192db20" member_type: VOTER last_known_addr { host: "127.18.63.67" port: 36831 } } peers { permanent_uuid: "7ae51d9b0a384a1c9c761328d4c025ed" member_type: VOTER last_known_addr { host: "127.18.63.65" port: 36525 } }
I20260812 08:02:58.102665 22374 consensus_queue.cc:260] T e894d84cc10a4a46bb1913316be4d3f4 P 8c81c9e6a1b340b6b2b892470192db20 [NON_LEADER]: Queue going to NON_LEADER mode. State: All replicated index: 0, Majority replicated index: 0, Committed index: 0, Last appended: 0.0, Last appended by leader: 0, Current term: 0, Majority size: -1, State: 0, Mode: NON_LEADER, active raft config: opid_index: -1 OBSOLETE_local: false peers { permanent_uuid: "80968bd674a94b9196d3ef0f7f065947" member_type: VOTER last_known_addr { host: "127.18.63.66" port: 45053 } } peers { permanent_uuid: "8c81c9e6a1b340b6b2b892470192db20" member_type: VOTER last_known_addr { host: "127.18.63.67" port: 36831 } } peers { permanent_uuid: "7ae51d9b0a384a1c9c761328d4c025ed" member_type: VOTER last_known_addr { host: "127.18.63.65" port: 36525 } }
I20260812 08:02:58.102859 22370 ts_tablet_manager.cc:1434] T 746593fe068f4712bf4b886555d50b9b P 7ae51d9b0a384a1c9c761328d4c025ed: Time spent starting tablet: real 0.001s	user 0.000s	sys 0.000s
I20260812 08:02:58.102959 22374 ts_tablet_manager.cc:1434] T e894d84cc10a4a46bb1913316be4d3f4 P 8c81c9e6a1b340b6b2b892470192db20: Time spent starting tablet: real 0.001s	user 0.000s	sys 0.001s
I20260812 08:02:58.103693 22374 tablet_bootstrap.cc:492] T 746593fe068f4712bf4b886555d50b9b P 8c81c9e6a1b340b6b2b892470192db20: Bootstrap starting.
I20260812 08:02:58.103785 21998 catalog_manager.cc:5811] TS 80968bd674a94b9196d3ef0f7f065947 (127.18.63.66:45053) does not have the latest schema for tablet e894d84cc10a4a46bb1913316be4d3f4 (table default.test_table [id=d9fdf21c047742828be6b82be386b12a]). Expected version 31 got 0
I20260812 08:02:58.103943 21997 catalog_manager.cc:5811] TS 7ae51d9b0a384a1c9c761328d4c025ed (127.18.63.65:36525) does not have the latest schema for tablet 07ac0b3594ef41b2a957fba476795afb (table default.test_table [id=d9fdf21c047742828be6b82be386b12a]). Expected version 31 got 0
I20260812 08:02:58.104568 21999 catalog_manager.cc:5811] TS 8c81c9e6a1b340b6b2b892470192db20 (127.18.63.67:36831) does not have the latest schema for tablet e894d84cc10a4a46bb1913316be4d3f4 (table default.test_table [id=d9fdf21c047742828be6b82be386b12a]). Expected version 31 got 0
I20260812 08:02:58.104899 22374 tablet_bootstrap.cc:654] T 746593fe068f4712bf4b886555d50b9b P 8c81c9e6a1b340b6b2b892470192db20: Neither blocks nor log segments found. Creating new log.
I20260812 08:02:58.106446 21999 catalog_manager.cc:5811] TS 7ae51d9b0a384a1c9c761328d4c025ed (127.18.63.65:36525) does not have the latest schema for tablet e894d84cc10a4a46bb1913316be4d3f4 (table default.test_table [id=d9fdf21c047742828be6b82be386b12a]). Expected version 31 got 0
I20260812 08:02:58.106575 21999 catalog_manager.cc:5811] TS 7ae51d9b0a384a1c9c761328d4c025ed (127.18.63.65:36525) does not have the latest schema for tablet 746593fe068f4712bf4b886555d50b9b (table default.test_table [id=d9fdf21c047742828be6b82be386b12a]). Expected version 31 got 0
I20260812 08:02:58.107197 21997 catalog_manager.cc:5811] TS 8c81c9e6a1b340b6b2b892470192db20 (127.18.63.67:36831) does not have the latest schema for tablet e894d84cc10a4a46bb1913316be4d3f4 (table default.test_table [id=d9fdf21c047742828be6b82be386b12a]). Expected version 31 got 0
I20260812 08:02:58.108530 22374 tablet_bootstrap.cc:492] T 746593fe068f4712bf4b886555d50b9b P 8c81c9e6a1b340b6b2b892470192db20: No bootstrap required, opened a new log
I20260812 08:02:58.108691 22374 ts_tablet_manager.cc:1403] T 746593fe068f4712bf4b886555d50b9b P 8c81c9e6a1b340b6b2b892470192db20: Time spent bootstrapping tablet: real 0.005s	user 0.000s	sys 0.003s
I20260812 08:02:58.109270 22374 raft_consensus.cc:359] T 746593fe068f4712bf4b886555d50b9b P 8c81c9e6a1b340b6b2b892470192db20 [term 0 FOLLOWER]: Replica starting. Triggering 0 pending ops. Active config: opid_index: -1 OBSOLETE_local: false peers { permanent_uuid: "80968bd674a94b9196d3ef0f7f065947" member_type: VOTER last_known_addr { host: "127.18.63.66" port: 45053 } } peers { permanent_uuid: "8c81c9e6a1b340b6b2b892470192db20" member_type: VOTER last_known_addr { host: "127.18.63.67" port: 36831 } } peers { permanent_uuid: "7ae51d9b0a384a1c9c761328d4c025ed" member_type: VOTER last_known_addr { host: "127.18.63.65" port: 36525 } }
I20260812 08:02:58.109372 22374 raft_consensus.cc:385] T 746593fe068f4712bf4b886555d50b9b P 8c81c9e6a1b340b6b2b892470192db20 [term 0 FOLLOWER]: Consensus starting up: Expiring failure detector timer to make a prompt election more likely
I20260812 08:02:58.109444 22374 raft_consensus.cc:740] T 746593fe068f4712bf4b886555d50b9b P 8c81c9e6a1b340b6b2b892470192db20 [term 0 FOLLOWER]: Becoming Follower/Learner. State: Replica: 8c81c9e6a1b340b6b2b892470192db20, State: Initialized, Role: FOLLOWER
I20260812 08:02:58.109591 22374 consensus_queue.cc:260] T 746593fe068f4712bf4b886555d50b9b P 8c81c9e6a1b340b6b2b892470192db20 [NON_LEADER]: Queue going to NON_LEADER mode. State: All replicated index: 0, Majority replicated index: 0, Committed index: 0, Last appended: 0.0, Last appended by leader: 0, Current term: 0, Majority size: -1, State: 0, Mode: NON_LEADER, active raft config: opid_index: -1 OBSOLETE_local: false peers { permanent_uuid: "80968bd674a94b9196d3ef0f7f065947" member_type: VOTER last_known_addr { host: "127.18.63.66" port: 45053 } } peers { permanent_uuid: "8c81c9e6a1b340b6b2b892470192db20" member_type: VOTER last_known_addr { host: "127.18.63.67" port: 36831 } } peers { permanent_uuid: "7ae51d9b0a384a1c9c761328d4c025ed" member_type: VOTER last_known_addr { host: "127.18.63.65" port: 36525 } }
I20260812 08:02:58.109936 22374 ts_tablet_manager.cc:1434] T 746593fe068f4712bf4b886555d50b9b P 8c81c9e6a1b340b6b2b892470192db20: Time spent starting tablet: real 0.001s	user 0.000s	sys 0.000s
I20260812 08:02:58.110738 21997 catalog_manager.cc:5811] TS 8c81c9e6a1b340b6b2b892470192db20 (127.18.63.67:36831) does not have the latest schema for tablet 746593fe068f4712bf4b886555d50b9b (table default.test_table [id=d9fdf21c047742828be6b82be386b12a]). Expected version 31 got 0
I20260812 08:02:58.112238 21999 catalog_manager.cc:5811] TS 8c81c9e6a1b340b6b2b892470192db20 (127.18.63.67:36831) does not have the latest schema for tablet 746593fe068f4712bf4b886555d50b9b (table default.test_table [id=d9fdf21c047742828be6b82be386b12a]). Expected version 31 got 0
I20260812 08:02:58.146987 22397 raft_consensus.cc:493] T 746593fe068f4712bf4b886555d50b9b P 7ae51d9b0a384a1c9c761328d4c025ed [term 0 FOLLOWER]: Starting pre-election (no leader contacted us within the election timeout)
I20260812 08:02:58.147207 22397 raft_consensus.cc:515] T 746593fe068f4712bf4b886555d50b9b P 7ae51d9b0a384a1c9c761328d4c025ed [term 0 FOLLOWER]: Starting pre-election with config: opid_index: -1 OBSOLETE_local: false peers { permanent_uuid: "80968bd674a94b9196d3ef0f7f065947" member_type: VOTER last_known_addr { host: "127.18.63.66" port: 45053 } } peers { permanent_uuid: "8c81c9e6a1b340b6b2b892470192db20" member_type: VOTER last_known_addr { host: "127.18.63.67" port: 36831 } } peers { permanent_uuid: "7ae51d9b0a384a1c9c761328d4c025ed" member_type: VOTER last_known_addr { host: "127.18.63.65" port: 36525 } }
I20260812 08:02:58.148509 22397 leader_election.cc:290] T 746593fe068f4712bf4b886555d50b9b P 7ae51d9b0a384a1c9c761328d4c025ed [CANDIDATE]: Term 1 pre-election: Requested pre-vote from peers 80968bd674a94b9196d3ef0f7f065947 (127.18.63.66:45053), 8c81c9e6a1b340b6b2b892470192db20 (127.18.63.67:36831)
I20260812 08:02:58.153599 22277 tablet_service.cc:1917] Received RequestConsensusVote() RPC: tablet_id: "746593fe068f4712bf4b886555d50b9b" candidate_uuid: "7ae51d9b0a384a1c9c761328d4c025ed" candidate_term: 1 candidate_status { last_received { term: 0 index: 0 } } ignore_live_leader: false dest_uuid: "8c81c9e6a1b340b6b2b892470192db20" is_pre_election: true
I20260812 08:02:58.153949 22277 raft_consensus.cc:2468] T 746593fe068f4712bf4b886555d50b9b P 8c81c9e6a1b340b6b2b892470192db20 [term 0 FOLLOWER]: Leader pre-election vote request: Granting yes vote for candidate 7ae51d9b0a384a1c9c761328d4c025ed in term 0.
I20260812 08:02:58.153939 21479 tablet_service.cc:1917] Received RequestConsensusVote() RPC: tablet_id: "746593fe068f4712bf4b886555d50b9b" candidate_uuid: "7ae51d9b0a384a1c9c761328d4c025ed" candidate_term: 1 candidate_status { last_received { term: 0 index: 0 } } ignore_live_leader: false dest_uuid: "80968bd674a94b9196d3ef0f7f065947" is_pre_election: true
I20260812 08:02:58.154093 21479 raft_consensus.cc:2468] T 746593fe068f4712bf4b886555d50b9b P 80968bd674a94b9196d3ef0f7f065947 [term 0 FOLLOWER]: Leader pre-election vote request: Granting yes vote for candidate 7ae51d9b0a384a1c9c761328d4c025ed in term 0.
I20260812 08:02:58.154476 21807 leader_election.cc:304] T 746593fe068f4712bf4b886555d50b9b P 7ae51d9b0a384a1c9c761328d4c025ed [CANDIDATE]: Term 1 pre-election: Election decided. Result: candidate won. Election summary: received 3 responses out of 3 voters: 3 yes votes; 0 no votes. yes voters: 7ae51d9b0a384a1c9c761328d4c025ed, 80968bd674a94b9196d3ef0f7f065947, 8c81c9e6a1b340b6b2b892470192db20; no voters: 
I20260812 08:02:58.154738 22397 raft_consensus.cc:2804] T 746593fe068f4712bf4b886555d50b9b P 7ae51d9b0a384a1c9c761328d4c025ed [term 0 FOLLOWER]: Leader pre-election won for term 1
I20260812 08:02:58.154815 22397 raft_consensus.cc:493] T 746593fe068f4712bf4b886555d50b9b P 7ae51d9b0a384a1c9c761328d4c025ed [term 0 FOLLOWER]: Starting leader election (no leader contacted us within the election timeout)
I20260812 08:02:58.154856 22397 raft_consensus.cc:3060] T 746593fe068f4712bf4b886555d50b9b P 7ae51d9b0a384a1c9c761328d4c025ed [term 0 FOLLOWER]: Advancing to term 1
I20260812 08:02:58.155833 22397 raft_consensus.cc:515] T 746593fe068f4712bf4b886555d50b9b P 7ae51d9b0a384a1c9c761328d4c025ed [term 1 FOLLOWER]: Starting leader election with config: opid_index: -1 OBSOLETE_local: false peers { permanent_uuid: "80968bd674a94b9196d3ef0f7f065947" member_type: VOTER last_known_addr { host: "127.18.63.66" port: 45053 } } peers { permanent_uuid: "8c81c9e6a1b340b6b2b892470192db20" member_type: VOTER last_known_addr { host: "127.18.63.67" port: 36831 } } peers { permanent_uuid: "7ae51d9b0a384a1c9c761328d4c025ed" member_type: VOTER last_known_addr { host: "127.18.63.65" port: 36525 } }
I20260812 08:02:58.156278 22397 leader_election.cc:290] T 746593fe068f4712bf4b886555d50b9b P 7ae51d9b0a384a1c9c761328d4c025ed [CANDIDATE]: Term 1 election: Requested vote from peers 80968bd674a94b9196d3ef0f7f065947 (127.18.63.66:45053), 8c81c9e6a1b340b6b2b892470192db20 (127.18.63.67:36831)
I20260812 08:02:58.156684 21479 tablet_service.cc:1917] Received RequestConsensusVote() RPC: tablet_id: "746593fe068f4712bf4b886555d50b9b" candidate_uuid: "7ae51d9b0a384a1c9c761328d4c025ed" candidate_term: 1 candidate_status { last_received { term: 0 index: 0 } } ignore_live_leader: false dest_uuid: "80968bd674a94b9196d3ef0f7f065947"
I20260812 08:02:58.156832 21479 raft_consensus.cc:3060] T 746593fe068f4712bf4b886555d50b9b P 80968bd674a94b9196d3ef0f7f065947 [term 0 FOLLOWER]: Advancing to term 1
I20260812 08:02:58.157680 21479 raft_consensus.cc:2468] T 746593fe068f4712bf4b886555d50b9b P 80968bd674a94b9196d3ef0f7f065947 [term 1 FOLLOWER]: Leader election vote request: Granting yes vote for candidate 7ae51d9b0a384a1c9c761328d4c025ed in term 1.
I20260812 08:02:58.158018 22277 tablet_service.cc:1917] Received RequestConsensusVote() RPC: tablet_id: "746593fe068f4712bf4b886555d50b9b" candidate_uuid: "7ae51d9b0a384a1c9c761328d4c025ed" candidate_term: 1 candidate_status { last_received { term: 0 index: 0 } } ignore_live_leader: false dest_uuid: "8c81c9e6a1b340b6b2b892470192db20"
I20260812 08:02:58.158083 21806 leader_election.cc:304] T 746593fe068f4712bf4b886555d50b9b P 7ae51d9b0a384a1c9c761328d4c025ed [CANDIDATE]: Term 1 election: Election decided. Result: candidate won. Election summary: received 2 responses out of 3 voters: 2 yes votes; 0 no votes. yes voters: 7ae51d9b0a384a1c9c761328d4c025ed, 80968bd674a94b9196d3ef0f7f065947; no voters: 
I20260812 08:02:58.158165 22277 raft_consensus.cc:3060] T 746593fe068f4712bf4b886555d50b9b P 8c81c9e6a1b340b6b2b892470192db20 [term 0 FOLLOWER]: Advancing to term 1
I20260812 08:02:58.158275 22397 raft_consensus.cc:2804] T 746593fe068f4712bf4b886555d50b9b P 7ae51d9b0a384a1c9c761328d4c025ed [term 1 FOLLOWER]: Leader election won for term 1
I20260812 08:02:58.158533 22397 raft_consensus.cc:697] T 746593fe068f4712bf4b886555d50b9b P 7ae51d9b0a384a1c9c761328d4c025ed [term 1 LEADER]: Becoming Leader. State: Replica: 7ae51d9b0a384a1c9c761328d4c025ed, State: Running, Role: LEADER
I20260812 08:02:58.158778 22397 consensus_queue.cc:237] T 746593fe068f4712bf4b886555d50b9b P 7ae51d9b0a384a1c9c761328d4c025ed [LEADER]: Queue going to LEADER mode. State: All replicated index: 0, Majority replicated index: 0, Committed index: 0, Last appended: 0.0, Last appended by leader: 0, Current term: 1, Majority size: 2, State: 0, Mode: LEADER, active raft config: opid_index: -1 OBSOLETE_local: false peers { permanent_uuid: "80968bd674a94b9196d3ef0f7f065947" member_type: VOTER last_known_addr { host: "127.18.63.66" port: 45053 } } peers { permanent_uuid: "8c81c9e6a1b340b6b2b892470192db20" member_type: VOTER last_known_addr { host: "127.18.63.67" port: 36831 } } peers { permanent_uuid: "7ae51d9b0a384a1c9c761328d4c025ed" member_type: VOTER last_known_addr { host: "127.18.63.65" port: 36525 } }
W20260812 08:02:58.159209 22332 tablet.cc:2406] T 07ac0b3594ef41b2a957fba476795afb P 8c81c9e6a1b340b6b2b892470192db20: Can't schedule compaction. Clean time has not been advanced past its initial value.
I20260812 08:02:58.159595 22277 raft_consensus.cc:2468] T 746593fe068f4712bf4b886555d50b9b P 8c81c9e6a1b340b6b2b892470192db20 [term 1 FOLLOWER]: Leader election vote request: Granting yes vote for candidate 7ae51d9b0a384a1c9c761328d4c025ed in term 1.
I20260812 08:02:58.161444 21999 catalog_manager.cc:5719] T 746593fe068f4712bf4b886555d50b9b P 7ae51d9b0a384a1c9c761328d4c025ed reported cstate change: term changed from 0 to 1, leader changed from <none> to 7ae51d9b0a384a1c9c761328d4c025ed (127.18.63.65). New cstate: current_term: 1 leader_uuid: "7ae51d9b0a384a1c9c761328d4c025ed" committed_config { opid_index: -1 OBSOLETE_local: false peers { permanent_uuid: "80968bd674a94b9196d3ef0f7f065947" member_type: VOTER last_known_addr { host: "127.18.63.66" port: 45053 } health_report { overall_health: UNKNOWN } } peers { permanent_uuid: "8c81c9e6a1b340b6b2b892470192db20" member_type: VOTER last_known_addr { host: "127.18.63.67" port: 36831 } health_report { overall_health: UNKNOWN } } peers { permanent_uuid: "7ae51d9b0a384a1c9c761328d4c025ed" member_type: VOTER last_known_addr { host: "127.18.63.65" port: 36525 } health_report { overall_health: HEALTHY } } }
I20260812 08:02:58.161633 21999 catalog_manager.cc:5811] TS 7ae51d9b0a384a1c9c761328d4c025ed (127.18.63.65:36525) does not have the latest schema for tablet 746593fe068f4712bf4b886555d50b9b (table default.test_table [id=d9fdf21c047742828be6b82be386b12a]). Expected version 31 got 0
I20260812 08:02:58.206614 22397 raft_consensus.cc:493] T 07ac0b3594ef41b2a957fba476795afb P 7ae51d9b0a384a1c9c761328d4c025ed [term 0 FOLLOWER]: Starting pre-election (no leader contacted us within the election timeout)
I20260812 08:02:58.206801 22397 raft_consensus.cc:515] T 07ac0b3594ef41b2a957fba476795afb P 7ae51d9b0a384a1c9c761328d4c025ed [term 0 FOLLOWER]: Starting pre-election with config: opid_index: -1 OBSOLETE_local: false peers { permanent_uuid: "80968bd674a94b9196d3ef0f7f065947" member_type: VOTER last_known_addr { host: "127.18.63.66" port: 45053 } } peers { permanent_uuid: "8c81c9e6a1b340b6b2b892470192db20" member_type: VOTER last_known_addr { host: "127.18.63.67" port: 36831 } } peers { permanent_uuid: "7ae51d9b0a384a1c9c761328d4c025ed" member_type: VOTER last_known_addr { host: "127.18.63.65" port: 36525 } }
I20260812 08:02:58.207455 22397 leader_election.cc:290] T 07ac0b3594ef41b2a957fba476795afb P 7ae51d9b0a384a1c9c761328d4c025ed [CANDIDATE]: Term 1 pre-election: Requested pre-vote from peers 80968bd674a94b9196d3ef0f7f065947 (127.18.63.66:45053), 8c81c9e6a1b340b6b2b892470192db20 (127.18.63.67:36831)
I20260812 08:02:58.208052 21479 tablet_service.cc:1917] Received RequestConsensusVote() RPC: tablet_id: "07ac0b3594ef41b2a957fba476795afb" candidate_uuid: "7ae51d9b0a384a1c9c761328d4c025ed" candidate_term: 1 candidate_status { last_received { term: 0 index: 0 } } ignore_live_leader: false dest_uuid: "80968bd674a94b9196d3ef0f7f065947" is_pre_election: true
I20260812 08:02:58.208086 22277 tablet_service.cc:1917] Received RequestConsensusVote() RPC: tablet_id: "07ac0b3594ef41b2a957fba476795afb" candidate_uuid: "7ae51d9b0a384a1c9c761328d4c025ed" candidate_term: 1 candidate_status { last_received { term: 0 index: 0 } } ignore_live_leader: false dest_uuid: "8c81c9e6a1b340b6b2b892470192db20" is_pre_election: true
I20260812 08:02:58.208230 21479 raft_consensus.cc:2468] T 07ac0b3594ef41b2a957fba476795afb P 80968bd674a94b9196d3ef0f7f065947 [term 0 FOLLOWER]: Leader pre-election vote request: Granting yes vote for candidate 7ae51d9b0a384a1c9c761328d4c025ed in term 0.
I20260812 08:02:58.208272 22277 raft_consensus.cc:2468] T 07ac0b3594ef41b2a957fba476795afb P 8c81c9e6a1b340b6b2b892470192db20 [term 0 FOLLOWER]: Leader pre-election vote request: Granting yes vote for candidate 7ae51d9b0a384a1c9c761328d4c025ed in term 0.
I20260812 08:02:58.208707 21806 leader_election.cc:304] T 07ac0b3594ef41b2a957fba476795afb P 7ae51d9b0a384a1c9c761328d4c025ed [CANDIDATE]: Term 1 pre-election: Election decided. Result: candidate won. Election summary: received 2 responses out of 3 voters: 2 yes votes; 0 no votes. yes voters: 7ae51d9b0a384a1c9c761328d4c025ed, 80968bd674a94b9196d3ef0f7f065947; no voters: 
I20260812 08:02:58.208945 22397 raft_consensus.cc:2804] T 07ac0b3594ef41b2a957fba476795afb P 7ae51d9b0a384a1c9c761328d4c025ed [term 0 FOLLOWER]: Leader pre-election won for term 1
I20260812 08:02:58.209022 22397 raft_consensus.cc:493] T 07ac0b3594ef41b2a957fba476795afb P 7ae51d9b0a384a1c9c761328d4c025ed [term 0 FOLLOWER]: Starting leader election (no leader contacted us within the election timeout)
I20260812 08:02:58.209084 22397 raft_consensus.cc:3060] T 07ac0b3594ef41b2a957fba476795afb P 7ae51d9b0a384a1c9c761328d4c025ed [term 0 FOLLOWER]: Advancing to term 1
I20260812 08:02:58.209965 22397 raft_consensus.cc:515] T 07ac0b3594ef41b2a957fba476795afb P 7ae51d9b0a384a1c9c761328d4c025ed [term 1 FOLLOWER]: Starting leader election with config: opid_index: -1 OBSOLETE_local: false peers { permanent_uuid: "80968bd674a94b9196d3ef0f7f065947" member_type: VOTER last_known_addr { host: "127.18.63.66" port: 45053 } } peers { permanent_uuid: "8c81c9e6a1b340b6b2b892470192db20" member_type: VOTER last_known_addr { host: "127.18.63.67" port: 36831 } } peers { permanent_uuid: "7ae51d9b0a384a1c9c761328d4c025ed" member_type: VOTER last_known_addr { host: "127.18.63.65" port: 36525 } }
I20260812 08:02:58.210400 22397 leader_election.cc:290] T 07ac0b3594ef41b2a957fba476795afb P 7ae51d9b0a384a1c9c761328d4c025ed [CANDIDATE]: Term 1 election: Requested vote from peers 80968bd674a94b9196d3ef0f7f065947 (127.18.63.66:45053), 8c81c9e6a1b340b6b2b892470192db20 (127.18.63.67:36831)
I20260812 08:02:58.210829 21479 tablet_service.cc:1917] Received RequestConsensusVote() RPC: tablet_id: "07ac0b3594ef41b2a957fba476795afb" candidate_uuid: "7ae51d9b0a384a1c9c761328d4c025ed" candidate_term: 1 candidate_status { last_received { term: 0 index: 0 } } ignore_live_leader: false dest_uuid: "80968bd674a94b9196d3ef0f7f065947"
I20260812 08:02:58.210831 22277 tablet_service.cc:1917] Received RequestConsensusVote() RPC: tablet_id: "07ac0b3594ef41b2a957fba476795afb" candidate_uuid: "7ae51d9b0a384a1c9c761328d4c025ed" candidate_term: 1 candidate_status { last_received { term: 0 index: 0 } } ignore_live_leader: false dest_uuid: "8c81c9e6a1b340b6b2b892470192db20"
I20260812 08:02:58.210976 22277 raft_consensus.cc:3060] T 07ac0b3594ef41b2a957fba476795afb P 8c81c9e6a1b340b6b2b892470192db20 [term 0 FOLLOWER]: Advancing to term 1
I20260812 08:02:58.210983 21479 raft_consensus.cc:3060] T 07ac0b3594ef41b2a957fba476795afb P 80968bd674a94b9196d3ef0f7f065947 [term 0 FOLLOWER]: Advancing to term 1
I20260812 08:02:58.211978 21479 raft_consensus.cc:2468] T 07ac0b3594ef41b2a957fba476795afb P 80968bd674a94b9196d3ef0f7f065947 [term 1 FOLLOWER]: Leader election vote request: Granting yes vote for candidate 7ae51d9b0a384a1c9c761328d4c025ed in term 1.
I20260812 08:02:58.212092 22277 raft_consensus.cc:2468] T 07ac0b3594ef41b2a957fba476795afb P 8c81c9e6a1b340b6b2b892470192db20 [term 1 FOLLOWER]: Leader election vote request: Granting yes vote for candidate 7ae51d9b0a384a1c9c761328d4c025ed in term 1.
I20260812 08:02:58.212384 21806 leader_election.cc:304] T 07ac0b3594ef41b2a957fba476795afb P 7ae51d9b0a384a1c9c761328d4c025ed [CANDIDATE]: Term 1 election: Election decided. Result: candidate won. Election summary: received 2 responses out of 3 voters: 2 yes votes; 0 no votes. yes voters: 7ae51d9b0a384a1c9c761328d4c025ed, 80968bd674a94b9196d3ef0f7f065947; no voters: 
I20260812 08:02:58.212642 22397 raft_consensus.cc:2804] T 07ac0b3594ef41b2a957fba476795afb P 7ae51d9b0a384a1c9c761328d4c025ed [term 1 FOLLOWER]: Leader election won for term 1
I20260812 08:02:58.212738 22397 raft_consensus.cc:697] T 07ac0b3594ef41b2a957fba476795afb P 7ae51d9b0a384a1c9c761328d4c025ed [term 1 LEADER]: Becoming Leader. State: Replica: 7ae51d9b0a384a1c9c761328d4c025ed, State: Running, Role: LEADER
I20260812 08:02:58.212894 22397 consensus_queue.cc:237] T 07ac0b3594ef41b2a957fba476795afb P 7ae51d9b0a384a1c9c761328d4c025ed [LEADER]: Queue going to LEADER mode. State: All replicated index: 0, Majority replicated index: 0, Committed index: 0, Last appended: 0.0, Last appended by leader: 0, Current term: 1, Majority size: 2, State: 0, Mode: LEADER, active raft config: opid_index: -1 OBSOLETE_local: false peers { permanent_uuid: "80968bd674a94b9196d3ef0f7f065947" member_type: VOTER last_known_addr { host: "127.18.63.66" port: 45053 } } peers { permanent_uuid: "8c81c9e6a1b340b6b2b892470192db20" member_type: VOTER last_known_addr { host: "127.18.63.67" port: 36831 } } peers { permanent_uuid: "7ae51d9b0a384a1c9c761328d4c025ed" member_type: VOTER last_known_addr { host: "127.18.63.65" port: 36525 } }
I20260812 08:02:58.214984 21999 catalog_manager.cc:5719] T 07ac0b3594ef41b2a957fba476795afb P 7ae51d9b0a384a1c9c761328d4c025ed reported cstate change: term changed from 0 to 1, leader changed from <none> to 7ae51d9b0a384a1c9c761328d4c025ed (127.18.63.65). New cstate: current_term: 1 leader_uuid: "7ae51d9b0a384a1c9c761328d4c025ed" committed_config { opid_index: -1 OBSOLETE_local: false peers { permanent_uuid: "80968bd674a94b9196d3ef0f7f065947" member_type: VOTER last_known_addr { host: "127.18.63.66" port: 45053 } health_report { overall_health: UNKNOWN } } peers { permanent_uuid: "8c81c9e6a1b340b6b2b892470192db20" member_type: VOTER last_known_addr { host: "127.18.63.67" port: 36831 } health_report { overall_health: UNKNOWN } } peers { permanent_uuid: "7ae51d9b0a384a1c9c761328d4c025ed" member_type: VOTER last_known_addr { host: "127.18.63.65" port: 36525 } health_report { overall_health: HEALTHY } } }
I20260812 08:02:58.215225 21999 catalog_manager.cc:5811] TS 7ae51d9b0a384a1c9c761328d4c025ed (127.18.63.65:36525) does not have the latest schema for tablet 07ac0b3594ef41b2a957fba476795afb (table default.test_table [id=d9fdf21c047742828be6b82be386b12a]). Expected version 31 got 0
I20260812 08:02:58.231125 22400 raft_consensus.cc:493] T e894d84cc10a4a46bb1913316be4d3f4 P 8c81c9e6a1b340b6b2b892470192db20 [term 0 FOLLOWER]: Starting pre-election (no leader contacted us within the election timeout)
I20260812 08:02:58.231305 22400 raft_consensus.cc:515] T e894d84cc10a4a46bb1913316be4d3f4 P 8c81c9e6a1b340b6b2b892470192db20 [term 0 FOLLOWER]: Starting pre-election with config: opid_index: -1 OBSOLETE_local: false peers { permanent_uuid: "80968bd674a94b9196d3ef0f7f065947" member_type: VOTER last_known_addr { host: "127.18.63.66" port: 45053 } } peers { permanent_uuid: "8c81c9e6a1b340b6b2b892470192db20" member_type: VOTER last_known_addr { host: "127.18.63.67" port: 36831 } } peers { permanent_uuid: "7ae51d9b0a384a1c9c761328d4c025ed" member_type: VOTER last_known_addr { host: "127.18.63.65" port: 36525 } }
I20260812 08:02:58.232856 22400 leader_election.cc:290] T e894d84cc10a4a46bb1913316be4d3f4 P 8c81c9e6a1b340b6b2b892470192db20 [CANDIDATE]: Term 1 pre-election: Requested pre-vote from peers 80968bd674a94b9196d3ef0f7f065947 (127.18.63.66:45053), 7ae51d9b0a384a1c9c761328d4c025ed (127.18.63.65:36525)
I20260812 08:02:58.237931 21479 tablet_service.cc:1917] Received RequestConsensusVote() RPC: tablet_id: "e894d84cc10a4a46bb1913316be4d3f4" candidate_uuid: "8c81c9e6a1b340b6b2b892470192db20" candidate_term: 1 candidate_status { last_received { term: 0 index: 0 } } ignore_live_leader: false dest_uuid: "80968bd674a94b9196d3ef0f7f065947" is_pre_election: true
I20260812 08:02:58.238134 21479 raft_consensus.cc:2468] T e894d84cc10a4a46bb1913316be4d3f4 P 80968bd674a94b9196d3ef0f7f065947 [term 0 FOLLOWER]: Leader pre-election vote request: Granting yes vote for candidate 8c81c9e6a1b340b6b2b892470192db20 in term 0.
I20260812 08:02:58.238540 22193 leader_election.cc:304] T e894d84cc10a4a46bb1913316be4d3f4 P 8c81c9e6a1b340b6b2b892470192db20 [CANDIDATE]: Term 1 pre-election: Election decided. Result: candidate won. Election summary: received 2 responses out of 3 voters: 2 yes votes; 0 no votes. yes voters: 80968bd674a94b9196d3ef0f7f065947, 8c81c9e6a1b340b6b2b892470192db20; no voters: 
I20260812 08:02:58.238811 22400 raft_consensus.cc:2804] T e894d84cc10a4a46bb1913316be4d3f4 P 8c81c9e6a1b340b6b2b892470192db20 [term 0 FOLLOWER]: Leader pre-election won for term 1
I20260812 08:02:58.238901 22400 raft_consensus.cc:493] T e894d84cc10a4a46bb1913316be4d3f4 P 8c81c9e6a1b340b6b2b892470192db20 [term 0 FOLLOWER]: Starting leader election (no leader contacted us within the election timeout)
I20260812 08:02:58.238963 22400 raft_consensus.cc:3060] T e894d84cc10a4a46bb1913316be4d3f4 P 8c81c9e6a1b340b6b2b892470192db20 [term 0 FOLLOWER]: Advancing to term 1
I20260812 08:02:58.240195 22400 raft_consensus.cc:515] T e894d84cc10a4a46bb1913316be4d3f4 P 8c81c9e6a1b340b6b2b892470192db20 [term 1 FOLLOWER]: Starting leader election with config: opid_index: -1 OBSOLETE_local: false peers { permanent_uuid: "80968bd674a94b9196d3ef0f7f065947" member_type: VOTER last_known_addr { host: "127.18.63.66" port: 45053 } } peers { permanent_uuid: "8c81c9e6a1b340b6b2b892470192db20" member_type: VOTER last_known_addr { host: "127.18.63.67" port: 36831 } } peers { permanent_uuid: "7ae51d9b0a384a1c9c761328d4c025ed" member_type: VOTER last_known_addr { host: "127.18.63.65" port: 36525 } }
I20260812 08:02:58.240330 21887 tablet_service.cc:1917] Received RequestConsensusVote() RPC: tablet_id: "e894d84cc10a4a46bb1913316be4d3f4" candidate_uuid: "8c81c9e6a1b340b6b2b892470192db20" candidate_term: 1 candidate_status { last_received { term: 0 index: 0 } } ignore_live_leader: false dest_uuid: "7ae51d9b0a384a1c9c761328d4c025ed" is_pre_election: true
I20260812 08:02:58.240458 21887 raft_consensus.cc:2468] T e894d84cc10a4a46bb1913316be4d3f4 P 7ae51d9b0a384a1c9c761328d4c025ed [term 0 FOLLOWER]: Leader pre-election vote request: Granting yes vote for candidate 8c81c9e6a1b340b6b2b892470192db20 in term 0.
I20260812 08:02:58.240664 22400 leader_election.cc:290] T e894d84cc10a4a46bb1913316be4d3f4 P 8c81c9e6a1b340b6b2b892470192db20 [CANDIDATE]: Term 1 election: Requested vote from peers 80968bd674a94b9196d3ef0f7f065947 (127.18.63.66:45053), 7ae51d9b0a384a1c9c761328d4c025ed (127.18.63.65:36525)
I20260812 08:02:58.241113 21887 tablet_service.cc:1917] Received RequestConsensusVote() RPC: tablet_id: "e894d84cc10a4a46bb1913316be4d3f4" candidate_uuid: "8c81c9e6a1b340b6b2b892470192db20" candidate_term: 1 candidate_status { last_received { term: 0 index: 0 } } ignore_live_leader: false dest_uuid: "7ae51d9b0a384a1c9c761328d4c025ed"
I20260812 08:02:58.241228 21887 raft_consensus.cc:3060] T e894d84cc10a4a46bb1913316be4d3f4 P 7ae51d9b0a384a1c9c761328d4c025ed [term 0 FOLLOWER]: Advancing to term 1
I20260812 08:02:58.242161 21887 raft_consensus.cc:2468] T e894d84cc10a4a46bb1913316be4d3f4 P 7ae51d9b0a384a1c9c761328d4c025ed [term 1 FOLLOWER]: Leader election vote request: Granting yes vote for candidate 8c81c9e6a1b340b6b2b892470192db20 in term 1.
I20260812 08:02:58.242444 21479 tablet_service.cc:1917] Received RequestConsensusVote() RPC: tablet_id: "e894d84cc10a4a46bb1913316be4d3f4" candidate_uuid: "8c81c9e6a1b340b6b2b892470192db20" candidate_term: 1 candidate_status { last_received { term: 0 index: 0 } } ignore_live_leader: false dest_uuid: "80968bd674a94b9196d3ef0f7f065947"
I20260812 08:02:58.242513 22194 leader_election.cc:304] T e894d84cc10a4a46bb1913316be4d3f4 P 8c81c9e6a1b340b6b2b892470192db20 [CANDIDATE]: Term 1 election: Election decided. Result: candidate won. Election summary: received 2 responses out of 3 voters: 2 yes votes; 0 no votes. yes voters: 7ae51d9b0a384a1c9c761328d4c025ed, 8c81c9e6a1b340b6b2b892470192db20; no voters: 
I20260812 08:02:58.242578 21479 raft_consensus.cc:3060] T e894d84cc10a4a46bb1913316be4d3f4 P 80968bd674a94b9196d3ef0f7f065947 [term 0 FOLLOWER]: Advancing to term 1
I20260812 08:02:58.242719 22400 raft_consensus.cc:2804] T e894d84cc10a4a46bb1913316be4d3f4 P 8c81c9e6a1b340b6b2b892470192db20 [term 1 FOLLOWER]: Leader election won for term 1
I20260812 08:02:58.242990 22400 raft_consensus.cc:697] T e894d84cc10a4a46bb1913316be4d3f4 P 8c81c9e6a1b340b6b2b892470192db20 [term 1 LEADER]: Becoming Leader. State: Replica: 8c81c9e6a1b340b6b2b892470192db20, State: Running, Role: LEADER
I20260812 08:02:58.243260 22400 consensus_queue.cc:237] T e894d84cc10a4a46bb1913316be4d3f4 P 8c81c9e6a1b340b6b2b892470192db20 [LEADER]: Queue going to LEADER mode. State: All replicated index: 0, Majority replicated index: 0, Committed index: 0, Last appended: 0.0, Last appended by leader: 0, Current term: 1, Majority size: 2, State: 0, Mode: LEADER, active raft config: opid_index: -1 OBSOLETE_local: false peers { permanent_uuid: "80968bd674a94b9196d3ef0f7f065947" member_type: VOTER last_known_addr { host: "127.18.63.66" port: 45053 } } peers { permanent_uuid: "8c81c9e6a1b340b6b2b892470192db20" member_type: VOTER last_known_addr { host: "127.18.63.67" port: 36831 } } peers { permanent_uuid: "7ae51d9b0a384a1c9c761328d4c025ed" member_type: VOTER last_known_addr { host: "127.18.63.65" port: 36525 } }
I20260812 08:02:58.243674 21479 raft_consensus.cc:2468] T e894d84cc10a4a46bb1913316be4d3f4 P 80968bd674a94b9196d3ef0f7f065947 [term 1 FOLLOWER]: Leader election vote request: Granting yes vote for candidate 8c81c9e6a1b340b6b2b892470192db20 in term 1.
I20260812 08:02:58.245855 21999 catalog_manager.cc:5719] T e894d84cc10a4a46bb1913316be4d3f4 P 8c81c9e6a1b340b6b2b892470192db20 reported cstate change: term changed from 0 to 1, leader changed from <none> to 8c81c9e6a1b340b6b2b892470192db20 (127.18.63.67). New cstate: current_term: 1 leader_uuid: "8c81c9e6a1b340b6b2b892470192db20" committed_config { opid_index: -1 OBSOLETE_local: false peers { permanent_uuid: "80968bd674a94b9196d3ef0f7f065947" member_type: VOTER last_known_addr { host: "127.18.63.66" port: 45053 } health_report { overall_health: UNKNOWN } } peers { permanent_uuid: "8c81c9e6a1b340b6b2b892470192db20" member_type: VOTER last_known_addr { host: "127.18.63.67" port: 36831 } health_report { overall_health: HEALTHY } } peers { permanent_uuid: "7ae51d9b0a384a1c9c761328d4c025ed" member_type: VOTER last_known_addr { host: "127.18.63.65" port: 36525 } health_report { overall_health: UNKNOWN } } }
I20260812 08:02:58.246122 21999 catalog_manager.cc:5811] TS 8c81c9e6a1b340b6b2b892470192db20 (127.18.63.67:36831) does not have the latest schema for tablet e894d84cc10a4a46bb1913316be4d3f4 (table default.test_table [id=d9fdf21c047742828be6b82be386b12a]). Expected version 31 got 0
I20260812 08:02:58.249151 21479 raft_consensus.cc:1275] T 746593fe068f4712bf4b886555d50b9b P 80968bd674a94b9196d3ef0f7f065947 [term 1 FOLLOWER]: Refusing update from remote peer 7ae51d9b0a384a1c9c761328d4c025ed: Log matching property violated. Preceding OpId in replica: term: 0 index: 0. Preceding OpId from leader: term: 1 index: 2. (index mismatch)
I20260812 08:02:58.249204 22277 raft_consensus.cc:1275] T 746593fe068f4712bf4b886555d50b9b P 8c81c9e6a1b340b6b2b892470192db20 [term 1 FOLLOWER]: Refusing update from remote peer 7ae51d9b0a384a1c9c761328d4c025ed: Log matching property violated. Preceding OpId in replica: term: 0 index: 0. Preceding OpId from leader: term: 1 index: 2. (index mismatch)
I20260812 08:02:58.249650 22397 consensus_queue.cc:1048] T 746593fe068f4712bf4b886555d50b9b P 7ae51d9b0a384a1c9c761328d4c025ed [LEADER]: Connected to new peer: Peer: permanent_uuid: "80968bd674a94b9196d3ef0f7f065947" member_type: VOTER last_known_addr { host: "127.18.63.66" port: 45053 }, Status: LMP_MISMATCH, Last received: 0.0, Next index: 1, Last known committed idx: 0, Time since last communication: 0.000s
I20260812 08:02:58.249861 22407 consensus_queue.cc:1048] T 746593fe068f4712bf4b886555d50b9b P 7ae51d9b0a384a1c9c761328d4c025ed [LEADER]: Connected to new peer: Peer: permanent_uuid: "8c81c9e6a1b340b6b2b892470192db20" member_type: VOTER last_known_addr { host: "127.18.63.67" port: 36831 }, Status: LMP_MISMATCH, Last received: 0.0, Next index: 1, Last known committed idx: 0, Time since last communication: 0.000s
I20260812 08:02:58.252364 21999 catalog_manager.cc:5811] TS 80968bd674a94b9196d3ef0f7f065947 (127.18.63.66:45053) does not have the latest schema for tablet 746593fe068f4712bf4b886555d50b9b (table default.test_table [id=d9fdf21c047742828be6b82be386b12a]). Expected version 31 got 0
I20260812 08:02:58.252753 21997 catalog_manager.cc:5811] TS 8c81c9e6a1b340b6b2b892470192db20 (127.18.63.67:36831) does not have the latest schema for tablet 746593fe068f4712bf4b886555d50b9b (table default.test_table [id=d9fdf21c047742828be6b82be386b12a]). Expected version 31 got 0
I20260812 08:02:58.253149 22350 tablet.cc:1724] T 746593fe068f4712bf4b886555d50b9b P 7ae51d9b0a384a1c9c761328d4c025ed: Alter schema from (
    10:c936 INT32 NOT NULL,
    24:c744 INT32 NOT NULL,
    27:c484 INT32 NULLABLE,
    28:c685 INT32 NULLABLE,
    29:c503 INT32 NULLABLE,
    30:c585 INT32 NOT NULL,
    31:c432 INT32 NOT NULL,
    33:c716 INT32 NOT NULL,
    34:c516 INT32 NOT NULL,
    35:c515 INT32 NULLABLE,
    36:c818 INT32 NOT NULL,
    37:c317 INT32 NULLABLE,
    PRIMARY KEY (c936)
) version 0 to (
    10:c936 INT32 NOT NULL,
    24:c744 INT32 NOT NULL,
    27:c484 INT32 NULLABLE,
    28:c685 INT32 NULLABLE,
    29:c503 INT32 NULLABLE,
    30:c585 INT32 NOT NULL,
    31:c432 INT32 NOT NULL,
    33:c716 INT32 NOT NULL,
    34:c516 INT32 NOT NULL,
    35:c515 INT32 NULLABLE,
    36:c818 INT32 NOT NULL,
    37:c317 INT32 NULLABLE,
    PRIMARY KEY (c936)
) version 31
I20260812 08:02:58.253149 22083 mvcc.cc:204] Tried to move back new op lower bound from 7317593203703386112 to 7317593203341475840. Current Snapshot: MvccSnapshot[applied={T|T < 7317593203703386112}]
I20260812 08:02:58.253858 22088 tablet.cc:1724] T 746593fe068f4712bf4b886555d50b9b P 80968bd674a94b9196d3ef0f7f065947: Alter schema from (
    10:c936 INT32 NOT NULL,
    24:c744 INT32 NOT NULL,
    27:c484 INT32 NULLABLE,
    28:c685 INT32 NULLABLE,
    29:c503 INT32 NULLABLE,
    30:c585 INT32 NOT NULL,
    31:c432 INT32 NOT NULL,
    33:c716 INT32 NOT NULL,
    34:c516 INT32 NOT NULL,
    35:c515 INT32 NULLABLE,
    36:c818 INT32 NOT NULL,
    37:c317 INT32 NULLABLE,
    PRIMARY KEY (c936)
) version 0 to (
    10:c936 INT32 NOT NULL,
    24:c744 INT32 NOT NULL,
    27:c484 INT32 NULLABLE,
    28:c685 INT32 NULLABLE,
    29:c503 INT32 NULLABLE,
    30:c585 INT32 NOT NULL,
    31:c432 INT32 NOT NULL,
    33:c716 INT32 NOT NULL,
    34:c516 INT32 NOT NULL,
    35:c515 INT32 NULLABLE,
    36:c818 INT32 NOT NULL,
    37:c317 INT32 NULLABLE,
    PRIMARY KEY (c936)
) version 31
I20260812 08:02:58.254871 22346 tablet.cc:1724] T 746593fe068f4712bf4b886555d50b9b P 8c81c9e6a1b340b6b2b892470192db20: Alter schema from (
    10:c936 INT32 NOT NULL,
    24:c744 INT32 NOT NULL,
    27:c484 INT32 NULLABLE,
    28:c685 INT32 NULLABLE,
    29:c503 INT32 NULLABLE,
    30:c585 INT32 NOT NULL,
    31:c432 INT32 NOT NULL,
    33:c716 INT32 NOT NULL,
    34:c516 INT32 NOT NULL,
    35:c515 INT32 NULLABLE,
    36:c818 INT32 NOT NULL,
    37:c317 INT32 NULLABLE,
    PRIMARY KEY (c936)
) version 0 to (
    10:c936 INT32 NOT NULL,
    24:c744 INT32 NOT NULL,
    27:c484 INT32 NULLABLE,
    28:c685 INT32 NULLABLE,
    29:c503 INT32 NULLABLE,
    30:c585 INT32 NOT NULL,
    31:c432 INT32 NOT NULL,
    33:c716 INT32 NOT NULL,
    34:c516 INT32 NOT NULL,
    35:c515 INT32 NULLABLE,
    36:c818 INT32 NOT NULL,
    37:c317 INT32 NULLABLE,
    PRIMARY KEY (c936)
) version 31
I20260812 08:02:58.255429 22345 mvcc.cc:204] Tried to move back new op lower bound from 7317593203703386112 to 7317593203341475840. Current Snapshot: MvccSnapshot[applied={T|T < 7317593203703386112}]
I20260812 08:02:58.284389 22277 raft_consensus.cc:1275] T 07ac0b3594ef41b2a957fba476795afb P 8c81c9e6a1b340b6b2b892470192db20 [term 1 FOLLOWER]: Refusing update from remote peer 7ae51d9b0a384a1c9c761328d4c025ed: Log matching property violated. Preceding OpId in replica: term: 0 index: 0. Preceding OpId from leader: term: 1 index: 2. (index mismatch)
I20260812 08:02:58.284400 21479 raft_consensus.cc:1275] T 07ac0b3594ef41b2a957fba476795afb P 80968bd674a94b9196d3ef0f7f065947 [term 1 FOLLOWER]: Refusing update from remote peer 7ae51d9b0a384a1c9c761328d4c025ed: Log matching property violated. Preceding OpId in replica: term: 0 index: 0. Preceding OpId from leader: term: 1 index: 2. (index mismatch)
I20260812 08:02:58.284941 22397 consensus_queue.cc:1048] T 07ac0b3594ef41b2a957fba476795afb P 7ae51d9b0a384a1c9c761328d4c025ed [LEADER]: Connected to new peer: Peer: permanent_uuid: "80968bd674a94b9196d3ef0f7f065947" member_type: VOTER last_known_addr { host: "127.18.63.66" port: 45053 }, Status: LMP_MISMATCH, Last received: 0.0, Next index: 1, Last known committed idx: 0, Time since last communication: 0.000s
I20260812 08:02:58.285137 22407 consensus_queue.cc:1048] T 07ac0b3594ef41b2a957fba476795afb P 7ae51d9b0a384a1c9c761328d4c025ed [LEADER]: Connected to new peer: Peer: permanent_uuid: "8c81c9e6a1b340b6b2b892470192db20" member_type: VOTER last_known_addr { host: "127.18.63.67" port: 36831 }, Status: LMP_MISMATCH, Last received: 0.0, Next index: 1, Last known committed idx: 0, Time since last communication: 0.000s
I20260812 08:02:58.288425 21999 catalog_manager.cc:5811] TS 8c81c9e6a1b340b6b2b892470192db20 (127.18.63.67:36831) does not have the latest schema for tablet 07ac0b3594ef41b2a957fba476795afb (table default.test_table [id=d9fdf21c047742828be6b82be386b12a]). Expected version 31 got 0
I20260812 08:02:58.289184 21998 catalog_manager.cc:5811] TS 80968bd674a94b9196d3ef0f7f065947 (127.18.63.66:45053) does not have the latest schema for tablet 07ac0b3594ef41b2a957fba476795afb (table default.test_table [id=d9fdf21c047742828be6b82be386b12a]). Expected version 31 got 0
I20260812 08:02:58.289202 22350 tablet.cc:1724] T 07ac0b3594ef41b2a957fba476795afb P 7ae51d9b0a384a1c9c761328d4c025ed: Alter schema from (
    10:c936 INT32 NOT NULL,
    24:c744 INT32 NOT NULL,
    27:c484 INT32 NULLABLE,
    28:c685 INT32 NULLABLE,
    29:c503 INT32 NULLABLE,
    30:c585 INT32 NOT NULL,
    31:c432 INT32 NOT NULL,
    33:c716 INT32 NOT NULL,
    34:c516 INT32 NOT NULL,
    35:c515 INT32 NULLABLE,
    36:c818 INT32 NOT NULL,
    37:c317 INT32 NULLABLE,
    PRIMARY KEY (c936)
) version 0 to (
    10:c936 INT32 NOT NULL,
    24:c744 INT32 NOT NULL,
    27:c484 INT32 NULLABLE,
    28:c685 INT32 NULLABLE,
    29:c503 INT32 NULLABLE,
    30:c585 INT32 NOT NULL,
    31:c432 INT32 NOT NULL,
    33:c716 INT32 NOT NULL,
    34:c516 INT32 NOT NULL,
    35:c515 INT32 NULLABLE,
    36:c818 INT32 NOT NULL,
    37:c317 INT32 NULLABLE,
    PRIMARY KEY (c936)
) version 31
I20260812 08:02:58.289561 22088 tablet.cc:1724] T 07ac0b3594ef41b2a957fba476795afb P 80968bd674a94b9196d3ef0f7f065947: Alter schema from (
    10:c936 INT32 NOT NULL,
    24:c744 INT32 NOT NULL,
    27:c484 INT32 NULLABLE,
    28:c685 INT32 NULLABLE,
    29:c503 INT32 NULLABLE,
    30:c585 INT32 NOT NULL,
    31:c432 INT32 NOT NULL,
    33:c716 INT32 NOT NULL,
    34:c516 INT32 NOT NULL,
    35:c515 INT32 NULLABLE,
    36:c818 INT32 NOT NULL,
    37:c317 INT32 NULLABLE,
    PRIMARY KEY (c936)
) version 0 to (
    10:c936 INT32 NOT NULL,
    24:c744 INT32 NOT NULL,
    27:c484 INT32 NULLABLE,
    28:c685 INT32 NULLABLE,
    29:c503 INT32 NULLABLE,
    30:c585 INT32 NOT NULL,
    31:c432 INT32 NOT NULL,
    33:c716 INT32 NOT NULL,
    34:c516 INT32 NOT NULL,
    35:c515 INT32 NULLABLE,
    36:c818 INT32 NOT NULL,
    37:c317 INT32 NULLABLE,
    PRIMARY KEY (c936)
) version 31
I20260812 08:02:58.292423 22346 tablet.cc:1724] T 07ac0b3594ef41b2a957fba476795afb P 8c81c9e6a1b340b6b2b892470192db20: Alter schema from (
    10:c936 INT32 NOT NULL,
    24:c744 INT32 NOT NULL,
    27:c484 INT32 NULLABLE,
    28:c685 INT32 NULLABLE,
    29:c503 INT32 NULLABLE,
    30:c585 INT32 NOT NULL,
    31:c432 INT32 NOT NULL,
    33:c716 INT32 NOT NULL,
    34:c516 INT32 NOT NULL,
    35:c515 INT32 NULLABLE,
    36:c818 INT32 NOT NULL,
    37:c317 INT32 NULLABLE,
    PRIMARY KEY (c936)
) version 0 to (
    10:c936 INT32 NOT NULL,
    24:c744 INT32 NOT NULL,
    27:c484 INT32 NULLABLE,
    28:c685 INT32 NULLABLE,
    29:c503 INT32 NULLABLE,
    30:c585 INT32 NOT NULL,
    31:c432 INT32 NOT NULL,
    33:c716 INT32 NOT NULL,
    34:c516 INT32 NOT NULL,
    35:c515 INT32 NULLABLE,
    36:c818 INT32 NOT NULL,
    37:c317 INT32 NULLABLE,
    PRIMARY KEY (c936)
) version 31
I20260812 08:02:58.293299 21998 catalog_manager.cc:5811] TS 8c81c9e6a1b340b6b2b892470192db20 (127.18.63.67:36831) does not have the latest schema for tablet 07ac0b3594ef41b2a957fba476795afb (table default.test_table [id=d9fdf21c047742828be6b82be386b12a]). Expected version 31 got 0
I20260812 08:02:58.387405 21479 raft_consensus.cc:1275] T e894d84cc10a4a46bb1913316be4d3f4 P 80968bd674a94b9196d3ef0f7f065947 [term 1 FOLLOWER]: Refusing update from remote peer 8c81c9e6a1b340b6b2b892470192db20: Log matching property violated. Preceding OpId in replica: term: 0 index: 0. Preceding OpId from leader: term: 1 index: 2. (index mismatch)
I20260812 08:02:58.387377 21887 raft_consensus.cc:1275] T e894d84cc10a4a46bb1913316be4d3f4 P 7ae51d9b0a384a1c9c761328d4c025ed [term 1 FOLLOWER]: Refusing update from remote peer 8c81c9e6a1b340b6b2b892470192db20: Log matching property violated. Preceding OpId in replica: term: 0 index: 0. Preceding OpId from leader: term: 1 index: 2. (index mismatch)
