 server_dump_info_format                  | pb                                                                                                                                                               | hidden                | all 7 server(s) checked
 server_dump_info_path                    | /tmp/dist-test-taskeu0BC4/test-tmp/rebalancer_tool-test.1.RebalanceParamTest.Rebalance_0.1786521592347265-24463-0/raft_consensus-itest-cluster/ts-0/data/info.pb | hidden                | 127.23.227.193:34255
 server_dump_info_path                    | /tmp/dist-test-taskeu0BC4/test-tmp/rebalancer_tool-test.1.RebalanceParamTest.Rebalance_0.1786521592347265-24463-0/raft_consensus-itest-cluster/ts-1/data/info.pb | hidden                | 127.23.227.194:38145
 server_dump_info_path                    | /tmp/dist-test-taskeu0BC4/test-tmp/rebalancer_tool-test.1.RebalanceParamTest.Rebalance_0.1786521592347265-24463-0/raft_consensus-itest-cluster/ts-2/data/info.pb | hidden                | 127.23.227.195:44505
 server_dump_info_path                    | /tmp/dist-test-taskeu0BC4/test-tmp/rebalancer_tool-test.1.RebalanceParamTest.Rebalance_0.1786521592347265-24463-0/raft_consensus-itest-cluster/ts-3/data/info.pb | hidden                | 127.23.227.196:43097
 server_dump_info_path                    | /tmp/dist-test-taskeu0BC4/test-tmp/rebalancer_tool-test.1.RebalanceParamTest.Rebalance_0.1786521592347265-24463-0/raft_consensus-itest-cluster/ts-4/data/info.pb | hidden                | 127.23.227.197:34423
 server_dump_info_path                    | /tmp/dist-test-taskeu0BC4/test-tmp/rebalancer_tool-test.1.RebalanceParamTest.Rebalance_0.1786521592347265-24463-0/raft_consensus-itest-cluster/ts-5/data/info.pb | hidden                | 127.23.227.198:45939
 server_dump_info_path                    | /tmp/dist-test-taskeu0BC4/test-tmp/rebalancer_tool-test.1.RebalanceParamTest.Rebalance_0.1786521592347265-24463-0/raft_consensus-itest-cluster/ts-6/data/info.pb | hidden                | 127.23.227.199:43871

Flags of checked categories for Tablet Server:
        Flag         |        Value         |      Tablet Server
---------------------+----------------------+-------------------------
 builtin_ntp_servers | 127.23.227.212:41151 | all 7 server(s) checked
 time_source         | builtin              | all 7 server(s) checked

Version Summary
     Version     |         Servers
-----------------+-------------------------
 1.19.0-SNAPSHOT | all 8 server(s) checked

Tablet Summary
The cluster doesn't have any matching system tables
Summary by table
          Name          | RF | Status  | Total Tablets | Healthy | Recovering | Under-replicated | Unavailable
------------------------+----+---------+---------------+---------+------------+------------------+-------------
 TestTable              | 1  | HEALTHY | 1             | 1       | 0          | 0                | 0
 rebalance_test_table_0 | 1  | HEALTHY | 3             | 3       | 0          | 0                | 0
 rebalance_test_table_1 | 1  | HEALTHY | 3             | 3       | 0          | 0                | 0
 rebalance_test_table_2 | 1  | HEALTHY | 3             | 3       | 0          | 0                | 0
 rebalance_test_table_3 | 1  | HEALTHY | 3             | 3       | 0          | 0                | 0
 rebalance_test_table_4 | 1  | HEALTHY | 3             | 3       | 0          | 0                | 0

Tablet Replica Count Summary
   Statistic    | Replica Count
----------------+---------------
 Minimum        | 2
 First Quartile | 2
 Median         | 2
 Third Quartile | 3
 Maximum        | 3

Total Count Summary
                | Total Count
----------------+-------------
 Masters        | 1
 Tablet Servers | 7
 Tables         | 6
 Tablets        | 16
 Replicas       | 16

==================
Warnings:
==================
Some masters have unsafe, experimental, or hidden flags set
Some tablet servers have unsafe, experimental, or hidden flags set

OK
I20260812 08:00:20.998101 24463 log_verifier.cc:126] Checking tablet 2d3c41201cdb43b4af27035a7da11744
I20260812 08:00:21.010318 24463 log_verifier.cc:177] Verified matching terms for 3 ops in tablet 2d3c41201cdb43b4af27035a7da11744
I20260812 08:00:21.010438 24463 log_verifier.cc:126] Checking tablet 2e0753bda5e74951bb4c916d16041c18
I20260812 08:00:21.019022 24463 log_verifier.cc:177] Verified matching terms for 3 ops in tablet 2e0753bda5e74951bb4c916d16041c18
I20260812 08:00:21.019126 24463 log_verifier.cc:126] Checking tablet 523911f2bdd14bada53b2eb1f1b3ac93
I20260812 08:00:21.028173 24463 log_verifier.cc:177] Verified matching terms for 3 ops in tablet 523911f2bdd14bada53b2eb1f1b3ac93
I20260812 08:00:21.028258 24463 log_verifier.cc:126] Checking tablet 57ed78b99d104e5098c3fcbc93504253
I20260812 08:00:21.037688 24463 log_verifier.cc:177] Verified matching terms for 6 ops in tablet 57ed78b99d104e5098c3fcbc93504253
I20260812 08:00:21.037786 24463 log_verifier.cc:126] Checking tablet 6c1de0aaa89047ca8d5c5599a597a623
I20260812 08:00:21.046941 24463 log_verifier.cc:177] Verified matching terms for 6 ops in tablet 6c1de0aaa89047ca8d5c5599a597a623
I20260812 08:00:21.047036 24463 log_verifier.cc:126] Checking tablet 72ea34622ab4492bbf69cb0ea9f79912
I20260812 08:00:21.055976 24463 log_verifier.cc:177] Verified matching terms for 6 ops in tablet 72ea34622ab4492bbf69cb0ea9f79912
I20260812 08:00:21.056071 24463 log_verifier.cc:126] Checking tablet 86531112ae754aa59dda428aac328b36
I20260812 08:00:21.065251 24463 log_verifier.cc:177] Verified matching terms for 6 ops in tablet 86531112ae754aa59dda428aac328b36
I20260812 08:00:21.065349 24463 log_verifier.cc:126] Checking tablet 8a04096d695349959de36483cbfe5819
I20260812 08:00:21.074429 24463 log_verifier.cc:177] Verified matching terms for 3 ops in tablet 8a04096d695349959de36483cbfe5819
I20260812 08:00:21.074532 24463 log_verifier.cc:126] Checking tablet 91d33763d44840b1a03190e5d6c0785f
I20260812 08:00:21.083423 24463 log_verifier.cc:177] Verified matching terms for 6 ops in tablet 91d33763d44840b1a03190e5d6c0785f
I20260812 08:00:21.083528 24463 log_verifier.cc:126] Checking tablet a24ffaa958544da8922c0a9103b0bfdc
I20260812 08:00:21.092582 24463 log_verifier.cc:177] Verified matching terms for 6 ops in tablet a24ffaa958544da8922c0a9103b0bfdc
I20260812 08:00:21.092677 24463 log_verifier.cc:126] Checking tablet acc0a72364644b64aab21da1ad0ae896
I20260812 08:00:21.102051 24463 log_verifier.cc:177] Verified matching terms for 6 ops in tablet acc0a72364644b64aab21da1ad0ae896
I20260812 08:00:21.102147 24463 log_verifier.cc:126] Checking tablet af648f1bde8f4efda26806f367e9a0ec
I20260812 08:00:21.111131 24463 log_verifier.cc:177] Verified matching terms for 6 ops in tablet af648f1bde8f4efda26806f367e9a0ec
I20260812 08:00:21.111234 24463 log_verifier.cc:126] Checking tablet b8265083d7c7463ea972b52832f2ed7f
I20260812 08:00:21.120307 24463 log_verifier.cc:177] Verified matching terms for 6 ops in tablet b8265083d7c7463ea972b52832f2ed7f
I20260812 08:00:21.120393 24463 log_verifier.cc:126] Checking tablet bcdad69a4cfc46e686a993d7a620fcf8
I20260812 08:00:21.128314 24463 log_verifier.cc:177] Verified matching terms for 2 ops in tablet bcdad69a4cfc46e686a993d7a620fcf8
I20260812 08:00:21.128401 24463 log_verifier.cc:126] Checking tablet d744cf6ea9a84f4e9d56783c7e77cb83
I20260812 08:00:21.137183 24463 log_verifier.cc:177] Verified matching terms for 3 ops in tablet d744cf6ea9a84f4e9d56783c7e77cb83
I20260812 08:00:21.137277 24463 log_verifier.cc:126] Checking tablet f01a1b6cdbcd43c09c6dab25d63e8577
I20260812 08:00:21.146267 24463 log_verifier.cc:177] Verified matching terms for 3 ops in tablet f01a1b6cdbcd43c09c6dab25d63e8577
I20260812 08:00:21.148561 24463 external_mini_cluster.cc:1372] Running /tmp/dist-test-taskeu0BC4/build/debug/bin/kudu
/tmp/dist-test-taskeu0BC4/build/debug/bin/kudu
--fs_wal_dir=/tmp/dist-test-taskeu0BC4/test-tmp/rebalancer_tool-test.1.RebalanceParamTest.Rebalance_0.1786521592347265-24463-0/raft_consensus-itest-cluster/ts-7/wal
--fs_data_dirs=/tmp/dist-test-taskeu0BC4/test-tmp/rebalancer_tool-test.1.RebalanceParamTest.Rebalance_0.1786521592347265-24463-0/raft_consensus-itest-cluster/ts-7/data
--block_manager=log
--webserver_interface=localhost
--never_fsync
--enable_minidumps=false
--redact=none
--metrics_log_interval_ms=1000
--log_dir=/tmp/dist-test-taskeu0BC4/test-tmp/rebalancer_tool-test.1.RebalanceParamTest.Rebalance_0.1786521592347265-24463-0/raft_consensus-itest-cluster/ts-7/logs
--server_dump_info_path=/tmp/dist-test-taskeu0BC4/test-tmp/rebalancer_tool-test.1.RebalanceParamTest.Rebalance_0.1786521592347265-24463-0/raft_consensus-itest-cluster/ts-7/data/info.pb
--server_dump_info_format=pb
--rpc_server_allow_ephemeral_ports
--unlock_experimental_flags
--unlock_unsafe_flags
--logtostderr
--logbuflevel=-1
--ipki_server_key_size=768
--openssl_security_level_override=0
tserver
run
--rpc_bind_addresses=127.23.227.200:0
--local_ip_for_outbound_sockets=127.23.227.200
--webserver_interface=127.23.227.200
--webserver_port=0
--tserver_master_addrs=127.23.227.254:34883
--builtin_ntp_servers=127.23.227.212:41151
--builtin_ntp_poll_interval_ms=100
--ntp_initial_sync_wait_secs=10
--time_source=builtin
--raft_prepare_replacement_before_eviction=false with env {}
W20260812 08:00:21.272967 31470 flags.cc:432] Enabled unsafe flag: --openssl_security_level_override=0
W20260812 08:00:21.273168 31470 flags.cc:432] Enabled unsafe flag: --rpc_server_allow_ephemeral_ports=true
W20260812 08:00:21.273250 31470 flags.cc:432] Enabled unsafe flag: --never_fsync=true
W20260812 08:00:21.276695 31470 flags.cc:432] Enabled experimental flag: --raft_prepare_replacement_before_eviction=false
W20260812 08:00:21.276753 31470 flags.cc:432] Enabled experimental flag: --ipki_server_key_size=768
W20260812 08:00:21.276881 31470 flags.cc:432] Enabled experimental flag: --local_ip_for_outbound_sockets=127.23.227.200
I20260812 08:00:21.280617 31470 tablet_server_runner.cc:78] Tablet server non-default flags:
--log_dir=/tmp/dist-test-taskeu0BC4/test-tmp/rebalancer_tool-test.1.RebalanceParamTest.Rebalance_0.1786521592347265-24463-0/raft_consensus-itest-cluster/ts-7/logs
--logbuflevel=-1
--logtostderr=true
--builtin_ntp_poll_interval_ms=100
--builtin_ntp_servers=127.23.227.212:41151
--ntp_initial_sync_wait_secs=10
--time_source=builtin
--raft_prepare_replacement_before_eviction=false
--fs_data_dirs=/tmp/dist-test-taskeu0BC4/test-tmp/rebalancer_tool-test.1.RebalanceParamTest.Rebalance_0.1786521592347265-24463-0/raft_consensus-itest-cluster/ts-7/data
--fs_wal_dir=/tmp/dist-test-taskeu0BC4/test-tmp/rebalancer_tool-test.1.RebalanceParamTest.Rebalance_0.1786521592347265-24463-0/raft_consensus-itest-cluster/ts-7/wal
--ipki_server_key_size=768
--openssl_security_level_override=0
--rpc_bind_addresses=127.23.227.200:0
--rpc_server_allow_ephemeral_ports=true
--metrics_log_interval_ms=1000
--server_dump_info_format=pb
--server_dump_info_path=/tmp/dist-test-taskeu0BC4/test-tmp/rebalancer_tool-test.1.RebalanceParamTest.Rebalance_0.1786521592347265-24463-0/raft_consensus-itest-cluster/ts-7/data/info.pb
--webserver_interface=127.23.227.200
--webserver_port=0
--tserver_master_addrs=127.23.227.254:34883
--never_fsync=true
--heap_profile_path=/tmp/kudu.31470
--redact=none
--unlock_experimental_flags=true
--unlock_unsafe_flags=true
--enable_minidumps=false
--local_ip_for_outbound_sockets=127.23.227.200

Tablet server version:
kudu 1.19.0-SNAPSHOT
revision 70c51312f1186a8ae9f46647160b7730123f7601-dirty
build type DEBUG
built by None at 12 Aug 2026 06:06:26 UTC on 39be9dd7121a
I20260812 08:00:21.281771 31470 env_posix.cc:2285] Not raising this process' open files per process limit of 1048576; it is already as high as it can go
I20260812 08:00:21.282960 31470 file_cache.cc:504] Constructed file cache file cache with capacity 419430
W20260812 08:00:21.289825 31475 instance_detector.cc:116] could not retrieve AWS instance metadata: Network error: curl error: HTTP response code said error: The requested URL returned error: 404
W20260812 08:00:21.289835 31478 instance_detector.cc:116] could not retrieve OpenStack instance metadata: Network error: curl error: HTTP response code said error: The requested URL returned error: 404
I20260812 08:00:21.290004 31470 server_base.cc:1061] running on GCE node
W20260812 08:00:21.289825 31476 instance_detector.cc:116] could not retrieve Azure instance metadata: Network error: curl error: HTTP response code said error: The requested URL returned error: 404
I20260812 08:00:21.290512 31470 hybrid_clock.cc:584] initializing the hybrid clock with 'builtin' time source
I20260812 08:00:21.291065 31470 hybrid_clock.cc:630] waiting up to --ntp_initial_sync_wait_secs=10 seconds for the clock to synchronize
I20260812 08:00:21.292265 31470 hybrid_clock.cc:648] HybridClock initialized: now 1786521621292245 us; error 38 us; skew 500 ppm
I20260812 08:00:21.294075 31470 webserver.cc:533] Webserver started at http://127.23.227.200:33491/ using document root <none> and password file <none>
I20260812 08:00:21.294672 31470 fs_manager.cc:362] Metadata directory not provided
I20260812 08:00:21.294756 31470 fs_manager.cc:368] Using write-ahead log directory (fs_wal_dir) as metadata directory
I20260812 08:00:21.294997 31470 server_base.cc:909] This appears to be a new deployment of Kudu; creating new FS layout
I20260812 08:00:21.296614 31470 fs_manager.cc:1068] Generated new instance metadata in path /tmp/dist-test-taskeu0BC4/test-tmp/rebalancer_tool-test.1.RebalanceParamTest.Rebalance_0.1786521592347265-24463-0/raft_consensus-itest-cluster/ts-7/data/instance:
uuid: "8fda0be6a58c403ab256b2eb63f28e44"
format_stamp: "Formatted at 2026-08-12 08:00:21 on dist-test-slave-1jjb"
I20260812 08:00:21.297097 31470 fs_manager.cc:1068] Generated new instance metadata in path /tmp/dist-test-taskeu0BC4/test-tmp/rebalancer_tool-test.1.RebalanceParamTest.Rebalance_0.1786521592347265-24463-0/raft_consensus-itest-cluster/ts-7/wal/instance:
uuid: "8fda0be6a58c403ab256b2eb63f28e44"
format_stamp: "Formatted at 2026-08-12 08:00:21 on dist-test-slave-1jjb"
I20260812 08:00:21.300418 31470 fs_manager.cc:696] Time spent creating directory manager: real 0.003s	user 0.003s	sys 0.001s
I20260812 08:00:21.302556 31487 log_block_manager.cc:4127] Time spent loading block containers with low live blocks: real 0.000s	user 0.000s	sys 0.000s
I20260812 08:00:21.303696 31470 fs_manager.cc:730] Time spent opening block manager: real 0.002s	user 0.002s	sys 0.000s
I20260812 08:00:21.303834 31470 fs_manager.cc:647] Opened local filesystem: /tmp/dist-test-taskeu0BC4/test-tmp/rebalancer_tool-test.1.RebalanceParamTest.Rebalance_0.1786521592347265-24463-0/raft_consensus-itest-cluster/ts-7/data,/tmp/dist-test-taskeu0BC4/test-tmp/rebalancer_tool-test.1.RebalanceParamTest.Rebalance_0.1786521592347265-24463-0/raft_consensus-itest-cluster/ts-7/wal
uuid: "8fda0be6a58c403ab256b2eb63f28e44"
format_stamp: "Formatted at 2026-08-12 08:00:21 on dist-test-slave-1jjb"
I20260812 08:00:21.303937 31470 fs_report.cc:389] FS layout report
--------------------
wal directory: /tmp/dist-test-taskeu0BC4/test-tmp/rebalancer_tool-test.1.RebalanceParamTest.Rebalance_0.1786521592347265-24463-0/raft_consensus-itest-cluster/ts-7/wal
metadata directory: /tmp/dist-test-taskeu0BC4/test-tmp/rebalancer_tool-test.1.RebalanceParamTest.Rebalance_0.1786521592347265-24463-0/raft_consensus-itest-cluster/ts-7/wal
1 data directories: /tmp/dist-test-taskeu0BC4/test-tmp/rebalancer_tool-test.1.RebalanceParamTest.Rebalance_0.1786521592347265-24463-0/raft_consensus-itest-cluster/ts-7/data/data
Total live blocks: 0
Total live bytes: 0
Total live bytes (after alignment): 0
Total number of LBM containers: 0 (0 full)
Did not check for missing blocks
Did not check for orphaned blocks
Total full LBM containers with extra space: 0 (0 repaired)
Total full LBM container extra space in bytes: 0 (0 repaired)
Total incomplete LBM containers: 0 (0 repaired)
Total LBM partial records: 0 (0 repaired)
Total corrupted LBM metadata records in RocksDB: 0 (0 repaired)
I20260812 08:00:21.329644 31470 rpc_server.cc:225] running with OpenSSL 1.1.1  11 Sep 2018
I20260812 08:00:21.330359 31470 env_posix.cc:2285] Not raising this process' running threads per effective uid limit of 18446744073709551615; it is already as high as it can go
I20260812 08:00:21.330572 31470 kserver.cc:163] Server-wide thread pool size limit: 3276
I20260812 08:00:21.331317 31470 txn_system_client.cc:432] TxnSystemClient initialization is disabled...
I20260812 08:00:21.332480 31470 ts_tablet_manager.cc:585] Loaded tablet metadata (0 total tablets, 0 live tablets)
I20260812 08:00:21.332542 31470 ts_tablet_manager.cc:531] Time spent load tablet metadata: real 0.000s	user 0.000s	sys 0.000s
I20260812 08:00:21.332589 31470 ts_tablet_manager.cc:616] Registered 0 tablets
I20260812 08:00:21.332608 31470 ts_tablet_manager.cc:595] Time spent register tablets: real 0.000s	user 0.000s	sys 0.000s
I20260812 08:00:21.346446 31470 rpc_server.cc:307] RPC server started. Bound to: 127.23.227.200:36647
I20260812 08:00:21.346529 31620 acceptor_pool.cc:272] collecting diagnostics on the listening RPC socket 127.23.227.200:36647 every 8 connection(s)
I20260812 08:00:21.347421 31470 server_base.cc:1193] Dumped server information to /tmp/dist-test-taskeu0BC4/test-tmp/rebalancer_tool-test.1.RebalanceParamTest.Rebalance_0.1786521592347265-24463-0/raft_consensus-itest-cluster/ts-7/data/info.pb
I20260812 08:00:21.355996 31621 heartbeater.cc:344] Connected to a master server at 127.23.227.254:34883
I20260812 08:00:21.356272 31621 heartbeater.cc:461] Registering TS with master...
I20260812 08:00:21.356328 24463 external_mini_cluster.cc:1434] Started /tmp/dist-test-taskeu0BC4/build/debug/bin/kudu as pid 31470
I20260812 08:00:21.356477 24463 external_mini_cluster.cc:1448] Reading /tmp/dist-test-taskeu0BC4/test-tmp/rebalancer_tool-test.1.RebalanceParamTest.Rebalance_0.1786521592347265-24463-0/raft_consensus-itest-cluster/ts-7/wal/instance
I20260812 08:00:21.356812 31621 heartbeater.cc:507] Master 127.23.227.254:34883 requested a full tablet report, sending...
I20260812 08:00:21.357964 27075 ts_manager.cc:194] Registered new tserver with Master: 8fda0be6a58c403ab256b2eb63f28e44 (127.23.227.200:36647)
I20260812 08:00:21.358603 27075 master_service.cc:502] Signed X509 certificate for tserver {username='slave'} at 127.23.227.200:56341
I20260812 08:00:21.570355 28578 tablet_service.cc:1467] Tablet server has 2 leaders and 0 scanners
I20260812 08:00:21.573675 29219 tablet_service.cc:1467] Tablet server has 2 leaders and 0 scanners
I20260812 08:00:21.576745 31543 tablet_service.cc:1467] Tablet server has 0 leaders and 0 scanners
I20260812 08:00:21.578203 28916 tablet_service.cc:1467] Tablet server has 2 leaders and 0 scanners
I20260812 08:00:21.591094 27223 tablet_service.cc:1467] Tablet server has 3 leaders and 0 scanners
I20260812 08:00:21.592733 27378 tablet_service.cc:1467] Tablet server has 3 leaders and 0 scanners
I20260812 08:00:21.601964 29060 tablet_service.cc:1467] Tablet server has 2 leaders and 0 scanners
I20260812 08:00:21.615053 28748 tablet_service.cc:1467] Tablet server has 2 leaders and 0 scanners
I20260812 08:00:21.732234 29219 tablet_service.cc:1467] Tablet server has 2 leaders and 0 scanners
I20260812 08:00:21.732749 31543 tablet_service.cc:1467] Tablet server has 0 leaders and 0 scanners
I20260812 08:00:21.734695 28748 tablet_service.cc:1467] Tablet server has 2 leaders and 0 scanners
I20260812 08:00:21.742509 28578 tablet_service.cc:1467] Tablet server has 2 leaders and 0 scanners
I20260812 08:00:21.745362 28916 tablet_service.cc:1467] Tablet server has 2 leaders and 0 scanners
I20260812 08:00:21.751427 27378 tablet_service.cc:1467] Tablet server has 3 leaders and 0 scanners
I20260812 08:00:21.770627 27223 tablet_service.cc:1467] Tablet server has 3 leaders and 0 scanners
I20260812 08:00:21.773345 29060 tablet_service.cc:1467] Tablet server has 2 leaders and 0 scanners
I20260812 08:00:21.813843 27400 consensus_queue.cc:237] T 2e0753bda5e74951bb4c916d16041c18 P 87db7539ca5943f580cf8a35f1c64ebe [LEADER]: Queue going to LEADER mode. State: All replicated index: 0, Majority replicated index: 3, Committed index: 3, Last appended: 1.3, Last appended by leader: 0, Current term: 1, Majority size: 2, State: 0, Mode: LEADER, active raft config: opid_index: 4 OBSOLETE_local: true peers { permanent_uuid: "87db7539ca5943f580cf8a35f1c64ebe" member_type: VOTER last_known_addr { host: "127.23.227.194" port: 38145 } } peers { permanent_uuid: "8fda0be6a58c403ab256b2eb63f28e44" member_type: VOTER last_known_addr { host: "127.23.227.200" port: 36647 } }
W20260812 08:00:21.818799 27318 consensus_peers.cc:597] T 2e0753bda5e74951bb4c916d16041c18 P 87db7539ca5943f580cf8a35f1c64ebe -> Peer 8fda0be6a58c403ab256b2eb63f28e44 (127.23.227.200:36647): Couldn't send request to peer 8fda0be6a58c403ab256b2eb63f28e44. Error code: TABLET_NOT_FOUND (6). Status: Not found: Tablet not found: 2e0753bda5e74951bb4c916d16041c18. This is attempt 1: this message will repeat every 5th retry.
I20260812 08:00:22.360755 31621 heartbeater.cc:499] Master 127.23.227.254:34883 was elected leader, sending a full tablet report...
I20260812 08:00:22.371546 31750 ts_tablet_manager.cc:933] T 2e0753bda5e74951bb4c916d16041c18 P 8fda0be6a58c403ab256b2eb63f28e44: Initiating tablet copy from peer 87db7539ca5943f580cf8a35f1c64ebe (127.23.227.194:38145)
I20260812 08:00:22.372249 31750 tablet_copy_client.cc:323] T 2e0753bda5e74951bb4c916d16041c18 P 8fda0be6a58c403ab256b2eb63f28e44: tablet copy: Beginning tablet copy session from remote peer at address 127.23.227.194:38145
I20260812 08:00:22.375859 27422 tablet_copy_service.cc:140] P 87db7539ca5943f580cf8a35f1c64ebe: Received BeginTabletCopySession request for tablet 2e0753bda5e74951bb4c916d16041c18 from peer 8fda0be6a58c403ab256b2eb63f28e44 ({username='slave'} at 127.23.227.200:48467)
I20260812 08:00:22.376030 27422 tablet_copy_service.cc:161] P 87db7539ca5943f580cf8a35f1c64ebe: Beginning new tablet copy session on tablet 2e0753bda5e74951bb4c916d16041c18 from peer 8fda0be6a58c403ab256b2eb63f28e44 at {username='slave'} at 127.23.227.200:48467: session id = 8fda0be6a58c403ab256b2eb63f28e44-2e0753bda5e74951bb4c916d16041c18
I20260812 08:00:22.376883 27422 tablet_copy_source_session.cc:215] T 2e0753bda5e74951bb4c916d16041c18 P 87db7539ca5943f580cf8a35f1c64ebe: Tablet Copy: opened 0 blocks and 1 log segments
I20260812 08:00:22.380538 31750 data_dirs.cc:400] Could only allocate 1 dirs of requested 3 for tablet 2e0753bda5e74951bb4c916d16041c18. 1 dirs total, 0 dirs full, 0 dirs failed
I20260812 08:00:22.385375 31750 tablet_copy_client.cc:806] T 2e0753bda5e74951bb4c916d16041c18 P 8fda0be6a58c403ab256b2eb63f28e44: tablet copy: Starting download of 0 data blocks...
I20260812 08:00:22.385598 31750 tablet_copy_client.cc:670] T 2e0753bda5e74951bb4c916d16041c18 P 8fda0be6a58c403ab256b2eb63f28e44: tablet copy: Starting download of 1 WAL segments...
I20260812 08:00:22.387408 31750 tablet_copy_client.cc:538] T 2e0753bda5e74951bb4c916d16041c18 P 8fda0be6a58c403ab256b2eb63f28e44: tablet copy: Tablet Copy complete. Replacing tablet superblock.
I20260812 08:00:22.389202 31750 tablet_bootstrap.cc:492] T 2e0753bda5e74951bb4c916d16041c18 P 8fda0be6a58c403ab256b2eb63f28e44: Bootstrap starting.
I20260812 08:00:22.394852 31750 log.cc:826] T 2e0753bda5e74951bb4c916d16041c18 P 8fda0be6a58c403ab256b2eb63f28e44: Log is configured to *not* fsync() on all Append() calls
I20260812 08:00:22.416555 31750 tablet_bootstrap.cc:492] T 2e0753bda5e74951bb4c916d16041c18 P 8fda0be6a58c403ab256b2eb63f28e44: Bootstrap replayed 1/1 log segments. Stats: ops{read=4 overwritten=0 applied=3 ignored=0} inserts{seen=635 ignored=0} mutations{seen=0 ignored=0} orphaned_commits=0. Pending: 1 replicates
I20260812 08:00:22.416965 31750 tablet_bootstrap.cc:492] T 2e0753bda5e74951bb4c916d16041c18 P 8fda0be6a58c403ab256b2eb63f28e44: Bootstrap complete.
I20260812 08:00:22.417306 31750 ts_tablet_manager.cc:1403] T 2e0753bda5e74951bb4c916d16041c18 P 8fda0be6a58c403ab256b2eb63f28e44: Time spent bootstrapping tablet: real 0.028s	user 0.026s	sys 0.002s
I20260812 08:00:22.419385 31750 raft_consensus.cc:359] T 2e0753bda5e74951bb4c916d16041c18 P 8fda0be6a58c403ab256b2eb63f28e44 [term 1 NON_PARTICIPANT]: Replica starting. Triggering 1 pending ops. Active config: opid_index: -1 OBSOLETE_local: true peers { permanent_uuid: "87db7539ca5943f580cf8a35f1c64ebe" member_type: VOTER last_known_addr { host: "127.23.227.194" port: 38145 } }
I20260812 08:00:22.420035 31750 raft_consensus.cc:740] T 2e0753bda5e74951bb4c916d16041c18 P 8fda0be6a58c403ab256b2eb63f28e44 [term 1 FOLLOWER]: Becoming Follower/Learner. State: Replica: 8fda0be6a58c403ab256b2eb63f28e44, State: Initialized, Role: FOLLOWER
I20260812 08:00:22.420424 31750 consensus_queue.cc:260] T 2e0753bda5e74951bb4c916d16041c18 P 8fda0be6a58c403ab256b2eb63f28e44 [NON_LEADER]: Queue going to NON_LEADER mode. State: All replicated index: 0, Majority replicated index: 0, Committed index: 3, Last appended: 1.4, Last appended by leader: 4, Current term: 0, Majority size: -1, State: 0, Mode: NON_LEADER, active raft config: opid_index: 4 OBSOLETE_local: true peers { permanent_uuid: "87db7539ca5943f580cf8a35f1c64ebe" member_type: VOTER last_known_addr { host: "127.23.227.194" port: 38145 } } peers { permanent_uuid: "8fda0be6a58c403ab256b2eb63f28e44" member_type: VOTER last_known_addr { host: "127.23.227.200" port: 36647 } }
I20260812 08:00:22.421305 31750 ts_tablet_manager.cc:1434] T 2e0753bda5e74951bb4c916d16041c18 P 8fda0be6a58c403ab256b2eb63f28e44: Time spent starting tablet: real 0.004s	user 0.004s	sys 0.000s
I20260812 08:00:22.422155 27422 tablet_copy_service.cc:342] P 87db7539ca5943f580cf8a35f1c64ebe: Request end of tablet copy session 8fda0be6a58c403ab256b2eb63f28e44-2e0753bda5e74951bb4c916d16041c18 received from {username='slave'} at 127.23.227.200:48467
I20260812 08:00:22.422305 27422 tablet_copy_service.cc:434] P 87db7539ca5943f580cf8a35f1c64ebe: ending tablet copy session 8fda0be6a58c403ab256b2eb63f28e44-2e0753bda5e74951bb4c916d16041c18 on tablet 2e0753bda5e74951bb4c916d16041c18 with peer 8fda0be6a58c403ab256b2eb63f28e44
I20260812 08:00:22.956197 31566 raft_consensus.cc:1217] T 2e0753bda5e74951bb4c916d16041c18 P 8fda0be6a58c403ab256b2eb63f28e44 [term 1 FOLLOWER]: Deduplicated request from leader. Original: 1.3->[1.4-1.4]   Dedup: 1.4->[]
I20260812 08:00:22.957629 31759 raft_consensus.cc:2955] T 2e0753bda5e74951bb4c916d16041c18 P 87db7539ca5943f580cf8a35f1c64ebe [term 1 LEADER]: Committing config change with OpId 1.4: config changed from index -1 to 4, VOTER 8fda0be6a58c403ab256b2eb63f28e44 (127.23.227.200) added. New config: { opid_index: 4 OBSOLETE_local: true peers { permanent_uuid: "87db7539ca5943f580cf8a35f1c64ebe" member_type: VOTER last_known_addr { host: "127.23.227.194" port: 38145 } } peers { permanent_uuid: "8fda0be6a58c403ab256b2eb63f28e44" member_type: VOTER last_known_addr { host: "127.23.227.200" port: 36647 } } }
I20260812 08:00:22.958276 31566 raft_consensus.cc:2955] T 2e0753bda5e74951bb4c916d16041c18 P 8fda0be6a58c403ab256b2eb63f28e44 [term 1 FOLLOWER]: Committing config change with OpId 1.4: config changed from index -1 to 4, VOTER 8fda0be6a58c403ab256b2eb63f28e44 (127.23.227.200) added. New config: { opid_index: 4 OBSOLETE_local: true peers { permanent_uuid: "87db7539ca5943f580cf8a35f1c64ebe" member_type: VOTER last_known_addr { host: "127.23.227.194" port: 38145 } } peers { permanent_uuid: "8fda0be6a58c403ab256b2eb63f28e44" member_type: VOTER last_known_addr { host: "127.23.227.200" port: 36647 } } }
I20260812 08:00:22.959314 31759 rpcz_store.cc:275] Call kudu.consensus.ConsensusService.ChangeConfig from 127.0.0.1:57294 (request call id 0) took 1145 ms. Trace:
I20260812 08:00:22.959416 31759 rpcz_store.cc:276] 0812 08:00:21.813455 (+     0us) service_pool.cc:167] Inserting onto call queue
0812 08:00:21.813532 (+    77us) service_pool.cc:224] Handling call
0812 08:00:21.814300 (+   768us) log.cc:844] Serialized 263 byte log entry
0812 08:00:22.959295 (+1144995us) inbound_call.cc:177] Queueing success response
Metrics: {"dns_us":46,"raft.queue_time_us":139,"raft.run_cpu_time_us":167,"raft.run_wall_time_us":167,"thread_start_us":166,"threads_started":2,"wal-append.queue_time_us":169,"wal-append.run_cpu_time_us":344,"wal-append.run_wall_time_us":1000406}
I20260812 08:00:22.960927 27068 catalog_manager.cc:5719] T 2e0753bda5e74951bb4c916d16041c18 P 87db7539ca5943f580cf8a35f1c64ebe reported cstate change: config changed from index -1 to 4, VOTER 8fda0be6a58c403ab256b2eb63f28e44 (127.23.227.200) added. New cstate: current_term: 1 leader_uuid: "87db7539ca5943f580cf8a35f1c64ebe" committed_config { opid_index: 4 OBSOLETE_local: true peers { permanent_uuid: "87db7539ca5943f580cf8a35f1c64ebe" member_type: VOTER last_known_addr { host: "127.23.227.194" port: 38145 } } peers { permanent_uuid: "8fda0be6a58c403ab256b2eb63f28e44" member_type: VOTER last_known_addr { host: "127.23.227.200" port: 36647 } } }
I20260812 08:00:22.981165 27247 consensus_queue.cc:237] T 523911f2bdd14bada53b2eb1f1b3ac93 P c073194590454f1688ec86aabbc67677 [LEADER]: Queue going to LEADER mode. State: All replicated index: 0, Majority replicated index: 3, Committed index: 3, Last appended: 1.3, Last appended by leader: 0, Current term: 1, Majority size: 2, State: 0, Mode: LEADER, active raft config: opid_index: 4 OBSOLETE_local: true peers { permanent_uuid: "c073194590454f1688ec86aabbc67677" member_type: VOTER last_known_addr { host: "127.23.227.193" port: 34255 } } peers { permanent_uuid: "8fda0be6a58c403ab256b2eb63f28e44" member_type: VOTER last_known_addr { host: "127.23.227.200" port: 36647 } }
W20260812 08:00:22.985908 27172 consensus_peers.cc:597] T 523911f2bdd14bada53b2eb1f1b3ac93 P c073194590454f1688ec86aabbc67677 -> Peer 8fda0be6a58c403ab256b2eb63f28e44 (127.23.227.200:36647): Couldn't send request to peer 8fda0be6a58c403ab256b2eb63f28e44. Error code: TABLET_NOT_FOUND (6). Status: Not found: Tablet not found: 523911f2bdd14bada53b2eb1f1b3ac93. This is attempt 1: this message will repeat every 5th retry.
I20260812 08:00:23.410789 31790 ts_tablet_manager.cc:933] T 523911f2bdd14bada53b2eb1f1b3ac93 P 8fda0be6a58c403ab256b2eb63f28e44: Initiating tablet copy from peer c073194590454f1688ec86aabbc67677 (127.23.227.193:34255)
I20260812 08:00:23.411229 31790 tablet_copy_client.cc:323] T 523911f2bdd14bada53b2eb1f1b3ac93 P 8fda0be6a58c403ab256b2eb63f28e44: tablet copy: Beginning tablet copy session from remote peer at address 127.23.227.193:34255
I20260812 08:00:23.414814 27269 tablet_copy_service.cc:140] P c073194590454f1688ec86aabbc67677: Received BeginTabletCopySession request for tablet 523911f2bdd14bada53b2eb1f1b3ac93 from peer 8fda0be6a58c403ab256b2eb63f28e44 ({username='slave'} at 127.23.227.200:48421)
I20260812 08:00:23.414927 27269 tablet_copy_service.cc:161] P c073194590454f1688ec86aabbc67677: Beginning new tablet copy session on tablet 523911f2bdd14bada53b2eb1f1b3ac93 from peer 8fda0be6a58c403ab256b2eb63f28e44 at {username='slave'} at 127.23.227.200:48421: session id = 8fda0be6a58c403ab256b2eb63f28e44-523911f2bdd14bada53b2eb1f1b3ac93
I20260812 08:00:23.415628 27269 tablet_copy_source_session.cc:215] T 523911f2bdd14bada53b2eb1f1b3ac93 P c073194590454f1688ec86aabbc67677: Tablet Copy: opened 0 blocks and 1 log segments
I20260812 08:00:23.416539 31790 data_dirs.cc:400] Could only allocate 1 dirs of requested 3 for tablet 523911f2bdd14bada53b2eb1f1b3ac93. 1 dirs total, 0 dirs full, 0 dirs failed
I20260812 08:00:23.418290 31790 tablet_copy_client.cc:806] T 523911f2bdd14bada53b2eb1f1b3ac93 P 8fda0be6a58c403ab256b2eb63f28e44: tablet copy: Starting download of 0 data blocks...
I20260812 08:00:23.418468 31790 tablet_copy_client.cc:670] T 523911f2bdd14bada53b2eb1f1b3ac93 P 8fda0be6a58c403ab256b2eb63f28e44: tablet copy: Starting download of 1 WAL segments...
I20260812 08:00:23.419754 31790 tablet_copy_client.cc:538] T 523911f2bdd14bada53b2eb1f1b3ac93 P 8fda0be6a58c403ab256b2eb63f28e44: tablet copy: Tablet Copy complete. Replacing tablet superblock.
I20260812 08:00:23.421046 31790 tablet_bootstrap.cc:492] T 523911f2bdd14bada53b2eb1f1b3ac93 P 8fda0be6a58c403ab256b2eb63f28e44: Bootstrap starting.
I20260812 08:00:23.439182 31790 tablet_bootstrap.cc:492] T 523911f2bdd14bada53b2eb1f1b3ac93 P 8fda0be6a58c403ab256b2eb63f28e44: Bootstrap replayed 1/1 log segments. Stats: ops{read=4 overwritten=0 applied=3 ignored=0} inserts{seen=676 ignored=0} mutations{seen=0 ignored=0} orphaned_commits=0. Pending: 1 replicates
I20260812 08:00:23.439497 31790 tablet_bootstrap.cc:492] T 523911f2bdd14bada53b2eb1f1b3ac93 P 8fda0be6a58c403ab256b2eb63f28e44: Bootstrap complete.
I20260812 08:00:23.439684 31790 ts_tablet_manager.cc:1403] T 523911f2bdd14bada53b2eb1f1b3ac93 P 8fda0be6a58c403ab256b2eb63f28e44: Time spent bootstrapping tablet: real 0.019s	user 0.011s	sys 0.005s
I20260812 08:00:23.440364 31790 raft_consensus.cc:359] T 523911f2bdd14bada53b2eb1f1b3ac93 P 8fda0be6a58c403ab256b2eb63f28e44 [term 1 NON_PARTICIPANT]: Replica starting. Triggering 1 pending ops. Active config: opid_index: -1 OBSOLETE_local: true peers { permanent_uuid: "c073194590454f1688ec86aabbc67677" member_type: VOTER last_known_addr { host: "127.23.227.193" port: 34255 } }
I20260812 08:00:23.440652 31790 raft_consensus.cc:740] T 523911f2bdd14bada53b2eb1f1b3ac93 P 8fda0be6a58c403ab256b2eb63f28e44 [term 1 FOLLOWER]: Becoming Follower/Learner. State: Replica: 8fda0be6a58c403ab256b2eb63f28e44, State: Initialized, Role: FOLLOWER
I20260812 08:00:23.440775 31790 consensus_queue.cc:260] T 523911f2bdd14bada53b2eb1f1b3ac93 P 8fda0be6a58c403ab256b2eb63f28e44 [NON_LEADER]: Queue going to NON_LEADER mode. State: All replicated index: 0, Majority replicated index: 0, Committed index: 3, Last appended: 1.4, Last appended by leader: 4, Current term: 0, Majority size: -1, State: 0, Mode: NON_LEADER, active raft config: opid_index: 4 OBSOLETE_local: true peers { permanent_uuid: "c073194590454f1688ec86aabbc67677" member_type: VOTER last_known_addr { host: "127.23.227.193" port: 34255 } } peers { permanent_uuid: "8fda0be6a58c403ab256b2eb63f28e44" member_type: VOTER last_known_addr { host: "127.23.227.200" port: 36647 } }
I20260812 08:00:23.441084 31790 ts_tablet_manager.cc:1434] T 523911f2bdd14bada53b2eb1f1b3ac93 P 8fda0be6a58c403ab256b2eb63f28e44: Time spent starting tablet: real 0.001s	user 0.004s	sys 0.000s
I20260812 08:00:23.441742 27269 tablet_copy_service.cc:342] P c073194590454f1688ec86aabbc67677: Request end of tablet copy session 8fda0be6a58c403ab256b2eb63f28e44-523911f2bdd14bada53b2eb1f1b3ac93 received from {username='slave'} at 127.23.227.200:48421
I20260812 08:00:23.441841 27269 tablet_copy_service.cc:434] P c073194590454f1688ec86aabbc67677: ending tablet copy session 8fda0be6a58c403ab256b2eb63f28e44-523911f2bdd14bada53b2eb1f1b3ac93 on tablet 523911f2bdd14bada53b2eb1f1b3ac93 with peer 8fda0be6a58c403ab256b2eb63f28e44
I20260812 08:00:23.869020 31566 raft_consensus.cc:1217] T 523911f2bdd14bada53b2eb1f1b3ac93 P 8fda0be6a58c403ab256b2eb63f28e44 [term 1 FOLLOWER]: Deduplicated request from leader. Original: 1.3->[1.4-1.4]   Dedup: 1.4->[]
I20260812 08:00:23.869983 31794 raft_consensus.cc:2955] T 523911f2bdd14bada53b2eb1f1b3ac93 P c073194590454f1688ec86aabbc67677 [term 1 LEADER]: Committing config change with OpId 1.4: config changed from index -1 to 4, VOTER 8fda0be6a58c403ab256b2eb63f28e44 (127.23.227.200) added. New config: { opid_index: 4 OBSOLETE_local: true peers { permanent_uuid: "c073194590454f1688ec86aabbc67677" member_type: VOTER last_known_addr { host: "127.23.227.193" port: 34255 } } peers { permanent_uuid: "8fda0be6a58c403ab256b2eb63f28e44" member_type: VOTER last_known_addr { host: "127.23.227.200" port: 36647 } } }
I20260812 08:00:23.870461 31566 raft_consensus.cc:2955] T 523911f2bdd14bada53b2eb1f1b3ac93 P 8fda0be6a58c403ab256b2eb63f28e44 [term 1 FOLLOWER]: Committing config change with OpId 1.4: config changed from index -1 to 4, VOTER 8fda0be6a58c403ab256b2eb63f28e44 (127.23.227.200) added. New config: { opid_index: 4 OBSOLETE_local: true peers { permanent_uuid: "c073194590454f1688ec86aabbc67677" member_type: VOTER last_known_addr { host: "127.23.227.193" port: 34255 } } peers { permanent_uuid: "8fda0be6a58c403ab256b2eb63f28e44" member_type: VOTER last_known_addr { host: "127.23.227.200" port: 36647 } } }
I20260812 08:00:23.873413 27069 catalog_manager.cc:5719] T 523911f2bdd14bada53b2eb1f1b3ac93 P 8fda0be6a58c403ab256b2eb63f28e44 reported cstate change: config changed from index -1 to 4, VOTER 8fda0be6a58c403ab256b2eb63f28e44 (127.23.227.200) added. New cstate: current_term: 1 leader_uuid: "c073194590454f1688ec86aabbc67677" committed_config { opid_index: 4 OBSOLETE_local: true peers { permanent_uuid: "c073194590454f1688ec86aabbc67677" member_type: VOTER last_known_addr { host: "127.23.227.193" port: 34255 } } peers { permanent_uuid: "8fda0be6a58c403ab256b2eb63f28e44" member_type: VOTER last_known_addr { host: "127.23.227.200" port: 36647 } } }
I20260812 08:00:23.949429 29219 tablet_service.cc:1467] Tablet server has 2 leaders and 0 scanners
I20260812 08:00:23.950018 28578 tablet_service.cc:1467] Tablet server has 2 leaders and 0 scanners
I20260812 08:00:23.954670 27378 tablet_service.cc:1467] Tablet server has 3 leaders and 0 scanners
I20260812 08:00:23.964830 28916 tablet_service.cc:1467] Tablet server has 2 leaders and 0 scanners
I20260812 08:00:23.969694 29060 tablet_service.cc:1467] Tablet server has 2 leaders and 0 scanners
I20260812 08:00:23.976604 27223 tablet_service.cc:1467] Tablet server has 3 leaders and 0 scanners
I20260812 08:00:23.991194 31543 tablet_service.cc:1467] Tablet server has 0 leaders and 0 scanners
I20260812 08:00:23.997442 28748 tablet_service.cc:1467] Tablet server has 2 leaders and 0 scanners
I20260812 08:00:24.022921 27247 tablet_service.cc:2072] Received LeaderStepDown RPC: tablet_id: "523911f2bdd14bada53b2eb1f1b3ac93"
dest_uuid: "c073194590454f1688ec86aabbc67677"
mode: GRACEFUL
 from {username='slave'} at 127.0.0.1:45872
I20260812 08:00:24.023111 27247 raft_consensus.cc:606] T 523911f2bdd14bada53b2eb1f1b3ac93 P c073194590454f1688ec86aabbc67677 [term 1 LEADER]: Received request to transfer leadership
I20260812 08:00:24.079767 28578 tablet_service.cc:1467] Tablet server has 2 leaders and 0 scanners
I20260812 08:00:24.081972 29219 tablet_service.cc:1467] Tablet server has 2 leaders and 0 scanners
I20260812 08:00:24.082967 31543 tablet_service.cc:1467] Tablet server has 0 leaders and 0 scanners
I20260812 08:00:24.093044 28916 tablet_service.cc:1467] Tablet server has 2 leaders and 0 scanners
I20260812 08:00:24.093580 27378 tablet_service.cc:1467] Tablet server has 3 leaders and 0 scanners
I20260812 08:00:24.095257 29060 tablet_service.cc:1467] Tablet server has 2 leaders and 0 scanners
I20260812 08:00:24.095422 28748 tablet_service.cc:1467] Tablet server has 2 leaders and 0 scanners
I20260812 08:00:24.113227 27223 tablet_service.cc:1467] Tablet server has 3 leaders and 0 scanners
I20260812 08:00:24.198606 29219 tablet_service.cc:1467] Tablet server has 2 leaders and 0 scanners
I20260812 08:00:24.201900 28578 tablet_service.cc:1467] Tablet server has 2 leaders and 0 scanners
I20260812 08:00:24.202346 27378 tablet_service.cc:1467] Tablet server has 3 leaders and 0 scanners
I20260812 08:00:24.203207 28748 tablet_service.cc:1467] Tablet server has 2 leaders and 0 scanners
I20260812 08:00:24.203306 29060 tablet_service.cc:1467] Tablet server has 2 leaders and 0 scanners
I20260812 08:00:24.218176 31543 tablet_service.cc:1467] Tablet server has 0 leaders and 0 scanners
I20260812 08:00:24.221727 28916 tablet_service.cc:1467] Tablet server has 2 leaders and 0 scanners
I20260812 08:00:24.231031 27223 tablet_service.cc:1467] Tablet server has 3 leaders and 0 scanners
I20260812 08:00:24.260149 27400 tablet_service.cc:2072] Received LeaderStepDown RPC: tablet_id: "2e0753bda5e74951bb4c916d16041c18"
dest_uuid: "87db7539ca5943f580cf8a35f1c64ebe"
mode: GRACEFUL
 from {username='slave'} at 127.0.0.1:57346
I20260812 08:00:24.260321 27400 raft_consensus.cc:606] T 2e0753bda5e74951bb4c916d16041c18 P 87db7539ca5943f580cf8a35f1c64ebe [term 1 LEADER]: Received request to transfer leadership
I20260812 08:00:24.326619 31543 tablet_service.cc:1467] Tablet server has 0 leaders and 0 scanners
I20260812 08:00:24.329744 27378 tablet_service.cc:1467] Tablet server has 3 leaders and 0 scanners
I20260812 08:00:24.332089 28578 tablet_service.cc:1467] Tablet server has 2 leaders and 0 scanners
I20260812 08:00:24.341403 29219 tablet_service.cc:1467] Tablet server has 2 leaders and 0 scanners
I20260812 08:00:24.345937 28916 tablet_service.cc:1467] Tablet server has 2 leaders and 0 scanners
I20260812 08:00:24.350081 28748 tablet_service.cc:1467] Tablet server has 2 leaders and 0 scanners
I20260812 08:00:24.352428 29060 tablet_service.cc:1467] Tablet server has 2 leaders and 0 scanners
I20260812 08:00:24.362214 27223 tablet_service.cc:1467] Tablet server has 3 leaders and 0 scanners
I20260812 08:00:24.454996 31985 raft_consensus.cc:993] T 523911f2bdd14bada53b2eb1f1b3ac93 P c073194590454f1688ec86aabbc67677: : Instructing follower 8fda0be6a58c403ab256b2eb63f28e44 to start an election
I20260812 08:00:24.455116 31985 raft_consensus.cc:1081] T 523911f2bdd14bada53b2eb1f1b3ac93 P c073194590454f1688ec86aabbc67677 [term 1 LEADER]: Signalling peer 8fda0be6a58c403ab256b2eb63f28e44 to start an election
I20260812 08:00:24.455672 31566 tablet_service.cc:2044] Received Run Leader Election RPC: tablet_id: "523911f2bdd14bada53b2eb1f1b3ac93"
dest_uuid: "8fda0be6a58c403ab256b2eb63f28e44"
 from {username='slave'} at 127.23.227.193:39661
I20260812 08:00:24.455928 31566 raft_consensus.cc:493] T 523911f2bdd14bada53b2eb1f1b3ac93 P 8fda0be6a58c403ab256b2eb63f28e44 [term 1 FOLLOWER]: Starting forced leader election (received explicit request)
I20260812 08:00:24.456089 31566 raft_consensus.cc:3060] T 523911f2bdd14bada53b2eb1f1b3ac93 P 8fda0be6a58c403ab256b2eb63f28e44 [term 1 FOLLOWER]: Advancing to term 2
I20260812 08:00:24.456995 31566 raft_consensus.cc:515] T 523911f2bdd14bada53b2eb1f1b3ac93 P 8fda0be6a58c403ab256b2eb63f28e44 [term 2 FOLLOWER]: Starting forced leader election with config: opid_index: 4 OBSOLETE_local: true peers { permanent_uuid: "c073194590454f1688ec86aabbc67677" member_type: VOTER last_known_addr { host: "127.23.227.193" port: 34255 } } peers { permanent_uuid: "8fda0be6a58c403ab256b2eb63f28e44" member_type: VOTER last_known_addr { host: "127.23.227.200" port: 36647 } }
I20260812 08:00:24.457911 31566 leader_election.cc:290] T 523911f2bdd14bada53b2eb1f1b3ac93 P 8fda0be6a58c403ab256b2eb63f28e44 [CANDIDATE]: Term 2 election: Requested vote from peers c073194590454f1688ec86aabbc67677 (127.23.227.193:34255)
I20260812 08:00:24.458374 27247 tablet_service.cc:1917] Received RequestConsensusVote() RPC: tablet_id: "523911f2bdd14bada53b2eb1f1b3ac93" candidate_uuid: "8fda0be6a58c403ab256b2eb63f28e44" candidate_term: 2 candidate_status { last_received { term: 1 index: 4 } } ignore_live_leader: true dest_uuid: "c073194590454f1688ec86aabbc67677"
I20260812 08:00:24.458484 27247 raft_consensus.cc:3055] T 523911f2bdd14bada53b2eb1f1b3ac93 P c073194590454f1688ec86aabbc67677 [term 1 LEADER]: Stepping down as leader of term 1
I20260812 08:00:24.458531 27247 raft_consensus.cc:740] T 523911f2bdd14bada53b2eb1f1b3ac93 P c073194590454f1688ec86aabbc67677 [term 1 LEADER]: Becoming Follower/Learner. State: Replica: c073194590454f1688ec86aabbc67677, State: Running, Role: LEADER
I20260812 08:00:24.458650 27247 consensus_queue.cc:260] T 523911f2bdd14bada53b2eb1f1b3ac93 P c073194590454f1688ec86aabbc67677 [NON_LEADER]: Queue going to NON_LEADER mode. State: All replicated index: 0, Majority replicated index: 4, Committed index: 4, Last appended: 1.4, Last appended by leader: 4, Current term: 1, Majority size: -1, State: 0, Mode: NON_LEADER, active raft config: opid_index: 4 OBSOLETE_local: true peers { permanent_uuid: "c073194590454f1688ec86aabbc67677" member_type: VOTER last_known_addr { host: "127.23.227.193" port: 34255 } } peers { permanent_uuid: "8fda0be6a58c403ab256b2eb63f28e44" member_type: VOTER last_known_addr { host: "127.23.227.200" port: 36647 } }
I20260812 08:00:24.458761 27247 raft_consensus.cc:3060] T 523911f2bdd14bada53b2eb1f1b3ac93 P c073194590454f1688ec86aabbc67677 [term 1 FOLLOWER]: Advancing to term 2
I20260812 08:00:24.459568 27247 raft_consensus.cc:2468] T 523911f2bdd14bada53b2eb1f1b3ac93 P c073194590454f1688ec86aabbc67677 [term 2 FOLLOWER]: Leader election vote request: Granting yes vote for candidate 8fda0be6a58c403ab256b2eb63f28e44 in term 2.
I20260812 08:00:24.460057 31491 leader_election.cc:304] T 523911f2bdd14bada53b2eb1f1b3ac93 P 8fda0be6a58c403ab256b2eb63f28e44 [CANDIDATE]: Term 2 election: Election decided. Result: candidate won. Election summary: received 2 responses out of 2 voters: 2 yes votes; 0 no votes. yes voters: 8fda0be6a58c403ab256b2eb63f28e44, c073194590454f1688ec86aabbc67677; no voters: 
I20260812 08:00:24.460597 31986 raft_consensus.cc:2804] T 523911f2bdd14bada53b2eb1f1b3ac93 P 8fda0be6a58c403ab256b2eb63f28e44 [term 2 FOLLOWER]: Leader election won for term 2
I20260812 08:00:24.460755 31986 raft_consensus.cc:697] T 523911f2bdd14bada53b2eb1f1b3ac93 P 8fda0be6a58c403ab256b2eb63f28e44 [term 2 LEADER]: Becoming Leader. State: Replica: 8fda0be6a58c403ab256b2eb63f28e44, State: Running, Role: LEADER
I20260812 08:00:24.461046 31986 consensus_queue.cc:237] T 523911f2bdd14bada53b2eb1f1b3ac93 P 8fda0be6a58c403ab256b2eb63f28e44 [LEADER]: Queue going to LEADER mode. State: All replicated index: 0, Majority replicated index: 4, Committed index: 4, Last appended: 1.4, Last appended by leader: 4, Current term: 2, Majority size: 2, State: 0, Mode: LEADER, active raft config: opid_index: 4 OBSOLETE_local: true peers { permanent_uuid: "c073194590454f1688ec86aabbc67677" member_type: VOTER last_known_addr { host: "127.23.227.193" port: 34255 } } peers { permanent_uuid: "8fda0be6a58c403ab256b2eb63f28e44" member_type: VOTER last_known_addr { host: "127.23.227.200" port: 36647 } }
I20260812 08:00:24.463475 27078 catalog_manager.cc:5719] T 523911f2bdd14bada53b2eb1f1b3ac93 P 8fda0be6a58c403ab256b2eb63f28e44 reported cstate change: term changed from 1 to 2, leader changed from c073194590454f1688ec86aabbc67677 (127.23.227.193) to 8fda0be6a58c403ab256b2eb63f28e44 (127.23.227.200). New cstate: current_term: 2 leader_uuid: "8fda0be6a58c403ab256b2eb63f28e44" committed_config { opid_index: 4 OBSOLETE_local: true peers { permanent_uuid: "c073194590454f1688ec86aabbc67677" member_type: VOTER last_known_addr { host: "127.23.227.193" port: 34255 } } peers { permanent_uuid: "8fda0be6a58c403ab256b2eb63f28e44" member_type: VOTER last_known_addr { host: "127.23.227.200" port: 36647 } } }
I20260812 08:00:24.464325 31988 raft_consensus.cc:993] T 2e0753bda5e74951bb4c916d16041c18 P 87db7539ca5943f580cf8a35f1c64ebe: : Instructing follower 8fda0be6a58c403ab256b2eb63f28e44 to start an election
I20260812 08:00:24.464438 31988 raft_consensus.cc:1081] T 2e0753bda5e74951bb4c916d16041c18 P 87db7539ca5943f580cf8a35f1c64ebe [term 1 LEADER]: Signalling peer 8fda0be6a58c403ab256b2eb63f28e44 to start an election
I20260812 08:00:24.464956 31566 tablet_service.cc:2044] Received Run Leader Election RPC: tablet_id: "2e0753bda5e74951bb4c916d16041c18"
dest_uuid: "8fda0be6a58c403ab256b2eb63f28e44"
 from {username='slave'} at 127.23.227.194:35023
I20260812 08:00:24.465071 31566 raft_consensus.cc:493] T 2e0753bda5e74951bb4c916d16041c18 P 8fda0be6a58c403ab256b2eb63f28e44 [term 1 FOLLOWER]: Starting forced leader election (received explicit request)
I20260812 08:00:24.465154 31566 raft_consensus.cc:3060] T 2e0753bda5e74951bb4c916d16041c18 P 8fda0be6a58c403ab256b2eb63f28e44 [term 1 FOLLOWER]: Advancing to term 2
I20260812 08:00:24.465965 31566 raft_consensus.cc:515] T 2e0753bda5e74951bb4c916d16041c18 P 8fda0be6a58c403ab256b2eb63f28e44 [term 2 FOLLOWER]: Starting forced leader election with config: opid_index: 4 OBSOLETE_local: true peers { permanent_uuid: "87db7539ca5943f580cf8a35f1c64ebe" member_type: VOTER last_known_addr { host: "127.23.227.194" port: 38145 } } peers { permanent_uuid: "8fda0be6a58c403ab256b2eb63f28e44" member_type: VOTER last_known_addr { host: "127.23.227.200" port: 36647 } }
I20260812 08:00:24.466351 31566 leader_election.cc:290] T 2e0753bda5e74951bb4c916d16041c18 P 8fda0be6a58c403ab256b2eb63f28e44 [CANDIDATE]: Term 2 election: Requested vote from peers 87db7539ca5943f580cf8a35f1c64ebe (127.23.227.194:38145)
I20260812 08:00:24.466748 27400 tablet_service.cc:1917] Received RequestConsensusVote() RPC: tablet_id: "2e0753bda5e74951bb4c916d16041c18" candidate_uuid: "8fda0be6a58c403ab256b2eb63f28e44" candidate_term: 2 candidate_status { last_received { term: 1 index: 4 } } ignore_live_leader: true dest_uuid: "87db7539ca5943f580cf8a35f1c64ebe"
I20260812 08:00:24.466892 27400 raft_consensus.cc:3055] T 2e0753bda5e74951bb4c916d16041c18 P 87db7539ca5943f580cf8a35f1c64ebe [term 1 LEADER]: Stepping down as leader of term 1
I20260812 08:00:24.466938 27400 raft_consensus.cc:740] T 2e0753bda5e74951bb4c916d16041c18 P 87db7539ca5943f580cf8a35f1c64ebe [term 1 LEADER]: Becoming Follower/Learner. State: Replica: 87db7539ca5943f580cf8a35f1c64ebe, State: Running, Role: LEADER
