I20260812 08:00:14.169793  8443 leader_election.cc:290] T 0f6e9fa574e34700be1a1a4743e0af9b P aec3fad2564140c4b6e79c42cffddd04 [CANDIDATE]: Term 1 pre-election: Requested pre-vote from peers 402ecd066f304f9287b72a3cfc4fe045 (127.28.92.130:37793), 20a39178886246a8b03a01797f80f15d (127.28.92.131:32803)
I20260812 08:00:14.170961  8457 raft_consensus.cc:515] T e5612a3444354259852b8c102581da51 P 402ecd066f304f9287b72a3cfc4fe045 [term 1 FOLLOWER]: Starting leader election with config: opid_index: -1 OBSOLETE_local: false peers { permanent_uuid: "20a39178886246a8b03a01797f80f15d" member_type: VOTER last_known_addr { host: "127.28.92.131" port: 32803 } } peers { permanent_uuid: "aec3fad2564140c4b6e79c42cffddd04" member_type: VOTER last_known_addr { host: "127.28.92.129" port: 44357 } } peers { permanent_uuid: "402ecd066f304f9287b72a3cfc4fe045" member_type: VOTER last_known_addr { host: "127.28.92.130" port: 37793 } }
I20260812 08:00:14.171393  8457 leader_election.cc:290] T e5612a3444354259852b8c102581da51 P 402ecd066f304f9287b72a3cfc4fe045 [CANDIDATE]: Term 1 election: Requested vote from peers 20a39178886246a8b03a01797f80f15d (127.28.92.131:32803), aec3fad2564140c4b6e79c42cffddd04 (127.28.92.129:44357)
I20260812 08:00:14.171934  7063 tablet_service.cc:1917] Received RequestConsensusVote() RPC: tablet_id: "e5612a3444354259852b8c102581da51" candidate_uuid: "402ecd066f304f9287b72a3cfc4fe045" candidate_term: 1 candidate_status { last_received { term: 0 index: 0 } } ignore_live_leader: false dest_uuid: "aec3fad2564140c4b6e79c42cffddd04"
I20260812 08:00:14.172061  7063 raft_consensus.cc:3060] T e5612a3444354259852b8c102581da51 P aec3fad2564140c4b6e79c42cffddd04 [term 0 FOLLOWER]: Advancing to term 1
I20260812 08:00:14.172055  7881 tablet_service.cc:1917] Received RequestConsensusVote() RPC: tablet_id: "e5612a3444354259852b8c102581da51" candidate_uuid: "402ecd066f304f9287b72a3cfc4fe045" candidate_term: 1 candidate_status { last_received { term: 0 index: 0 } } ignore_live_leader: false dest_uuid: "20a39178886246a8b03a01797f80f15d"
I20260812 08:00:14.172181  7881 raft_consensus.cc:3060] T e5612a3444354259852b8c102581da51 P 20a39178886246a8b03a01797f80f15d [term 0 FOLLOWER]: Advancing to term 1
I20260812 08:00:14.173262  7881 raft_consensus.cc:2468] T e5612a3444354259852b8c102581da51 P 20a39178886246a8b03a01797f80f15d [term 1 FOLLOWER]: Leader election vote request: Granting yes vote for candidate 402ecd066f304f9287b72a3cfc4fe045 in term 1.
I20260812 08:00:14.173401  7063 raft_consensus.cc:2468] T e5612a3444354259852b8c102581da51 P aec3fad2564140c4b6e79c42cffddd04 [term 1 FOLLOWER]: Leader election vote request: Granting yes vote for candidate 402ecd066f304f9287b72a3cfc4fe045 in term 1.
I20260812 08:00:14.173588  7337 leader_election.cc:304] T e5612a3444354259852b8c102581da51 P 402ecd066f304f9287b72a3cfc4fe045 [CANDIDATE]: Term 1 election: Election decided. Result: candidate won. Election summary: received 2 responses out of 3 voters: 2 yes votes; 0 no votes. yes voters: 20a39178886246a8b03a01797f80f15d, 402ecd066f304f9287b72a3cfc4fe045; no voters: 
I20260812 08:00:14.173774  8457 raft_consensus.cc:2804] T e5612a3444354259852b8c102581da51 P 402ecd066f304f9287b72a3cfc4fe045 [term 1 FOLLOWER]: Leader election won for term 1
I20260812 08:00:14.173870  8457 raft_consensus.cc:697] T e5612a3444354259852b8c102581da51 P 402ecd066f304f9287b72a3cfc4fe045 [term 1 LEADER]: Becoming Leader. State: Replica: 402ecd066f304f9287b72a3cfc4fe045, State: Running, Role: LEADER
I20260812 08:00:14.174188  8457 consensus_queue.cc:237] T e5612a3444354259852b8c102581da51 P 402ecd066f304f9287b72a3cfc4fe045 [LEADER]: Queue going to LEADER mode. State: All replicated index: 0, Majority replicated index: 0, Committed index: 0, Last appended: 0.0, Last appended by leader: 0, Current term: 1, Majority size: 2, State: 0, Mode: LEADER, active raft config: opid_index: -1 OBSOLETE_local: false peers { permanent_uuid: "20a39178886246a8b03a01797f80f15d" member_type: VOTER last_known_addr { host: "127.28.92.131" port: 32803 } } peers { permanent_uuid: "aec3fad2564140c4b6e79c42cffddd04" member_type: VOTER last_known_addr { host: "127.28.92.129" port: 44357 } } peers { permanent_uuid: "402ecd066f304f9287b72a3cfc4fe045" member_type: VOTER last_known_addr { host: "127.28.92.130" port: 37793 } }
I20260812 08:00:14.176146  7471 tablet_service.cc:1917] Received RequestConsensusVote() RPC: tablet_id: "0f6e9fa574e34700be1a1a4743e0af9b" candidate_uuid: "aec3fad2564140c4b6e79c42cffddd04" candidate_term: 1 candidate_status { last_received { term: 0 index: 0 } } ignore_live_leader: false dest_uuid: "402ecd066f304f9287b72a3cfc4fe045" is_pre_election: true
I20260812 08:00:14.176254  7471 raft_consensus.cc:2468] T 0f6e9fa574e34700be1a1a4743e0af9b P 402ecd066f304f9287b72a3cfc4fe045 [term 0 FOLLOWER]: Leader pre-election vote request: Granting yes vote for candidate aec3fad2564140c4b6e79c42cffddd04 in term 0.
I20260812 08:00:14.176704  6948 leader_election.cc:304] T 0f6e9fa574e34700be1a1a4743e0af9b P aec3fad2564140c4b6e79c42cffddd04 [CANDIDATE]: Term 1 pre-election: Election decided. Result: candidate won. Election summary: received 2 responses out of 3 voters: 2 yes votes; 0 no votes. yes voters: 402ecd066f304f9287b72a3cfc4fe045, aec3fad2564140c4b6e79c42cffddd04; no voters: 
I20260812 08:00:14.176951  8443 raft_consensus.cc:2804] T 0f6e9fa574e34700be1a1a4743e0af9b P aec3fad2564140c4b6e79c42cffddd04 [term 0 FOLLOWER]: Leader pre-election won for term 1
I20260812 08:00:14.176939  8460 raft_consensus.cc:493] T a0e7d5c8b60649219e5d033a11929ebd P 20a39178886246a8b03a01797f80f15d [term 0 FOLLOWER]: Starting pre-election (no leader contacted us within the election timeout)
I20260812 08:00:14.177011  8443 raft_consensus.cc:493] T 0f6e9fa574e34700be1a1a4743e0af9b P aec3fad2564140c4b6e79c42cffddd04 [term 0 FOLLOWER]: Starting leader election (no leader contacted us within the election timeout)
I20260812 08:00:14.177053  8443 raft_consensus.cc:3060] T 0f6e9fa574e34700be1a1a4743e0af9b P aec3fad2564140c4b6e79c42cffddd04 [term 0 FOLLOWER]: Advancing to term 1
I20260812 08:00:14.177057  8460 raft_consensus.cc:515] T a0e7d5c8b60649219e5d033a11929ebd P 20a39178886246a8b03a01797f80f15d [term 0 FOLLOWER]: Starting pre-election with config: opid_index: -1 OBSOLETE_local: false peers { permanent_uuid: "20a39178886246a8b03a01797f80f15d" member_type: VOTER last_known_addr { host: "127.28.92.131" port: 32803 } } peers { permanent_uuid: "8128e3dbaa8d4961b03eff40f91823e5" member_type: VOTER last_known_addr { host: "127.28.92.132" port: 34279 } } peers { permanent_uuid: "aec3fad2564140c4b6e79c42cffddd04" member_type: VOTER last_known_addr { host: "127.28.92.129" port: 44357 } }
I20260812 08:00:14.178442  8460 leader_election.cc:290] T a0e7d5c8b60649219e5d033a11929ebd P 20a39178886246a8b03a01797f80f15d [CANDIDATE]: Term 1 pre-election: Requested pre-vote from peers 8128e3dbaa8d4961b03eff40f91823e5 (127.28.92.132:34279), aec3fad2564140c4b6e79c42cffddd04 (127.28.92.129:44357)
I20260812 08:00:14.178597  8443 raft_consensus.cc:515] T 0f6e9fa574e34700be1a1a4743e0af9b P aec3fad2564140c4b6e79c42cffddd04 [term 1 FOLLOWER]: Starting leader election with config: opid_index: -1 OBSOLETE_local: false peers { permanent_uuid: "aec3fad2564140c4b6e79c42cffddd04" member_type: VOTER last_known_addr { host: "127.28.92.129" port: 44357 } } peers { permanent_uuid: "402ecd066f304f9287b72a3cfc4fe045" member_type: VOTER last_known_addr { host: "127.28.92.130" port: 37793 } } peers { permanent_uuid: "20a39178886246a8b03a01797f80f15d" member_type: VOTER last_known_addr { host: "127.28.92.131" port: 32803 } }
I20260812 08:00:14.178934  8443 leader_election.cc:290] T 0f6e9fa574e34700be1a1a4743e0af9b P aec3fad2564140c4b6e79c42cffddd04 [CANDIDATE]: Term 1 election: Requested vote from peers 402ecd066f304f9287b72a3cfc4fe045 (127.28.92.130:37793), 20a39178886246a8b03a01797f80f15d (127.28.92.131:32803)
W20260812 08:00:14.179220  7967 tablet.cc:2406] T 0f6e9fa574e34700be1a1a4743e0af9b P 20a39178886246a8b03a01797f80f15d: Can't schedule compaction. Clean time has not been advanced past its initial value.
I20260812 08:00:14.180258  7471 tablet_service.cc:1917] Received RequestConsensusVote() RPC: tablet_id: "0f6e9fa574e34700be1a1a4743e0af9b" candidate_uuid: "aec3fad2564140c4b6e79c42cffddd04" candidate_term: 1 candidate_status { last_received { term: 0 index: 0 } } ignore_live_leader: false dest_uuid: "402ecd066f304f9287b72a3cfc4fe045"
I20260812 08:00:14.180363  7471 raft_consensus.cc:3060] T 0f6e9fa574e34700be1a1a4743e0af9b P 402ecd066f304f9287b72a3cfc4fe045 [term 0 FOLLOWER]: Advancing to term 1
I20260812 08:00:14.180917  6633 catalog_manager.cc:5719] T e5612a3444354259852b8c102581da51 P 402ecd066f304f9287b72a3cfc4fe045 reported cstate change: term changed from 0 to 1, leader changed from <none> to 402ecd066f304f9287b72a3cfc4fe045 (127.28.92.130). New cstate: current_term: 1 leader_uuid: "402ecd066f304f9287b72a3cfc4fe045" committed_config { opid_index: -1 OBSOLETE_local: false peers { permanent_uuid: "20a39178886246a8b03a01797f80f15d" member_type: VOTER last_known_addr { host: "127.28.92.131" port: 32803 } health_report { overall_health: UNKNOWN } } peers { permanent_uuid: "aec3fad2564140c4b6e79c42cffddd04" member_type: VOTER last_known_addr { host: "127.28.92.129" port: 44357 } health_report { overall_health: UNKNOWN } } peers { permanent_uuid: "402ecd066f304f9287b72a3cfc4fe045" member_type: VOTER last_known_addr { host: "127.28.92.130" port: 37793 } health_report { overall_health: HEALTHY } } }
I20260812 08:00:14.181330  7471 raft_consensus.cc:2468] T 0f6e9fa574e34700be1a1a4743e0af9b P 402ecd066f304f9287b72a3cfc4fe045 [term 1 FOLLOWER]: Leader election vote request: Granting yes vote for candidate aec3fad2564140c4b6e79c42cffddd04 in term 1.
I20260812 08:00:14.181723  6948 leader_election.cc:304] T 0f6e9fa574e34700be1a1a4743e0af9b P aec3fad2564140c4b6e79c42cffddd04 [CANDIDATE]: Term 1 election: Election decided. Result: candidate won. Election summary: received 2 responses out of 3 voters: 2 yes votes; 0 no votes. yes voters: 402ecd066f304f9287b72a3cfc4fe045, aec3fad2564140c4b6e79c42cffddd04; no voters: 
I20260812 08:00:14.181931  8443 raft_consensus.cc:2804] T 0f6e9fa574e34700be1a1a4743e0af9b P aec3fad2564140c4b6e79c42cffddd04 [term 1 FOLLOWER]: Leader election won for term 1
I20260812 08:00:14.183187  8443 raft_consensus.cc:697] T 0f6e9fa574e34700be1a1a4743e0af9b P aec3fad2564140c4b6e79c42cffddd04 [term 1 LEADER]: Becoming Leader. State: Replica: aec3fad2564140c4b6e79c42cffddd04, State: Running, Role: LEADER
I20260812 08:00:14.184031  8443 consensus_queue.cc:237] T 0f6e9fa574e34700be1a1a4743e0af9b P aec3fad2564140c4b6e79c42cffddd04 [LEADER]: Queue going to LEADER mode. State: All replicated index: 0, Majority replicated index: 0, Committed index: 0, Last appended: 0.0, Last appended by leader: 0, Current term: 1, Majority size: 2, State: 0, Mode: LEADER, active raft config: opid_index: -1 OBSOLETE_local: false peers { permanent_uuid: "aec3fad2564140c4b6e79c42cffddd04" member_type: VOTER last_known_addr { host: "127.28.92.129" port: 44357 } } peers { permanent_uuid: "402ecd066f304f9287b72a3cfc4fe045" member_type: VOTER last_known_addr { host: "127.28.92.130" port: 37793 } } peers { permanent_uuid: "20a39178886246a8b03a01797f80f15d" member_type: VOTER last_known_addr { host: "127.28.92.131" port: 32803 } }
I20260812 08:00:14.184618  8457 raft_consensus.cc:493] T bdc0fa33bb194d829ef1ff32f585ad53 P 402ecd066f304f9287b72a3cfc4fe045 [term 0 FOLLOWER]: Starting pre-election (no leader contacted us within the election timeout)
I20260812 08:00:14.184744  8457 raft_consensus.cc:515] T bdc0fa33bb194d829ef1ff32f585ad53 P 402ecd066f304f9287b72a3cfc4fe045 [term 0 FOLLOWER]: Starting pre-election with config: opid_index: -1 OBSOLETE_local: false peers { permanent_uuid: "8128e3dbaa8d4961b03eff40f91823e5" member_type: VOTER last_known_addr { host: "127.28.92.132" port: 34279 } } peers { permanent_uuid: "402ecd066f304f9287b72a3cfc4fe045" member_type: VOTER last_known_addr { host: "127.28.92.130" port: 37793 } } peers { permanent_uuid: "aec3fad2564140c4b6e79c42cffddd04" member_type: VOTER last_known_addr { host: "127.28.92.129" port: 44357 } }
I20260812 08:00:14.185272  8457 leader_election.cc:290] T bdc0fa33bb194d829ef1ff32f585ad53 P 402ecd066f304f9287b72a3cfc4fe045 [CANDIDATE]: Term 1 pre-election: Requested pre-vote from peers 8128e3dbaa8d4961b03eff40f91823e5 (127.28.92.132:34279), aec3fad2564140c4b6e79c42cffddd04 (127.28.92.129:44357)
I20260812 08:00:14.186385  7063 tablet_service.cc:1917] Received RequestConsensusVote() RPC: tablet_id: "bdc0fa33bb194d829ef1ff32f585ad53" candidate_uuid: "402ecd066f304f9287b72a3cfc4fe045" candidate_term: 1 candidate_status { last_received { term: 0 index: 0 } } ignore_live_leader: false dest_uuid: "aec3fad2564140c4b6e79c42cffddd04" is_pre_election: true
I20260812 08:00:14.186506  7063 raft_consensus.cc:2468] T bdc0fa33bb194d829ef1ff32f585ad53 P aec3fad2564140c4b6e79c42cffddd04 [term 0 FOLLOWER]: Leader pre-election vote request: Granting yes vote for candidate 402ecd066f304f9287b72a3cfc4fe045 in term 0.
I20260812 08:00:14.186849  7342 leader_election.cc:304] T bdc0fa33bb194d829ef1ff32f585ad53 P 402ecd066f304f9287b72a3cfc4fe045 [CANDIDATE]: Term 1 pre-election: Election decided. Result: candidate won. Election summary: received 2 responses out of 3 voters: 2 yes votes; 0 no votes. yes voters: 402ecd066f304f9287b72a3cfc4fe045, aec3fad2564140c4b6e79c42cffddd04; no voters: 
I20260812 08:00:14.187014  8457 raft_consensus.cc:2804] T bdc0fa33bb194d829ef1ff32f585ad53 P 402ecd066f304f9287b72a3cfc4fe045 [term 0 FOLLOWER]: Leader pre-election won for term 1
I20260812 08:00:14.187060  8457 raft_consensus.cc:493] T bdc0fa33bb194d829ef1ff32f585ad53 P 402ecd066f304f9287b72a3cfc4fe045 [term 0 FOLLOWER]: Starting leader election (no leader contacted us within the election timeout)
I20260812 08:00:14.187104  8457 raft_consensus.cc:3060] T bdc0fa33bb194d829ef1ff32f585ad53 P 402ecd066f304f9287b72a3cfc4fe045 [term 0 FOLLOWER]: Advancing to term 1
I20260812 08:00:14.188531  8457 raft_consensus.cc:515] T bdc0fa33bb194d829ef1ff32f585ad53 P 402ecd066f304f9287b72a3cfc4fe045 [term 1 FOLLOWER]: Starting leader election with config: opid_index: -1 OBSOLETE_local: false peers { permanent_uuid: "8128e3dbaa8d4961b03eff40f91823e5" member_type: VOTER last_known_addr { host: "127.28.92.132" port: 34279 } } peers { permanent_uuid: "402ecd066f304f9287b72a3cfc4fe045" member_type: VOTER last_known_addr { host: "127.28.92.130" port: 37793 } } peers { permanent_uuid: "aec3fad2564140c4b6e79c42cffddd04" member_type: VOTER last_known_addr { host: "127.28.92.129" port: 44357 } }
I20260812 08:00:14.188593  6633 catalog_manager.cc:5719] T 0f6e9fa574e34700be1a1a4743e0af9b P aec3fad2564140c4b6e79c42cffddd04 reported cstate change: term changed from 0 to 1, leader changed from <none> to aec3fad2564140c4b6e79c42cffddd04 (127.28.92.129). New cstate: current_term: 1 leader_uuid: "aec3fad2564140c4b6e79c42cffddd04" committed_config { opid_index: -1 OBSOLETE_local: false peers { permanent_uuid: "aec3fad2564140c4b6e79c42cffddd04" member_type: VOTER last_known_addr { host: "127.28.92.129" port: 44357 } health_report { overall_health: HEALTHY } } peers { permanent_uuid: "402ecd066f304f9287b72a3cfc4fe045" member_type: VOTER last_known_addr { host: "127.28.92.130" port: 37793 } health_report { overall_health: UNKNOWN } } peers { permanent_uuid: "20a39178886246a8b03a01797f80f15d" member_type: VOTER last_known_addr { host: "127.28.92.131" port: 32803 } health_report { overall_health: UNKNOWN } } }
I20260812 08:00:14.188952  8457 leader_election.cc:290] T bdc0fa33bb194d829ef1ff32f585ad53 P 402ecd066f304f9287b72a3cfc4fe045 [CANDIDATE]: Term 1 election: Requested vote from peers 8128e3dbaa8d4961b03eff40f91823e5 (127.28.92.132:34279), aec3fad2564140c4b6e79c42cffddd04 (127.28.92.129:44357)
I20260812 08:00:14.189459  7063 tablet_service.cc:1917] Received RequestConsensusVote() RPC: tablet_id: "bdc0fa33bb194d829ef1ff32f585ad53" candidate_uuid: "402ecd066f304f9287b72a3cfc4fe045" candidate_term: 1 candidate_status { last_received { term: 0 index: 0 } } ignore_live_leader: false dest_uuid: "aec3fad2564140c4b6e79c42cffddd04"
I20260812 08:00:14.189585  7063 raft_consensus.cc:3060] T bdc0fa33bb194d829ef1ff32f585ad53 P aec3fad2564140c4b6e79c42cffddd04 [term 0 FOLLOWER]: Advancing to term 1
I20260812 08:00:14.190583  7063 raft_consensus.cc:2468] T bdc0fa33bb194d829ef1ff32f585ad53 P aec3fad2564140c4b6e79c42cffddd04 [term 1 FOLLOWER]: Leader election vote request: Granting yes vote for candidate 402ecd066f304f9287b72a3cfc4fe045 in term 1.
I20260812 08:00:14.190884  7342 leader_election.cc:304] T bdc0fa33bb194d829ef1ff32f585ad53 P 402ecd066f304f9287b72a3cfc4fe045 [CANDIDATE]: Term 1 election: Election decided. Result: candidate won. Election summary: received 2 responses out of 3 voters: 2 yes votes; 0 no votes. yes voters: 402ecd066f304f9287b72a3cfc4fe045, aec3fad2564140c4b6e79c42cffddd04; no voters: 
I20260812 08:00:14.191044  8457 raft_consensus.cc:2804] T bdc0fa33bb194d829ef1ff32f585ad53 P 402ecd066f304f9287b72a3cfc4fe045 [term 1 FOLLOWER]: Leader election won for term 1
I20260812 08:00:14.191381  8457 raft_consensus.cc:697] T bdc0fa33bb194d829ef1ff32f585ad53 P 402ecd066f304f9287b72a3cfc4fe045 [term 1 LEADER]: Becoming Leader. State: Replica: 402ecd066f304f9287b72a3cfc4fe045, State: Running, Role: LEADER
I20260812 08:00:14.191515  8457 consensus_queue.cc:237] T bdc0fa33bb194d829ef1ff32f585ad53 P 402ecd066f304f9287b72a3cfc4fe045 [LEADER]: Queue going to LEADER mode. State: All replicated index: 0, Majority replicated index: 0, Committed index: 0, Last appended: 0.0, Last appended by leader: 0, Current term: 1, Majority size: 2, State: 0, Mode: LEADER, active raft config: opid_index: -1 OBSOLETE_local: false peers { permanent_uuid: "8128e3dbaa8d4961b03eff40f91823e5" member_type: VOTER last_known_addr { host: "127.28.92.132" port: 34279 } } peers { permanent_uuid: "402ecd066f304f9287b72a3cfc4fe045" member_type: VOTER last_known_addr { host: "127.28.92.130" port: 37793 } } peers { permanent_uuid: "aec3fad2564140c4b6e79c42cffddd04" member_type: VOTER last_known_addr { host: "127.28.92.129" port: 44357 } }
I20260812 08:00:14.193437  7881 tablet_service.cc:1917] Received RequestConsensusVote() RPC: tablet_id: "0f6e9fa574e34700be1a1a4743e0af9b" candidate_uuid: "aec3fad2564140c4b6e79c42cffddd04" candidate_term: 1 candidate_status { last_received { term: 0 index: 0 } } ignore_live_leader: false dest_uuid: "20a39178886246a8b03a01797f80f15d" is_pre_election: true
I20260812 08:00:14.193464  8288 tablet_service.cc:1917] Received RequestConsensusVote() RPC: tablet_id: "bdc0fa33bb194d829ef1ff32f585ad53" candidate_uuid: "402ecd066f304f9287b72a3cfc4fe045" candidate_term: 1 candidate_status { last_received { term: 0 index: 0 } } ignore_live_leader: false dest_uuid: "8128e3dbaa8d4961b03eff40f91823e5" is_pre_election: true
I20260812 08:00:14.193522  7063 tablet_service.cc:1917] Received RequestConsensusVote() RPC: tablet_id: "a0e7d5c8b60649219e5d033a11929ebd" candidate_uuid: "20a39178886246a8b03a01797f80f15d" candidate_term: 1 candidate_status { last_received { term: 0 index: 0 } } ignore_live_leader: false dest_uuid: "aec3fad2564140c4b6e79c42cffddd04" is_pre_election: true
I20260812 08:00:14.193579  7881 raft_consensus.cc:2468] T 0f6e9fa574e34700be1a1a4743e0af9b P 20a39178886246a8b03a01797f80f15d [term 0 FOLLOWER]: Leader pre-election vote request: Granting yes vote for candidate aec3fad2564140c4b6e79c42cffddd04 in term 0.
I20260812 08:00:14.193686  7063 raft_consensus.cc:2468] T a0e7d5c8b60649219e5d033a11929ebd P aec3fad2564140c4b6e79c42cffddd04 [term 0 FOLLOWER]: Leader pre-election vote request: Granting yes vote for candidate 20a39178886246a8b03a01797f80f15d in term 0.
I20260812 08:00:14.193681  8288 raft_consensus.cc:2468] T bdc0fa33bb194d829ef1ff32f585ad53 P 8128e3dbaa8d4961b03eff40f91823e5 [term 0 FOLLOWER]: Leader pre-election vote request: Granting yes vote for candidate 402ecd066f304f9287b72a3cfc4fe045 in term 0.
I20260812 08:00:14.193940  8286 tablet_service.cc:1917] Received RequestConsensusVote() RPC: tablet_id: "bdc0fa33bb194d829ef1ff32f585ad53" candidate_uuid: "402ecd066f304f9287b72a3cfc4fe045" candidate_term: 1 candidate_status { last_received { term: 0 index: 0 } } ignore_live_leader: false dest_uuid: "8128e3dbaa8d4961b03eff40f91823e5"
I20260812 08:00:14.194041  8286 raft_consensus.cc:3060] T bdc0fa33bb194d829ef1ff32f585ad53 P 8128e3dbaa8d4961b03eff40f91823e5 [term 0 FOLLOWER]: Advancing to term 1
I20260812 08:00:14.194362  6634 catalog_manager.cc:5719] T bdc0fa33bb194d829ef1ff32f585ad53 P 402ecd066f304f9287b72a3cfc4fe045 reported cstate change: term changed from 0 to 1, leader changed from <none> to 402ecd066f304f9287b72a3cfc4fe045 (127.28.92.130). New cstate: current_term: 1 leader_uuid: "402ecd066f304f9287b72a3cfc4fe045" committed_config { opid_index: -1 OBSOLETE_local: false peers { permanent_uuid: "8128e3dbaa8d4961b03eff40f91823e5" member_type: VOTER last_known_addr { host: "127.28.92.132" port: 34279 } health_report { overall_health: UNKNOWN } } peers { permanent_uuid: "402ecd066f304f9287b72a3cfc4fe045" member_type: VOTER last_known_addr { host: "127.28.92.130" port: 37793 } health_report { overall_health: HEALTHY } } peers { permanent_uuid: "aec3fad2564140c4b6e79c42cffddd04" member_type: VOTER last_known_addr { host: "127.28.92.129" port: 44357 } health_report { overall_health: UNKNOWN } } }
I20260812 08:00:14.195113  8286 raft_consensus.cc:2468] T bdc0fa33bb194d829ef1ff32f585ad53 P 8128e3dbaa8d4961b03eff40f91823e5 [term 1 FOLLOWER]: Leader election vote request: Granting yes vote for candidate 402ecd066f304f9287b72a3cfc4fe045 in term 1.
I20260812 08:00:14.195122  8281 tablet_service.cc:1917] Received RequestConsensusVote() RPC: tablet_id: "a0e7d5c8b60649219e5d033a11929ebd" candidate_uuid: "20a39178886246a8b03a01797f80f15d" candidate_term: 1 candidate_status { last_received { term: 0 index: 0 } } ignore_live_leader: false dest_uuid: "8128e3dbaa8d4961b03eff40f91823e5" is_pre_election: true
I20260812 08:00:14.195398  8281 raft_consensus.cc:2468] T a0e7d5c8b60649219e5d033a11929ebd P 8128e3dbaa8d4961b03eff40f91823e5 [term 0 FOLLOWER]: Leader pre-election vote request: Granting yes vote for candidate 20a39178886246a8b03a01797f80f15d in term 0.
I20260812 08:00:14.193166  7879 tablet_service.cc:1917] Received RequestConsensusVote() RPC: tablet_id: "0f6e9fa574e34700be1a1a4743e0af9b" candidate_uuid: "aec3fad2564140c4b6e79c42cffddd04" candidate_term: 1 candidate_status { last_received { term: 0 index: 0 } } ignore_live_leader: false dest_uuid: "20a39178886246a8b03a01797f80f15d"
I20260812 08:00:14.195498  7879 raft_consensus.cc:3060] T 0f6e9fa574e34700be1a1a4743e0af9b P 20a39178886246a8b03a01797f80f15d [term 0 FOLLOWER]: Advancing to term 1
I20260812 08:00:14.195533  7772 leader_election.cc:304] T a0e7d5c8b60649219e5d033a11929ebd P 20a39178886246a8b03a01797f80f15d [CANDIDATE]: Term 1 pre-election: Election decided. Result: candidate won. Election summary: received 2 responses out of 3 voters: 2 yes votes; 0 no votes. yes voters: 20a39178886246a8b03a01797f80f15d, aec3fad2564140c4b6e79c42cffddd04; no voters: 
I20260812 08:00:14.195963  8460 raft_consensus.cc:2804] T a0e7d5c8b60649219e5d033a11929ebd P 20a39178886246a8b03a01797f80f15d [term 0 FOLLOWER]: Leader pre-election won for term 1
I20260812 08:00:14.196034  8460 raft_consensus.cc:493] T a0e7d5c8b60649219e5d033a11929ebd P 20a39178886246a8b03a01797f80f15d [term 0 FOLLOWER]: Starting leader election (no leader contacted us within the election timeout)
I20260812 08:00:14.196084  8460 raft_consensus.cc:3060] T a0e7d5c8b60649219e5d033a11929ebd P 20a39178886246a8b03a01797f80f15d [term 0 FOLLOWER]: Advancing to term 1
I20260812 08:00:14.196802  7879 raft_consensus.cc:2468] T 0f6e9fa574e34700be1a1a4743e0af9b P 20a39178886246a8b03a01797f80f15d [term 1 FOLLOWER]: Leader election vote request: Granting yes vote for candidate aec3fad2564140c4b6e79c42cffddd04 in term 1.
I20260812 08:00:14.197528  8460 raft_consensus.cc:515] T a0e7d5c8b60649219e5d033a11929ebd P 20a39178886246a8b03a01797f80f15d [term 1 FOLLOWER]: Starting leader election with config: opid_index: -1 OBSOLETE_local: false peers { permanent_uuid: "20a39178886246a8b03a01797f80f15d" member_type: VOTER last_known_addr { host: "127.28.92.131" port: 32803 } } peers { permanent_uuid: "8128e3dbaa8d4961b03eff40f91823e5" member_type: VOTER last_known_addr { host: "127.28.92.132" port: 34279 } } peers { permanent_uuid: "aec3fad2564140c4b6e79c42cffddd04" member_type: VOTER last_known_addr { host: "127.28.92.129" port: 44357 } }
I20260812 08:00:14.197983  8460 leader_election.cc:290] T a0e7d5c8b60649219e5d033a11929ebd P 20a39178886246a8b03a01797f80f15d [CANDIDATE]: Term 1 election: Requested vote from peers 8128e3dbaa8d4961b03eff40f91823e5 (127.28.92.132:34279), aec3fad2564140c4b6e79c42cffddd04 (127.28.92.129:44357)
I20260812 08:00:14.198320  8281 tablet_service.cc:1917] Received RequestConsensusVote() RPC: tablet_id: "a0e7d5c8b60649219e5d033a11929ebd" candidate_uuid: "20a39178886246a8b03a01797f80f15d" candidate_term: 1 candidate_status { last_received { term: 0 index: 0 } } ignore_live_leader: false dest_uuid: "8128e3dbaa8d4961b03eff40f91823e5"
I20260812 08:00:14.198421  8281 raft_consensus.cc:3060] T a0e7d5c8b60649219e5d033a11929ebd P 8128e3dbaa8d4961b03eff40f91823e5 [term 0 FOLLOWER]: Advancing to term 1
I20260812 08:00:14.198879  7063 tablet_service.cc:1917] Received RequestConsensusVote() RPC: tablet_id: "a0e7d5c8b60649219e5d033a11929ebd" candidate_uuid: "20a39178886246a8b03a01797f80f15d" candidate_term: 1 candidate_status { last_received { term: 0 index: 0 } } ignore_live_leader: false dest_uuid: "aec3fad2564140c4b6e79c42cffddd04"
I20260812 08:00:14.198982  7063 raft_consensus.cc:3060] T a0e7d5c8b60649219e5d033a11929ebd P aec3fad2564140c4b6e79c42cffddd04 [term 0 FOLLOWER]: Advancing to term 1
I20260812 08:00:14.199466  8281 raft_consensus.cc:2468] T a0e7d5c8b60649219e5d033a11929ebd P 8128e3dbaa8d4961b03eff40f91823e5 [term 1 FOLLOWER]: Leader election vote request: Granting yes vote for candidate 20a39178886246a8b03a01797f80f15d in term 1.
I20260812 08:00:14.199816  7772 leader_election.cc:304] T a0e7d5c8b60649219e5d033a11929ebd P 20a39178886246a8b03a01797f80f15d [CANDIDATE]: Term 1 election: Election decided. Result: candidate won. Election summary: received 2 responses out of 3 voters: 2 yes votes; 0 no votes. yes voters: 20a39178886246a8b03a01797f80f15d, 8128e3dbaa8d4961b03eff40f91823e5; no voters: 
I20260812 08:00:14.199997  8460 raft_consensus.cc:2804] T a0e7d5c8b60649219e5d033a11929ebd P 20a39178886246a8b03a01797f80f15d [term 1 FOLLOWER]: Leader election won for term 1
I20260812 08:00:14.200062  7063 raft_consensus.cc:2468] T a0e7d5c8b60649219e5d033a11929ebd P aec3fad2564140c4b6e79c42cffddd04 [term 1 FOLLOWER]: Leader election vote request: Granting yes vote for candidate 20a39178886246a8b03a01797f80f15d in term 1.
I20260812 08:00:14.200114  8460 raft_consensus.cc:697] T a0e7d5c8b60649219e5d033a11929ebd P 20a39178886246a8b03a01797f80f15d [term 1 LEADER]: Becoming Leader. State: Replica: 20a39178886246a8b03a01797f80f15d, State: Running, Role: LEADER
I20260812 08:00:14.200448  8460 consensus_queue.cc:237] T a0e7d5c8b60649219e5d033a11929ebd P 20a39178886246a8b03a01797f80f15d [LEADER]: Queue going to LEADER mode. State: All replicated index: 0, Majority replicated index: 0, Committed index: 0, Last appended: 0.0, Last appended by leader: 0, Current term: 1, Majority size: 2, State: 0, Mode: LEADER, active raft config: opid_index: -1 OBSOLETE_local: false peers { permanent_uuid: "20a39178886246a8b03a01797f80f15d" member_type: VOTER last_known_addr { host: "127.28.92.131" port: 32803 } } peers { permanent_uuid: "8128e3dbaa8d4961b03eff40f91823e5" member_type: VOTER last_known_addr { host: "127.28.92.132" port: 34279 } } peers { permanent_uuid: "aec3fad2564140c4b6e79c42cffddd04" member_type: VOTER last_known_addr { host: "127.28.92.129" port: 44357 } }
I20260812 08:00:14.204298  6634 catalog_manager.cc:5719] T a0e7d5c8b60649219e5d033a11929ebd P 20a39178886246a8b03a01797f80f15d reported cstate change: term changed from 0 to 1, leader changed from <none> to 20a39178886246a8b03a01797f80f15d (127.28.92.131). New cstate: current_term: 1 leader_uuid: "20a39178886246a8b03a01797f80f15d" committed_config { opid_index: -1 OBSOLETE_local: false peers { permanent_uuid: "20a39178886246a8b03a01797f80f15d" member_type: VOTER last_known_addr { host: "127.28.92.131" port: 32803 } health_report { overall_health: HEALTHY } } peers { permanent_uuid: "8128e3dbaa8d4961b03eff40f91823e5" member_type: VOTER last_known_addr { host: "127.28.92.132" port: 34279 } health_report { overall_health: UNKNOWN } } peers { permanent_uuid: "aec3fad2564140c4b6e79c42cffddd04" member_type: VOTER last_known_addr { host: "127.28.92.129" port: 44357 } health_report { overall_health: UNKNOWN } } }
I20260812 08:00:14.227447 29042 external_mini_cluster.cc:1664] Killing /tmp/dist-test-taskvMD9GR/build/debug/bin/kudu with pid 7148
I20260812 08:00:14.265200 29042 external_mini_cluster.cc:1372] Running /tmp/dist-test-taskvMD9GR/build/debug/bin/kudu
/tmp/dist-test-taskvMD9GR/build/debug/bin/kudu
--fs_wal_dir=/tmp/dist-test-taskvMD9GR/test-tmp/disk_failure-itest.0.DiskFailure_DiskFailureITest.TestFailDuringServerStartup_5.1786521585087704-29042-0/minicluster-data/ts-1/wal
--fs_data_dirs=/tmp/dist-test-taskvMD9GR/test-tmp/disk_failure-itest.0.DiskFailure_DiskFailureITest.TestFailDuringServerStartup_5.1786521585087704-29042-0/minicluster-data/ts-1/data-0,/tmp/dist-test-taskvMD9GR/test-tmp/disk_failure-itest.0.DiskFailure_DiskFailureITest.TestFailDuringServerStartup_5.1786521585087704-29042-0/minicluster-data/ts-1/data-1,/tmp/dist-test-taskvMD9GR/test-tmp/disk_failure-itest.0.DiskFailure_DiskFailureITest.TestFailDuringServerStartup_5.1786521585087704-29042-0/minicluster-data/ts-1/data-2,/tmp/dist-test-taskvMD9GR/test-tmp/disk_failure-itest.0.DiskFailure_DiskFailureITest.TestFailDuringServerStartup_5.1786521585087704-29042-0/minicluster-data/ts-1/data-3,/tmp/dist-test-taskvMD9GR/test-tmp/disk_failure-itest.0.DiskFailure_DiskFailureITest.TestFailDuringServerStartup_5.1786521585087704-29042-0/minicluster-data/ts-1/data-4
--block_manager=logr
--webserver_interface=localhost
--never_fsync
--enable_minidumps=false
--redact=none
--metrics_log_interval_ms=1000
--log_dir=/tmp/dist-test-taskvMD9GR/test-tmp/disk_failure-itest.0.DiskFailure_DiskFailureITest.TestFailDuringServerStartup_5.1786521585087704-29042-0/minicluster-data/ts-1/logs
--server_dump_info_path=/tmp/dist-test-taskvMD9GR/test-tmp/disk_failure-itest.0.DiskFailure_DiskFailureITest.TestFailDuringServerStartup_5.1786521585087704-29042-0/minicluster-data/ts-1/data-0/info.pb
--server_dump_info_format=pb
--rpc_server_allow_ephemeral_ports
--unlock_experimental_flags
--unlock_unsafe_flags
--logtostderr
--logbuflevel=-1
--ipki_server_key_size=768
--openssl_security_level_override=0
tserver
run
--rpc_bind_addresses=127.28.92.130:37793
--local_ip_for_outbound_sockets=127.28.92.130
--tserver_master_addrs=127.28.92.190:34597
--webserver_port=33989
--webserver_interface=127.28.92.130
--env_inject_eio_globs=/tmp/dist-test-taskvMD9GR/test-tmp/disk_failure-itest.0.DiskFailure_DiskFailureITest.TestFailDuringServerStartup_5.1786521585087704-29042-0/minicluster-data/ts-1/data-1/**
--env_inject_eio=1.0
--crash_on_eio=false
--builtin_ntp_servers=127.28.92.148:33107
--builtin_ntp_poll_interval_ms=100
--ntp_initial_sync_wait_secs=10
--time_source=builtin
--raft_prepare_replacement_before_eviction=true with env {}
W20260812 08:00:14.266604  8361 tablet.cc:2406] T a0e7d5c8b60649219e5d033a11929ebd P 8128e3dbaa8d4961b03eff40f91823e5: Can't schedule compaction. Clean time has not been advanced past its initial value.
W20260812 08:00:14.287997  7145 tablet.cc:2406] T 0f6e9fa574e34700be1a1a4743e0af9b P aec3fad2564140c4b6e79c42cffddd04: Can't schedule compaction. Clean time has not been advanced past its initial value.
W20260812 08:00:14.369558  8530 flags.cc:432] Enabled unsafe flag: --openssl_security_level_override=0
W20260812 08:00:14.369819  8530 flags.cc:432] Enabled unsafe flag: --rpc_server_allow_ephemeral_ports=true
W20260812 08:00:14.369902  8530 flags.cc:432] Enabled unsafe flag: --never_fsync=true
W20260812 08:00:14.373294  8530 flags.cc:432] Enabled experimental flag: --ipki_server_key_size=768
W20260812 08:00:14.373473  8530 flags.cc:432] Enabled experimental flag: --local_ip_for_outbound_sockets=127.28.92.130
I20260812 08:00:14.377180  8530 tablet_server_runner.cc:78] Tablet server non-default flags:
--log_dir=/tmp/dist-test-taskvMD9GR/test-tmp/disk_failure-itest.0.DiskFailure_DiskFailureITest.TestFailDuringServerStartup_5.1786521585087704-29042-0/minicluster-data/ts-1/logs
--logbuflevel=-1
--logtostderr=true
--builtin_ntp_poll_interval_ms=100
--builtin_ntp_servers=127.28.92.148:33107
--ntp_initial_sync_wait_secs=10
--time_source=builtin
--block_manager=logr
--fs_data_dirs=/tmp/dist-test-taskvMD9GR/test-tmp/disk_failure-itest.0.DiskFailure_DiskFailureITest.TestFailDuringServerStartup_5.1786521585087704-29042-0/minicluster-data/ts-1/data-0,/tmp/dist-test-taskvMD9GR/test-tmp/disk_failure-itest.0.DiskFailure_DiskFailureITest.TestFailDuringServerStartup_5.1786521585087704-29042-0/minicluster-data/ts-1/data-1,/tmp/dist-test-taskvMD9GR/test-tmp/disk_failure-itest.0.DiskFailure_DiskFailureITest.TestFailDuringServerStartup_5.1786521585087704-29042-0/minicluster-data/ts-1/data-2,/tmp/dist-test-taskvMD9GR/test-tmp/disk_failure-itest.0.DiskFailure_DiskFailureITest.TestFailDuringServerStartup_5.1786521585087704-29042-0/minicluster-data/ts-1/data-3,/tmp/dist-test-taskvMD9GR/test-tmp/disk_failure-itest.0.DiskFailure_DiskFailureITest.TestFailDuringServerStartup_5.1786521585087704-29042-0/minicluster-data/ts-1/data-4
--fs_wal_dir=/tmp/dist-test-taskvMD9GR/test-tmp/disk_failure-itest.0.DiskFailure_DiskFailureITest.TestFailDuringServerStartup_5.1786521585087704-29042-0/minicluster-data/ts-1/wal
--ipki_server_key_size=768
--openssl_security_level_override=0
--rpc_bind_addresses=127.28.92.130:37793
--rpc_server_allow_ephemeral_ports=true
--metrics_log_interval_ms=1000
--server_dump_info_format=pb
--server_dump_info_path=/tmp/dist-test-taskvMD9GR/test-tmp/disk_failure-itest.0.DiskFailure_DiskFailureITest.TestFailDuringServerStartup_5.1786521585087704-29042-0/minicluster-data/ts-1/data-0/info.pb
--webserver_interface=127.28.92.130
--webserver_port=33989
--tserver_master_addrs=127.28.92.190:34597
--env_inject_eio=1
--env_inject_eio_globs=/tmp/dist-test-taskvMD9GR/test-tmp/disk_failure-itest.0.DiskFailure_DiskFailureITest.TestFailDuringServerStartup_5.1786521585087704-29042-0/minicluster-data/ts-1/data-1/**
--never_fsync=true
--heap_profile_path=/tmp/kudu.8530
--redact=none
--unlock_experimental_flags=true
--unlock_unsafe_flags=true
--enable_minidumps=false
--local_ip_for_outbound_sockets=127.28.92.130

Tablet server version:
kudu 1.19.0-SNAPSHOT
revision 70c51312f1186a8ae9f46647160b7730123f7601-dirty
build type DEBUG
built by None at 12 Aug 2026 06:06:26 UTC on 39be9dd7121a
I20260812 08:00:14.378255  8530 env_posix.cc:2285] Not raising this process' open files per process limit of 1048576; it is already as high as it can go
W20260812 08:00:14.378645  8530 fault_injection.cc:43] FAULT INJECTION ENABLED!
W20260812 08:00:14.378702  8530 fault_injection.cc:44] THIS SERVER MAY CRASH!
I20260812 08:00:14.379528  8530 file_cache.cc:504] Constructed file cache file cache with capacity 419430
W20260812 08:00:14.386132  8540 instance_detector.cc:116] could not retrieve AWS instance metadata: Network error: curl error: HTTP response code said error: The requested URL returned error: 404
W20260812 08:00:14.386134  8545 instance_detector.cc:116] could not retrieve OpenStack instance metadata: Network error: curl error: HTTP response code said error: The requested URL returned error: 404
W20260812 08:00:14.386137  8542 instance_detector.cc:116] could not retrieve Azure instance metadata: Network error: curl error: HTTP response code said error: The requested URL returned error: 404
I20260812 08:00:14.386574  8530 server_base.cc:1061] running on GCE node
I20260812 08:00:14.386953  8530 hybrid_clock.cc:584] initializing the hybrid clock with 'builtin' time source
I20260812 08:00:14.387488  8530 hybrid_clock.cc:630] waiting up to --ntp_initial_sync_wait_secs=10 seconds for the clock to synchronize
I20260812 08:00:14.388674  8530 hybrid_clock.cc:648] HybridClock initialized: now 1786521614388655 us; error 28 us; skew 500 ppm
I20260812 08:00:14.390434  8530 webserver.cc:533] Webserver started at http://127.28.92.130:33989/ using document root <none> and password file <none>
I20260812 08:00:14.391247  8530 fs_manager.cc:362] Metadata directory not provided
I20260812 08:00:14.391345  8530 fs_manager.cc:368] Using write-ahead log directory (fs_wal_dir) as metadata directory
E20260812 08:00:14.392310  8530 env_posix.cc:431] I/O error, context: INJECTED FAILURE
E20260812 08:00:14.393731  8530 env_posix.cc:431] I/O error, context: INJECTED FAILURE
E20260812 08:00:14.398114  8530 env_posix.cc:431] I/O error, context: INJECTED FAILURE
W20260812 08:00:14.425758  8530 dir_manager.cc:319] Skip initializing rocksdb instance for the non-healthy directory /tmp/dist-test-taskvMD9GR/test-tmp/disk_failure-itest.0.DiskFailure_DiskFailureITest.TestFailDuringServerStartup_5.1786521585087704-29042-0/minicluster-data/ts-1/data-1/data
I20260812 08:00:14.489027  8530 fs_manager.cc:714] Time spent opening directory manager: real 0.096s	user 0.026s	sys 0.035s
E20260812 08:00:14.491302  8530 log_block_manager.cc:3241] Not using report from /tmp/dist-test-taskvMD9GR/test-tmp/disk_failure-itest.0.DiskFailure_DiskFailureITest.TestFailDuringServerStartup_5.1786521585087704-29042-0/minicluster-data/ts-1/data-1/data: IO error: Data directory failed (error 5)
I20260812 08:00:14.493047  8530 fs_manager.cc:730] Time spent opening block manager: real 0.003s	user 0.002s	sys 0.000s
I20260812 08:00:14.493197  8530 fs_manager.cc:647] Opened local filesystem: /tmp/dist-test-taskvMD9GR/test-tmp/disk_failure-itest.0.DiskFailure_DiskFailureITest.TestFailDuringServerStartup_5.1786521585087704-29042-0/minicluster-data/ts-1/data-0,/tmp/dist-test-taskvMD9GR/test-tmp/disk_failure-itest.0.DiskFailure_DiskFailureITest.TestFailDuringServerStartup_5.1786521585087704-29042-0/minicluster-data/ts-1/data-1,/tmp/dist-test-taskvMD9GR/test-tmp/disk_failure-itest.0.DiskFailure_DiskFailureITest.TestFailDuringServerStartup_5.1786521585087704-29042-0/minicluster-data/ts-1/data-2,/tmp/dist-test-taskvMD9GR/test-tmp/disk_failure-itest.0.DiskFailure_DiskFailureITest.TestFailDuringServerStartup_5.1786521585087704-29042-0/minicluster-data/ts-1/data-3,/tmp/dist-test-taskvMD9GR/test-tmp/disk_failure-itest.0.DiskFailure_DiskFailureITest.TestFailDuringServerStartup_5.1786521585087704-29042-0/minicluster-data/ts-1/data-4,/tmp/dist-test-taskvMD9GR/test-tmp/disk_failure-itest.0.DiskFailure_DiskFailureITest.TestFailDuringServerStartup_5.1786521585087704-29042-0/minicluster-data/ts-1/wal
uuid: "402ecd066f304f9287b72a3cfc4fe045"
format_stamp: "Formatted at 2026-08-12 08:00:13 on dist-test-slave-8hhm"
I20260812 08:00:14.493497  8530 fs_report.cc:389] FS layout report
--------------------
wal directory: /tmp/dist-test-taskvMD9GR/test-tmp/disk_failure-itest.0.DiskFailure_DiskFailureITest.TestFailDuringServerStartup_5.1786521585087704-29042-0/minicluster-data/ts-1/wal
metadata directory: /tmp/dist-test-taskvMD9GR/test-tmp/disk_failure-itest.0.DiskFailure_DiskFailureITest.TestFailDuringServerStartup_5.1786521585087704-29042-0/minicluster-data/ts-1/wal
4 data directories: /tmp/dist-test-taskvMD9GR/test-tmp/disk_failure-itest.0.DiskFailure_DiskFailureITest.TestFailDuringServerStartup_5.1786521585087704-29042-0/minicluster-data/ts-1/data-0/data, /tmp/dist-test-taskvMD9GR/test-tmp/disk_failure-itest.0.DiskFailure_DiskFailureITest.TestFailDuringServerStartup_5.1786521585087704-29042-0/minicluster-data/ts-1/data-2/data, /tmp/dist-test-taskvMD9GR/test-tmp/disk_failure-itest.0.DiskFailure_DiskFailureITest.TestFailDuringServerStartup_5.1786521585087704-29042-0/minicluster-data/ts-1/data-3/data, /tmp/dist-test-taskvMD9GR/test-tmp/disk_failure-itest.0.DiskFailure_DiskFailureITest.TestFailDuringServerStartup_5.1786521585087704-29042-0/minicluster-data/ts-1/data-4/data
Total live blocks: 0
Total live bytes: 0
Total live bytes (after alignment): 0
Total number of LBM containers: 0 (0 full)
Did not check for missing blocks
Did not check for orphaned blocks
Total full LBM containers with extra space: 0 (0 repaired)
Total full LBM container extra space in bytes: 0 (0 repaired)
Total incomplete LBM containers: 0 (0 repaired)
Total LBM partial records: 0 (0 repaired)
Total corrupted LBM metadata records in RocksDB: 0 (0 repaired)
I20260812 08:00:14.515419  8530 rpc_server.cc:225] running with OpenSSL 1.1.1  11 Sep 2018
I20260812 08:00:14.516122  8530 env_posix.cc:2285] Not raising this process' running threads per effective uid limit of 18446744073709551615; it is already as high as it can go
I20260812 08:00:14.516366  8530 kserver.cc:163] Server-wide thread pool size limit: 3276
I20260812 08:00:14.516964  8530 txn_system_client.cc:432] TxnSystemClient initialization is disabled...
I20260812 08:00:14.518432  8688 ts_tablet_manager.cc:542] Loading tablet metadata (0/4 complete)
W20260812 08:00:14.522418  8689 tablet_metadata.cc:474] failed to load DataDirGroup from superblock: Not found: could not load data dir group for tablet 0f6e9fa574e34700be1a1a4743e0af9b: could not find data dir with uuid b458affeb9404aea98aba053785f8dfb
W20260812 08:00:14.522449  8688 tablet_metadata.cc:474] failed to load DataDirGroup from superblock: Not found: could not load data dir group for tablet bdc0fa33bb194d829ef1ff32f585ad53: could not find data dir with uuid b458affeb9404aea98aba053785f8dfb
I20260812 08:00:14.522882  8530 ts_tablet_manager.cc:585] Loaded tablet metadata (4 total tablets, 4 live tablets)
I20260812 08:00:14.522939  8530 ts_tablet_manager.cc:531] Time spent load tablet metadata: real 0.005s	user 0.001s	sys 0.000s
I20260812 08:00:14.523034  8530 ts_tablet_manager.cc:600] Registering tablets (0/4 complete)
I20260812 08:00:14.524916  8688 tablet_bootstrap.cc:492] T bdc0fa33bb194d829ef1ff32f585ad53 P 402ecd066f304f9287b72a3cfc4fe045: Bootstrap starting.
E20260812 08:00:14.525199  8688 ts_tablet_manager.cc:1425] T bdc0fa33bb194d829ef1ff32f585ad53 P 402ecd066f304f9287b72a3cfc4fe045: Tablet failed to bootstrap: Not found: error retrieving tablet data dir group (one or more data dirs may have been removed): could not find data dir group for tablet bdc0fa33bb194d829ef1ff32f585ad53
I20260812 08:00:14.525300  8688 ts_tablet_manager.cc:1403] T bdc0fa33bb194d829ef1ff32f585ad53 P 402ecd066f304f9287b72a3cfc4fe045: Time spent bootstrapping tablet: real 0.001s	user 0.000s	sys 0.001s
I20260812 08:00:14.525388  8688 tablet_replica.cc:333] stopping tablet replica
I20260812 08:00:14.525419  8689 tablet_bootstrap.cc:492] T 0f6e9fa574e34700be1a1a4743e0af9b P 402ecd066f304f9287b72a3cfc4fe045: Bootstrap starting.
E20260812 08:00:14.525506  8689 ts_tablet_manager.cc:1425] T 0f6e9fa574e34700be1a1a4743e0af9b P 402ecd066f304f9287b72a3cfc4fe045: Tablet failed to bootstrap: Not found: error retrieving tablet data dir group (one or more data dirs may have been removed): could not find data dir group for tablet 0f6e9fa574e34700be1a1a4743e0af9b
I20260812 08:00:14.525555  8689 ts_tablet_manager.cc:1403] T 0f6e9fa574e34700be1a1a4743e0af9b P 402ecd066f304f9287b72a3cfc4fe045: Time spent bootstrapping tablet: real 0.000s	user 0.000s	sys 0.000s
I20260812 08:00:14.525626  8689 tablet_replica.cc:333] stopping tablet replica
I20260812 08:00:14.525545  8688 raft_consensus.cc:2243] T bdc0fa33bb194d829ef1ff32f585ad53 P 402ecd066f304f9287b72a3cfc4fe045 [term 1 FOLLOWER]: Raft consensus shutting down.
I20260812 08:00:14.525664  8689 raft_consensus.cc:2243] T 0f6e9fa574e34700be1a1a4743e0af9b P 402ecd066f304f9287b72a3cfc4fe045 [term 1 FOLLOWER]: Raft consensus shutting down.
I20260812 08:00:14.526006  8689 raft_consensus.cc:2272] T 0f6e9fa574e34700be1a1a4743e0af9b P 402ecd066f304f9287b72a3cfc4fe045 [term 1 FOLLOWER]: Raft consensus is shut down!
I20260812 08:00:14.526142  8692 tablet_bootstrap.cc:492] T e5612a3444354259852b8c102581da51 P 402ecd066f304f9287b72a3cfc4fe045: Bootstrap starting.
I20260812 08:00:14.526623  8530 ts_tablet_manager.cc:616] Registered 4 tablets
I20260812 08:00:14.526675  8530 ts_tablet_manager.cc:595] Time spent register tablets: real 0.004s	user 0.002s	sys 0.000s
I20260812 08:00:14.526698  8689 tablet_bootstrap.cc:492] T e5641b38addd40c69cc3bb6dd4960feb P 402ecd066f304f9287b72a3cfc4fe045: Bootstrap starting.
I20260812 08:00:14.526010  8688 raft_consensus.cc:2272] T bdc0fa33bb194d829ef1ff32f585ad53 P 402ecd066f304f9287b72a3cfc4fe045 [term 1 FOLLOWER]: Raft consensus is shut down!
I20260812 08:00:14.543326  8530 rpc_server.cc:307] RPC server started. Bound to: 127.28.92.130:37793
I20260812 08:00:14.543510  8891 acceptor_pool.cc:272] collecting diagnostics on the listening RPC socket 127.28.92.130:37793 every 8 connection(s)
I20260812 08:00:14.543932  8689 log.cc:826] T e5641b38addd40c69cc3bb6dd4960feb P 402ecd066f304f9287b72a3cfc4fe045: Log is configured to *not* fsync() on all Append() calls
I20260812 08:00:14.544812  8530 server_base.cc:1193] Dumped server information to /tmp/dist-test-taskvMD9GR/test-tmp/disk_failure-itest.0.DiskFailure_DiskFailureITest.TestFailDuringServerStartup_5.1786521585087704-29042-0/minicluster-data/ts-1/data-0/info.pb
I20260812 08:00:14.545709  8689 tablet_bootstrap.cc:492] T e5641b38addd40c69cc3bb6dd4960feb P 402ecd066f304f9287b72a3cfc4fe045: Bootstrap replayed 1/1 log segments. Stats: ops{read=0 overwritten=0 applied=0 ignored=0} inserts{seen=0 ignored=0} mutations{seen=0 ignored=0} orphaned_commits=0. Pending: 0 replicates
I20260812 08:00:14.546325  8689 tablet_bootstrap.cc:492] T e5641b38addd40c69cc3bb6dd4960feb P 402ecd066f304f9287b72a3cfc4fe045: Bootstrap complete.
I20260812 08:00:14.546684  8692 tablet_bootstrap.cc:492] T e5612a3444354259852b8c102581da51 P 402ecd066f304f9287b72a3cfc4fe045: Bootstrap replayed 1/1 log segments. Stats: ops{read=1 overwritten=0 applied=0 ignored=0} inserts{seen=0 ignored=0} mutations{seen=0 ignored=0} orphaned_commits=0. Pending: 1 replicates
I20260812 08:00:14.547083  8692 tablet_bootstrap.cc:492] T e5612a3444354259852b8c102581da51 P 402ecd066f304f9287b72a3cfc4fe045: Bootstrap complete.
I20260812 08:00:14.547683 29042 external_mini_cluster.cc:1434] Started /tmp/dist-test-taskvMD9GR/build/debug/bin/kudu as pid 8530
I20260812 08:00:14.547860  8689 ts_tablet_manager.cc:1403] T e5641b38addd40c69cc3bb6dd4960feb P 402ecd066f304f9287b72a3cfc4fe045: Time spent bootstrapping tablet: real 0.021s	user 0.009s	sys 0.009s
I20260812 08:00:14.549487  8692 ts_tablet_manager.cc:1403] T e5612a3444354259852b8c102581da51 P 402ecd066f304f9287b72a3cfc4fe045: Time spent bootstrapping tablet: real 0.023s	user 0.011s	sys 0.011s
I20260812 08:00:14.551182  8689 raft_consensus.cc:359] T e5641b38addd40c69cc3bb6dd4960feb P 402ecd066f304f9287b72a3cfc4fe045 [term 1 FOLLOWER]: Replica starting. Triggering 0 pending ops. Active config: opid_index: -1 OBSOLETE_local: false peers { permanent_uuid: "402ecd066f304f9287b72a3cfc4fe045" member_type: VOTER last_known_addr { host: "127.28.92.130" port: 37793 } } peers { permanent_uuid: "20a39178886246a8b03a01797f80f15d" member_type: VOTER last_known_addr { host: "127.28.92.131" port: 32803 } } peers { permanent_uuid: "8128e3dbaa8d4961b03eff40f91823e5" member_type: VOTER last_known_addr { host: "127.28.92.132" port: 34279 } }
I20260812 08:00:14.551174  8692 raft_consensus.cc:359] T e5612a3444354259852b8c102581da51 P 402ecd066f304f9287b72a3cfc4fe045 [term 1 FOLLOWER]: Replica starting. Triggering 1 pending ops. Active config: opid_index: -1 OBSOLETE_local: false peers { permanent_uuid: "20a39178886246a8b03a01797f80f15d" member_type: VOTER last_known_addr { host: "127.28.92.131" port: 32803 } } peers { permanent_uuid: "aec3fad2564140c4b6e79c42cffddd04" member_type: VOTER last_known_addr { host: "127.28.92.129" port: 44357 } } peers { permanent_uuid: "402ecd066f304f9287b72a3cfc4fe045" member_type: VOTER last_known_addr { host: "127.28.92.130" port: 37793 } }
I20260812 08:00:14.551477  8689 raft_consensus.cc:740] T e5641b38addd40c69cc3bb6dd4960feb P 402ecd066f304f9287b72a3cfc4fe045 [term 1 FOLLOWER]: Becoming Follower/Learner. State: Replica: 402ecd066f304f9287b72a3cfc4fe045, State: Initialized, Role: FOLLOWER
I20260812 08:00:14.551649  8692 raft_consensus.cc:740] T e5612a3444354259852b8c102581da51 P 402ecd066f304f9287b72a3cfc4fe045 [term 1 FOLLOWER]: Becoming Follower/Learner. State: Replica: 402ecd066f304f9287b72a3cfc4fe045, State: Initialized, Role: FOLLOWER
I20260812 08:00:14.551987  8692 consensus_queue.cc:260] T e5612a3444354259852b8c102581da51 P 402ecd066f304f9287b72a3cfc4fe045 [NON_LEADER]: Queue going to NON_LEADER mode. State: All replicated index: 0, Majority replicated index: 0, Committed index: 0, Last appended: 1.1, Last appended by leader: 1, Current term: 0, Majority size: -1, State: 0, Mode: NON_LEADER, active raft config: opid_index: -1 OBSOLETE_local: false peers { permanent_uuid: "20a39178886246a8b03a01797f80f15d" member_type: VOTER last_known_addr { host: "127.28.92.131" port: 32803 } } peers { permanent_uuid: "aec3fad2564140c4b6e79c42cffddd04" member_type: VOTER last_known_addr { host: "127.28.92.129" port: 44357 } } peers { permanent_uuid: "402ecd066f304f9287b72a3cfc4fe045" member_type: VOTER last_known_addr { host: "127.28.92.130" port: 37793 } }
