W20260812 08:00:14.791924  5559 tablet_service.cc:731] failed op from {username='slave'} at 127.0.0.1:40946: Illegal state: replica 3614157f6e4f46948742196de0698833 is not leader of this config: current role FOLLOWER
W20260812 08:00:14.792272  7963 tablet_service.cc:731] failed op from {username='slave'} at 127.0.0.1:41732: Illegal state: replica 2b7a22ef12c7476597435f34b96c5d65 is not leader of this config: current role FOLLOWER
W20260812 08:00:14.793032  5559 tablet_service.cc:731] failed op from {username='slave'} at 127.0.0.1:40940: Illegal state: replica 3614157f6e4f46948742196de0698833 is not leader of this config: current role FOLLOWER
W20260812 08:00:14.795444  7963 tablet_service.cc:731] failed op from {username='slave'} at 127.0.0.1:41722: Illegal state: replica 2b7a22ef12c7476597435f34b96c5d65 is not leader of this config: current role FOLLOWER
W20260812 08:00:14.796260  5561 tablet_service.cc:731] failed op from {username='slave'} at 127.0.0.1:40940: Illegal state: replica 3614157f6e4f46948742196de0698833 is not leader of this config: current role FOLLOWER
W20260812 08:00:14.799645  5561 tablet_service.cc:731] failed op from {username='slave'} at 127.0.0.1:40940: Illegal state: replica 3614157f6e4f46948742196de0698833 is not leader of this config: current role FOLLOWER
W20260812 08:00:14.800040  7972 tablet_service.cc:731] failed op from {username='slave'} at 127.0.0.1:41722: Illegal state: replica 2b7a22ef12c7476597435f34b96c5d65 is not leader of this config: current role FOLLOWER
W20260812 08:00:14.803956  7963 tablet_service.cc:731] failed op from {username='slave'} at 127.0.0.1:41732: Illegal state: replica 2b7a22ef12c7476597435f34b96c5d65 is not leader of this config: current role FOLLOWER
W20260812 08:00:14.803932  5559 tablet_service.cc:731] failed op from {username='slave'} at 127.0.0.1:40946: Illegal state: replica 3614157f6e4f46948742196de0698833 is not leader of this config: current role FOLLOWER
W20260812 08:00:14.804735  7972 tablet_service.cc:731] failed op from {username='slave'} at 127.0.0.1:41722: Illegal state: replica 2b7a22ef12c7476597435f34b96c5d65 is not leader of this config: current role FOLLOWER
W20260812 08:00:14.808094  5561 tablet_service.cc:731] failed op from {username='slave'} at 127.0.0.1:40946: Illegal state: replica 3614157f6e4f46948742196de0698833 is not leader of this config: current role FOLLOWER
W20260812 08:00:14.808094  7972 tablet_service.cc:731] failed op from {username='slave'} at 127.0.0.1:41722: Illegal state: replica 2b7a22ef12c7476597435f34b96c5d65 is not leader of this config: current role FOLLOWER
W20260812 08:00:14.812088  5561 tablet_service.cc:731] failed op from {username='slave'} at 127.0.0.1:40940: Illegal state: replica 3614157f6e4f46948742196de0698833 is not leader of this config: current role FOLLOWER
W20260812 08:00:14.812088  7972 tablet_service.cc:731] failed op from {username='slave'} at 127.0.0.1:41722: Illegal state: replica 2b7a22ef12c7476597435f34b96c5d65 is not leader of this config: current role FOLLOWER
W20260812 08:00:14.816073  5559 tablet_service.cc:731] failed op from {username='slave'} at 127.0.0.1:40940: Illegal state: replica 3614157f6e4f46948742196de0698833 is not leader of this config: current role FOLLOWER
I20260812 08:00:14.816133  6350 raft_consensus.cc:1240] T 79ff280c52f8490ab03ff5eddf6919c0 P c15b0b3dae754a0a846dd1b2e677013e [term 12 FOLLOWER]: Rejecting Update request from peer d57ea64688bb4e128b74b1462d232e41 for earlier term 11. Current term is 12. Ops: []
W20260812 08:00:14.816279  7972 tablet_service.cc:731] failed op from {username='slave'} at 127.0.0.1:41722: Illegal state: replica 2b7a22ef12c7476597435f34b96c5d65 is not leader of this config: current role FOLLOWER
W20260812 08:00:14.816695  7660 fault_injection.cc:43] FAULT INJECTION ENABLED!
W20260812 08:00:14.816764  7660 fault_injection.cc:44] THIS SERVER MAY CRASH!
I20260812 08:00:14.816761  6623 exactly_once_writes-itest.cc:193] [4] Couldn't write batch [15/100]. Status: Illegal state: replica 2b7a22ef12c7476597435f34b96c5d65 is not leader of this config: current role FOLLOWER
I20260812 08:00:14.816946  8109 consensus_queue.cc:1059] T 79ff280c52f8490ab03ff5eddf6919c0 P d57ea64688bb4e128b74b1462d232e41 [LEADER]: Peer responded invalid term: Peer: permanent_uuid: "c15b0b3dae754a0a846dd1b2e677013e" member_type: VOTER last_known_addr { host: "127.5.68.198" port: 46721 }, Status: INVALID_TERM, Last received: 0.0, Next index: 23, Last known committed idx: 22, Time since last communication: 0.000s
I20260812 08:00:14.817345  8116 raft_consensus.cc:3055] T 79ff280c52f8490ab03ff5eddf6919c0 P d57ea64688bb4e128b74b1462d232e41 [term 11 LEADER]: Stepping down as leader of term 11
I20260812 08:00:14.817430  8116 raft_consensus.cc:740] T 79ff280c52f8490ab03ff5eddf6919c0 P d57ea64688bb4e128b74b1462d232e41 [term 11 LEADER]: Becoming Follower/Learner. State: Replica: d57ea64688bb4e128b74b1462d232e41, State: Running, Role: LEADER
I20260812 08:00:14.817687  8116 consensus_queue.cc:260] T 79ff280c52f8490ab03ff5eddf6919c0 P d57ea64688bb4e128b74b1462d232e41 [NON_LEADER]: Queue going to NON_LEADER mode. State: All replicated index: 0, Majority replicated index: 22, Committed index: 22, Last appended: 11.23, Last appended by leader: 23, Current term: 11, Majority size: -1, State: 0, Mode: NON_LEADER, active raft config: opid_index: -1 OBSOLETE_local: false peers { permanent_uuid: "c15b0b3dae754a0a846dd1b2e677013e" member_type: VOTER last_known_addr { host: "127.5.68.198" port: 46721 } } peers { permanent_uuid: "5642159d3644439a89e44065a7b7f4b1" member_type: VOTER last_known_addr { host: "127.5.68.194" port: 40885 } } peers { permanent_uuid: "d57ea64688bb4e128b74b1462d232e41" member_type: VOTER last_known_addr { host: "127.5.68.195" port: 36343 } } peers { permanent_uuid: "9de1bc478b9d41b597093cac5d801383" member_type: VOTER last_known_addr { host: "127.5.68.196" port: 45641 } } peers { permanent_uuid: "3614157f6e4f46948742196de0698833" member_type: VOTER last_known_addr { host: "127.5.68.193" port: 45815 } } peers { permanent_uuid: "46389fd735ce419eb7d1f073bf6a4993" member_type: VOTER last_known_addr { host: "127.5.68.199" port: 38143 } } peers { permanent_uuid: "2b7a22ef12c7476597435f34b96c5d65" member_type: VOTER last_known_addr { host: "127.5.68.197" port: 34453 } }
I20260812 08:00:14.818059  8116 raft_consensus.cc:3060] T 79ff280c52f8490ab03ff5eddf6919c0 P d57ea64688bb4e128b74b1462d232e41 [term 11 FOLLOWER]: Advancing to term 12
W20260812 08:00:14.819972  7972 tablet_service.cc:731] failed op from {username='slave'} at 127.0.0.1:41722: Illegal state: replica 2b7a22ef12c7476597435f34b96c5d65 is not leader of this config: current role FOLLOWER
W20260812 08:00:14.820369  5559 tablet_service.cc:731] failed op from {username='slave'} at 127.0.0.1:40946: Illegal state: replica 3614157f6e4f46948742196de0698833 is not leader of this config: current role FOLLOWER
W20260812 08:00:14.823861  5561 tablet_service.cc:731] failed op from {username='slave'} at 127.0.0.1:40940: Illegal state: replica 3614157f6e4f46948742196de0698833 is not leader of this config: current role FOLLOWER
W20260812 08:00:14.823865  7972 tablet_service.cc:731] failed op from {username='slave'} at 127.0.0.1:41722: Illegal state: replica 2b7a22ef12c7476597435f34b96c5d65 is not leader of this config: current role FOLLOWER
W20260812 08:00:14.828094  7963 tablet_service.cc:731] failed op from {username='slave'} at 127.0.0.1:41722: Illegal state: replica 2b7a22ef12c7476597435f34b96c5d65 is not leader of this config: current role FOLLOWER
W20260812 08:00:14.828094  5561 tablet_service.cc:731] failed op from {username='slave'} at 127.0.0.1:40946: Illegal state: replica 3614157f6e4f46948742196de0698833 is not leader of this config: current role FOLLOWER
W20260812 08:00:14.831952  7972 tablet_service.cc:731] failed op from {username='slave'} at 127.0.0.1:41722: Illegal state: replica 2b7a22ef12c7476597435f34b96c5d65 is not leader of this config: current role FOLLOWER
W20260812 08:00:14.831952  5559 tablet_service.cc:731] failed op from {username='slave'} at 127.0.0.1:40940: Illegal state: replica 3614157f6e4f46948742196de0698833 is not leader of this config: current role FOLLOWER
I20260812 08:00:14.834434  8021 raft_consensus.cc:3060] T 79ff280c52f8490ab03ff5eddf6919c0 P 2b7a22ef12c7476597435f34b96c5d65 [term 11 FOLLOWER]: Advancing to term 12
W20260812 08:00:14.836239  7972 tablet_service.cc:731] failed op from {username='slave'} at 127.0.0.1:41722: Illegal state: replica 2b7a22ef12c7476597435f34b96c5d65 is not leader of this config: current role FOLLOWER
W20260812 08:00:14.836463  5561 tablet_service.cc:731] failed op from {username='slave'} at 127.0.0.1:40946: Illegal state: replica 3614157f6e4f46948742196de0698833 is not leader of this config: current role FOLLOWER
I20260812 08:00:14.836715  8021 raft_consensus.cc:1275] T 79ff280c52f8490ab03ff5eddf6919c0 P 2b7a22ef12c7476597435f34b96c5d65 [term 12 FOLLOWER]: Refusing update from remote peer 5642159d3644439a89e44065a7b7f4b1: Log matching property violated. Preceding OpId in replica: term: 9 index: 20. Preceding OpId from leader: term: 12 index: 23. (index mismatch)
W20260812 08:00:14.837462  5679 fault_injection.cc:43] FAULT INJECTION ENABLED!
W20260812 08:00:14.837519  5679 fault_injection.cc:44] THIS SERVER MAY CRASH!
I20260812 08:00:14.837713  8113 consensus_queue.cc:1048] T 79ff280c52f8490ab03ff5eddf6919c0 P 5642159d3644439a89e44065a7b7f4b1 [LEADER]: Connected to new peer: Peer: permanent_uuid: "2b7a22ef12c7476597435f34b96c5d65" member_type: VOTER last_known_addr { host: "127.5.68.197" port: 34453 }, Status: LMP_MISMATCH, Last received: 0.0, Next index: 23, Last known committed idx: 20, Time since last communication: 0.000s
W20260812 08:00:14.840291  5559 tablet_service.cc:731] failed op from {username='slave'} at 127.0.0.1:40946: Illegal state: replica 3614157f6e4f46948742196de0698833 is not leader of this config: current role FOLLOWER
W20260812 08:00:14.840332  7972 tablet_service.cc:731] failed op from {username='slave'} at 127.0.0.1:41732: Illegal state: replica 2b7a22ef12c7476597435f34b96c5d65 is not leader of this config: current role FOLLOWER
W20260812 08:00:14.840983  7963 tablet_service.cc:731] failed op from {username='slave'} at 127.0.0.1:41722: Illegal state: replica 2b7a22ef12c7476597435f34b96c5d65 is not leader of this config: current role FOLLOWER
W20260812 08:00:14.844177  5559 tablet_service.cc:731] failed op from {username='slave'} at 127.0.0.1:40946: Illegal state: replica 3614157f6e4f46948742196de0698833 is not leader of this config: current role FOLLOWER
W20260812 08:00:14.848119  5561 tablet_service.cc:731] failed op from {username='slave'} at 127.0.0.1:40940: Illegal state: replica 3614157f6e4f46948742196de0698833 is not leader of this config: current role FOLLOWER
I20260812 08:00:14.848614  7727 raft_consensus.cc:1275] T 79ff280c52f8490ab03ff5eddf6919c0 P d57ea64688bb4e128b74b1462d232e41 [term 12 FOLLOWER]: Refusing update from remote peer 5642159d3644439a89e44065a7b7f4b1: Log matching property violated. Preceding OpId in replica: term: 11 index: 23. Preceding OpId from leader: term: 12 index: 23. (term mismatch)
I20260812 08:00:14.848706  7727 pending_rounds.cc:85] T 79ff280c52f8490ab03ff5eddf6919c0 P d57ea64688bb4e128b74b1462d232e41: Aborting all ops after (but not including) 22
I20260812 08:00:14.848734  7727 pending_rounds.cc:107] T 79ff280c52f8490ab03ff5eddf6919c0 P d57ea64688bb4e128b74b1462d232e41: Aborting uncommitted NO_OP operation due to leader change: 11.23
I20260812 08:00:14.848773  7727 raft_consensus.cc:2889] T 79ff280c52f8490ab03ff5eddf6919c0 P d57ea64688bb4e128b74b1462d232e41 [term 12 FOLLOWER]: NO_OP replication failed: Aborted: Op aborted by new leader
W20260812 08:00:14.848794  5559 tablet_service.cc:731] failed op from {username='slave'} at 127.0.0.1:40946: Illegal state: replica 3614157f6e4f46948742196de0698833 is not leader of this config: current role FOLLOWER
I20260812 08:00:14.851903  8113 consensus_queue.cc:1048] T 79ff280c52f8490ab03ff5eddf6919c0 P 5642159d3644439a89e44065a7b7f4b1 [LEADER]: Connected to new peer: Peer: permanent_uuid: "d57ea64688bb4e128b74b1462d232e41" member_type: VOTER last_known_addr { host: "127.5.68.195" port: 36343 }, Status: LMP_MISMATCH, Last received: 0.0, Next index: 23, Last known committed idx: 22, Time since last communication: 0.000s
W20260812 08:00:14.852032  5559 tablet_service.cc:731] failed op from {username='slave'} at 127.0.0.1:40940: Illegal state: replica 3614157f6e4f46948742196de0698833 is not leader of this config: current role FOLLOWER
W20260812 08:00:14.852996  5561 tablet_service.cc:731] failed op from {username='slave'} at 127.0.0.1:40946: Illegal state: replica 3614157f6e4f46948742196de0698833 is not leader of this config: current role FOLLOWER
W20260812 08:00:14.856225  5561 tablet_service.cc:731] failed op from {username='slave'} at 127.0.0.1:40940: Illegal state: replica 3614157f6e4f46948742196de0698833 is not leader of this config: current role FOLLOWER
W20260812 08:00:14.857129  5561 tablet_service.cc:731] failed op from {username='slave'} at 127.0.0.1:40946: Illegal state: replica 3614157f6e4f46948742196de0698833 is not leader of this config: current role FOLLOWER
W20260812 08:00:14.860126  5561 tablet_service.cc:731] failed op from {username='slave'} at 127.0.0.1:40940: Illegal state: replica 3614157f6e4f46948742196de0698833 is not leader of this config: current role FOLLOWER
W20260812 08:00:14.861033  5561 tablet_service.cc:731] failed op from {username='slave'} at 127.0.0.1:40946: Illegal state: replica 3614157f6e4f46948742196de0698833 is not leader of this config: current role FOLLOWER
I20260812 08:00:14.862865  8166 raft_consensus.cc:1275] T 79ff280c52f8490ab03ff5eddf6919c0 P 9de1bc478b9d41b597093cac5d801383 [term 12 FOLLOWER]: Refusing update from remote peer 5642159d3644439a89e44065a7b7f4b1: Log matching property violated. Preceding OpId in replica: term: 10 index: 22. Preceding OpId from leader: term: 12 index: 23. (index mismatch)
I20260812 08:00:14.863775  8113 consensus_queue.cc:1048] T 79ff280c52f8490ab03ff5eddf6919c0 P 5642159d3644439a89e44065a7b7f4b1 [LEADER]: Connected to new peer: Peer: permanent_uuid: "9de1bc478b9d41b597093cac5d801383" member_type: VOTER last_known_addr { host: "127.5.68.196" port: 45641 }, Status: LMP_MISMATCH, Last received: 0.0, Next index: 23, Last known committed idx: 21, Time since last communication: 0.000s
W20260812 08:00:14.864882  5561 tablet_service.cc:731] failed op from {username='slave'} at 127.0.0.1:40940: Illegal state: replica 3614157f6e4f46948742196de0698833 is not leader of this config: current role FOLLOWER
W20260812 08:00:14.868511  5561 tablet_service.cc:731] failed op from {username='slave'} at 127.0.0.1:40946: Illegal state: replica 3614157f6e4f46948742196de0698833 is not leader of this config: current role FOLLOWER
I20260812 08:00:14.870802  6951 raft_consensus.cc:1275] T 79ff280c52f8490ab03ff5eddf6919c0 P 46389fd735ce419eb7d1f073bf6a4993 [term 12 FOLLOWER]: Refusing update from remote peer 5642159d3644439a89e44065a7b7f4b1: Log matching property violated. Preceding OpId in replica: term: 10 index: 22. Preceding OpId from leader: term: 12 index: 23. (index mismatch)
I20260812 08:00:14.871019  5605 raft_consensus.cc:1275] T 79ff280c52f8490ab03ff5eddf6919c0 P 3614157f6e4f46948742196de0698833 [term 12 FOLLOWER]: Refusing update from remote peer 5642159d3644439a89e44065a7b7f4b1: Log matching property violated. Preceding OpId in replica: term: 9 index: 20. Preceding OpId from leader: term: 12 index: 23. (index mismatch)
I20260812 08:00:14.872318  6350 raft_consensus.cc:1275] T 79ff280c52f8490ab03ff5eddf6919c0 P c15b0b3dae754a0a846dd1b2e677013e [term 12 FOLLOWER]: Refusing update from remote peer 5642159d3644439a89e44065a7b7f4b1: Log matching property violated. Preceding OpId in replica: term: 10 index: 22. Preceding OpId from leader: term: 12 index: 23. (index mismatch)
I20260812 08:00:14.873523  8263 consensus_queue.cc:1048] T 79ff280c52f8490ab03ff5eddf6919c0 P 5642159d3644439a89e44065a7b7f4b1 [LEADER]: Connected to new peer: Peer: permanent_uuid: "46389fd735ce419eb7d1f073bf6a4993" member_type: VOTER last_known_addr { host: "127.5.68.199" port: 38143 }, Status: LMP_MISMATCH, Last received: 0.0, Next index: 23, Last known committed idx: 22, Time since last communication: 0.000s
I20260812 08:00:14.874640  8278 consensus_queue.cc:1048] T 79ff280c52f8490ab03ff5eddf6919c0 P 5642159d3644439a89e44065a7b7f4b1 [LEADER]: Connected to new peer: Peer: permanent_uuid: "3614157f6e4f46948742196de0698833" member_type: VOTER last_known_addr { host: "127.5.68.193" port: 45815 }, Status: LMP_MISMATCH, Last received: 0.0, Next index: 23, Last known committed idx: 20, Time since last communication: 0.000s
W20260812 08:00:14.874827  5561 tablet_service.cc:731] failed op from {username='slave'} at 127.0.0.1:40940: Illegal state: replica 3614157f6e4f46948742196de0698833 is not leader of this config: current role FOLLOWER
I20260812 08:00:14.877324  8113 consensus_queue.cc:1048] T 79ff280c52f8490ab03ff5eddf6919c0 P 5642159d3644439a89e44065a7b7f4b1 [LEADER]: Connected to new peer: Peer: permanent_uuid: "c15b0b3dae754a0a846dd1b2e677013e" member_type: VOTER last_known_addr { host: "127.5.68.198" port: 46721 }, Status: LMP_MISMATCH, Last received: 0.0, Next index: 23, Last known committed idx: 22, Time since last communication: 0.000s
W20260812 08:00:14.878073  5561 tablet_service.cc:731] failed op from {username='slave'} at 127.0.0.1:40946: Illegal state: replica 3614157f6e4f46948742196de0698833 is not leader of this config: current role FOLLOWER
W20260812 08:00:14.880113  5561 tablet_service.cc:731] failed op from {username='slave'} at 127.0.0.1:40940: Illegal state: replica 3614157f6e4f46948742196de0698833 is not leader of this config: current role FOLLOWER
W20260812 08:00:14.882288  5561 tablet_service.cc:731] failed op from {username='slave'} at 127.0.0.1:40946: Illegal state: replica 3614157f6e4f46948742196de0698833 is not leader of this config: current role FOLLOWER
W20260812 08:00:14.884904  5561 tablet_service.cc:731] failed op from {username='slave'} at 127.0.0.1:40940: Illegal state: replica 3614157f6e4f46948742196de0698833 is not leader of this config: current role FOLLOWER
W20260812 08:00:14.885737  5561 tablet_service.cc:731] failed op from {username='slave'} at 127.0.0.1:40946: Illegal state: replica 3614157f6e4f46948742196de0698833 is not leader of this config: current role FOLLOWER
W20260812 08:00:14.891100  5561 tablet_service.cc:731] failed op from {username='slave'} at 127.0.0.1:40946: Illegal state: replica 3614157f6e4f46948742196de0698833 is not leader of this config: current role FOLLOWER
W20260812 08:00:14.891899  6300 tablet_service.cc:731] failed op from {username='slave'} at 127.0.0.1:35100: Illegal state: replica c15b0b3dae754a0a846dd1b2e677013e is not leader of this config: current role FOLLOWER
W20260812 08:00:14.892041  7671 tablet_service.cc:731] failed op from {username='slave'} at 127.0.0.1:33048: Illegal state: replica d57ea64688bb4e128b74b1462d232e41 is not leader of this config: current role FOLLOWER
W20260812 08:00:14.893149  6886 tablet_service.cc:731] failed op from {username='slave'} at 127.0.0.1:36514: Illegal state: replica 46389fd735ce419eb7d1f073bf6a4993 is not leader of this config: current role FOLLOWER
W20260812 08:00:14.893265  8142 tablet_service.cc:731] failed op from {username='slave'} at 127.0.0.1:49158: Illegal state: replica 9de1bc478b9d41b597093cac5d801383 is not leader of this config: current role FOLLOWER
W20260812 08:00:14.893523  6884 tablet_service.cc:731] failed op from {username='slave'} at 127.0.0.1:36522: Illegal state: replica 46389fd735ce419eb7d1f073bf6a4993 is not leader of this config: current role FOLLOWER
W20260812 08:00:14.894246  7972 tablet_service.cc:731] failed op from {username='slave'} at 127.0.0.1:41722: Illegal state: replica 2b7a22ef12c7476597435f34b96c5d65 is not leader of this config: current role FOLLOWER
W20260812 08:00:14.894742  7671 tablet_service.cc:731] failed op from {username='slave'} at 127.0.0.1:33032: Illegal state: replica d57ea64688bb4e128b74b1462d232e41 is not leader of this config: current role FOLLOWER
W20260812 08:00:14.894742  5561 tablet_service.cc:731] failed op from {username='slave'} at 127.0.0.1:40940: Illegal state: replica 3614157f6e4f46948742196de0698833 is not leader of this config: current role FOLLOWER
W20260812 08:00:14.894613  8142 tablet_service.cc:731] failed op from {username='slave'} at 127.0.0.1:49148: Illegal state: replica 9de1bc478b9d41b597093cac5d801383 is not leader of this config: current role FOLLOWER
W20260812 08:00:14.895829  6300 tablet_service.cc:731] failed op from {username='slave'} at 127.0.0.1:35090: Illegal state: replica c15b0b3dae754a0a846dd1b2e677013e is not leader of this config: current role FOLLOWER
W20260812 08:00:14.897260  5561 tablet_service.cc:731] failed op from {username='slave'} at 127.0.0.1:40946: Illegal state: replica 3614157f6e4f46948742196de0698833 is not leader of this config: current role FOLLOWER
W20260812 08:00:14.897240  7671 tablet_service.cc:731] failed op from {username='slave'} at 127.0.0.1:33048: Illegal state: replica d57ea64688bb4e128b74b1462d232e41 is not leader of this config: current role FOLLOWER
W20260812 08:00:14.897248  6884 tablet_service.cc:731] failed op from {username='slave'} at 127.0.0.1:36522: Illegal state: replica 46389fd735ce419eb7d1f073bf6a4993 is not leader of this config: current role FOLLOWER
W20260812 08:00:14.897331  8142 tablet_service.cc:731] failed op from {username='slave'} at 127.0.0.1:49158: Illegal state: replica 9de1bc478b9d41b597093cac5d801383 is not leader of this config: current role FOLLOWER
W20260812 08:00:14.898433  7671 tablet_service.cc:731] failed op from {username='slave'} at 127.0.0.1:33032: Illegal state: replica d57ea64688bb4e128b74b1462d232e41 is not leader of this config: current role FOLLOWER
W20260812 08:00:14.898428  5559 tablet_service.cc:731] failed op from {username='slave'} at 127.0.0.1:40940: Illegal state: replica 3614157f6e4f46948742196de0698833 is not leader of this config: current role FOLLOWER
W20260812 08:00:14.898703  7963 tablet_service.cc:731] failed op from {username='slave'} at 127.0.0.1:41722: Illegal state: replica 2b7a22ef12c7476597435f34b96c5d65 is not leader of this config: current role FOLLOWER
W20260812 08:00:14.898873  6884 tablet_service.cc:731] failed op from {username='slave'} at 127.0.0.1:36514: Illegal state: replica 46389fd735ce419eb7d1f073bf6a4993 is not leader of this config: current role FOLLOWER
W20260812 08:00:14.899502  6300 tablet_service.cc:731] failed op from {username='slave'} at 127.0.0.1:35100: Illegal state: replica c15b0b3dae754a0a846dd1b2e677013e is not leader of this config: current role FOLLOWER
W20260812 08:00:14.900589  8142 tablet_service.cc:731] failed op from {username='slave'} at 127.0.0.1:49148: Illegal state: replica 9de1bc478b9d41b597093cac5d801383 is not leader of this config: current role FOLLOWER
W20260812 08:00:14.900684  7972 tablet_service.cc:731] failed op from {username='slave'} at 127.0.0.1:41732: Illegal state: replica 2b7a22ef12c7476597435f34b96c5d65 is not leader of this config: current role FOLLOWER
W20260812 08:00:14.902494  8142 tablet_service.cc:731] failed op from {username='slave'} at 127.0.0.1:49158: Illegal state: replica 9de1bc478b9d41b597093cac5d801383 is not leader of this config: current role FOLLOWER
W20260812 08:00:14.903764  6300 tablet_service.cc:731] failed op from {username='slave'} at 127.0.0.1:35090: Illegal state: replica c15b0b3dae754a0a846dd1b2e677013e is not leader of this config: current role FOLLOWER
W20260812 08:00:14.905597  6884 tablet_service.cc:731] failed op from {username='slave'} at 127.0.0.1:36522: Illegal state: replica 46389fd735ce419eb7d1f073bf6a4993 is not leader of this config: current role FOLLOWER
W20260812 08:00:14.906450  7671 tablet_service.cc:731] failed op from {username='slave'} at 127.0.0.1:33048: Illegal state: replica d57ea64688bb4e128b74b1462d232e41 is not leader of this config: current role FOLLOWER
W20260812 08:00:14.907284  6300 tablet_service.cc:731] failed op from {username='slave'} at 127.0.0.1:35100: Illegal state: replica c15b0b3dae754a0a846dd1b2e677013e is not leader of this config: current role FOLLOWER
E20260812 08:00:14.912024  5676 fault_injection.cc:59] injecting fault for kudu (pid 5658): FLAGS_fault_crash_after_leader_request_fraction (process will exit)
W20260812 08:00:14.912000  6886 tablet_service.cc:731] failed op from {username='slave'} at 127.0.0.1:36522: Illegal state: replica 46389fd735ce419eb7d1f073bf6a4993 is not leader of this config: current role FOLLOWER
W20260812 08:00:14.914135  7678 tablet_service.cc:731] failed op from {username='slave'} at 127.0.0.1:33048: Illegal state: replica d57ea64688bb4e128b74b1462d232e41 is not leader of this config: current role FOLLOWER
W20260812 08:00:14.915534  7671 tablet_service.cc:731] failed op from {username='slave'} at 127.0.0.1:33032: Illegal state: replica d57ea64688bb4e128b74b1462d232e41 is not leader of this config: current role FOLLOWER
W20260812 08:00:14.917104  6884 tablet_service.cc:731] failed op from {username='slave'} at 127.0.0.1:36514: Illegal state: replica 46389fd735ce419eb7d1f073bf6a4993 is not leader of this config: current role FOLLOWER
W20260812 08:00:14.918558  7671 tablet_service.cc:731] failed op from {username='slave'} at 127.0.0.1:33048: Illegal state: replica d57ea64688bb4e128b74b1462d232e41 is not leader of this config: current role FOLLOWER
W20260812 08:00:14.930128  7949 connection.cc:573] server connection from 127.5.68.194:39561 recv error: Network error: recv error from unknown peer: Transport endpoint is not connected (error 107)
W20260812 08:00:14.930538  8104 connection.cc:573] server connection from 127.5.68.194:36515 recv error: Network error: recv error from unknown peer: Transport endpoint is not connected (error 107)
W20260812 08:00:14.930560  7661 connection.cc:573] server connection from 127.5.68.194:34723 recv error: Network error: recv error from unknown peer: Transport endpoint is not connected (error 107)
W20260812 08:00:14.930954  6872 connection.cc:573] server connection from 127.5.68.194:47095 recv error: Network error: recv error from unknown peer: Transport endpoint is not connected (error 107)
W20260812 08:00:14.931474  5426 connection.cc:573] server connection from 127.5.68.194:55365 recv error: Network error: recv error from unknown peer: Transport endpoint is not connected (error 107)
I20260812 08:00:14.935130  5395 ts_itest-base.cc:575] TS 1 appears to have crashed. Restarting.
I20260812 08:00:14.935745  5395 external_mini_cluster.cc:1372] Running /tmp/dist-test-task_P8Z4w/build/debug/bin/kudu
/tmp/dist-test-task_P8Z4w/build/debug/bin/kudu
--fs_wal_dir=/tmp/dist-test-task_P8Z4w/test-tmp/exactly_once_writes-itest.0.ExactlyOnceSemanticsITest.TestWritesWithExactlyOnceSemanticsWithCrashyNodes.1786521604801871-5395-0/raft_consensus-itest-cluster/ts-1/wal
--fs_data_dirs=/tmp/dist-test-task_P8Z4w/test-tmp/exactly_once_writes-itest.0.ExactlyOnceSemanticsITest.TestWritesWithExactlyOnceSemanticsWithCrashyNodes.1786521604801871-5395-0/raft_consensus-itest-cluster/ts-1/data
--block_manager=log
--webserver_interface=localhost
--never_fsync
--enable_minidumps=false
--redact=none
--metrics_log_interval_ms=1000
--log_dir=/tmp/dist-test-task_P8Z4w/test-tmp/exactly_once_writes-itest.0.ExactlyOnceSemanticsITest.TestWritesWithExactlyOnceSemanticsWithCrashyNodes.1786521604801871-5395-0/raft_consensus-itest-cluster/ts-1/logs
--server_dump_info_path=/tmp/dist-test-task_P8Z4w/test-tmp/exactly_once_writes-itest.0.ExactlyOnceSemanticsITest.TestWritesWithExactlyOnceSemanticsWithCrashyNodes.1786521604801871-5395-0/raft_consensus-itest-cluster/ts-1/data/info.pb
--server_dump_info_format=pb
--rpc_server_allow_ephemeral_ports
--unlock_experimental_flags
--unlock_unsafe_flags
--logtostderr
--logbuflevel=-1
--ipki_server_key_size=768
--openssl_security_level_override=0
tserver
run
--rpc_bind_addresses=127.5.68.194:40885
--local_ip_for_outbound_sockets=127.5.68.194
--tserver_master_addrs=127.5.68.254:46303
--webserver_port=33609
--webserver_interface=127.5.68.194
--builtin_ntp_servers=127.5.68.212:37295
--builtin_ntp_poll_interval_ms=100
--ntp_initial_sync_wait_secs=10
--time_source=builtin
--raft_heartbeat_interval_ms=200
--log_preallocate_segments=false
--fault_crash_after_leader_request_fraction=0.025 with env {}
I20260812 08:00:14.963804  6634 exactly_once_writes-itest.cc:193] [8] Couldn't write batch [16/100]. Status: Network error: Client connection negotiation failed: client connection to 127.5.68.194:40885: connect: Connection refused (error 111)
I20260812 08:00:15.132522  6634 exactly_once_writes-itest.cc:193] [8] Couldn't write batch [16/100]. Status: Network error: Client connection negotiation failed: client connection to 127.5.68.194:40885: connect: Connection refused (error 111)
W20260812 08:00:15.135306  8299 flags.cc:432] Enabled unsafe flag: --fault_crash_after_leader_request_fraction=0.025000000000000001
W20260812 08:00:15.135706  8299 flags.cc:432] Enabled unsafe flag: --openssl_security_level_override=0
W20260812 08:00:15.135742  8299 flags.cc:432] Enabled unsafe flag: --rpc_server_allow_ephemeral_ports=true
W20260812 08:00:15.135794  8299 flags.cc:432] Enabled unsafe flag: --never_fsync=true
W20260812 08:00:15.141216  8299 flags.cc:432] Enabled experimental flag: --ipki_server_key_size=768
W20260812 08:00:15.141472  8299 flags.cc:432] Enabled experimental flag: --local_ip_for_outbound_sockets=127.5.68.194
I20260812 08:00:15.148053  8299 tablet_server_runner.cc:78] Tablet server non-default flags:
--log_dir=/tmp/dist-test-task_P8Z4w/test-tmp/exactly_once_writes-itest.0.ExactlyOnceSemanticsITest.TestWritesWithExactlyOnceSemanticsWithCrashyNodes.1786521604801871-5395-0/raft_consensus-itest-cluster/ts-1/logs
--logbuflevel=-1
--logtostderr=true
--builtin_ntp_poll_interval_ms=100
--builtin_ntp_servers=127.5.68.212:37295
--ntp_initial_sync_wait_secs=10
--time_source=builtin
--fault_crash_after_leader_request_fraction=0.025000000000000001
--log_preallocate_segments=false
--raft_heartbeat_interval_ms=200
--fs_data_dirs=/tmp/dist-test-task_P8Z4w/test-tmp/exactly_once_writes-itest.0.ExactlyOnceSemanticsITest.TestWritesWithExactlyOnceSemanticsWithCrashyNodes.1786521604801871-5395-0/raft_consensus-itest-cluster/ts-1/data
--fs_wal_dir=/tmp/dist-test-task_P8Z4w/test-tmp/exactly_once_writes-itest.0.ExactlyOnceSemanticsITest.TestWritesWithExactlyOnceSemanticsWithCrashyNodes.1786521604801871-5395-0/raft_consensus-itest-cluster/ts-1/wal
--ipki_server_key_size=768
--openssl_security_level_override=0
--rpc_bind_addresses=127.5.68.194:40885
--rpc_server_allow_ephemeral_ports=true
--metrics_log_interval_ms=1000
--server_dump_info_format=pb
--server_dump_info_path=/tmp/dist-test-task_P8Z4w/test-tmp/exactly_once_writes-itest.0.ExactlyOnceSemanticsITest.TestWritesWithExactlyOnceSemanticsWithCrashyNodes.1786521604801871-5395-0/raft_consensus-itest-cluster/ts-1/data/info.pb
--webserver_interface=127.5.68.194
--webserver_port=33609
--tserver_master_addrs=127.5.68.254:46303
--never_fsync=true
--heap_profile_path=/tmp/kudu.8299
--redact=none
--unlock_experimental_flags=true
--unlock_unsafe_flags=true
--enable_minidumps=false
--local_ip_for_outbound_sockets=127.5.68.194

Tablet server version:
kudu 1.19.0-SNAPSHOT
revision 70c51312f1186a8ae9f46647160b7730123f7601-dirty
build type DEBUG
built by None at 12 Aug 2026 06:06:26 UTC on 39be9dd7121a
I20260812 08:00:15.149746  8299 env_posix.cc:2285] Not raising this process' open files per process limit of 1048576; it is already as high as it can go
I20260812 08:00:15.151640  8299 file_cache.cc:504] Constructed file cache file cache with capacity 419430
W20260812 08:00:15.161835  8309 instance_detector.cc:116] could not retrieve OpenStack instance metadata: Network error: curl error: HTTP response code said error: The requested URL returned error: 404
W20260812 08:00:15.161893  8306 instance_detector.cc:116] could not retrieve Azure instance metadata: Network error: curl error: HTTP response code said error: The requested URL returned error: 404
W20260812 08:00:15.161785  8304 instance_detector.cc:116] could not retrieve AWS instance metadata: Network error: curl error: HTTP response code said error: The requested URL returned error: 404
I20260812 08:00:15.163121  8299 server_base.cc:1061] running on GCE node
I20260812 08:00:15.164073  8299 hybrid_clock.cc:584] initializing the hybrid clock with 'builtin' time source
I20260812 08:00:15.165503  8299 hybrid_clock.cc:630] waiting up to --ntp_initial_sync_wait_secs=10 seconds for the clock to synchronize
I20260812 08:00:15.166986  8299 hybrid_clock.cc:648] HybridClock initialized: now 1786521615166949 us; error 62 us; skew 500 ppm
I20260812 08:00:15.170207  8299 webserver.cc:533] Webserver started at http://127.5.68.194:33609/ using document root <none> and password file <none>
I20260812 08:00:15.170972  8299 fs_manager.cc:362] Metadata directory not provided
I20260812 08:00:15.171073  8299 fs_manager.cc:368] Using write-ahead log directory (fs_wal_dir) as metadata directory
I20260812 08:00:15.177474  8299 fs_manager.cc:714] Time spent opening directory manager: real 0.004s	user 0.005s	sys 0.000s
I20260812 08:00:15.181988  8315 log_block_manager.cc:4127] Time spent loading block containers with low live blocks: real 0.000s	user 0.000s	sys 0.000s
I20260812 08:00:15.184087  8299 fs_manager.cc:730] Time spent opening block manager: real 0.005s	user 0.004s	sys 0.000s
I20260812 08:00:15.184264  8299 fs_manager.cc:647] Opened local filesystem: /tmp/dist-test-task_P8Z4w/test-tmp/exactly_once_writes-itest.0.ExactlyOnceSemanticsITest.TestWritesWithExactlyOnceSemanticsWithCrashyNodes.1786521604801871-5395-0/raft_consensus-itest-cluster/ts-1/data,/tmp/dist-test-task_P8Z4w/test-tmp/exactly_once_writes-itest.0.ExactlyOnceSemanticsITest.TestWritesWithExactlyOnceSemanticsWithCrashyNodes.1786521604801871-5395-0/raft_consensus-itest-cluster/ts-1/wal
uuid: "5642159d3644439a89e44065a7b7f4b1"
format_stamp: "Formatted at 2026-08-12 08:00:05 on dist-test-slave-btw8"
I20260812 08:00:15.184828  8299 fs_report.cc:389] FS layout report
--------------------
wal directory: /tmp/dist-test-task_P8Z4w/test-tmp/exactly_once_writes-itest.0.ExactlyOnceSemanticsITest.TestWritesWithExactlyOnceSemanticsWithCrashyNodes.1786521604801871-5395-0/raft_consensus-itest-cluster/ts-1/wal
metadata directory: /tmp/dist-test-task_P8Z4w/test-tmp/exactly_once_writes-itest.0.ExactlyOnceSemanticsITest.TestWritesWithExactlyOnceSemanticsWithCrashyNodes.1786521604801871-5395-0/raft_consensus-itest-cluster/ts-1/wal
1 data directories: /tmp/dist-test-task_P8Z4w/test-tmp/exactly_once_writes-itest.0.ExactlyOnceSemanticsITest.TestWritesWithExactlyOnceSemanticsWithCrashyNodes.1786521604801871-5395-0/raft_consensus-itest-cluster/ts-1/data/data
Total live blocks: 0
Total live bytes: 0
Total live bytes (after alignment): 0
Total number of LBM containers: 0 (0 full)
Did not check for missing blocks
Did not check for orphaned blocks
Total full LBM containers with extra space: 0 (0 repaired)
Total full LBM container extra space in bytes: 0 (0 repaired)
Total incomplete LBM containers: 0 (0 repaired)
Total LBM partial records: 0 (0 repaired)
Total corrupted LBM metadata records in RocksDB: 0 (0 repaired)
I20260812 08:00:15.212710  8299 rpc_server.cc:225] running with OpenSSL 1.1.1  11 Sep 2018
I20260812 08:00:15.213500  8299 env_posix.cc:2285] Not raising this process' running threads per effective uid limit of 18446744073709551615; it is already as high as it can go
I20260812 08:00:15.213728  8299 kserver.cc:163] Server-wide thread pool size limit: 3276
I20260812 08:00:15.214397  8299 txn_system_client.cc:432] TxnSystemClient initialization is disabled...
I20260812 08:00:15.216511  8323 ts_tablet_manager.cc:542] Loading tablet metadata (0/1 complete)
I20260812 08:00:15.221439  8299 ts_tablet_manager.cc:585] Loaded tablet metadata (1 total tablets, 1 live tablets)
I20260812 08:00:15.221783  8299 ts_tablet_manager.cc:531] Time spent load tablet metadata: real 0.006s	user 0.001s	sys 0.000s
I20260812 08:00:15.221894  8299 ts_tablet_manager.cc:600] Registering tablets (0/1 complete)
I20260812 08:00:15.225153  8299 ts_tablet_manager.cc:616] Registered 1 tablets
I20260812 08:00:15.225262  8299 ts_tablet_manager.cc:595] Time spent register tablets: real 0.003s	user 0.002s	sys 0.000s
I20260812 08:00:15.226197  8323 tablet_bootstrap.cc:492] T 79ff280c52f8490ab03ff5eddf6919c0 P 5642159d3644439a89e44065a7b7f4b1: Bootstrap starting.
I20260812 08:00:15.239511  8323 log.cc:826] T 79ff280c52f8490ab03ff5eddf6919c0 P 5642159d3644439a89e44065a7b7f4b1: Log is configured to *not* fsync() on all Append() calls
I20260812 08:00:15.241472  8299 rpc_server.cc:307] RPC server started. Bound to: 127.5.68.194:40885
I20260812 08:00:15.242199  8452 acceptor_pool.cc:272] collecting diagnostics on the listening RPC socket 127.5.68.194:40885 every 8 connection(s)
I20260812 08:00:15.242985  8299 server_base.cc:1193] Dumped server information to /tmp/dist-test-task_P8Z4w/test-tmp/exactly_once_writes-itest.0.ExactlyOnceSemanticsITest.TestWritesWithExactlyOnceSemanticsWithCrashyNodes.1786521604801871-5395-0/raft_consensus-itest-cluster/ts-1/data/info.pb
I20260812 08:00:15.253213  5395 external_mini_cluster.cc:1434] Started /tmp/dist-test-task_P8Z4w/build/debug/bin/kudu as pid 8299
I20260812 08:00:15.255232  8455 heartbeater.cc:344] Connected to a master server at 127.5.68.254:46303
I20260812 08:00:15.255561  8455 heartbeater.cc:461] Registering TS with master...
I20260812 08:00:15.256357  8455 heartbeater.cc:507] Master 127.5.68.254:46303 requested a full tablet report, sending...
I20260812 08:00:15.260118  5446 ts_manager.cc:194] Re-registered known tserver with Master: 5642159d3644439a89e44065a7b7f4b1 (127.5.68.194:40885)
I20260812 08:00:15.261071  5446 master_service.cc:502] Signed X509 certificate for tserver {username='slave'} at 127.5.68.194:50525
I20260812 08:00:15.271680  8323 tablet_bootstrap.cc:492] T 79ff280c52f8490ab03ff5eddf6919c0 P 5642159d3644439a89e44065a7b7f4b1: Bootstrap replayed 1/1 log segments. Stats: ops{read=24 overwritten=0 applied=23 ignored=6} inserts{seen=100 ignored=0} mutations{seen=0 ignored=0} orphaned_commits=0. Pending: 1 replicates
I20260812 08:00:15.272825  8323 tablet_bootstrap.cc:492] T 79ff280c52f8490ab03ff5eddf6919c0 P 5642159d3644439a89e44065a7b7f4b1: Bootstrap complete.
I20260812 08:00:15.273370  8323 ts_tablet_manager.cc:1403] T 79ff280c52f8490ab03ff5eddf6919c0 P 5642159d3644439a89e44065a7b7f4b1: Time spent bootstrapping tablet: real 0.048s	user 0.040s	sys 0.004s
I20260812 08:00:15.277911  8323 raft_consensus.cc:359] T 79ff280c52f8490ab03ff5eddf6919c0 P 5642159d3644439a89e44065a7b7f4b1 [term 12 FOLLOWER]: Replica starting. Triggering 1 pending ops. Active config: opid_index: -1 OBSOLETE_local: false peers { permanent_uuid: "c15b0b3dae754a0a846dd1b2e677013e" member_type: VOTER last_known_addr { host: "127.5.68.198" port: 46721 } } peers { permanent_uuid: "5642159d3644439a89e44065a7b7f4b1" member_type: VOTER last_known_addr { host: "127.5.68.194" port: 40885 } } peers { permanent_uuid: "d57ea64688bb4e128b74b1462d232e41" member_type: VOTER last_known_addr { host: "127.5.68.195" port: 36343 } } peers { permanent_uuid: "9de1bc478b9d41b597093cac5d801383" member_type: VOTER last_known_addr { host: "127.5.68.196" port: 45641 } } peers { permanent_uuid: "3614157f6e4f46948742196de0698833" member_type: VOTER last_known_addr { host: "127.5.68.193" port: 45815 } } peers { permanent_uuid: "46389fd735ce419eb7d1f073bf6a4993" member_type: VOTER last_known_addr { host: "127.5.68.199" port: 38143 } } peers { permanent_uuid: "2b7a22ef12c7476597435f34b96c5d65" member_type: VOTER last_known_addr { host: "127.5.68.197" port: 34453 } }
I20260812 08:00:15.281630  8323 raft_consensus.cc:740] T 79ff280c52f8490ab03ff5eddf6919c0 P 5642159d3644439a89e44065a7b7f4b1 [term 12 FOLLOWER]: Becoming Follower/Learner. State: Replica: 5642159d3644439a89e44065a7b7f4b1, State: Initialized, Role: FOLLOWER
I20260812 08:00:15.282714  8323 consensus_queue.cc:260] T 79ff280c52f8490ab03ff5eddf6919c0 P 5642159d3644439a89e44065a7b7f4b1 [NON_LEADER]: Queue going to NON_LEADER mode. State: All replicated index: 0, Majority replicated index: 0, Committed index: 23, Last appended: 12.24, Last appended by leader: 24, Current term: 0, Majority size: -1, State: 0, Mode: NON_LEADER, active raft config: opid_index: -1 OBSOLETE_local: false peers { permanent_uuid: "c15b0b3dae754a0a846dd1b2e677013e" member_type: VOTER last_known_addr { host: "127.5.68.198" port: 46721 } } peers { permanent_uuid: "5642159d3644439a89e44065a7b7f4b1" member_type: VOTER last_known_addr { host: "127.5.68.194" port: 40885 } } peers { permanent_uuid: "d57ea64688bb4e128b74b1462d232e41" member_type: VOTER last_known_addr { host: "127.5.68.195" port: 36343 } } peers { permanent_uuid: "9de1bc478b9d41b597093cac5d801383" member_type: VOTER last_known_addr { host: "127.5.68.196" port: 45641 } } peers { permanent_uuid: "3614157f6e4f46948742196de0698833" member_type: VOTER last_known_addr { host: "127.5.68.193" port: 45815 } } peers { permanent_uuid: "46389fd735ce419eb7d1f073bf6a4993" member_type: VOTER last_known_addr { host: "127.5.68.199" port: 38143 } } peers { permanent_uuid: "2b7a22ef12c7476597435f34b96c5d65" member_type: VOTER last_known_addr { host: "127.5.68.197" port: 34453 } }
I20260812 08:00:15.283746  8455 heartbeater.cc:499] Master 127.5.68.254:46303 was elected leader, sending a full tablet report...
I20260812 08:00:15.283797  8323 ts_tablet_manager.cc:1434] T 79ff280c52f8490ab03ff5eddf6919c0 P 5642159d3644439a89e44065a7b7f4b1: Time spent starting tablet: real 0.010s	user 0.006s	sys 0.004s
I20260812 08:00:15.502736  8462 raft_consensus.cc:493] T 79ff280c52f8490ab03ff5eddf6919c0 P 9de1bc478b9d41b597093cac5d801383 [term 12 FOLLOWER]: Starting pre-election (detected failure of leader 5642159d3644439a89e44065a7b7f4b1)
I20260812 08:00:15.503175  8462 raft_consensus.cc:515] T 79ff280c52f8490ab03ff5eddf6919c0 P 9de1bc478b9d41b597093cac5d801383 [term 12 FOLLOWER]: Starting pre-election with config: opid_index: -1 OBSOLETE_local: false peers { permanent_uuid: "c15b0b3dae754a0a846dd1b2e677013e" member_type: VOTER last_known_addr { host: "127.5.68.198" port: 46721 } } peers { permanent_uuid: "5642159d3644439a89e44065a7b7f4b1" member_type: VOTER last_known_addr { host: "127.5.68.194" port: 40885 } } peers { permanent_uuid: "d57ea64688bb4e128b74b1462d232e41" member_type: VOTER last_known_addr { host: "127.5.68.195" port: 36343 } } peers { permanent_uuid: "9de1bc478b9d41b597093cac5d801383" member_type: VOTER last_known_addr { host: "127.5.68.196" port: 45641 } } peers { permanent_uuid: "3614157f6e4f46948742196de0698833" member_type: VOTER last_known_addr { host: "127.5.68.193" port: 45815 } } peers { permanent_uuid: "46389fd735ce419eb7d1f073bf6a4993" member_type: VOTER last_known_addr { host: "127.5.68.199" port: 38143 } } peers { permanent_uuid: "2b7a22ef12c7476597435f34b96c5d65" member_type: VOTER last_known_addr { host: "127.5.68.197" port: 34453 } }
I20260812 08:00:15.505019  8462 leader_election.cc:290] T 79ff280c52f8490ab03ff5eddf6919c0 P 9de1bc478b9d41b597093cac5d801383 [CANDIDATE]: Term 13 pre-election: Requested pre-vote from peers c15b0b3dae754a0a846dd1b2e677013e (127.5.68.198:46721), 5642159d3644439a89e44065a7b7f4b1 (127.5.68.194:40885), d57ea64688bb4e128b74b1462d232e41 (127.5.68.195:36343), 3614157f6e4f46948742196de0698833 (127.5.68.193:45815), 46389fd735ce419eb7d1f073bf6a4993 (127.5.68.199:38143), 2b7a22ef12c7476597435f34b96c5d65 (127.5.68.197:34453)
I20260812 08:00:15.514281  7727 tablet_service.cc:1917] Received RequestConsensusVote() RPC: tablet_id: "79ff280c52f8490ab03ff5eddf6919c0" candidate_uuid: "9de1bc478b9d41b597093cac5d801383" candidate_term: 13 candidate_status { last_received { term: 12 index: 24 } } ignore_live_leader: false dest_uuid: "d57ea64688bb4e128b74b1462d232e41" is_pre_election: true
I20260812 08:00:15.514489  7727 raft_consensus.cc:2468] T 79ff280c52f8490ab03ff5eddf6919c0 P d57ea64688bb4e128b74b1462d232e41 [term 12 FOLLOWER]: Leader pre-election vote request: Granting yes vote for candidate 9de1bc478b9d41b597093cac5d801383 in term 12.
I20260812 08:00:15.515890  6350 tablet_service.cc:1917] Received RequestConsensusVote() RPC: tablet_id: "79ff280c52f8490ab03ff5eddf6919c0" candidate_uuid: "9de1bc478b9d41b597093cac5d801383" candidate_term: 13 candidate_status { last_received { term: 12 index: 24 } } ignore_live_leader: false dest_uuid: "c15b0b3dae754a0a846dd1b2e677013e" is_pre_election: true
I20260812 08:00:15.516093  6350 raft_consensus.cc:2468] T 79ff280c52f8490ab03ff5eddf6919c0 P c15b0b3dae754a0a846dd1b2e677013e [term 12 FOLLOWER]: Leader pre-election vote request: Granting yes vote for candidate 9de1bc478b9d41b597093cac5d801383 in term 12.
I20260812 08:00:15.516842  5605 tablet_service.cc:1917] Received RequestConsensusVote() RPC: tablet_id: "79ff280c52f8490ab03ff5eddf6919c0" candidate_uuid: "9de1bc478b9d41b597093cac5d801383" candidate_term: 13 candidate_status { last_received { term: 12 index: 24 } } ignore_live_leader: false dest_uuid: "3614157f6e4f46948742196de0698833" is_pre_election: true
I20260812 08:00:15.517022  5605 raft_consensus.cc:2468] T 79ff280c52f8490ab03ff5eddf6919c0 P 3614157f6e4f46948742196de0698833 [term 12 FOLLOWER]: Leader pre-election vote request: Granting yes vote for candidate 9de1bc478b9d41b597093cac5d801383 in term 12.
I20260812 08:00:15.517127  8021 tablet_service.cc:1917] Received RequestConsensusVote() RPC: tablet_id: "79ff280c52f8490ab03ff5eddf6919c0" candidate_uuid: "9de1bc478b9d41b597093cac5d801383" candidate_term: 13 candidate_status { last_received { term: 12 index: 24 } } ignore_live_leader: false dest_uuid: "2b7a22ef12c7476597435f34b96c5d65" is_pre_election: true
I20260812 08:00:15.517290  8021 raft_consensus.cc:2468] T 79ff280c52f8490ab03ff5eddf6919c0 P 2b7a22ef12c7476597435f34b96c5d65 [term 12 FOLLOWER]: Leader pre-election vote request: Granting yes vote for candidate 9de1bc478b9d41b597093cac5d801383 in term 12.
I20260812 08:00:15.517544  8105 leader_election.cc:304] T 79ff280c52f8490ab03ff5eddf6919c0 P 9de1bc478b9d41b597093cac5d801383 [CANDIDATE]: Term 13 pre-election: Election decided. Result: candidate won. Election summary: received 4 responses out of 7 voters: 4 yes votes; 0 no votes. yes voters: 3614157f6e4f46948742196de0698833, 9de1bc478b9d41b597093cac5d801383, c15b0b3dae754a0a846dd1b2e677013e, d57ea64688bb4e128b74b1462d232e41; no voters: 
I20260812 08:00:15.517838  8476 raft_consensus.cc:493] T 79ff280c52f8490ab03ff5eddf6919c0 P 46389fd735ce419eb7d1f073bf6a4993 [term 12 FOLLOWER]: Starting pre-election (detected failure of leader 5642159d3644439a89e44065a7b7f4b1)
I20260812 08:00:15.517978  8462 raft_consensus.cc:2804] T 79ff280c52f8490ab03ff5eddf6919c0 P 9de1bc478b9d41b597093cac5d801383 [term 12 FOLLOWER]: Leader pre-election won for term 13
I20260812 08:00:15.517954  8476 raft_consensus.cc:515] T 79ff280c52f8490ab03ff5eddf6919c0 P 46389fd735ce419eb7d1f073bf6a4993 [term 12 FOLLOWER]: Starting pre-election with config: opid_index: -1 OBSOLETE_local: false peers { permanent_uuid: "c15b0b3dae754a0a846dd1b2e677013e" member_type: VOTER last_known_addr { host: "127.5.68.198" port: 46721 } } peers { permanent_uuid: "5642159d3644439a89e44065a7b7f4b1" member_type: VOTER last_known_addr { host: "127.5.68.194" port: 40885 } } peers { permanent_uuid: "d57ea64688bb4e128b74b1462d232e41" member_type: VOTER last_known_addr { host: "127.5.68.195" port: 36343 } } peers { permanent_uuid: "9de1bc478b9d41b597093cac5d801383" member_type: VOTER last_known_addr { host: "127.5.68.196" port: 45641 } } peers { permanent_uuid: "3614157f6e4f46948742196de0698833" member_type: VOTER last_known_addr { host: "127.5.68.193" port: 45815 } } peers { permanent_uuid: "46389fd735ce419eb7d1f073bf6a4993" member_type: VOTER last_known_addr { host: "127.5.68.199" port: 38143 } } peers { permanent_uuid: "2b7a22ef12c7476597435f34b96c5d65" member_type: VOTER last_known_addr { host: "127.5.68.197" port: 34453 } }
I20260812 08:00:15.518055  8462 raft_consensus.cc:493] T 79ff280c52f8490ab03ff5eddf6919c0 P 9de1bc478b9d41b597093cac5d801383 [term 12 FOLLOWER]: Starting leader election (detected failure of leader 5642159d3644439a89e44065a7b7f4b1)
I20260812 08:00:15.518108  8462 raft_consensus.cc:3060] T 79ff280c52f8490ab03ff5eddf6919c0 P 9de1bc478b9d41b597093cac5d801383 [term 12 FOLLOWER]: Advancing to term 13
I20260812 08:00:15.518040  8394 tablet_service.cc:1917] Received RequestConsensusVote() RPC: tablet_id: "79ff280c52f8490ab03ff5eddf6919c0" candidate_uuid: "9de1bc478b9d41b597093cac5d801383" candidate_term: 13 candidate_status { last_received { term: 12 index: 24 } } ignore_live_leader: false dest_uuid: "5642159d3644439a89e44065a7b7f4b1" is_pre_election: true
I20260812 08:00:15.518469  8394 raft_consensus.cc:2468] T 79ff280c52f8490ab03ff5eddf6919c0 P 5642159d3644439a89e44065a7b7f4b1 [term 12 FOLLOWER]: Leader pre-election vote request: Granting yes vote for candidate 9de1bc478b9d41b597093cac5d801383 in term 12.
I20260812 08:00:15.518858  8476 leader_election.cc:290] T 79ff280c52f8490ab03ff5eddf6919c0 P 46389fd735ce419eb7d1f073bf6a4993 [CANDIDATE]: Term 13 pre-election: Requested pre-vote from peers c15b0b3dae754a0a846dd1b2e677013e (127.5.68.198:46721), 5642159d3644439a89e44065a7b7f4b1 (127.5.68.194:40885), d57ea64688bb4e128b74b1462d232e41 (127.5.68.195:36343), 9de1bc478b9d41b597093cac5d801383 (127.5.68.196:45641), 3614157f6e4f46948742196de0698833 (127.5.68.193:45815), 2b7a22ef12c7476597435f34b96c5d65 (127.5.68.197:34453)
