I20260812 08:03:19.596843 16059 tablet_replica.cc:442] T 0f9160eee4cc4be28bce822ec9b2fdc0 P e34cdbd5bd04469e92a6e15e7ae007a8: TxnStatusTablet state changed. Reason: Replicated consensus-only round. Latest consensus state: current_term: 3 leader_uuid: "7e87a26275e4471f8960440233b86bc7" committed_config { opid_index: -1 OBSOLETE_local: false peers { permanent_uuid: "7e87a26275e4471f8960440233b86bc7" member_type: VOTER last_known_addr { host: "127.12.187.65" port: 43717 } } peers { permanent_uuid: "1af245ab88fa4a69a4e94a41cfa1c947" member_type: VOTER last_known_addr { host: "127.12.187.66" port: 41261 } } peers { permanent_uuid: "e34cdbd5bd04469e92a6e15e7ae007a8" member_type: VOTER last_known_addr { host: "127.12.187.67" port: 33175 } } }
I20260812 08:03:19.596936 16059 tablet_replica.cc:445] T 0f9160eee4cc4be28bce822ec9b2fdc0 P e34cdbd5bd04469e92a6e15e7ae007a8: This TxnStatusTablet replica's current role is: FOLLOWER
W20260812 08:03:19.627784 15721 proxy.cc:239] Call had error, refreshing address and retrying: Timed out: RequestConsensusVote RPC to 127.12.187.66:41261 timed out after 0.083s (SENT)
W20260812 08:03:19.653827 16018 txn_status_manager-itest.cc:377] KeepTransactionAlive() returned non-OK status: Timed out: KeepTransactionAlive RPC to 127.12.187.126:36763 timed out after 0.050s (SENT)
W20260812 08:03:19.654511 15945 meta_cache.cc:302] tablet 0f9160eee4cc4be28bce822ec9b2fdc0: replica 1af245ab88fa4a69a4e94a41cfa1c947 (127.12.187.66:41261) has failed: Timed out: CoordinateTransaction RPC to 127.12.187.66:41261 timed out after 0.050s (SENT)
W20260812 08:03:19.654822 15157 rpcz_store.cc:267] Call kudu.transactions.TxnManagerService.KeepTransactionAlive from 127.0.0.1:33028 (request call id 20) took 51 ms (client timeout 50 ms). Trace:
W20260812 08:03:19.654882 15157 rpcz_store.cc:269] 0812 08:03:19.603743 (+     0us) service_pool.cc:167] Inserting onto call queue
0812 08:03:19.603817 (+    74us) service_pool.cc:224] Handling call
0812 08:03:19.654798 (+ 50981us) inbound_call.cc:177] Queueing success response
Metrics: {}
W20260812 08:03:19.701141 15272 leader_election.cc:336] T 0f9160eee4cc4be28bce822ec9b2fdc0 P 7e87a26275e4471f8960440233b86bc7 [CANDIDATE]: Term 3 pre-election: RPC error from VoteRequest() call to peer 1af245ab88fa4a69a4e94a41cfa1c947 (127.12.187.66:41261): Timed out: RequestConsensusVote RPC to 127.12.187.66:41261 timed out after 0.076s (SENT)
W20260812 08:03:19.710580 15272 leader_election.cc:336] T 0f9160eee4cc4be28bce822ec9b2fdc0 P 7e87a26275e4471f8960440233b86bc7 [CANDIDATE]: Term 3 election: RPC error from VoteRequest() call to peer 1af245ab88fa4a69a4e94a41cfa1c947 (127.12.187.66:41261): Timed out: RequestConsensusVote RPC to 127.12.187.66:41261 timed out after 0.080s (SENT)
W20260812 08:03:19.711750 15721 leader_election.cc:336] T 0f9160eee4cc4be28bce822ec9b2fdc0 P e34cdbd5bd04469e92a6e15e7ae007a8 [CANDIDATE]: Term 3 pre-election: RPC error from VoteRequest() call to peer 1af245ab88fa4a69a4e94a41cfa1c947 (127.12.187.66:41261): Timed out: RequestConsensusVote RPC to 127.12.187.66:41261 timed out after 0.083s (SENT)
I20260812 08:03:19.711844 15721 leader_election.cc:304] T 0f9160eee4cc4be28bce822ec9b2fdc0 P e34cdbd5bd04469e92a6e15e7ae007a8 [CANDIDATE]: Term 3 pre-election: Election decided. Result: candidate lost. Election summary: received 3 responses out of 3 voters: 1 yes votes; 2 no votes. yes voters: e34cdbd5bd04469e92a6e15e7ae007a8; no voters: 1af245ab88fa4a69a4e94a41cfa1c947, 7e87a26275e4471f8960440233b86bc7
I20260812 08:03:19.712119 16059 raft_consensus.cc:2749] T 0f9160eee4cc4be28bce822ec9b2fdc0 P e34cdbd5bd04469e92a6e15e7ae007a8 [term 3 FOLLOWER]: Leader pre-election lost for term 3. Reason: could not achieve majority
I20260812 08:03:20.537648 15603 tablet_service.cc:1917] Received RequestConsensusVote() RPC: tablet_id: "0f9160eee4cc4be28bce822ec9b2fdc0" candidate_uuid: "e34cdbd5bd04469e92a6e15e7ae007a8" candidate_term: 3 candidate_status { last_received { term: 2 index: 3 } } ignore_live_leader: false dest_uuid: "1af245ab88fa4a69a4e94a41cfa1c947" is_pre_election: true
I20260812 08:03:20.537705 15606 tablet_service.cc:1917] Received RequestConsensusVote() RPC: tablet_id: "0f9160eee4cc4be28bce822ec9b2fdc0" candidate_uuid: "e34cdbd5bd04469e92a6e15e7ae007a8" candidate_term: 3 candidate_status { last_received { term: 2 index: 3 } } ignore_live_leader: false dest_uuid: "1af245ab88fa4a69a4e94a41cfa1c947" is_pre_election: true
I20260812 08:03:20.538508 15603 tablet_service.cc:1917] Received RequestConsensusVote() RPC: tablet_id: "0f9160eee4cc4be28bce822ec9b2fdc0" candidate_uuid: "7e87a26275e4471f8960440233b86bc7" candidate_term: 3 candidate_status { last_received { term: 2 index: 3 } } ignore_live_leader: false dest_uuid: "1af245ab88fa4a69a4e94a41cfa1c947" is_pre_election: true
I20260812 08:03:20.538508 15595 tablet_service.cc:1917] Received RequestConsensusVote() RPC: tablet_id: "0f9160eee4cc4be28bce822ec9b2fdc0" candidate_uuid: "7e87a26275e4471f8960440233b86bc7" candidate_term: 3 candidate_status { last_received { term: 2 index: 3 } } ignore_live_leader: false dest_uuid: "1af245ab88fa4a69a4e94a41cfa1c947"
I20260812 08:03:20.539405 15598 tablet_service.cc:1917] Received RequestConsensusVote() RPC: tablet_id: "0f9160eee4cc4be28bce822ec9b2fdc0" candidate_uuid: "7e87a26275e4471f8960440233b86bc7" candidate_term: 3 candidate_status { last_received { term: 2 index: 3 } } ignore_live_leader: false dest_uuid: "1af245ab88fa4a69a4e94a41cfa1c947" is_pre_election: true
I20260812 08:03:20.539611 15836 raft_consensus.cc:1240] T 0f9160eee4cc4be28bce822ec9b2fdc0 P e34cdbd5bd04469e92a6e15e7ae007a8 [term 3 FOLLOWER]: Rejecting Update request from peer 1af245ab88fa4a69a4e94a41cfa1c947 for earlier term 2. Current term is 3. Ops: []
I20260812 08:03:20.539952 15601 raft_consensus.cc:3055] T 0f9160eee4cc4be28bce822ec9b2fdc0 P 1af245ab88fa4a69a4e94a41cfa1c947 [term 2 LEADER]: Stepping down as leader of term 2
I20260812 08:03:20.540017 15601 raft_consensus.cc:740] T 0f9160eee4cc4be28bce822ec9b2fdc0 P 1af245ab88fa4a69a4e94a41cfa1c947 [term 2 LEADER]: Becoming Follower/Learner. State: Replica: 1af245ab88fa4a69a4e94a41cfa1c947, State: Running, Role: LEADER
I20260812 08:03:20.540154 15601 consensus_queue.cc:260] T 0f9160eee4cc4be28bce822ec9b2fdc0 P 1af245ab88fa4a69a4e94a41cfa1c947 [NON_LEADER]: Queue going to NON_LEADER mode. State: All replicated index: 0, Majority replicated index: 3, Committed index: 3, Last appended: 2.4, Last appended by leader: 4, Current term: 2, Majority size: -1, State: 0, Mode: NON_LEADER, active raft config: opid_index: -1 OBSOLETE_local: false peers { permanent_uuid: "7e87a26275e4471f8960440233b86bc7" member_type: VOTER last_known_addr { host: "127.12.187.65" port: 43717 } } peers { permanent_uuid: "1af245ab88fa4a69a4e94a41cfa1c947" member_type: VOTER last_known_addr { host: "127.12.187.66" port: 41261 } } peers { permanent_uuid: "e34cdbd5bd04469e92a6e15e7ae007a8" member_type: VOTER last_known_addr { host: "127.12.187.67" port: 33175 } }
I20260812 08:03:20.540218 15606 tablet_service.cc:1917] Received RequestConsensusVote() RPC: tablet_id: "0f9160eee4cc4be28bce822ec9b2fdc0" candidate_uuid: "7e87a26275e4471f8960440233b86bc7" candidate_term: 3 candidate_status { last_received { term: 2 index: 3 } } ignore_live_leader: false dest_uuid: "1af245ab88fa4a69a4e94a41cfa1c947"
I20260812 08:03:20.540416 15601 raft_consensus.cc:3060] T 0f9160eee4cc4be28bce822ec9b2fdc0 P 1af245ab88fa4a69a4e94a41cfa1c947 [term 2 FOLLOWER]: Advancing to term 3
I20260812 08:03:20.540944 15377 raft_consensus.cc:1240] T 0f9160eee4cc4be28bce822ec9b2fdc0 P 7e87a26275e4471f8960440233b86bc7 [term 3 LEADER]: Rejecting Update request from peer 1af245ab88fa4a69a4e94a41cfa1c947 for earlier term 2. Current term is 3. Ops: []
I20260812 08:03:20.541568 15601 raft_consensus.cc:1275] T 0f9160eee4cc4be28bce822ec9b2fdc0 P 1af245ab88fa4a69a4e94a41cfa1c947 [term 3 FOLLOWER]: Refusing update from remote peer 7e87a26275e4471f8960440233b86bc7: Log matching property violated. Preceding OpId in replica: term: 2 index: 4. Preceding OpId from leader: term: 3 index: 4. (term mismatch)
I20260812 08:03:20.541637 15601 pending_rounds.cc:85] T 0f9160eee4cc4be28bce822ec9b2fdc0 P 1af245ab88fa4a69a4e94a41cfa1c947: Aborting all ops after (but not including) 3
I20260812 08:03:20.541695 15601 pending_rounds.cc:107] T 0f9160eee4cc4be28bce822ec9b2fdc0 P 1af245ab88fa4a69a4e94a41cfa1c947: Aborting uncommitted WRITE_OP operation due to leader change: 2.4
W20260812 08:03:20.542111 15504 txn_status_manager.cc:1397] failed to abort stale txn (ID 0) past 1.035s from last keepalive heartbeat (effective timeout is 0.500s): Aborted: Op aborted by new leader
I20260812 08:03:20.542205 15504 txn_status_manager.cc:1407] skipping staleness check for the rest of in-flight txn records since this txn status tablet replica is no longer a leader or not running
I20260812 08:03:20.542586 16062 consensus_queue.cc:1048] T 0f9160eee4cc4be28bce822ec9b2fdc0 P 7e87a26275e4471f8960440233b86bc7 [LEADER]: Connected to new peer: Peer: permanent_uuid: "1af245ab88fa4a69a4e94a41cfa1c947" member_type: VOTER last_known_addr { host: "127.12.187.66" port: 41261 }, Status: LMP_MISMATCH, Last received: 0.0, Next index: 4, Last known committed idx: 3, Time since last communication: 0.000s
I20260812 08:03:20.543706 16088 tablet_replica.cc:442] T 0f9160eee4cc4be28bce822ec9b2fdc0 P 1af245ab88fa4a69a4e94a41cfa1c947: TxnStatusTablet state changed. Reason: New leader 7e87a26275e4471f8960440233b86bc7. Latest consensus state: current_term: 3 leader_uuid: "7e87a26275e4471f8960440233b86bc7" committed_config { opid_index: -1 OBSOLETE_local: false peers { permanent_uuid: "7e87a26275e4471f8960440233b86bc7" member_type: VOTER last_known_addr { host: "127.12.187.65" port: 43717 } } peers { permanent_uuid: "1af245ab88fa4a69a4e94a41cfa1c947" member_type: VOTER last_known_addr { host: "127.12.187.66" port: 41261 } } peers { permanent_uuid: "e34cdbd5bd04469e92a6e15e7ae007a8" member_type: VOTER last_known_addr { host: "127.12.187.67" port: 33175 } } }
I20260812 08:03:20.543711 16090 tablet_replica.cc:442] T 0f9160eee4cc4be28bce822ec9b2fdc0 P 1af245ab88fa4a69a4e94a41cfa1c947: TxnStatusTablet state changed. Reason: Replicated consensus-only round. Latest consensus state: current_term: 3 leader_uuid: "7e87a26275e4471f8960440233b86bc7" committed_config { opid_index: -1 OBSOLETE_local: false peers { permanent_uuid: "7e87a26275e4471f8960440233b86bc7" member_type: VOTER last_known_addr { host: "127.12.187.65" port: 43717 } } peers { permanent_uuid: "1af245ab88fa4a69a4e94a41cfa1c947" member_type: VOTER last_known_addr { host: "127.12.187.66" port: 41261 } } peers { permanent_uuid: "e34cdbd5bd04469e92a6e15e7ae007a8" member_type: VOTER last_known_addr { host: "127.12.187.67" port: 33175 } } }
I20260812 08:03:20.543895 16090 tablet_replica.cc:445] T 0f9160eee4cc4be28bce822ec9b2fdc0 P 1af245ab88fa4a69a4e94a41cfa1c947: This TxnStatusTablet replica's current role is: FOLLOWER
I20260812 08:03:20.544025 16088 tablet_replica.cc:445] T 0f9160eee4cc4be28bce822ec9b2fdc0 P 1af245ab88fa4a69a4e94a41cfa1c947: This TxnStatusTablet replica's current role is: FOLLOWER
I20260812 08:03:20.605331 16062 tablet_replica.cc:442] T 0f9160eee4cc4be28bce822ec9b2fdc0 P 7e87a26275e4471f8960440233b86bc7: TxnStatusTablet state changed. Reason: Peer health change. Latest consensus state: current_term: 3 leader_uuid: "7e87a26275e4471f8960440233b86bc7" committed_config { opid_index: -1 OBSOLETE_local: false peers { permanent_uuid: "7e87a26275e4471f8960440233b86bc7" member_type: VOTER last_known_addr { host: "127.12.187.65" port: 43717 } } peers { permanent_uuid: "1af245ab88fa4a69a4e94a41cfa1c947" member_type: VOTER last_known_addr { host: "127.12.187.66" port: 41261 } } peers { permanent_uuid: "e34cdbd5bd04469e92a6e15e7ae007a8" member_type: VOTER last_known_addr { host: "127.12.187.67" port: 33175 } } }
I20260812 08:03:20.605521 16062 tablet_replica.cc:445] T 0f9160eee4cc4be28bce822ec9b2fdc0 P 7e87a26275e4471f8960440233b86bc7: This TxnStatusTablet replica's current role is: LEADER
I20260812 08:03:21.582135 16099 raft_consensus.cc:493] T 0f9160eee4cc4be28bce822ec9b2fdc0 P 1af245ab88fa4a69a4e94a41cfa1c947 [term 3 FOLLOWER]: Starting pre-election (detected failure of leader 7e87a26275e4471f8960440233b86bc7)
I20260812 08:03:21.582298 16099 raft_consensus.cc:515] T 0f9160eee4cc4be28bce822ec9b2fdc0 P 1af245ab88fa4a69a4e94a41cfa1c947 [term 3 FOLLOWER]: Starting pre-election with config: opid_index: -1 OBSOLETE_local: false peers { permanent_uuid: "7e87a26275e4471f8960440233b86bc7" member_type: VOTER last_known_addr { host: "127.12.187.65" port: 43717 } } peers { permanent_uuid: "1af245ab88fa4a69a4e94a41cfa1c947" member_type: VOTER last_known_addr { host: "127.12.187.66" port: 41261 } } peers { permanent_uuid: "e34cdbd5bd04469e92a6e15e7ae007a8" member_type: VOTER last_known_addr { host: "127.12.187.67" port: 33175 } }
I20260812 08:03:21.582873 16099 leader_election.cc:290] T 0f9160eee4cc4be28bce822ec9b2fdc0 P 1af245ab88fa4a69a4e94a41cfa1c947 [CANDIDATE]: Term 4 pre-election: Requested pre-vote from peers 7e87a26275e4471f8960440233b86bc7 (127.12.187.65:43717), e34cdbd5bd04469e92a6e15e7ae007a8 (127.12.187.67:33175)
I20260812 08:03:21.583485 15836 tablet_service.cc:1917] Received RequestConsensusVote() RPC: tablet_id: "0f9160eee4cc4be28bce822ec9b2fdc0" candidate_uuid: "1af245ab88fa4a69a4e94a41cfa1c947" candidate_term: 4 candidate_status { last_received { term: 3 index: 4 } } ignore_live_leader: false dest_uuid: "e34cdbd5bd04469e92a6e15e7ae007a8" is_pre_election: true
I20260812 08:03:21.603488 16101 raft_consensus.cc:493] T 0f9160eee4cc4be28bce822ec9b2fdc0 P e34cdbd5bd04469e92a6e15e7ae007a8 [term 3 FOLLOWER]: Starting pre-election (detected failure of leader 7e87a26275e4471f8960440233b86bc7)
I20260812 08:03:21.603600 16101 raft_consensus.cc:515] T 0f9160eee4cc4be28bce822ec9b2fdc0 P e34cdbd5bd04469e92a6e15e7ae007a8 [term 3 FOLLOWER]: Starting pre-election with config: opid_index: -1 OBSOLETE_local: false peers { permanent_uuid: "7e87a26275e4471f8960440233b86bc7" member_type: VOTER last_known_addr { host: "127.12.187.65" port: 43717 } } peers { permanent_uuid: "1af245ab88fa4a69a4e94a41cfa1c947" member_type: VOTER last_known_addr { host: "127.12.187.66" port: 41261 } } peers { permanent_uuid: "e34cdbd5bd04469e92a6e15e7ae007a8" member_type: VOTER last_known_addr { host: "127.12.187.67" port: 33175 } }
I20260812 08:03:21.604044 16101 leader_election.cc:290] T 0f9160eee4cc4be28bce822ec9b2fdc0 P e34cdbd5bd04469e92a6e15e7ae007a8 [CANDIDATE]: Term 4 pre-election: Requested pre-vote from peers 7e87a26275e4471f8960440233b86bc7 (127.12.187.65:43717), 1af245ab88fa4a69a4e94a41cfa1c947 (127.12.187.66:41261)
I20260812 08:03:21.604703 15601 tablet_service.cc:1917] Received RequestConsensusVote() RPC: tablet_id: "0f9160eee4cc4be28bce822ec9b2fdc0" candidate_uuid: "e34cdbd5bd04469e92a6e15e7ae007a8" candidate_term: 4 candidate_status { last_received { term: 3 index: 4 } } ignore_live_leader: false dest_uuid: "1af245ab88fa4a69a4e94a41cfa1c947" is_pre_election: true
I20260812 08:03:21.604869 15601 raft_consensus.cc:2468] T 0f9160eee4cc4be28bce822ec9b2fdc0 P 1af245ab88fa4a69a4e94a41cfa1c947 [term 3 FOLLOWER]: Leader pre-election vote request: Granting yes vote for candidate e34cdbd5bd04469e92a6e15e7ae007a8 in term 3.
I20260812 08:03:21.605320 15721 leader_election.cc:304] T 0f9160eee4cc4be28bce822ec9b2fdc0 P e34cdbd5bd04469e92a6e15e7ae007a8 [CANDIDATE]: Term 4 pre-election: Election decided. Result: candidate won. Election summary: received 2 responses out of 3 voters: 2 yes votes; 0 no votes. yes voters: 1af245ab88fa4a69a4e94a41cfa1c947, e34cdbd5bd04469e92a6e15e7ae007a8; no voters: 
I20260812 08:03:21.605533 16101 raft_consensus.cc:2804] T 0f9160eee4cc4be28bce822ec9b2fdc0 P e34cdbd5bd04469e92a6e15e7ae007a8 [term 3 FOLLOWER]: Leader pre-election won for term 4
I20260812 08:03:21.605630 16101 raft_consensus.cc:493] T 0f9160eee4cc4be28bce822ec9b2fdc0 P e34cdbd5bd04469e92a6e15e7ae007a8 [term 3 FOLLOWER]: Starting leader election (detected failure of leader 7e87a26275e4471f8960440233b86bc7)
I20260812 08:03:21.605701 16101 raft_consensus.cc:3060] T 0f9160eee4cc4be28bce822ec9b2fdc0 P e34cdbd5bd04469e92a6e15e7ae007a8 [term 3 FOLLOWER]: Advancing to term 4
I20260812 08:03:21.606598 16101 raft_consensus.cc:515] T 0f9160eee4cc4be28bce822ec9b2fdc0 P e34cdbd5bd04469e92a6e15e7ae007a8 [term 4 FOLLOWER]: Starting leader election with config: opid_index: -1 OBSOLETE_local: false peers { permanent_uuid: "7e87a26275e4471f8960440233b86bc7" member_type: VOTER last_known_addr { host: "127.12.187.65" port: 43717 } } peers { permanent_uuid: "1af245ab88fa4a69a4e94a41cfa1c947" member_type: VOTER last_known_addr { host: "127.12.187.66" port: 41261 } } peers { permanent_uuid: "e34cdbd5bd04469e92a6e15e7ae007a8" member_type: VOTER last_known_addr { host: "127.12.187.67" port: 33175 } }
I20260812 08:03:21.606946 16101 leader_election.cc:290] T 0f9160eee4cc4be28bce822ec9b2fdc0 P e34cdbd5bd04469e92a6e15e7ae007a8 [CANDIDATE]: Term 4 election: Requested vote from peers 7e87a26275e4471f8960440233b86bc7 (127.12.187.65:43717), 1af245ab88fa4a69a4e94a41cfa1c947 (127.12.187.66:41261)
I20260812 08:03:21.607434 15601 tablet_service.cc:1917] Received RequestConsensusVote() RPC: tablet_id: "0f9160eee4cc4be28bce822ec9b2fdc0" candidate_uuid: "e34cdbd5bd04469e92a6e15e7ae007a8" candidate_term: 4 candidate_status { last_received { term: 3 index: 4 } } ignore_live_leader: false dest_uuid: "1af245ab88fa4a69a4e94a41cfa1c947"
I20260812 08:03:21.607558 15601 raft_consensus.cc:3060] T 0f9160eee4cc4be28bce822ec9b2fdc0 P 1af245ab88fa4a69a4e94a41cfa1c947 [term 3 FOLLOWER]: Advancing to term 4
I20260812 08:03:21.608355 15601 raft_consensus.cc:2468] T 0f9160eee4cc4be28bce822ec9b2fdc0 P 1af245ab88fa4a69a4e94a41cfa1c947 [term 4 FOLLOWER]: Leader election vote request: Granting yes vote for candidate e34cdbd5bd04469e92a6e15e7ae007a8 in term 4.
I20260812 08:03:21.608665 15721 leader_election.cc:304] T 0f9160eee4cc4be28bce822ec9b2fdc0 P e34cdbd5bd04469e92a6e15e7ae007a8 [CANDIDATE]: Term 4 election: Election decided. Result: candidate won. Election summary: received 2 responses out of 3 voters: 2 yes votes; 0 no votes. yes voters: 1af245ab88fa4a69a4e94a41cfa1c947, e34cdbd5bd04469e92a6e15e7ae007a8; no voters: 
I20260812 08:03:21.608888 16101 raft_consensus.cc:2804] T 0f9160eee4cc4be28bce822ec9b2fdc0 P e34cdbd5bd04469e92a6e15e7ae007a8 [term 4 FOLLOWER]: Leader election won for term 4
I20260812 08:03:21.609074 16101 raft_consensus.cc:697] T 0f9160eee4cc4be28bce822ec9b2fdc0 P e34cdbd5bd04469e92a6e15e7ae007a8 [term 4 LEADER]: Becoming Leader. State: Replica: e34cdbd5bd04469e92a6e15e7ae007a8, State: Running, Role: LEADER
I20260812 08:03:21.609417 16101 consensus_queue.cc:237] T 0f9160eee4cc4be28bce822ec9b2fdc0 P e34cdbd5bd04469e92a6e15e7ae007a8 [LEADER]: Queue going to LEADER mode. State: All replicated index: 0, Majority replicated index: 4, Committed index: 4, Last appended: 3.4, Last appended by leader: 4, Current term: 4, Majority size: 2, State: 0, Mode: LEADER, active raft config: opid_index: -1 OBSOLETE_local: false peers { permanent_uuid: "7e87a26275e4471f8960440233b86bc7" member_type: VOTER last_known_addr { host: "127.12.187.65" port: 43717 } } peers { permanent_uuid: "1af245ab88fa4a69a4e94a41cfa1c947" member_type: VOTER last_known_addr { host: "127.12.187.66" port: 41261 } } peers { permanent_uuid: "e34cdbd5bd04469e92a6e15e7ae007a8" member_type: VOTER last_known_addr { host: "127.12.187.67" port: 33175 } }
I20260812 08:03:21.610117 16103 tablet_replica.cc:442] T 0f9160eee4cc4be28bce822ec9b2fdc0 P e34cdbd5bd04469e92a6e15e7ae007a8: TxnStatusTablet state changed. Reason: New leader e34cdbd5bd04469e92a6e15e7ae007a8. Latest consensus state: current_term: 4 leader_uuid: "e34cdbd5bd04469e92a6e15e7ae007a8" committed_config { opid_index: -1 OBSOLETE_local: false peers { permanent_uuid: "7e87a26275e4471f8960440233b86bc7" member_type: VOTER last_known_addr { host: "127.12.187.65" port: 43717 } } peers { permanent_uuid: "1af245ab88fa4a69a4e94a41cfa1c947" member_type: VOTER last_known_addr { host: "127.12.187.66" port: 41261 } } peers { permanent_uuid: "e34cdbd5bd04469e92a6e15e7ae007a8" member_type: VOTER last_known_addr { host: "127.12.187.67" port: 33175 } } }
I20260812 08:03:21.610229 16103 tablet_replica.cc:445] T 0f9160eee4cc4be28bce822ec9b2fdc0 P e34cdbd5bd04469e92a6e15e7ae007a8: This TxnStatusTablet replica's current role is: LEADER
I20260812 08:03:21.610484 16109 txn_status_manager.cc:874] Waiting until node catch up with all replicated operations in previous term...
I20260812 08:03:21.610613 16109 txn_status_manager.cc:930] Loading transaction status metadata into memory...
I20260812 08:03:21.611117 15107 catalog_manager.cc:5719] T 0f9160eee4cc4be28bce822ec9b2fdc0 P e34cdbd5bd04469e92a6e15e7ae007a8 reported cstate change: term changed from 3 to 4, leader changed from 7e87a26275e4471f8960440233b86bc7 (127.12.187.65) to e34cdbd5bd04469e92a6e15e7ae007a8 (127.12.187.67). New cstate: current_term: 4 leader_uuid: "e34cdbd5bd04469e92a6e15e7ae007a8" committed_config { opid_index: -1 OBSOLETE_local: false peers { permanent_uuid: "7e87a26275e4471f8960440233b86bc7" member_type: VOTER last_known_addr { host: "127.12.187.65" port: 43717 } health_report { overall_health: UNKNOWN } } peers { permanent_uuid: "1af245ab88fa4a69a4e94a41cfa1c947" member_type: VOTER last_known_addr { host: "127.12.187.66" port: 41261 } health_report { overall_health: UNKNOWN } } peers { permanent_uuid: "e34cdbd5bd04469e92a6e15e7ae007a8" member_type: VOTER last_known_addr { host: "127.12.187.67" port: 33175 } health_report { overall_health: HEALTHY } } }
W20260812 08:03:21.653350 16018 txn_status_manager-itest.cc:377] KeepTransactionAlive() returned non-OK status: Timed out: KeepTransactionAlive RPC to 127.12.187.126:36763 timed out after 0.050s (SENT)
W20260812 08:03:21.653908 15945 meta_cache.cc:302] tablet 0f9160eee4cc4be28bce822ec9b2fdc0: replica 7e87a26275e4471f8960440233b86bc7 (127.12.187.65:43717) has failed: Timed out: CoordinateTransaction RPC to 127.12.187.65:43717 timed out after 0.050s (SENT)
W20260812 08:03:21.654232 15157 rpcz_store.cc:267] Call kudu.transactions.TxnManagerService.KeepTransactionAlive from 127.0.0.1:33028 (request call id 39) took 51 ms (client timeout 50 ms). Trace:
W20260812 08:03:21.654322 15157 rpcz_store.cc:269] 0812 08:03:21.603178 (+     0us) service_pool.cc:167] Inserting onto call queue
0812 08:03:21.603242 (+    64us) service_pool.cc:224] Handling call
0812 08:03:21.654206 (+ 50964us) inbound_call.cc:177] Queueing success response
Metrics: {}
I20260812 08:03:21.665908 15601 raft_consensus.cc:1275] T 0f9160eee4cc4be28bce822ec9b2fdc0 P 1af245ab88fa4a69a4e94a41cfa1c947 [term 4 FOLLOWER]: Refusing update from remote peer e34cdbd5bd04469e92a6e15e7ae007a8: Log matching property violated. Preceding OpId in replica: term: 3 index: 4. Preceding OpId from leader: term: 4 index: 5. (index mismatch)
I20260812 08:03:21.666491 16103 consensus_queue.cc:1048] T 0f9160eee4cc4be28bce822ec9b2fdc0 P e34cdbd5bd04469e92a6e15e7ae007a8 [LEADER]: Connected to new peer: Peer: permanent_uuid: "1af245ab88fa4a69a4e94a41cfa1c947" member_type: VOTER last_known_addr { host: "127.12.187.66" port: 41261 }, Status: LMP_MISMATCH, Last received: 0.0, Next index: 5, Last known committed idx: 4, Time since last communication: 0.000s
I20260812 08:03:21.667973 16099 tablet_replica.cc:442] T 0f9160eee4cc4be28bce822ec9b2fdc0 P 1af245ab88fa4a69a4e94a41cfa1c947: TxnStatusTablet state changed. Reason: New leader e34cdbd5bd04469e92a6e15e7ae007a8. Latest consensus state: current_term: 4 leader_uuid: "e34cdbd5bd04469e92a6e15e7ae007a8" committed_config { opid_index: -1 OBSOLETE_local: false peers { permanent_uuid: "7e87a26275e4471f8960440233b86bc7" member_type: VOTER last_known_addr { host: "127.12.187.65" port: 43717 } } peers { permanent_uuid: "1af245ab88fa4a69a4e94a41cfa1c947" member_type: VOTER last_known_addr { host: "127.12.187.66" port: 41261 } } peers { permanent_uuid: "e34cdbd5bd04469e92a6e15e7ae007a8" member_type: VOTER last_known_addr { host: "127.12.187.67" port: 33175 } } }
I20260812 08:03:21.668103 16099 tablet_replica.cc:445] T 0f9160eee4cc4be28bce822ec9b2fdc0 P 1af245ab88fa4a69a4e94a41cfa1c947: This TxnStatusTablet replica's current role is: FOLLOWER
I20260812 08:03:21.669322 16101 tablet_replica.cc:442] T 0f9160eee4cc4be28bce822ec9b2fdc0 P e34cdbd5bd04469e92a6e15e7ae007a8: TxnStatusTablet state changed. Reason: Peer health change. Latest consensus state: current_term: 4 leader_uuid: "e34cdbd5bd04469e92a6e15e7ae007a8" committed_config { opid_index: -1 OBSOLETE_local: false peers { permanent_uuid: "7e87a26275e4471f8960440233b86bc7" member_type: VOTER last_known_addr { host: "127.12.187.65" port: 43717 } } peers { permanent_uuid: "1af245ab88fa4a69a4e94a41cfa1c947" member_type: VOTER last_known_addr { host: "127.12.187.66" port: 41261 } } peers { permanent_uuid: "e34cdbd5bd04469e92a6e15e7ae007a8" member_type: VOTER last_known_addr { host: "127.12.187.67" port: 33175 } } }
I20260812 08:03:21.669458 16101 tablet_replica.cc:445] T 0f9160eee4cc4be28bce822ec9b2fdc0 P e34cdbd5bd04469e92a6e15e7ae007a8: This TxnStatusTablet replica's current role is: LEADER
I20260812 08:03:21.669890 16099 tablet_replica.cc:442] T 0f9160eee4cc4be28bce822ec9b2fdc0 P 1af245ab88fa4a69a4e94a41cfa1c947: TxnStatusTablet state changed. Reason: Replicated consensus-only round. Latest consensus state: current_term: 4 leader_uuid: "e34cdbd5bd04469e92a6e15e7ae007a8" committed_config { opid_index: -1 OBSOLETE_local: false peers { permanent_uuid: "7e87a26275e4471f8960440233b86bc7" member_type: VOTER last_known_addr { host: "127.12.187.65" port: 43717 } } peers { permanent_uuid: "1af245ab88fa4a69a4e94a41cfa1c947" member_type: VOTER last_known_addr { host: "127.12.187.66" port: 41261 } } peers { permanent_uuid: "e34cdbd5bd04469e92a6e15e7ae007a8" member_type: VOTER last_known_addr { host: "127.12.187.67" port: 33175 } } }
I20260812 08:03:21.669982 16099 tablet_replica.cc:445] T 0f9160eee4cc4be28bce822ec9b2fdc0 P 1af245ab88fa4a69a4e94a41cfa1c947: This TxnStatusTablet replica's current role is: FOLLOWER
W20260812 08:03:21.712790 15498 leader_election.cc:336] T 0f9160eee4cc4be28bce822ec9b2fdc0 P 1af245ab88fa4a69a4e94a41cfa1c947 [CANDIDATE]: Term 4 pre-election: RPC error from VoteRequest() call to peer 7e87a26275e4471f8960440233b86bc7 (127.12.187.65:43717): Timed out: RequestConsensusVote RPC to 127.12.187.65:43717 timed out after 0.064s (SENT)
I20260812 08:03:21.712949 15498 leader_election.cc:304] T 0f9160eee4cc4be28bce822ec9b2fdc0 P 1af245ab88fa4a69a4e94a41cfa1c947 [CANDIDATE]: Term 4 pre-election: Election decided. Result: candidate lost. Election summary: received 3 responses out of 3 voters: 1 yes votes; 2 no votes. yes voters: 1af245ab88fa4a69a4e94a41cfa1c947; no voters: 7e87a26275e4471f8960440233b86bc7, e34cdbd5bd04469e92a6e15e7ae007a8
I20260812 08:03:21.713171 16099 raft_consensus.cc:2749] T 0f9160eee4cc4be28bce822ec9b2fdc0 P 1af245ab88fa4a69a4e94a41cfa1c947 [term 4 FOLLOWER]: Leader pre-election lost for term 4. Reason: could not achieve majority
W20260812 08:03:21.745452 15721 leader_election.cc:336] T 0f9160eee4cc4be28bce822ec9b2fdc0 P e34cdbd5bd04469e92a6e15e7ae007a8 [CANDIDATE]: Term 4 pre-election: RPC error from VoteRequest() call to peer 7e87a26275e4471f8960440233b86bc7 (127.12.187.65:43717): Timed out: RequestConsensusVote RPC to 127.12.187.65:43717 timed out after 0.070s (SENT)
W20260812 08:03:21.759804 15721 leader_election.cc:336] T 0f9160eee4cc4be28bce822ec9b2fdc0 P e34cdbd5bd04469e92a6e15e7ae007a8 [CANDIDATE]: Term 4 election: RPC error from VoteRequest() call to peer 7e87a26275e4471f8960440233b86bc7 (127.12.187.65:43717): Timed out: RequestConsensusVote RPC to 127.12.187.65:43717 timed out after 0.076s (SENT)
I20260812 08:03:22.558271 15375 tablet_service.cc:1917] Received RequestConsensusVote() RPC: tablet_id: "0f9160eee4cc4be28bce822ec9b2fdc0" candidate_uuid: "1af245ab88fa4a69a4e94a41cfa1c947" candidate_term: 4 candidate_status { last_received { term: 3 index: 4 } } ignore_live_leader: false dest_uuid: "7e87a26275e4471f8960440233b86bc7" is_pre_election: true
I20260812 08:03:22.558712 15375 tablet_service.cc:1917] Received RequestConsensusVote() RPC: tablet_id: "0f9160eee4cc4be28bce822ec9b2fdc0" candidate_uuid: "e34cdbd5bd04469e92a6e15e7ae007a8" candidate_term: 4 candidate_status { last_received { term: 3 index: 4 } } ignore_live_leader: false dest_uuid: "7e87a26275e4471f8960440233b86bc7" is_pre_election: true
I20260812 08:03:22.558904 15377 tablet_service.cc:1917] Received RequestConsensusVote() RPC: tablet_id: "0f9160eee4cc4be28bce822ec9b2fdc0" candidate_uuid: "1af245ab88fa4a69a4e94a41cfa1c947" candidate_term: 4 candidate_status { last_received { term: 3 index: 4 } } ignore_live_leader: false dest_uuid: "7e87a26275e4471f8960440233b86bc7" is_pre_election: true
I20260812 08:03:22.559620 15369 tablet_service.cc:1917] Received RequestConsensusVote() RPC: tablet_id: "0f9160eee4cc4be28bce822ec9b2fdc0" candidate_uuid: "e34cdbd5bd04469e92a6e15e7ae007a8" candidate_term: 4 candidate_status { last_received { term: 3 index: 4 } } ignore_live_leader: false dest_uuid: "7e87a26275e4471f8960440233b86bc7"
I20260812 08:03:22.559882 15371 tablet_service.cc:1917] Received RequestConsensusVote() RPC: tablet_id: "0f9160eee4cc4be28bce822ec9b2fdc0" candidate_uuid: "e34cdbd5bd04469e92a6e15e7ae007a8" candidate_term: 4 candidate_status { last_received { term: 3 index: 4 } } ignore_live_leader: false dest_uuid: "7e87a26275e4471f8960440233b86bc7" is_pre_election: true
I20260812 08:03:22.560179 15372 raft_consensus.cc:3055] T 0f9160eee4cc4be28bce822ec9b2fdc0 P 7e87a26275e4471f8960440233b86bc7 [term 3 LEADER]: Stepping down as leader of term 3
I20260812 08:03:22.560247 15372 raft_consensus.cc:740] T 0f9160eee4cc4be28bce822ec9b2fdc0 P 7e87a26275e4471f8960440233b86bc7 [term 3 LEADER]: Becoming Follower/Learner. State: Replica: 7e87a26275e4471f8960440233b86bc7, State: Running, Role: LEADER
I20260812 08:03:22.560379 15836 raft_consensus.cc:1240] T 0f9160eee4cc4be28bce822ec9b2fdc0 P e34cdbd5bd04469e92a6e15e7ae007a8 [term 4 LEADER]: Rejecting Update request from peer 7e87a26275e4471f8960440233b86bc7 for earlier term 3. Current term is 4. Ops: []
I20260812 08:03:22.560398 15372 consensus_queue.cc:260] T 0f9160eee4cc4be28bce822ec9b2fdc0 P 7e87a26275e4471f8960440233b86bc7 [NON_LEADER]: Queue going to NON_LEADER mode. State: All replicated index: 0, Majority replicated index: 4, Committed index: 4, Last appended: 3.4, Last appended by leader: 4, Current term: 3, Majority size: -1, State: 0, Mode: NON_LEADER, active raft config: opid_index: -1 OBSOLETE_local: false peers { permanent_uuid: "7e87a26275e4471f8960440233b86bc7" member_type: VOTER last_known_addr { host: "127.12.187.65" port: 43717 } } peers { permanent_uuid: "1af245ab88fa4a69a4e94a41cfa1c947" member_type: VOTER last_known_addr { host: "127.12.187.66" port: 41261 } } peers { permanent_uuid: "e34cdbd5bd04469e92a6e15e7ae007a8" member_type: VOTER last_known_addr { host: "127.12.187.67" port: 33175 } }
I20260812 08:03:22.560539 15372 raft_consensus.cc:3060] T 0f9160eee4cc4be28bce822ec9b2fdc0 P 7e87a26275e4471f8960440233b86bc7 [term 3 FOLLOWER]: Advancing to term 4
I20260812 08:03:22.561493 15373 tablet_service.cc:1917] Received RequestConsensusVote() RPC: tablet_id: "0f9160eee4cc4be28bce822ec9b2fdc0" candidate_uuid: "e34cdbd5bd04469e92a6e15e7ae007a8" candidate_term: 4 candidate_status { last_received { term: 3 index: 4 } } ignore_live_leader: false dest_uuid: "7e87a26275e4471f8960440233b86bc7"
I20260812 08:03:22.561806 15372 raft_consensus.cc:1275] T 0f9160eee4cc4be28bce822ec9b2fdc0 P 7e87a26275e4471f8960440233b86bc7 [term 4 FOLLOWER]: Refusing update from remote peer e34cdbd5bd04469e92a6e15e7ae007a8: Log matching property violated. Preceding OpId in replica: term: 3 index: 4. Preceding OpId from leader: term: 4 index: 5. (index mismatch)
I20260812 08:03:22.562314 16101 consensus_queue.cc:1048] T 0f9160eee4cc4be28bce822ec9b2fdc0 P e34cdbd5bd04469e92a6e15e7ae007a8 [LEADER]: Connected to new peer: Peer: permanent_uuid: "7e87a26275e4471f8960440233b86bc7" member_type: VOTER last_known_addr { host: "127.12.187.65" port: 43717 }, Status: LMP_MISMATCH, Last received: 0.0, Next index: 5, Last known committed idx: 4, Time since last communication: 0.000s
I20260812 08:03:22.563148 15601 raft_consensus.cc:1240] T 0f9160eee4cc4be28bce822ec9b2fdc0 P 1af245ab88fa4a69a4e94a41cfa1c947 [term 4 FOLLOWER]: Rejecting Update request from peer 7e87a26275e4471f8960440233b86bc7 for earlier term 3. Current term is 4. Ops: []
I20260812 08:03:22.563572 16062 tablet_replica.cc:442] T 0f9160eee4cc4be28bce822ec9b2fdc0 P 7e87a26275e4471f8960440233b86bc7: TxnStatusTablet state changed. Reason: New leader e34cdbd5bd04469e92a6e15e7ae007a8. Latest consensus state: current_term: 4 leader_uuid: "e34cdbd5bd04469e92a6e15e7ae007a8" committed_config { opid_index: -1 OBSOLETE_local: false peers { permanent_uuid: "7e87a26275e4471f8960440233b86bc7" member_type: VOTER last_known_addr { host: "127.12.187.65" port: 43717 } } peers { permanent_uuid: "1af245ab88fa4a69a4e94a41cfa1c947" member_type: VOTER last_known_addr { host: "127.12.187.66" port: 41261 } } peers { permanent_uuid: "e34cdbd5bd04469e92a6e15e7ae007a8" member_type: VOTER last_known_addr { host: "127.12.187.67" port: 33175 } } }
I20260812 08:03:22.563669 16062 tablet_replica.cc:445] T 0f9160eee4cc4be28bce822ec9b2fdc0 P 7e87a26275e4471f8960440233b86bc7: This TxnStatusTablet replica's current role is: FOLLOWER
I20260812 08:03:22.563750 16062 tablet_replica.cc:442] T 0f9160eee4cc4be28bce822ec9b2fdc0 P 7e87a26275e4471f8960440233b86bc7: TxnStatusTablet state changed. Reason: Replicated consensus-only round. Latest consensus state: current_term: 4 leader_uuid: "e34cdbd5bd04469e92a6e15e7ae007a8" committed_config { opid_index: -1 OBSOLETE_local: false peers { permanent_uuid: "7e87a26275e4471f8960440233b86bc7" member_type: VOTER last_known_addr { host: "127.12.187.65" port: 43717 } } peers { permanent_uuid: "1af245ab88fa4a69a4e94a41cfa1c947" member_type: VOTER last_known_addr { host: "127.12.187.66" port: 41261 } } peers { permanent_uuid: "e34cdbd5bd04469e92a6e15e7ae007a8" member_type: VOTER last_known_addr { host: "127.12.187.67" port: 33175 } } }
I20260812 08:03:22.563798 16062 tablet_replica.cc:445] T 0f9160eee4cc4be28bce822ec9b2fdc0 P 7e87a26275e4471f8960440233b86bc7: This TxnStatusTablet replica's current role is: FOLLOWER
W20260812 08:03:22.563921 15278 txn_status_manager.cc:1397] failed to abort stale txn (ID 0) past 1.056s from last keepalive heartbeat (effective timeout is 0.500s): Illegal state: Cannot assign timestamp to op. Tablet is not in leader mode. Last heard from a leader: 0.004s ago.
I20260812 08:03:22.564010 15278 txn_status_manager.cc:1407] skipping staleness check for the rest of in-flight txn records since this txn status tablet replica is no longer a leader or not running
I20260812 08:03:22.605245 16101 tablet_replica.cc:442] T 0f9160eee4cc4be28bce822ec9b2fdc0 P e34cdbd5bd04469e92a6e15e7ae007a8: TxnStatusTablet state changed. Reason: Peer health change. Latest consensus state: current_term: 4 leader_uuid: "e34cdbd5bd04469e92a6e15e7ae007a8" committed_config { opid_index: -1 OBSOLETE_local: false peers { permanent_uuid: "7e87a26275e4471f8960440233b86bc7" member_type: VOTER last_known_addr { host: "127.12.187.65" port: 43717 } } peers { permanent_uuid: "1af245ab88fa4a69a4e94a41cfa1c947" member_type: VOTER last_known_addr { host: "127.12.187.66" port: 41261 } } peers { permanent_uuid: "e34cdbd5bd04469e92a6e15e7ae007a8" member_type: VOTER last_known_addr { host: "127.12.187.67" port: 33175 } } }
I20260812 08:03:22.605417 16101 tablet_replica.cc:445] T 0f9160eee4cc4be28bce822ec9b2fdc0 P e34cdbd5bd04469e92a6e15e7ae007a8: This TxnStatusTablet replica's current role is: LEADER
I20260812 08:03:23.591913 16135 raft_consensus.cc:493] T 0f9160eee4cc4be28bce822ec9b2fdc0 P 7e87a26275e4471f8960440233b86bc7 [term 4 FOLLOWER]: Starting pre-election (detected failure of leader e34cdbd5bd04469e92a6e15e7ae007a8)
I20260812 08:03:23.592043 16135 raft_consensus.cc:515] T 0f9160eee4cc4be28bce822ec9b2fdc0 P 7e87a26275e4471f8960440233b86bc7 [term 4 FOLLOWER]: Starting pre-election with config: opid_index: -1 OBSOLETE_local: false peers { permanent_uuid: "7e87a26275e4471f8960440233b86bc7" member_type: VOTER last_known_addr { host: "127.12.187.65" port: 43717 } } peers { permanent_uuid: "1af245ab88fa4a69a4e94a41cfa1c947" member_type: VOTER last_known_addr { host: "127.12.187.66" port: 41261 } } peers { permanent_uuid: "e34cdbd5bd04469e92a6e15e7ae007a8" member_type: VOTER last_known_addr { host: "127.12.187.67" port: 33175 } }
I20260812 08:03:23.592571 16135 leader_election.cc:290] T 0f9160eee4cc4be28bce822ec9b2fdc0 P 7e87a26275e4471f8960440233b86bc7 [CANDIDATE]: Term 5 pre-election: Requested pre-vote from peers 1af245ab88fa4a69a4e94a41cfa1c947 (127.12.187.66:41261), e34cdbd5bd04469e92a6e15e7ae007a8 (127.12.187.67:33175)
I20260812 08:03:23.593003 15601 tablet_service.cc:1917] Received RequestConsensusVote() RPC: tablet_id: "0f9160eee4cc4be28bce822ec9b2fdc0" candidate_uuid: "7e87a26275e4471f8960440233b86bc7" candidate_term: 5 candidate_status { last_received { term: 4 index: 5 } } ignore_live_leader: false dest_uuid: "1af245ab88fa4a69a4e94a41cfa1c947" is_pre_election: true
I20260812 08:03:23.624168 16136 raft_consensus.cc:493] T 0f9160eee4cc4be28bce822ec9b2fdc0 P 1af245ab88fa4a69a4e94a41cfa1c947 [term 4 FOLLOWER]: Starting pre-election (detected failure of leader e34cdbd5bd04469e92a6e15e7ae007a8)
I20260812 08:03:23.624308 16136 raft_consensus.cc:515] T 0f9160eee4cc4be28bce822ec9b2fdc0 P 1af245ab88fa4a69a4e94a41cfa1c947 [term 4 FOLLOWER]: Starting pre-election with config: opid_index: -1 OBSOLETE_local: false peers { permanent_uuid: "7e87a26275e4471f8960440233b86bc7" member_type: VOTER last_known_addr { host: "127.12.187.65" port: 43717 } } peers { permanent_uuid: "1af245ab88fa4a69a4e94a41cfa1c947" member_type: VOTER last_known_addr { host: "127.12.187.66" port: 41261 } } peers { permanent_uuid: "e34cdbd5bd04469e92a6e15e7ae007a8" member_type: VOTER last_known_addr { host: "127.12.187.67" port: 33175 } }
I20260812 08:03:23.624765 16136 leader_election.cc:290] T 0f9160eee4cc4be28bce822ec9b2fdc0 P 1af245ab88fa4a69a4e94a41cfa1c947 [CANDIDATE]: Term 5 pre-election: Requested pre-vote from peers 7e87a26275e4471f8960440233b86bc7 (127.12.187.65:43717), e34cdbd5bd04469e92a6e15e7ae007a8 (127.12.187.67:33175)
I20260812 08:03:23.625357 15372 tablet_service.cc:1917] Received RequestConsensusVote() RPC: tablet_id: "0f9160eee4cc4be28bce822ec9b2fdc0" candidate_uuid: "1af245ab88fa4a69a4e94a41cfa1c947" candidate_term: 5 candidate_status { last_received { term: 4 index: 5 } } ignore_live_leader: false dest_uuid: "7e87a26275e4471f8960440233b86bc7" is_pre_election: true
I20260812 08:03:23.625558 15372 raft_consensus.cc:2468] T 0f9160eee4cc4be28bce822ec9b2fdc0 P 7e87a26275e4471f8960440233b86bc7 [term 4 FOLLOWER]: Leader pre-election vote request: Granting yes vote for candidate 1af245ab88fa4a69a4e94a41cfa1c947 in term 4.
I20260812 08:03:23.625988 15498 leader_election.cc:304] T 0f9160eee4cc4be28bce822ec9b2fdc0 P 1af245ab88fa4a69a4e94a41cfa1c947 [CANDIDATE]: Term 5 pre-election: Election decided. Result: candidate won. Election summary: received 2 responses out of 3 voters: 2 yes votes; 0 no votes. yes voters: 1af245ab88fa4a69a4e94a41cfa1c947, 7e87a26275e4471f8960440233b86bc7; no voters: 
I20260812 08:03:23.626199 16136 raft_consensus.cc:2804] T 0f9160eee4cc4be28bce822ec9b2fdc0 P 1af245ab88fa4a69a4e94a41cfa1c947 [term 4 FOLLOWER]: Leader pre-election won for term 5
I20260812 08:03:23.626271 16136 raft_consensus.cc:493] T 0f9160eee4cc4be28bce822ec9b2fdc0 P 1af245ab88fa4a69a4e94a41cfa1c947 [term 4 FOLLOWER]: Starting leader election (detected failure of leader e34cdbd5bd04469e92a6e15e7ae007a8)
I20260812 08:03:23.626298 16136 raft_consensus.cc:3060] T 0f9160eee4cc4be28bce822ec9b2fdc0 P 1af245ab88fa4a69a4e94a41cfa1c947 [term 4 FOLLOWER]: Advancing to term 5
I20260812 08:03:23.627142 16136 raft_consensus.cc:515] T 0f9160eee4cc4be28bce822ec9b2fdc0 P 1af245ab88fa4a69a4e94a41cfa1c947 [term 5 FOLLOWER]: Starting leader election with config: opid_index: -1 OBSOLETE_local: false peers { permanent_uuid: "7e87a26275e4471f8960440233b86bc7" member_type: VOTER last_known_addr { host: "127.12.187.65" port: 43717 } } peers { permanent_uuid: "1af245ab88fa4a69a4e94a41cfa1c947" member_type: VOTER last_known_addr { host: "127.12.187.66" port: 41261 } } peers { permanent_uuid: "e34cdbd5bd04469e92a6e15e7ae007a8" member_type: VOTER last_known_addr { host: "127.12.187.67" port: 33175 } }
I20260812 08:03:23.627521 16136 leader_election.cc:290] T 0f9160eee4cc4be28bce822ec9b2fdc0 P 1af245ab88fa4a69a4e94a41cfa1c947 [CANDIDATE]: Term 5 election: Requested vote from peers 7e87a26275e4471f8960440233b86bc7 (127.12.187.65:43717), e34cdbd5bd04469e92a6e15e7ae007a8 (127.12.187.67:33175)
I20260812 08:03:23.627928 15372 tablet_service.cc:1917] Received RequestConsensusVote() RPC: tablet_id: "0f9160eee4cc4be28bce822ec9b2fdc0" candidate_uuid: "1af245ab88fa4a69a4e94a41cfa1c947" candidate_term: 5 candidate_status { last_received { term: 4 index: 5 } } ignore_live_leader: false dest_uuid: "7e87a26275e4471f8960440233b86bc7"
I20260812 08:03:23.628069 15372 raft_consensus.cc:3060] T 0f9160eee4cc4be28bce822ec9b2fdc0 P 7e87a26275e4471f8960440233b86bc7 [term 4 FOLLOWER]: Advancing to term 5
I20260812 08:03:23.628865 15372 raft_consensus.cc:2468] T 0f9160eee4cc4be28bce822ec9b2fdc0 P 7e87a26275e4471f8960440233b86bc7 [term 5 FOLLOWER]: Leader election vote request: Granting yes vote for candidate 1af245ab88fa4a69a4e94a41cfa1c947 in term 5.
I20260812 08:03:23.629249 15498 leader_election.cc:304] T 0f9160eee4cc4be28bce822ec9b2fdc0 P 1af245ab88fa4a69a4e94a41cfa1c947 [CANDIDATE]: Term 5 election: Election decided. Result: candidate won. Election summary: received 2 responses out of 3 voters: 2 yes votes; 0 no votes. yes voters: 1af245ab88fa4a69a4e94a41cfa1c947, 7e87a26275e4471f8960440233b86bc7; no voters: 
I20260812 08:03:23.629434 16136 raft_consensus.cc:2804] T 0f9160eee4cc4be28bce822ec9b2fdc0 P 1af245ab88fa4a69a4e94a41cfa1c947 [term 5 FOLLOWER]: Leader election won for term 5
I20260812 08:03:23.629594 16136 raft_consensus.cc:697] T 0f9160eee4cc4be28bce822ec9b2fdc0 P 1af245ab88fa4a69a4e94a41cfa1c947 [term 5 LEADER]: Becoming Leader. State: Replica: 1af245ab88fa4a69a4e94a41cfa1c947, State: Running, Role: LEADER
I20260812 08:03:23.629756 16136 consensus_queue.cc:237] T 0f9160eee4cc4be28bce822ec9b2fdc0 P 1af245ab88fa4a69a4e94a41cfa1c947 [LEADER]: Queue going to LEADER mode. State: All replicated index: 0, Majority replicated index: 5, Committed index: 5, Last appended: 4.5, Last appended by leader: 5, Current term: 5, Majority size: 2, State: 0, Mode: LEADER, active raft config: opid_index: -1 OBSOLETE_local: false peers { permanent_uuid: "7e87a26275e4471f8960440233b86bc7" member_type: VOTER last_known_addr { host: "127.12.187.65" port: 43717 } } peers { permanent_uuid: "1af245ab88fa4a69a4e94a41cfa1c947" member_type: VOTER last_known_addr { host: "127.12.187.66" port: 41261 } } peers { permanent_uuid: "e34cdbd5bd04469e92a6e15e7ae007a8" member_type: VOTER last_known_addr { host: "127.12.187.67" port: 33175 } }
I20260812 08:03:23.630447 16137 tablet_replica.cc:442] T 0f9160eee4cc4be28bce822ec9b2fdc0 P 1af245ab88fa4a69a4e94a41cfa1c947: TxnStatusTablet state changed. Reason: New leader 1af245ab88fa4a69a4e94a41cfa1c947. Latest consensus state: current_term: 5 leader_uuid: "1af245ab88fa4a69a4e94a41cfa1c947" committed_config { opid_index: -1 OBSOLETE_local: false peers { permanent_uuid: "7e87a26275e4471f8960440233b86bc7" member_type: VOTER last_known_addr { host: "127.12.187.65" port: 43717 } } peers { permanent_uuid: "1af245ab88fa4a69a4e94a41cfa1c947" member_type: VOTER last_known_addr { host: "127.12.187.66" port: 41261 } } peers { permanent_uuid: "e34cdbd5bd04469e92a6e15e7ae007a8" member_type: VOTER last_known_addr { host: "127.12.187.67" port: 33175 } } }
I20260812 08:03:23.630556 16137 tablet_replica.cc:445] T 0f9160eee4cc4be28bce822ec9b2fdc0 P 1af245ab88fa4a69a4e94a41cfa1c947: This TxnStatusTablet replica's current role is: LEADER
I20260812 08:03:23.630762 16141 txn_status_manager.cc:874] Waiting until node catch up with all replicated operations in previous term...
I20260812 08:03:23.630868 16141 txn_status_manager.cc:930] Loading transaction status metadata into memory...
I20260812 08:03:23.631599 15106 catalog_manager.cc:5719] T 0f9160eee4cc4be28bce822ec9b2fdc0 P 1af245ab88fa4a69a4e94a41cfa1c947 reported cstate change: term changed from 4 to 5, leader changed from e34cdbd5bd04469e92a6e15e7ae007a8 (127.12.187.67) to 1af245ab88fa4a69a4e94a41cfa1c947 (127.12.187.66). New cstate: current_term: 5 leader_uuid: "1af245ab88fa4a69a4e94a41cfa1c947" committed_config { opid_index: -1 OBSOLETE_local: false peers { permanent_uuid: "7e87a26275e4471f8960440233b86bc7" member_type: VOTER last_known_addr { host: "127.12.187.65" port: 43717 } health_report { overall_health: UNKNOWN } } peers { permanent_uuid: "1af245ab88fa4a69a4e94a41cfa1c947" member_type: VOTER last_known_addr { host: "127.12.187.66" port: 41261 } health_report { overall_health: HEALTHY } } peers { permanent_uuid: "e34cdbd5bd04469e92a6e15e7ae007a8" member_type: VOTER last_known_addr { host: "127.12.187.67" port: 33175 } health_report { overall_health: UNKNOWN } } }
W20260812 08:03:23.647189 16018 txn_status_manager-itest.cc:377] KeepTransactionAlive() returned non-OK status: Timed out: KeepTransactionAlive RPC to 127.12.187.126:36763 timed out after 0.050s (SENT)
W20260812 08:03:23.647766 15946 meta_cache.cc:302] tablet 0f9160eee4cc4be28bce822ec9b2fdc0: replica e34cdbd5bd04469e92a6e15e7ae007a8 (127.12.187.67:33175) has failed: Timed out: CoordinateTransaction RPC to 127.12.187.67:33175 timed out after 0.050s (SENT)
W20260812 08:03:23.648038 15157 rpcz_store.cc:267] Call kudu.transactions.TxnManagerService.KeepTransactionAlive from 127.0.0.1:33028 (request call id 58) took 51 ms (client timeout 50 ms). Trace:
W20260812 08:03:23.648098 15157 rpcz_store.cc:269] 0812 08:03:23.596883 (+     0us) service_pool.cc:167] Inserting onto call queue
0812 08:03:23.597004 (+   121us) service_pool.cc:224] Handling call
0812 08:03:23.648015 (+ 51011us) inbound_call.cc:177] Queueing success response
Metrics: {}
W20260812 08:03:23.655331 15273 proxy.cc:239] Call had error, refreshing address and retrying: Timed out: RequestConsensusVote RPC to 127.12.187.67:33175 timed out after 0.062s (SENT) [suppressed 2 similar messages]
I20260812 08:03:23.679229 15372 raft_consensus.cc:1275] T 0f9160eee4cc4be28bce822ec9b2fdc0 P 7e87a26275e4471f8960440233b86bc7 [term 5 FOLLOWER]: Refusing update from remote peer 1af245ab88fa4a69a4e94a41cfa1c947: Log matching property violated. Preceding OpId in replica: term: 4 index: 5. Preceding OpId from leader: term: 5 index: 6. (index mismatch)
I20260812 08:03:23.679792 16137 consensus_queue.cc:1048] T 0f9160eee4cc4be28bce822ec9b2fdc0 P 1af245ab88fa4a69a4e94a41cfa1c947 [LEADER]: Connected to new peer: Peer: permanent_uuid: "7e87a26275e4471f8960440233b86bc7" member_type: VOTER last_known_addr { host: "127.12.187.65" port: 43717 }, Status: LMP_MISMATCH, Last received: 0.0, Next index: 6, Last known committed idx: 5, Time since last communication: 0.000s
I20260812 08:03:23.681080 16135 tablet_replica.cc:442] T 0f9160eee4cc4be28bce822ec9b2fdc0 P 7e87a26275e4471f8960440233b86bc7: TxnStatusTablet state changed. Reason: New leader 1af245ab88fa4a69a4e94a41cfa1c947. Latest consensus state: current_term: 5 leader_uuid: "1af245ab88fa4a69a4e94a41cfa1c947" committed_config { opid_index: -1 OBSOLETE_local: false peers { permanent_uuid: "7e87a26275e4471f8960440233b86bc7" member_type: VOTER last_known_addr { host: "127.12.187.65" port: 43717 } } peers { permanent_uuid: "1af245ab88fa4a69a4e94a41cfa1c947" member_type: VOTER last_known_addr { host: "127.12.187.66" port: 41261 } } peers { permanent_uuid: "e34cdbd5bd04469e92a6e15e7ae007a8" member_type: VOTER last_known_addr { host: "127.12.187.67" port: 33175 } } }
I20260812 08:03:23.681231 16135 tablet_replica.cc:445] T 0f9160eee4cc4be28bce822ec9b2fdc0 P 7e87a26275e4471f8960440233b86bc7: This TxnStatusTablet replica's current role is: FOLLOWER
I20260812 08:03:23.682207 16136 tablet_replica.cc:442] T 0f9160eee4cc4be28bce822ec9b2fdc0 P 1af245ab88fa4a69a4e94a41cfa1c947: TxnStatusTablet state changed. Reason: Peer health change. Latest consensus state: current_term: 5 leader_uuid: "1af245ab88fa4a69a4e94a41cfa1c947" committed_config { opid_index: -1 OBSOLETE_local: false peers { permanent_uuid: "7e87a26275e4471f8960440233b86bc7" member_type: VOTER last_known_addr { host: "127.12.187.65" port: 43717 } } peers { permanent_uuid: "1af245ab88fa4a69a4e94a41cfa1c947" member_type: VOTER last_known_addr { host: "127.12.187.66" port: 41261 } } peers { permanent_uuid: "e34cdbd5bd04469e92a6e15e7ae007a8" member_type: VOTER last_known_addr { host: "127.12.187.67" port: 33175 } } }
I20260812 08:03:23.682327 16136 tablet_replica.cc:445] T 0f9160eee4cc4be28bce822ec9b2fdc0 P 1af245ab88fa4a69a4e94a41cfa1c947: This TxnStatusTablet replica's current role is: LEADER
