I20260812 08:00:33.703951 16967 raft_consensus.cc:385] T acdb4357638348d49ee703c2dfe83b91 P fed1d0e0be884c829c5ea925fa5eff18 [term 0 FOLLOWER]: Consensus starting up: Expiring failure detector timer to make a prompt election more likely
I20260812 08:00:33.703979 16967 raft_consensus.cc:740] T acdb4357638348d49ee703c2dfe83b91 P fed1d0e0be884c829c5ea925fa5eff18 [term 0 FOLLOWER]: Becoming Follower/Learner. State: Replica: fed1d0e0be884c829c5ea925fa5eff18, State: Initialized, Role: FOLLOWER
I20260812 08:00:33.703979 16977 tablet_bootstrap.cc:492] T d241f3edda6645d48121a715a83d63d3 P d188f6282ce54533beda1c000e36ffe4: No bootstrap required, opened a new log
I20260812 08:00:33.704049 16977 ts_tablet_manager.cc:1403] T d241f3edda6645d48121a715a83d63d3 P d188f6282ce54533beda1c000e36ffe4: Time spent bootstrapping tablet: real 0.003s	user 0.001s	sys 0.001s
I20260812 08:00:33.704103 16967 consensus_queue.cc:260] T acdb4357638348d49ee703c2dfe83b91 P fed1d0e0be884c829c5ea925fa5eff18 [NON_LEADER]: Queue going to NON_LEADER mode. State: All replicated index: 0, Majority replicated index: 0, Committed index: 0, Last appended: 0.0, Last appended by leader: 0, Current term: 0, Majority size: -1, State: 0, Mode: NON_LEADER, active raft config: opid_index: -1 OBSOLETE_local: false peers { permanent_uuid: "d188f6282ce54533beda1c000e36ffe4" member_type: VOTER last_known_addr { host: "127.15.97.131" port: 39655 } } peers { permanent_uuid: "fed1d0e0be884c829c5ea925fa5eff18" member_type: VOTER last_known_addr { host: "127.15.97.129" port: 39149 } } peers { permanent_uuid: "68efe88d65034bc39d4226d612038366" member_type: VOTER last_known_addr { host: "127.15.97.130" port: 35061 } }
I20260812 08:00:33.704411 16967 ts_tablet_manager.cc:1434] T acdb4357638348d49ee703c2dfe83b91 P fed1d0e0be884c829c5ea925fa5eff18: Time spent starting tablet: real 0.001s	user 0.001s	sys 0.000s
I20260812 08:00:33.704457 17043 raft_consensus.cc:2804] T dd40c58ccb8241a4bc0ba338a1549450 P fed1d0e0be884c829c5ea925fa5eff18 [term 2 FOLLOWER]: Leader election won for term 2
I20260812 08:00:33.704540 17043 raft_consensus.cc:697] T dd40c58ccb8241a4bc0ba338a1549450 P fed1d0e0be884c829c5ea925fa5eff18 [term 2 LEADER]: Becoming Leader. State: Replica: fed1d0e0be884c829c5ea925fa5eff18, State: Running, Role: LEADER
I20260812 08:00:33.704592 16967 tablet_bootstrap.cc:492] T aa8cc0efe77441afbd7fe791bed285b8 P fed1d0e0be884c829c5ea925fa5eff18: Bootstrap starting.
I20260812 08:00:33.704651 17043 consensus_queue.cc:237] T dd40c58ccb8241a4bc0ba338a1549450 P fed1d0e0be884c829c5ea925fa5eff18 [LEADER]: Queue going to LEADER mode. State: All replicated index: 0, Majority replicated index: 0, Committed index: 0, Last appended: 0.0, Last appended by leader: 0, Current term: 2, Majority size: 2, State: 0, Mode: LEADER, active raft config: opid_index: -1 OBSOLETE_local: false peers { permanent_uuid: "fed1d0e0be884c829c5ea925fa5eff18" member_type: VOTER last_known_addr { host: "127.15.97.129" port: 39149 } } peers { permanent_uuid: "68efe88d65034bc39d4226d612038366" member_type: VOTER last_known_addr { host: "127.15.97.130" port: 35061 } } peers { permanent_uuid: "d188f6282ce54533beda1c000e36ffe4" member_type: VOTER last_known_addr { host: "127.15.97.131" port: 39655 } }
I20260812 08:00:33.705562 16967 tablet_bootstrap.cc:654] T aa8cc0efe77441afbd7fe791bed285b8 P fed1d0e0be884c829c5ea925fa5eff18: Neither blocks nor log segments found. Creating new log.
I20260812 08:00:33.705919 16977 raft_consensus.cc:359] T d241f3edda6645d48121a715a83d63d3 P d188f6282ce54533beda1c000e36ffe4 [term 0 FOLLOWER]: Replica starting. Triggering 0 pending ops. Active config: opid_index: -1 OBSOLETE_local: false peers { permanent_uuid: "d188f6282ce54533beda1c000e36ffe4" member_type: VOTER last_known_addr { host: "127.15.97.131" port: 39655 } } peers { permanent_uuid: "68efe88d65034bc39d4226d612038366" member_type: VOTER last_known_addr { host: "127.15.97.130" port: 35061 } } peers { permanent_uuid: "fed1d0e0be884c829c5ea925fa5eff18" member_type: VOTER last_known_addr { host: "127.15.97.129" port: 39149 } }
I20260812 08:00:33.706005 16977 raft_consensus.cc:385] T d241f3edda6645d48121a715a83d63d3 P d188f6282ce54533beda1c000e36ffe4 [term 0 FOLLOWER]: Consensus starting up: Expiring failure detector timer to make a prompt election more likely
I20260812 08:00:33.706034 16977 raft_consensus.cc:740] T d241f3edda6645d48121a715a83d63d3 P d188f6282ce54533beda1c000e36ffe4 [term 0 FOLLOWER]: Becoming Follower/Learner. State: Replica: d188f6282ce54533beda1c000e36ffe4, State: Initialized, Role: FOLLOWER
I20260812 08:00:33.706167 16977 consensus_queue.cc:260] T d241f3edda6645d48121a715a83d63d3 P d188f6282ce54533beda1c000e36ffe4 [NON_LEADER]: Queue going to NON_LEADER mode. State: All replicated index: 0, Majority replicated index: 0, Committed index: 0, Last appended: 0.0, Last appended by leader: 0, Current term: 0, Majority size: -1, State: 0, Mode: NON_LEADER, active raft config: opid_index: -1 OBSOLETE_local: false peers { permanent_uuid: "d188f6282ce54533beda1c000e36ffe4" member_type: VOTER last_known_addr { host: "127.15.97.131" port: 39655 } } peers { permanent_uuid: "68efe88d65034bc39d4226d612038366" member_type: VOTER last_known_addr { host: "127.15.97.130" port: 35061 } } peers { permanent_uuid: "fed1d0e0be884c829c5ea925fa5eff18" member_type: VOTER last_known_addr { host: "127.15.97.129" port: 39149 } }
I20260812 08:00:33.706718 16967 tablet_bootstrap.cc:492] T aa8cc0efe77441afbd7fe791bed285b8 P fed1d0e0be884c829c5ea925fa5eff18: No bootstrap required, opened a new log
I20260812 08:00:33.706805 16967 ts_tablet_manager.cc:1403] T aa8cc0efe77441afbd7fe791bed285b8 P fed1d0e0be884c829c5ea925fa5eff18: Time spent bootstrapping tablet: real 0.002s	user 0.002s	sys 0.000s
I20260812 08:00:33.706970 16977 ts_tablet_manager.cc:1434] T d241f3edda6645d48121a715a83d63d3 P d188f6282ce54533beda1c000e36ffe4: Time spent starting tablet: real 0.003s	user 0.001s	sys 0.000s
I20260812 08:00:33.707141 16977 tablet_bootstrap.cc:492] T acdb4357638348d49ee703c2dfe83b91 P d188f6282ce54533beda1c000e36ffe4: Bootstrap starting.
I20260812 08:00:33.707132 16786 tablet_service.cc:1917] Received RequestConsensusVote() RPC: tablet_id: "5ec1108150cb478d8867b9770cccf778" candidate_uuid: "68efe88d65034bc39d4226d612038366" candidate_term: 1 candidate_status { last_received { term: 0 index: 0 } } ignore_live_leader: false dest_uuid: "d188f6282ce54533beda1c000e36ffe4" is_pre_election: true
I20260812 08:00:33.707247 16967 raft_consensus.cc:359] T aa8cc0efe77441afbd7fe791bed285b8 P fed1d0e0be884c829c5ea925fa5eff18 [term 0 FOLLOWER]: Replica starting. Triggering 0 pending ops. Active config: opid_index: -1 OBSOLETE_local: false peers { permanent_uuid: "d188f6282ce54533beda1c000e36ffe4" member_type: VOTER last_known_addr { host: "127.15.97.131" port: 39655 } } peers { permanent_uuid: "fed1d0e0be884c829c5ea925fa5eff18" member_type: VOTER last_known_addr { host: "127.15.97.129" port: 39149 } } peers { permanent_uuid: "68efe88d65034bc39d4226d612038366" member_type: VOTER last_known_addr { host: "127.15.97.130" port: 35061 } }
I20260812 08:00:33.707335 16967 raft_consensus.cc:385] T aa8cc0efe77441afbd7fe791bed285b8 P fed1d0e0be884c829c5ea925fa5eff18 [term 0 FOLLOWER]: Consensus starting up: Expiring failure detector timer to make a prompt election more likely
I20260812 08:00:33.707366 16967 raft_consensus.cc:740] T aa8cc0efe77441afbd7fe791bed285b8 P fed1d0e0be884c829c5ea925fa5eff18 [term 0 FOLLOWER]: Becoming Follower/Learner. State: Replica: fed1d0e0be884c829c5ea925fa5eff18, State: Initialized, Role: FOLLOWER
I20260812 08:00:33.707409 16785 tablet_service.cc:1917] Received RequestConsensusVote() RPC: tablet_id: "dd40c58ccb8241a4bc0ba338a1549450" candidate_uuid: "fed1d0e0be884c829c5ea925fa5eff18" candidate_term: 2 candidate_status { last_received { term: 0 index: 0 } } ignore_live_leader: false dest_uuid: "d188f6282ce54533beda1c000e36ffe4" is_pre_election: true
I20260812 08:00:33.707476 16967 consensus_queue.cc:260] T aa8cc0efe77441afbd7fe791bed285b8 P fed1d0e0be884c829c5ea925fa5eff18 [NON_LEADER]: Queue going to NON_LEADER mode. State: All replicated index: 0, Majority replicated index: 0, Committed index: 0, Last appended: 0.0, Last appended by leader: 0, Current term: 0, Majority size: -1, State: 0, Mode: NON_LEADER, active raft config: opid_index: -1 OBSOLETE_local: false peers { permanent_uuid: "d188f6282ce54533beda1c000e36ffe4" member_type: VOTER last_known_addr { host: "127.15.97.131" port: 39655 } } peers { permanent_uuid: "fed1d0e0be884c829c5ea925fa5eff18" member_type: VOTER last_known_addr { host: "127.15.97.129" port: 39149 } } peers { permanent_uuid: "68efe88d65034bc39d4226d612038366" member_type: VOTER last_known_addr { host: "127.15.97.130" port: 35061 } }
I20260812 08:00:33.707639 16784 tablet_service.cc:1917] Received RequestConsensusVote() RPC: tablet_id: "dd40c58ccb8241a4bc0ba338a1549450" candidate_uuid: "fed1d0e0be884c829c5ea925fa5eff18" candidate_term: 2 candidate_status { last_received { term: 0 index: 0 } } ignore_live_leader: false dest_uuid: "d188f6282ce54533beda1c000e36ffe4"
I20260812 08:00:33.707765 16967 ts_tablet_manager.cc:1434] T aa8cc0efe77441afbd7fe791bed285b8 P fed1d0e0be884c829c5ea925fa5eff18: Time spent starting tablet: real 0.001s	user 0.001s	sys 0.000s
I20260812 08:00:33.708496 16977 tablet_bootstrap.cc:654] T acdb4357638348d49ee703c2dfe83b91 P d188f6282ce54533beda1c000e36ffe4: Neither blocks nor log segments found. Creating new log.
I20260812 08:00:33.709254 16039 catalog_manager.cc:5811] TS d188f6282ce54533beda1c000e36ffe4 (127.15.97.131:39655) does not have the latest schema for tablet dd40c58ccb8241a4bc0ba338a1549450 (table default.Table_2cbc68f7e11c4884bdaf29c4c4dad837 [id=4435439199534ab9b641afc12dfe9e46]). Expected version 1 got 0
I20260812 08:00:33.709394 16039 catalog_manager.cc:5811] TS d188f6282ce54533beda1c000e36ffe4 (127.15.97.131:39655) does not have the latest schema for tablet 0e8a5f891be046ff986b8204268b65f9 (table default.Table_bcbbb8c96da74d709cd1d945da4e554d [id=56a8a82b9f084c3c9b79a790e69a5d9d]). Expected version 3 got 0
I20260812 08:00:33.709532 16031 catalog_manager.cc:6264] T 00000000000000000000000000000000 P 3808c21167cb41c9bae6de7e9dc92d0a: default.Table_34b501ede6674a0cb7eacf06fa293a69 [id=44e98ad55b2e4c6fa161a97c75c26e8c] alter complete (version 2)
I20260812 08:00:33.710103 16555 tablet_service.cc:1917] Received RequestConsensusVote() RPC: tablet_id: "dd40c58ccb8241a4bc0ba338a1549450" candidate_uuid: "d188f6282ce54533beda1c000e36ffe4" candidate_term: 1 candidate_status { last_received { term: 0 index: 0 } } ignore_live_leader: false dest_uuid: "68efe88d65034bc39d4226d612038366"
I20260812 08:00:33.710255 16555 raft_consensus.cc:2368] T dd40c58ccb8241a4bc0ba338a1549450 P 68efe88d65034bc39d4226d612038366 [term 2 FOLLOWER]: Leader election vote request: Denying vote to candidate d188f6282ce54533beda1c000e36ffe4 for earlier term 1. Current term is 2.
I20260812 08:00:33.710968 16517 tablet_service.cc:1558] Processing DeleteTablet for tablet d241f3edda6645d48121a715a83d63d3 with delete_type TABLET_DATA_DELETED (Table deleted at 2026-08-12 08:00:33 UTC) from {username='slave'} at 127.0.0.1:38720
I20260812 08:00:33.711153 16968 tablet_replica.cc:333] T d241f3edda6645d48121a715a83d63d3 P 68efe88d65034bc39d4226d612038366: stopping tablet replica
I20260812 08:00:33.711263 16968 raft_consensus.cc:2243] T d241f3edda6645d48121a715a83d63d3 P 68efe88d65034bc39d4226d612038366 [term 0 FOLLOWER]: Raft consensus shutting down.
I20260812 08:00:33.711369 16968 raft_consensus.cc:2272] T d241f3edda6645d48121a715a83d63d3 P 68efe88d65034bc39d4226d612038366 [term 0 FOLLOWER]: Raft consensus is shut down!
I20260812 08:00:33.711463 16027 catalog_manager.cc:2533] Servicing SoftDeleteTable request from {username='slave'} at 127.0.0.1:56150:
table { table_name: "default.Table_c7db1ccd54f248b0a0656993075e6c58" } modify_external_catalogs: true
I20260812 08:00:33.711566 16027 catalog_manager.cc:2781] Servicing DeleteTable request from {username='slave'} at 127.0.0.1:56150:
table { table_name: "default.Table_c7db1ccd54f248b0a0656993075e6c58" } modify_external_catalogs: true
I20260812 08:00:33.711539 16515 tablet_service.cc:1511] Processing CreateTablet for tablet acdb4357638348d49ee703c2dfe83b91 (DEFAULT_TABLE table=default.Table_973d1afbbb614c8cb203e64cc91d4273 [id=f97055b8213047fa875a04395ae5e008]), partition=RANGE (key) PARTITION UNBOUNDED
I20260812 08:00:33.711823 16515 data_dirs.cc:400] Could only allocate 1 dirs of requested 3 for tablet acdb4357638348d49ee703c2dfe83b91. 1 dirs total, 0 dirs full, 0 dirs failed
I20260812 08:00:33.712225 16024 catalog_manager.cc:5811] TS 68efe88d65034bc39d4226d612038366 (127.15.97.130:35061) does not have the latest schema for tablet 88725c007e5d4924828ab45c73c1e8ed (table default.Table_383583a4a5e94ae7a8b7dcf208ca42ea [id=0543238ce4d44200b3223b70fb194ece]). Expected version 1 got 0
I20260812 08:00:33.711833 16968 ts_tablet_manager.cc:1916] T d241f3edda6645d48121a715a83d63d3 P 68efe88d65034bc39d4226d612038366: Deleting tablet data with delete state TABLET_DATA_DELETED
I20260812 08:00:33.713017 16037 catalog_manager.cc:2533] Servicing SoftDeleteTable request from {username='slave'} at 127.0.0.1:56150:
table { table_name: "default.Table_383583a4a5e94ae7a8b7dcf208ca42ea" } modify_external_catalogs: true
I20260812 08:00:33.713107 16037 catalog_manager.cc:2781] Servicing DeleteTable request from {username='slave'} at 127.0.0.1:56150:
table { table_name: "default.Table_383583a4a5e94ae7a8b7dcf208ca42ea" } modify_external_catalogs: true
I20260812 08:00:33.713193 16025 catalog_manager.cc:3570] Servicing AlterTable request from {username='slave'} at 127.0.0.1:56150:
table { table_name: "default.Table_34b501ede6674a0cb7eacf06fa293a69" } new_table_name: "default.Table_6cb803e65c524a9b80af809defcb180d" modify_external_catalogs: true
I20260812 08:00:33.713436 16039 catalog_manager.cc:2533] Servicing SoftDeleteTable request from {username='slave'} at 127.0.0.1:56150:
table { table_name: "default.Table_d8ce7d311b4e4ec68e268446e420d0ec" } modify_external_catalogs: true
I20260812 08:00:33.713518 16039 catalog_manager.cc:2781] Servicing DeleteTable request from {username='slave'} at 127.0.0.1:56150:
table { table_name: "default.Table_d8ce7d311b4e4ec68e268446e420d0ec" } modify_external_catalogs: true
I20260812 08:00:33.714097 16032 master_service.cc:960] ReplaceTablet: received request to replace tablet 6a4aa27938d843db8fb02feb09a21d21 from {username='slave'} at 127.0.0.1:56150
I20260812 08:00:33.714470 16968 ts_tablet_manager.cc:1929] T d241f3edda6645d48121a715a83d63d3 P 68efe88d65034bc39d4226d612038366: tablet deleted with delete type TABLET_DATA_DELETED: last-logged OpId 0.0
I20260812 08:00:33.714534 16968 log.cc:1199] T d241f3edda6645d48121a715a83d63d3 P 68efe88d65034bc39d4226d612038366: Deleting WAL directory at /tmp/dist-test-taskZtuRBX/test-tmp/master-stress-test.0.CatalogManagerConfigurations_MasterStressTest.Test_0.1786521631431557-15750-0/minicluster-data/ts-1/wal/wals/d241f3edda6645d48121a715a83d63d3
I20260812 08:00:33.714735 16968 ts_tablet_manager.cc:1950] T d241f3edda6645d48121a715a83d63d3 P 68efe88d65034bc39d4226d612038366: Deleting consensus metadata
I20260812 08:00:33.714915 16028 master_service.cc:960] ReplaceTablet: received request to replace tablet 9d2fb634b6f54387b0336879775df1cb from {username='slave'} at 127.0.0.1:56150
I20260812 08:00:33.715150 16035 catalog_manager.cc:2533] Servicing SoftDeleteTable request from {username='slave'} at 127.0.0.1:56150:
table { table_name: "default.Table_2cbc68f7e11c4884bdaf29c4c4dad837" } modify_external_catalogs: true
I20260812 08:00:33.715245 16035 catalog_manager.cc:2781] Servicing DeleteTable request from {username='slave'} at 127.0.0.1:56150:
table { table_name: "default.Table_2cbc68f7e11c4884bdaf29c4c4dad837" } modify_external_catalogs: true
I20260812 08:00:33.715169 16029 master_service.cc:960] ReplaceTablet: received request to replace tablet 46167e3789a54bb198928e9c8dcc3b55 from {username='slave'} at 127.0.0.1:56150
I20260812 08:00:33.716987 16992 raft_consensus.cc:493] T 88725c007e5d4924828ab45c73c1e8ed P 68efe88d65034bc39d4226d612038366 [term 0 FOLLOWER]: Starting pre-election (no leader contacted us within the election timeout)
I20260812 08:00:33.717067 16992 raft_consensus.cc:515] T 88725c007e5d4924828ab45c73c1e8ed P 68efe88d65034bc39d4226d612038366 [term 0 FOLLOWER]: Starting pre-election with config: opid_index: -1 OBSOLETE_local: false peers { permanent_uuid: "d188f6282ce54533beda1c000e36ffe4" member_type: VOTER last_known_addr { host: "127.15.97.131" port: 39655 } } peers { permanent_uuid: "68efe88d65034bc39d4226d612038366" member_type: VOTER last_known_addr { host: "127.15.97.130" port: 35061 } } peers { permanent_uuid: "fed1d0e0be884c829c5ea925fa5eff18" member_type: VOTER last_known_addr { host: "127.15.97.129" port: 39149 } }
I20260812 08:00:33.717478 16992 leader_election.cc:290] T 88725c007e5d4924828ab45c73c1e8ed P 68efe88d65034bc39d4226d612038366 [CANDIDATE]: Term 1 pre-election: Requested pre-vote from peers d188f6282ce54533beda1c000e36ffe4 (127.15.97.131:39655), fed1d0e0be884c829c5ea925fa5eff18 (127.15.97.129:39149)
I20260812 08:00:33.717736 16458 leader_election.cc:304] T 5ec1108150cb478d8867b9770cccf778 P 68efe88d65034bc39d4226d612038366 [CANDIDATE]: Term 1 pre-election: Election decided. Result: candidate lost. Election summary: received 3 responses out of 3 voters: 1 yes votes; 2 no votes. yes voters: 68efe88d65034bc39d4226d612038366; no voters: d188f6282ce54533beda1c000e36ffe4, fed1d0e0be884c829c5ea925fa5eff18
I20260812 08:00:33.717885 16679 leader_election.cc:400] T dd40c58ccb8241a4bc0ba338a1549450 P d188f6282ce54533beda1c000e36ffe4 [CANDIDATE]: Term 1 election: Vote denied by peer 68efe88d65034bc39d4226d612038366 (127.15.97.130:35061) with higher term. Message: Invalid argument: T dd40c58ccb8241a4bc0ba338a1549450 P 68efe88d65034bc39d4226d612038366 [term 2 FOLLOWER]: Leader election vote request: Denying vote to candidate d188f6282ce54533beda1c000e36ffe4 for earlier term 1. Current term is 2.
I20260812 08:00:33.718219 16784 tablet_service.cc:1917] Received RequestConsensusVote() RPC: tablet_id: "88725c007e5d4924828ab45c73c1e8ed" candidate_uuid: "68efe88d65034bc39d4226d612038366" candidate_term: 1 candidate_status { last_received { term: 0 index: 0 } } ignore_live_leader: false dest_uuid: "d188f6282ce54533beda1c000e36ffe4" is_pre_election: true
I20260812 08:00:33.718376 16332 tablet_service.cc:1917] Received RequestConsensusVote() RPC: tablet_id: "88725c007e5d4924828ab45c73c1e8ed" candidate_uuid: "68efe88d65034bc39d4226d612038366" candidate_term: 1 candidate_status { last_received { term: 0 index: 0 } } ignore_live_leader: false dest_uuid: "fed1d0e0be884c829c5ea925fa5eff18" is_pre_election: true
I20260812 08:00:33.718499 16784 raft_consensus.cc:2468] T 88725c007e5d4924828ab45c73c1e8ed P d188f6282ce54533beda1c000e36ffe4 [term 0 FOLLOWER]: Leader pre-election vote request: Granting yes vote for candidate 68efe88d65034bc39d4226d612038366 in term 0.
I20260812 08:00:33.718562 16332 raft_consensus.cc:2468] T 88725c007e5d4924828ab45c73c1e8ed P fed1d0e0be884c829c5ea925fa5eff18 [term 0 FOLLOWER]: Leader pre-election vote request: Granting yes vote for candidate 68efe88d65034bc39d4226d612038366 in term 0.
I20260812 08:00:33.718912 16739 tablet_service.cc:1558] Processing DeleteTablet for tablet d241f3edda6645d48121a715a83d63d3 with delete_type TABLET_DATA_DELETED (Table deleted at 2026-08-12 08:00:33 UTC) from {username='slave'} at 127.0.0.1:54910
I20260812 08:00:33.719077 16974 tablet_replica.cc:333] T d241f3edda6645d48121a715a83d63d3 P d188f6282ce54533beda1c000e36ffe4: stopping tablet replica
I20260812 08:00:33.719203 16974 raft_consensus.cc:2243] T d241f3edda6645d48121a715a83d63d3 P d188f6282ce54533beda1c000e36ffe4 [term 0 FOLLOWER]: Raft consensus shutting down.
I20260812 08:00:33.719280 16974 raft_consensus.cc:2272] T d241f3edda6645d48121a715a83d63d3 P d188f6282ce54533beda1c000e36ffe4 [term 0 FOLLOWER]: Raft consensus is shut down!
I20260812 08:00:33.719866 16027 catalog_manager.cc:6006] T 00000000000000000000000000000000 P 3808c21167cb41c9bae6de7e9dc92d0a: Sending DeleteTablet for 3 replicas of tablet 5ec1108150cb478d8867b9770cccf778
I20260812 08:00:33.720108 16974 ts_tablet_manager.cc:1916] T d241f3edda6645d48121a715a83d63d3 P d188f6282ce54533beda1c000e36ffe4: Deleting tablet data with delete state TABLET_DATA_DELETED
I20260812 08:00:33.720247 16457 leader_election.cc:304] T 88725c007e5d4924828ab45c73c1e8ed P 68efe88d65034bc39d4226d612038366 [CANDIDATE]: Term 1 pre-election: Election decided. Result: candidate won. Election summary: received 2 responses out of 3 voters: 2 yes votes; 0 no votes. yes voters: 68efe88d65034bc39d4226d612038366, fed1d0e0be884c829c5ea925fa5eff18; no voters: 
I20260812 08:00:33.720525 17001 raft_consensus.cc:3060] T 5ec1108150cb478d8867b9770cccf778 P 68efe88d65034bc39d4226d612038366 [term 0 FOLLOWER]: Advancing to term 1
I20260812 08:00:33.721455 17001 raft_consensus.cc:2749] T 5ec1108150cb478d8867b9770cccf778 P 68efe88d65034bc39d4226d612038366 [term 1 FOLLOWER]: Leader pre-election lost for term 1. Reason: could not achieve majority
I20260812 08:00:33.721576 17001 raft_consensus.cc:2804] T 88725c007e5d4924828ab45c73c1e8ed P 68efe88d65034bc39d4226d612038366 [term 0 FOLLOWER]: Leader pre-election won for term 1
I20260812 08:00:33.721613 17001 raft_consensus.cc:493] T 88725c007e5d4924828ab45c73c1e8ed P 68efe88d65034bc39d4226d612038366 [term 0 FOLLOWER]: Starting leader election (no leader contacted us within the election timeout)
I20260812 08:00:33.721654 17001 raft_consensus.cc:3060] T 88725c007e5d4924828ab45c73c1e8ed P 68efe88d65034bc39d4226d612038366 [term 0 FOLLOWER]: Advancing to term 1
I20260812 08:00:33.721900 16974 ts_tablet_manager.cc:1929] T d241f3edda6645d48121a715a83d63d3 P d188f6282ce54533beda1c000e36ffe4: tablet deleted with delete type TABLET_DATA_DELETED: last-logged OpId 0.0
I20260812 08:00:33.721962 16974 log.cc:1199] T d241f3edda6645d48121a715a83d63d3 P d188f6282ce54533beda1c000e36ffe4: Deleting WAL directory at /tmp/dist-test-taskZtuRBX/test-tmp/master-stress-test.0.CatalogManagerConfigurations_MasterStressTest.Test_0.1786521631431557-15750-0/minicluster-data/ts-2/wal/wals/d241f3edda6645d48121a715a83d63d3
I20260812 08:00:33.722159 16974 ts_tablet_manager.cc:1950] T d241f3edda6645d48121a715a83d63d3 P d188f6282ce54533beda1c000e36ffe4: Deleting consensus metadata
I20260812 08:00:33.722492 17001 raft_consensus.cc:515] T 88725c007e5d4924828ab45c73c1e8ed P 68efe88d65034bc39d4226d612038366 [term 1 FOLLOWER]: Starting leader election with config: opid_index: -1 OBSOLETE_local: false peers { permanent_uuid: "d188f6282ce54533beda1c000e36ffe4" member_type: VOTER last_known_addr { host: "127.15.97.131" port: 39655 } } peers { permanent_uuid: "68efe88d65034bc39d4226d612038366" member_type: VOTER last_known_addr { host: "127.15.97.130" port: 35061 } } peers { permanent_uuid: "fed1d0e0be884c829c5ea925fa5eff18" member_type: VOTER last_known_addr { host: "127.15.97.129" port: 39149 } }
I20260812 08:00:33.722848 17001 leader_election.cc:290] T 88725c007e5d4924828ab45c73c1e8ed P 68efe88d65034bc39d4226d612038366 [CANDIDATE]: Term 1 election: Requested vote from peers d188f6282ce54533beda1c000e36ffe4 (127.15.97.131:39655), fed1d0e0be884c829c5ea925fa5eff18 (127.15.97.129:39149)
I20260812 08:00:33.723356 16024 master_service.cc:960] ReplaceTablet: received request to replace tablet 3dada5e9408f42e586d2e3f2ceb79c62 from {username='slave'} at 127.0.0.1:56150
I20260812 08:00:33.723627 16969 tablet_bootstrap.cc:492] T acdb4357638348d49ee703c2dfe83b91 P 68efe88d65034bc39d4226d612038366: Bootstrap starting.
I20260812 08:00:33.723749 16287 tablet_service.cc:1511] Processing CreateTablet for tablet 495e2cd59e4944bebda9cd48d6d0e630 (DEFAULT_TABLE table=default.Table_d8ce7d311b4e4ec68e268446e420d0ec [id=32649214e6f449fd89f22c7aca806b7c]), partition=RANGE (key) PARTITION UNBOUNDED
I20260812 08:00:33.724020 16287 data_dirs.cc:400] Could only allocate 1 dirs of requested 3 for tablet 495e2cd59e4944bebda9cd48d6d0e630. 1 dirs total, 0 dirs full, 0 dirs failed
I20260812 08:00:33.724459 16286 tablet_service.cc:1511] Processing CreateTablet for tablet 89ad00ea0b984c7194386d0c31afd82a (DEFAULT_TABLE table=default.Table_e3a7e0b7e544408c8d5b3e9854a73e37 [id=2ea58af4a8f94feb894eab5f956397ec]), partition=RANGE (key) PARTITION UNBOUNDED
I20260812 08:00:33.724566 16515 tablet_service.cc:1511] Processing CreateTablet for tablet aa8cc0efe77441afbd7fe791bed285b8 (DEFAULT_TABLE table=default.Table_2c2f32b496a648a4b2b33df95d9be798 [id=04c7f38aa0e440c18a92e61b34255ecd]), partition=RANGE (key) PARTITION UNBOUNDED
I20260812 08:00:33.724551 16288 tablet_service.cc:1511] Processing CreateTablet for tablet 41bf549c1a8f434584150674d62b6a27 (DEFAULT_TABLE table=default.Table_dcd1eeae690d452c9b4080b4b92bd22e [id=114c782cdace4680bdffcf3b8b2262e8]), partition=RANGE (key) PARTITION UNBOUNDED
I20260812 08:00:33.724699 16286 data_dirs.cc:400] Could only allocate 1 dirs of requested 3 for tablet 89ad00ea0b984c7194386d0c31afd82a. 1 dirs total, 0 dirs full, 0 dirs failed
I20260812 08:00:33.724776 16515 data_dirs.cc:400] Could only allocate 1 dirs of requested 3 for tablet aa8cc0efe77441afbd7fe791bed285b8. 1 dirs total, 0 dirs full, 0 dirs failed
I20260812 08:00:33.724877 16288 data_dirs.cc:400] Could only allocate 1 dirs of requested 3 for tablet 41bf549c1a8f434584150674d62b6a27. 1 dirs total, 0 dirs full, 0 dirs failed
I20260812 08:00:33.724915 16297 tablet_service.cc:1511] Processing CreateTablet for tablet 3bb213b321b34085aff517df420cfe4e (DEFAULT_TABLE table=default.Table_7aa6d4c5dd964776aeb7ade152fd7e79 [id=efe47da9b12e45a185fcd3a5c07b9465]), partition=RANGE (key) PARTITION UNBOUNDED
I20260812 08:00:33.725117 16297 data_dirs.cc:400] Could only allocate 1 dirs of requested 3 for tablet 3bb213b321b34085aff517df420cfe4e. 1 dirs total, 0 dirs full, 0 dirs failed
I20260812 08:00:33.726837 16784 tablet_service.cc:1917] Received RequestConsensusVote() RPC: tablet_id: "88725c007e5d4924828ab45c73c1e8ed" candidate_uuid: "68efe88d65034bc39d4226d612038366" candidate_term: 1 candidate_status { last_received { term: 0 index: 0 } } ignore_live_leader: false dest_uuid: "d188f6282ce54533beda1c000e36ffe4"
I20260812 08:00:33.726960 16784 raft_consensus.cc:3060] T 88725c007e5d4924828ab45c73c1e8ed P d188f6282ce54533beda1c000e36ffe4 [term 0 FOLLOWER]: Advancing to term 1
I20260812 08:00:33.726953 16296 tablet_service.cc:1558] Processing DeleteTablet for tablet 5ec1108150cb478d8867b9770cccf778 with delete_type TABLET_DATA_DELETED (Table deleted at 2026-08-12 08:00:33 UTC) from {username='slave'} at 127.0.0.1:44956
I20260812 08:00:33.727097 17047 raft_consensus.cc:493] T 46167e3789a54bb198928e9c8dcc3b55 P fed1d0e0be884c829c5ea925fa5eff18 [term 0 FOLLOWER]: Starting pre-election (no leader contacted us within the election timeout)
I20260812 08:00:33.727172 17047 raft_consensus.cc:515] T 46167e3789a54bb198928e9c8dcc3b55 P fed1d0e0be884c829c5ea925fa5eff18 [term 0 FOLLOWER]: Starting pre-election with config: opid_index: -1 OBSOLETE_local: false peers { permanent_uuid: "68efe88d65034bc39d4226d612038366" member_type: VOTER last_known_addr { host: "127.15.97.130" port: 35061 } } peers { permanent_uuid: "d188f6282ce54533beda1c000e36ffe4" member_type: VOTER last_known_addr { host: "127.15.97.131" port: 39655 } } peers { permanent_uuid: "fed1d0e0be884c829c5ea925fa5eff18" member_type: VOTER last_known_addr { host: "127.15.97.129" port: 39149 } }
I20260812 08:00:33.727198 16293 tablet_service.cc:1511] Processing CreateTablet for tablet 5158bf7b8eb447188eb9eb543284a708 (DEFAULT_TABLE table=default.Table_3dfca754880f497ebf6ba1f537d704eb [id=08567201d311400794e7b09e84785feb]), partition=RANGE (key) PARTITION UNBOUNDED
I20260812 08:00:33.727397 16967 tablet_bootstrap.cc:492] T 41bf549c1a8f434584150674d62b6a27 P fed1d0e0be884c829c5ea925fa5eff18: Bootstrap starting.
I20260812 08:00:33.727432 16293 data_dirs.cc:400] Could only allocate 1 dirs of requested 3 for tablet 5158bf7b8eb447188eb9eb543284a708. 1 dirs total, 0 dirs full, 0 dirs failed
I20260812 08:00:33.727530 17047 leader_election.cc:290] T 46167e3789a54bb198928e9c8dcc3b55 P fed1d0e0be884c829c5ea925fa5eff18 [CANDIDATE]: Term 1 pre-election: Requested pre-vote from peers 68efe88d65034bc39d4226d612038366 (127.15.97.130:35061), d188f6282ce54533beda1c000e36ffe4 (127.15.97.131:39655)
I20260812 08:00:33.727918 16784 raft_consensus.cc:2468] T 88725c007e5d4924828ab45c73c1e8ed P d188f6282ce54533beda1c000e36ffe4 [term 1 FOLLOWER]: Leader election vote request: Granting yes vote for candidate 68efe88d65034bc39d4226d612038366 in term 1.
I20260812 08:00:33.728240 16739 tablet_service.cc:1511] Processing CreateTablet for tablet 495e2cd59e4944bebda9cd48d6d0e630 (DEFAULT_TABLE table=default.Table_d8ce7d311b4e4ec68e268446e420d0ec [id=32649214e6f449fd89f22c7aca806b7c]), partition=RANGE (key) PARTITION UNBOUNDED
I20260812 08:00:33.728245 16458 leader_election.cc:304] T 88725c007e5d4924828ab45c73c1e8ed P 68efe88d65034bc39d4226d612038366 [CANDIDATE]: Term 1 election: Election decided. Result: candidate won. Election summary: received 2 responses out of 3 voters: 2 yes votes; 0 no votes. yes voters: 68efe88d65034bc39d4226d612038366, d188f6282ce54533beda1c000e36ffe4; no voters: 
I20260812 08:00:33.728469 16992 raft_consensus.cc:2804] T 88725c007e5d4924828ab45c73c1e8ed P 68efe88d65034bc39d4226d612038366 [term 1 FOLLOWER]: Leader election won for term 1
I20260812 08:00:33.728506 16739 data_dirs.cc:400] Could only allocate 1 dirs of requested 3 for tablet 495e2cd59e4944bebda9cd48d6d0e630. 1 dirs total, 0 dirs full, 0 dirs failed
I20260812 08:00:33.728544 16992 raft_consensus.cc:697] T 88725c007e5d4924828ab45c73c1e8ed P 68efe88d65034bc39d4226d612038366 [term 1 LEADER]: Becoming Leader. State: Replica: 68efe88d65034bc39d4226d612038366, State: Running, Role: LEADER
I20260812 08:00:33.728570 16967 tablet_bootstrap.cc:654] T 41bf549c1a8f434584150674d62b6a27 P fed1d0e0be884c829c5ea925fa5eff18: Neither blocks nor log segments found. Creating new log.
I20260812 08:00:33.728668 16992 consensus_queue.cc:237] T 88725c007e5d4924828ab45c73c1e8ed P 68efe88d65034bc39d4226d612038366 [LEADER]: Queue going to LEADER mode. State: All replicated index: 0, Majority replicated index: 0, Committed index: 0, Last appended: 0.0, Last appended by leader: 0, Current term: 1, Majority size: 2, State: 0, Mode: LEADER, active raft config: opid_index: -1 OBSOLETE_local: false peers { permanent_uuid: "d188f6282ce54533beda1c000e36ffe4" member_type: VOTER last_known_addr { host: "127.15.97.131" port: 39655 } } peers { permanent_uuid: "68efe88d65034bc39d4226d612038366" member_type: VOTER last_known_addr { host: "127.15.97.130" port: 35061 } } peers { permanent_uuid: "fed1d0e0be884c829c5ea925fa5eff18" member_type: VOTER last_known_addr { host: "127.15.97.129" port: 39149 } }
I20260812 08:00:33.729285 16971 tablet_replica.cc:333] T 5ec1108150cb478d8867b9770cccf778 P fed1d0e0be884c829c5ea925fa5eff18: stopping tablet replica
I20260812 08:00:33.729434 16971 raft_consensus.cc:2243] T 5ec1108150cb478d8867b9770cccf778 P fed1d0e0be884c829c5ea925fa5eff18 [term 1 FOLLOWER]: Raft consensus shutting down.
I20260812 08:00:33.729542 16971 raft_consensus.cc:2272] T 5ec1108150cb478d8867b9770cccf778 P fed1d0e0be884c829c5ea925fa5eff18 [term 1 FOLLOWER]: Raft consensus is shut down!
I20260812 08:00:33.730204 16332 tablet_service.cc:1917] Received RequestConsensusVote() RPC: tablet_id: "88725c007e5d4924828ab45c73c1e8ed" candidate_uuid: "68efe88d65034bc39d4226d612038366" candidate_term: 1 candidate_status { last_received { term: 0 index: 0 } } ignore_live_leader: false dest_uuid: "fed1d0e0be884c829c5ea925fa5eff18"
I20260812 08:00:33.730324 16332 raft_consensus.cc:3060] T 88725c007e5d4924828ab45c73c1e8ed P fed1d0e0be884c829c5ea925fa5eff18 [term 0 FOLLOWER]: Advancing to term 1
I20260812 08:00:33.730471 16555 tablet_service.cc:1917] Received RequestConsensusVote() RPC: tablet_id: "46167e3789a54bb198928e9c8dcc3b55" candidate_uuid: "fed1d0e0be884c829c5ea925fa5eff18" candidate_term: 1 candidate_status { last_received { term: 0 index: 0 } } ignore_live_leader: false dest_uuid: "68efe88d65034bc39d4226d612038366" is_pre_election: true
I20260812 08:00:33.730576 16555 raft_consensus.cc:2468] T 46167e3789a54bb198928e9c8dcc3b55 P 68efe88d65034bc39d4226d612038366 [term 0 FOLLOWER]: Leader pre-election vote request: Granting yes vote for candidate fed1d0e0be884c829c5ea925fa5eff18 in term 0.
I20260812 08:00:33.731191 16332 raft_consensus.cc:2468] T 88725c007e5d4924828ab45c73c1e8ed P fed1d0e0be884c829c5ea925fa5eff18 [term 1 FOLLOWER]: Leader election vote request: Granting yes vote for candidate 68efe88d65034bc39d4226d612038366 in term 1.
I20260812 08:00:33.731438 16969 tablet_bootstrap.cc:654] T acdb4357638348d49ee703c2dfe83b91 P 68efe88d65034bc39d4226d612038366: Neither blocks nor log segments found. Creating new log.
I20260812 08:00:33.731462 16971 ts_tablet_manager.cc:1916] T 5ec1108150cb478d8867b9770cccf778 P fed1d0e0be884c829c5ea925fa5eff18: Deleting tablet data with delete state TABLET_DATA_DELETED
I20260812 08:00:33.732501 16032 catalog_manager.cc:6006] T 00000000000000000000000000000000 P 3808c21167cb41c9bae6de7e9dc92d0a: Sending DeleteTablet for 3 replicas of tablet 6a4aa27938d843db8fb02feb09a21d21
I20260812 08:00:33.732502 16752 tablet_service.cc:1511] Processing CreateTablet for tablet 41bf549c1a8f434584150674d62b6a27 (DEFAULT_TABLE table=default.Table_dcd1eeae690d452c9b4080b4b92bd22e [id=114c782cdace4680bdffcf3b8b2262e8]), partition=RANGE (key) PARTITION UNBOUNDED
I20260812 08:00:33.732750 16752 data_dirs.cc:400] Could only allocate 1 dirs of requested 3 for tablet 41bf549c1a8f434584150674d62b6a27. 1 dirs total, 0 dirs full, 0 dirs failed
I20260812 08:00:33.732839 16032 catalog_manager.cc:6807] ReplaceTablet: tablet 6a4aa27938d843db8fb02feb09a21d21 deleted and replaced by tablet ff6cc1690dd44ec68e070bba03ba2424
W20260812 08:00:33.732878 16025 catalog_manager.cc:5979] Failed to send alter table request: Not found: failed to reset TS proxy: No leader found: Tablet ff6cc1690dd44ec68e070bba03ba2424 has no consensus state
I20260812 08:00:33.733069 16039 catalog_manager.cc:6006] T 00000000000000000000000000000000 P 3808c21167cb41c9bae6de7e9dc92d0a: Sending DeleteTablet for 3 replicas of tablet 495e2cd59e4944bebda9cd48d6d0e630
I20260812 08:00:33.733139 16028 catalog_manager.cc:6006] T 00000000000000000000000000000000 P 3808c21167cb41c9bae6de7e9dc92d0a: Sending DeleteTablet for 3 replicas of tablet 9d2fb634b6f54387b0336879775df1cb
I20260812 08:00:33.733355 16028 catalog_manager.cc:6807] ReplaceTablet: tablet 9d2fb634b6f54387b0336879775df1cb deleted and replaced by tablet 62f8e5ad2e8f42bbaf86cc9cf002206e
I20260812 08:00:33.733531 16971 ts_tablet_manager.cc:1929] T 5ec1108150cb478d8867b9770cccf778 P fed1d0e0be884c829c5ea925fa5eff18: tablet deleted with delete type TABLET_DATA_DELETED: last-logged OpId 0.0
I20260812 08:00:33.733603 16971 log.cc:1199] T 5ec1108150cb478d8867b9770cccf778 P fed1d0e0be884c829c5ea925fa5eff18: Deleting WAL directory at /tmp/dist-test-taskZtuRBX/test-tmp/master-stress-test.0.CatalogManagerConfigurations_MasterStressTest.Test_0.1786521631431557-15750-0/minicluster-data/ts-0/wal/wals/5ec1108150cb478d8867b9770cccf778
I20260812 08:00:33.733798 16971 ts_tablet_manager.cc:1950] T 5ec1108150cb478d8867b9770cccf778 P fed1d0e0be884c829c5ea925fa5eff18: Deleting consensus metadata
I20260812 08:00:33.734542 16226 leader_election.cc:304] T 46167e3789a54bb198928e9c8dcc3b55 P fed1d0e0be884c829c5ea925fa5eff18 [CANDIDATE]: Term 1 pre-election: Election decided. Result: candidate won. Election summary: received 2 responses out of 3 voters: 2 yes votes; 0 no votes. yes voters: 68efe88d65034bc39d4226d612038366, fed1d0e0be884c829c5ea925fa5eff18; no voters: 
I20260812 08:00:33.734694 16013 catalog_manager.cc:5050] TS fed1d0e0be884c829c5ea925fa5eff18 (127.15.97.129:39149): tablet 5ec1108150cb478d8867b9770cccf778 (table default.Table_c7db1ccd54f248b0a0656993075e6c58 [id=83f291acc4f8413e8139f78e92474db0]) successfully deleted
I20260812 08:00:33.734704 16029 catalog_manager.cc:6006] T 00000000000000000000000000000000 P 3808c21167cb41c9bae6de7e9dc92d0a: Sending DeleteTablet for 3 replicas of tablet 46167e3789a54bb198928e9c8dcc3b55
I20260812 08:00:33.734951 16296 tablet_service.cc:1558] Processing DeleteTablet for tablet 495e2cd59e4944bebda9cd48d6d0e630 with delete_type TABLET_DATA_DELETED (Table deleted at 2026-08-12 08:00:33 UTC) from {username='slave'} at 127.0.0.1:44956
I20260812 08:00:33.735086 17047 raft_consensus.cc:2804] T 46167e3789a54bb198928e9c8dcc3b55 P fed1d0e0be884c829c5ea925fa5eff18 [term 0 FOLLOWER]: Leader pre-election won for term 1
I20260812 08:00:33.735134 16029 catalog_manager.cc:6807] ReplaceTablet: tablet 46167e3789a54bb198928e9c8dcc3b55 deleted and replaced by tablet a7191ab451cd48aaa2874da9a05ebafe
I20260812 08:00:33.735143 17047 raft_consensus.cc:493] T 46167e3789a54bb198928e9c8dcc3b55 P fed1d0e0be884c829c5ea925fa5eff18 [term 0 FOLLOWER]: Starting leader election (no leader contacted us within the election timeout)
I20260812 08:00:33.735183 17047 raft_consensus.cc:3060] T 46167e3789a54bb198928e9c8dcc3b55 P fed1d0e0be884c829c5ea925fa5eff18 [term 0 FOLLOWER]: Advancing to term 1
I20260812 08:00:33.736049 17047 raft_consensus.cc:515] T 46167e3789a54bb198928e9c8dcc3b55 P fed1d0e0be884c829c5ea925fa5eff18 [term 1 FOLLOWER]: Starting leader election with config: opid_index: -1 OBSOLETE_local: false peers { permanent_uuid: "68efe88d65034bc39d4226d612038366" member_type: VOTER last_known_addr { host: "127.15.97.130" port: 35061 } } peers { permanent_uuid: "d188f6282ce54533beda1c000e36ffe4" member_type: VOTER last_known_addr { host: "127.15.97.131" port: 39655 } } peers { permanent_uuid: "fed1d0e0be884c829c5ea925fa5eff18" member_type: VOTER last_known_addr { host: "127.15.97.129" port: 39149 } }
I20260812 08:00:33.736480 17047 leader_election.cc:290] T 46167e3789a54bb198928e9c8dcc3b55 P fed1d0e0be884c829c5ea925fa5eff18 [CANDIDATE]: Term 1 election: Requested vote from peers 68efe88d65034bc39d4226d612038366 (127.15.97.130:35061), d188f6282ce54533beda1c000e36ffe4 (127.15.97.131:39655)
I20260812 08:00:33.736794 16293 tablet_service.cc:1558] Processing DeleteTablet for tablet 9d2fb634b6f54387b0336879775df1cb with delete_type TABLET_DATA_DELETED (replaced by tablet 62f8e5ad2e8f42bbaf86cc9cf002206e) from {username='slave'} at 127.0.0.1:44956
I20260812 08:00:33.736994 16287 tablet_service.cc:1558] Processing DeleteTablet for tablet 6a4aa27938d843db8fb02feb09a21d21 with delete_type TABLET_DATA_DELETED (replaced by tablet ff6cc1690dd44ec68e070bba03ba2424) from {username='slave'} at 127.0.0.1:44956
I20260812 08:00:33.737074 16516 tablet_service.cc:1511] Processing CreateTablet for tablet 3bb213b321b34085aff517df420cfe4e (DEFAULT_TABLE table=default.Table_7aa6d4c5dd964776aeb7ade152fd7e79 [id=efe47da9b12e45a185fcd3a5c07b9465]), partition=RANGE (key) PARTITION UNBOUNDED
I20260812 08:00:33.737268 16515 tablet_service.cc:1511] Processing CreateTablet for tablet 495e2cd59e4944bebda9cd48d6d0e630 (DEFAULT_TABLE table=default.Table_d8ce7d311b4e4ec68e268446e420d0ec [id=32649214e6f449fd89f22c7aca806b7c]), partition=RANGE (key) PARTITION UNBOUNDED
I20260812 08:00:33.737541 16519 tablet_service.cc:1511] Processing CreateTablet for tablet 89ad00ea0b984c7194386d0c31afd82a (DEFAULT_TABLE table=default.Table_e3a7e0b7e544408c8d5b3e9854a73e37 [id=2ea58af4a8f94feb894eab5f956397ec]), partition=RANGE (key) PARTITION UNBOUNDED
I20260812 08:00:33.737656 16287 tablet_service.cc:1558] Processing DeleteTablet for tablet 46167e3789a54bb198928e9c8dcc3b55 with delete_type TABLET_DATA_DELETED (replaced by tablet a7191ab451cd48aaa2874da9a05ebafe) from {username='slave'} at 127.0.0.1:44956
I20260812 08:00:33.737644 16784 tablet_service.cc:1917] Received RequestConsensusVote() RPC: tablet_id: "46167e3789a54bb198928e9c8dcc3b55" candidate_uuid: "fed1d0e0be884c829c5ea925fa5eff18" candidate_term: 1 candidate_status { last_received { term: 0 index: 0 } } ignore_live_leader: false dest_uuid: "d188f6282ce54533beda1c000e36ffe4" is_pre_election: true
I20260812 08:00:33.737696 16015 catalog_manager.cc:5050] TS d188f6282ce54533beda1c000e36ffe4 (127.15.97.131:39655): tablet d241f3edda6645d48121a715a83d63d3 (table default.Table_de4b2b4d3fc34d4dad9f03f5c1566bdc [id=145d0e35d8244395afbb4a52382e6b7f]) successfully deleted
I20260812 08:00:33.737779 16784 raft_consensus.cc:2468] T 46167e3789a54bb198928e9c8dcc3b55 P d188f6282ce54533beda1c000e36ffe4 [term 0 FOLLOWER]: Leader pre-election vote request: Granting yes vote for candidate fed1d0e0be884c829c5ea925fa5eff18 in term 0.
I20260812 08:00:33.737928 16517 tablet_service.cc:1511] Processing CreateTablet for tablet 41bf549c1a8f434584150674d62b6a27 (DEFAULT_TABLE table=default.Table_dcd1eeae690d452c9b4080b4b92bd22e [id=114c782cdace4680bdffcf3b8b2262e8]), partition=RANGE (key) PARTITION UNBOUNDED
I20260812 08:00:33.738001 16971 tablet_replica.cc:333] T 9d2fb634b6f54387b0336879775df1cb P fed1d0e0be884c829c5ea925fa5eff18: stopping tablet replica
I20260812 08:00:33.738003 16015 catalog_manager.cc:5050] TS 68efe88d65034bc39d4226d612038366 (127.15.97.130:35061): tablet d241f3edda6645d48121a715a83d63d3 (table default.Table_de4b2b4d3fc34d4dad9f03f5c1566bdc [id=145d0e35d8244395afbb4a52382e6b7f]) successfully deleted
I20260812 08:00:33.737330 16516 data_dirs.cc:400] Could only allocate 1 dirs of requested 3 for tablet 3bb213b321b34085aff517df420cfe4e. 1 dirs total, 0 dirs full, 0 dirs failed
I20260812 08:00:33.738121 16971 raft_consensus.cc:2243] T 9d2fb634b6f54387b0336879775df1cb P fed1d0e0be884c829c5ea925fa5eff18 [term 0 FOLLOWER]: Raft consensus shutting down.
I20260812 08:00:33.738183 16031 catalog_manager.cc:5811] TS d188f6282ce54533beda1c000e36ffe4 (127.15.97.131:39655) does not have the latest schema for tablet 466e6248b468404193ce98a0adec4871 (table default.Table_17aff43fa76a495e81a2cda6bf200fde [id=d496e78509ba4211b706cbd9bbda7e08]). Expected version 1 got 0
I20260812 08:00:33.738219 16971 raft_consensus.cc:2272] T 9d2fb634b6f54387b0336879775df1cb P fed1d0e0be884c829c5ea925fa5eff18 [term 0 FOLLOWER]: Raft consensus is shut down!
I20260812 08:00:33.738552 16515 data_dirs.cc:400] Could only allocate 1 dirs of requested 3 for tablet 495e2cd59e4944bebda9cd48d6d0e630. 1 dirs total, 0 dirs full, 0 dirs failed
I20260812 08:00:33.740100 16519 data_dirs.cc:400] Could only allocate 1 dirs of requested 3 for tablet 89ad00ea0b984c7194386d0c31afd82a. 1 dirs total, 0 dirs full, 0 dirs failed
I20260812 08:00:33.740217 16027 catalog_manager.cc:5811] TS fed1d0e0be884c829c5ea925fa5eff18 (127.15.97.129:39149) does not have the latest schema for tablet 466e6248b468404193ce98a0adec4871 (table default.Table_17aff43fa76a495e81a2cda6bf200fde [id=d496e78509ba4211b706cbd9bbda7e08]). Expected version 1 got 0
I20260812 08:00:33.740584 16037 catalog_manager.cc:6006] T 00000000000000000000000000000000 P 3808c21167cb41c9bae6de7e9dc92d0a: Sending DeleteTablet for 3 replicas of tablet 88725c007e5d4924828ab45c73c1e8ed
I20260812 08:00:33.741364 16035 catalog_manager.cc:6006] T 00000000000000000000000000000000 P 3808c21167cb41c9bae6de7e9dc92d0a: Sending DeleteTablet for 3 replicas of tablet dd40c58ccb8241a4bc0ba338a1549450
I20260812 08:00:33.742033 16517 data_dirs.cc:400] Could only allocate 1 dirs of requested 3 for tablet 41bf549c1a8f434584150674d62b6a27. 1 dirs total, 0 dirs full, 0 dirs failed
I20260812 08:00:33.742192 16555 tablet_service.cc:1917] Received RequestConsensusVote() RPC: tablet_id: "46167e3789a54bb198928e9c8dcc3b55" candidate_uuid: "fed1d0e0be884c829c5ea925fa5eff18" candidate_term: 1 candidate_status { last_received { term: 0 index: 0 } } ignore_live_leader: false dest_uuid: "68efe88d65034bc39d4226d612038366"
I20260812 08:00:33.742314 16555 raft_consensus.cc:3060] T 46167e3789a54bb198928e9c8dcc3b55 P 68efe88d65034bc39d4226d612038366 [term 0 FOLLOWER]: Advancing to term 1
I20260812 08:00:33.742801 16024 catalog_manager.cc:6006] T 00000000000000000000000000000000 P 3808c21167cb41c9bae6de7e9dc92d0a: Sending DeleteTablet for 3 replicas of tablet 3dada5e9408f42e586d2e3f2ceb79c62
I20260812 08:00:33.743053 16024 catalog_manager.cc:6807] ReplaceTablet: tablet 3dada5e9408f42e586d2e3f2ceb79c62 deleted and replaced by tablet 5f0e23aa83024043bbeb0e7d7825b9f8
I20260812 08:00:33.743180 16555 raft_consensus.cc:2468] T 46167e3789a54bb198928e9c8dcc3b55 P 68efe88d65034bc39d4226d612038366 [term 1 FOLLOWER]: Leader election vote request: Granting yes vote for candidate fed1d0e0be884c829c5ea925fa5eff18 in term 1.
I20260812 08:00:33.743525 16226 leader_election.cc:304] T 46167e3789a54bb198928e9c8dcc3b55 P fed1d0e0be884c829c5ea925fa5eff18 [CANDIDATE]: Term 1 election: Election decided. Result: candidate won. Election summary: received 2 responses out of 3 voters: 2 yes votes; 0 no votes. yes voters: 68efe88d65034bc39d4226d612038366, fed1d0e0be884c829c5ea925fa5eff18; no voters: 
I20260812 08:00:33.743712 17047 raft_consensus.cc:2804] T 46167e3789a54bb198928e9c8dcc3b55 P fed1d0e0be884c829c5ea925fa5eff18 [term 1 FOLLOWER]: Leader election won for term 1
I20260812 08:00:33.743799 17047 raft_consensus.cc:697] T 46167e3789a54bb198928e9c8dcc3b55 P fed1d0e0be884c829c5ea925fa5eff18 [term 1 LEADER]: Becoming Leader. State: Replica: fed1d0e0be884c829c5ea925fa5eff18, State: Running, Role: LEADER
I20260812 08:00:33.743935 17047 consensus_queue.cc:237] T 46167e3789a54bb198928e9c8dcc3b55 P fed1d0e0be884c829c5ea925fa5eff18 [LEADER]: Queue going to LEADER mode. State: All replicated index: 0, Majority replicated index: 0, Committed index: 0, Last appended: 0.0, Last appended by leader: 0, Current term: 1, Majority size: 2, State: 0, Mode: LEADER, active raft config: opid_index: -1 OBSOLETE_local: false peers { permanent_uuid: "68efe88d65034bc39d4226d612038366" member_type: VOTER last_known_addr { host: "127.15.97.130" port: 35061 } } peers { permanent_uuid: "d188f6282ce54533beda1c000e36ffe4" member_type: VOTER last_known_addr { host: "127.15.97.131" port: 39655 } } peers { permanent_uuid: "fed1d0e0be884c829c5ea925fa5eff18" member_type: VOTER last_known_addr { host: "127.15.97.129" port: 39149 } }
I20260812 08:00:33.744449 16739 tablet_service.cc:1511] Processing CreateTablet for tablet 3bb213b321b34085aff517df420cfe4e (DEFAULT_TABLE table=default.Table_7aa6d4c5dd964776aeb7ade152fd7e79 [id=efe47da9b12e45a185fcd3a5c07b9465]), partition=RANGE (key) PARTITION UNBOUNDED
I20260812 08:00:33.744848 16740 tablet_service.cc:1511] Processing CreateTablet for tablet 5158bf7b8eb447188eb9eb543284a708 (DEFAULT_TABLE table=default.Table_3dfca754880f497ebf6ba1f537d704eb [id=08567201d311400794e7b09e84785feb]), partition=RANGE (key) PARTITION UNBOUNDED
I20260812 08:00:33.745106 16740 data_dirs.cc:400] Could only allocate 1 dirs of requested 3 for tablet 5158bf7b8eb447188eb9eb543284a708. 1 dirs total, 0 dirs full, 0 dirs failed
I20260812 08:00:33.745481 16739 data_dirs.cc:400] Could only allocate 1 dirs of requested 3 for tablet 3bb213b321b34085aff517df420cfe4e. 1 dirs total, 0 dirs full, 0 dirs failed
I20260812 08:00:33.745880 16784 tablet_service.cc:1917] Received RequestConsensusVote() RPC: tablet_id: "46167e3789a54bb198928e9c8dcc3b55" candidate_uuid: "fed1d0e0be884c829c5ea925fa5eff18" candidate_term: 1 candidate_status { last_received { term: 0 index: 0 } } ignore_live_leader: false dest_uuid: "d188f6282ce54533beda1c000e36ffe4"
I20260812 08:00:33.745980 16784 raft_consensus.cc:3060] T 46167e3789a54bb198928e9c8dcc3b55 P d188f6282ce54533beda1c000e36ffe4 [term 0 FOLLOWER]: Advancing to term 1
I20260812 08:00:33.746841 16784 raft_consensus.cc:2468] T 46167e3789a54bb198928e9c8dcc3b55 P d188f6282ce54533beda1c000e36ffe4 [term 1 FOLLOWER]: Leader election vote request: Granting yes vote for candidate fed1d0e0be884c829c5ea925fa5eff18 in term 1.
I20260812 08:00:33.747133 16745 tablet_service.cc:1558] Processing DeleteTablet for tablet 5ec1108150cb478d8867b9770cccf778 with delete_type TABLET_DATA_DELETED (Table deleted at 2026-08-12 08:00:33 UTC) from {username='slave'} at 127.0.0.1:54910
I20260812 08:00:33.747224 17047 raft_consensus.cc:493] T d241f3edda6645d48121a715a83d63d3 P fed1d0e0be884c829c5ea925fa5eff18 [term 0 FOLLOWER]: Starting pre-election (no leader contacted us within the election timeout)
I20260812 08:00:33.747273 16742 tablet_service.cc:1558] Processing DeleteTablet for tablet 6a4aa27938d843db8fb02feb09a21d21 with delete_type TABLET_DATA_DELETED (replaced by tablet ff6cc1690dd44ec68e070bba03ba2424) from {username='slave'} at 127.0.0.1:54910
I20260812 08:00:33.747309 17047 raft_consensus.cc:515] T d241f3edda6645d48121a715a83d63d3 P fed1d0e0be884c829c5ea925fa5eff18 [term 0 FOLLOWER]: Starting pre-election with config: opid_index: -1 OBSOLETE_local: false peers { permanent_uuid: "d188f6282ce54533beda1c000e36ffe4" member_type: VOTER last_known_addr { host: "127.15.97.131" port: 39655 } } peers { permanent_uuid: "68efe88d65034bc39d4226d612038366" member_type: VOTER last_known_addr { host: "127.15.97.130" port: 35061 } } peers { permanent_uuid: "fed1d0e0be884c829c5ea925fa5eff18" member_type: VOTER last_known_addr { host: "127.15.97.129" port: 39149 } }
I20260812 08:00:33.747383 16738 tablet_service.cc:1558] Processing DeleteTablet for tablet 495e2cd59e4944bebda9cd48d6d0e630 with delete_type TABLET_DATA_DELETED (Table deleted at 2026-08-12 08:00:33 UTC) from {username='slave'} at 127.0.0.1:54910
I20260812 08:00:33.747484 16749 tablet_service.cc:1558] Processing DeleteTablet for tablet 9d2fb634b6f54387b0336879775df1cb with delete_type TABLET_DATA_DELETED (replaced by tablet 62f8e5ad2e8f42bbaf86cc9cf002206e) from {username='slave'} at 127.0.0.1:54910
