I20260812 08:00:01.234113 12233 raft_consensus.cc:697] T 1b45092f36ab4d239d0e427d256a8eb6 P 982c701c409444c4a3d22031eba9a07e [term 1 LEADER]: Becoming Leader. State: Replica: 982c701c409444c4a3d22031eba9a07e, State: Running, Role: LEADER
I20260812 08:00:01.234230 12227 ts_tablet_manager.cc:1434] T 1b45092f36ab4d239d0e427d256a8eb6 P 982c701c409444c4a3d22031eba9a07e: Time spent starting tablet: real 0.002s	user 0.000s	sys 0.002s
I20260812 08:00:01.234257 12233 consensus_queue.cc:237] T 1b45092f36ab4d239d0e427d256a8eb6 P 982c701c409444c4a3d22031eba9a07e [LEADER]: Queue going to LEADER mode. State: All replicated index: 0, Majority replicated index: 0, Committed index: 0, Last appended: 0.0, Last appended by leader: 0, Current term: 1, Majority size: 1, State: 0, Mode: LEADER, active raft config: opid_index: -1 OBSOLETE_local: true peers { permanent_uuid: "982c701c409444c4a3d22031eba9a07e" member_type: VOTER last_known_addr { host: "127.6.130.193" port: 42295 } }
I20260812 08:00:01.234401 12227 tablet_bootstrap.cc:492] T 8485a3702d5c4a588e31879a01d37b9c P 982c701c409444c4a3d22031eba9a07e: Bootstrap starting.
I20260812 08:00:01.235492 12227 tablet_bootstrap.cc:654] T 8485a3702d5c4a588e31879a01d37b9c P 982c701c409444c4a3d22031eba9a07e: Neither blocks nor log segments found. Creating new log.
I20260812 08:00:01.235625 11838 catalog_manager.cc:5719] T 1b45092f36ab4d239d0e427d256a8eb6 P 982c701c409444c4a3d22031eba9a07e reported cstate change: term changed from 0 to 1, leader changed from <none> to 982c701c409444c4a3d22031eba9a07e (127.6.130.193). New cstate: current_term: 1 leader_uuid: "982c701c409444c4a3d22031eba9a07e" committed_config { opid_index: -1 OBSOLETE_local: true peers { permanent_uuid: "982c701c409444c4a3d22031eba9a07e" member_type: VOTER last_known_addr { host: "127.6.130.193" port: 42295 } health_report { overall_health: HEALTHY } } }
I20260812 08:00:01.236582 12227 tablet_bootstrap.cc:492] T 8485a3702d5c4a588e31879a01d37b9c P 982c701c409444c4a3d22031eba9a07e: No bootstrap required, opened a new log
I20260812 08:00:01.236660 12227 ts_tablet_manager.cc:1403] T 8485a3702d5c4a588e31879a01d37b9c P 982c701c409444c4a3d22031eba9a07e: Time spent bootstrapping tablet: real 0.002s	user 0.001s	sys 0.000s
I20260812 08:00:01.237064 12227 raft_consensus.cc:359] T 8485a3702d5c4a588e31879a01d37b9c P 982c701c409444c4a3d22031eba9a07e [term 0 FOLLOWER]: Replica starting. Triggering 0 pending ops. Active config: opid_index: -1 OBSOLETE_local: true peers { permanent_uuid: "982c701c409444c4a3d22031eba9a07e" member_type: VOTER last_known_addr { host: "127.6.130.193" port: 42295 } }
I20260812 08:00:01.237138 12227 raft_consensus.cc:385] T 8485a3702d5c4a588e31879a01d37b9c P 982c701c409444c4a3d22031eba9a07e [term 0 FOLLOWER]: Consensus starting up: Expiring failure detector timer to make a prompt election more likely
I20260812 08:00:01.237159 12227 raft_consensus.cc:740] T 8485a3702d5c4a588e31879a01d37b9c P 982c701c409444c4a3d22031eba9a07e [term 0 FOLLOWER]: Becoming Follower/Learner. State: Replica: 982c701c409444c4a3d22031eba9a07e, State: Initialized, Role: FOLLOWER
I20260812 08:00:01.237286 12227 consensus_queue.cc:260] T 8485a3702d5c4a588e31879a01d37b9c P 982c701c409444c4a3d22031eba9a07e [NON_LEADER]: Queue going to NON_LEADER mode. State: All replicated index: 0, Majority replicated index: 0, Committed index: 0, Last appended: 0.0, Last appended by leader: 0, Current term: 0, Majority size: -1, State: 0, Mode: NON_LEADER, active raft config: opid_index: -1 OBSOLETE_local: true peers { permanent_uuid: "982c701c409444c4a3d22031eba9a07e" member_type: VOTER last_known_addr { host: "127.6.130.193" port: 42295 } }
I20260812 08:00:01.237397 12227 raft_consensus.cc:399] T 8485a3702d5c4a588e31879a01d37b9c P 982c701c409444c4a3d22031eba9a07e [term 0 FOLLOWER]: Only one voter in the Raft config. Triggering election immediately
I20260812 08:00:01.237439 12227 raft_consensus.cc:493] T 8485a3702d5c4a588e31879a01d37b9c P 982c701c409444c4a3d22031eba9a07e [term 0 FOLLOWER]: Starting leader election (initial election of a single-replica configuration)
I20260812 08:00:01.237484 12227 raft_consensus.cc:3060] T 8485a3702d5c4a588e31879a01d37b9c P 982c701c409444c4a3d22031eba9a07e [term 0 FOLLOWER]: Advancing to term 1
I20260812 08:00:01.238346 12227 raft_consensus.cc:515] T 8485a3702d5c4a588e31879a01d37b9c P 982c701c409444c4a3d22031eba9a07e [term 1 FOLLOWER]: Starting leader election with config: opid_index: -1 OBSOLETE_local: true peers { permanent_uuid: "982c701c409444c4a3d22031eba9a07e" member_type: VOTER last_known_addr { host: "127.6.130.193" port: 42295 } }
I20260812 08:00:01.238453 12227 leader_election.cc:304] T 8485a3702d5c4a588e31879a01d37b9c P 982c701c409444c4a3d22031eba9a07e [CANDIDATE]: Term 1 election: Election decided. Result: candidate won. Election summary: received 1 responses out of 1 voters: 1 yes votes; 0 no votes. yes voters: 982c701c409444c4a3d22031eba9a07e; no voters: 
I20260812 08:00:01.238540 12227 leader_election.cc:290] T 8485a3702d5c4a588e31879a01d37b9c P 982c701c409444c4a3d22031eba9a07e [CANDIDATE]: Term 1 election: Requested vote from peers 
I20260812 08:00:01.238582 12233 raft_consensus.cc:2804] T 8485a3702d5c4a588e31879a01d37b9c P 982c701c409444c4a3d22031eba9a07e [term 1 FOLLOWER]: Leader election won for term 1
I20260812 08:00:01.238685 12233 raft_consensus.cc:697] T 8485a3702d5c4a588e31879a01d37b9c P 982c701c409444c4a3d22031eba9a07e [term 1 LEADER]: Becoming Leader. State: Replica: 982c701c409444c4a3d22031eba9a07e, State: Running, Role: LEADER
I20260812 08:00:01.238767 12227 ts_tablet_manager.cc:1434] T 8485a3702d5c4a588e31879a01d37b9c P 982c701c409444c4a3d22031eba9a07e: Time spent starting tablet: real 0.002s	user 0.002s	sys 0.000s
I20260812 08:00:01.238787 12233 consensus_queue.cc:237] T 8485a3702d5c4a588e31879a01d37b9c P 982c701c409444c4a3d22031eba9a07e [LEADER]: Queue going to LEADER mode. State: All replicated index: 0, Majority replicated index: 0, Committed index: 0, Last appended: 0.0, Last appended by leader: 0, Current term: 1, Majority size: 1, State: 0, Mode: LEADER, active raft config: opid_index: -1 OBSOLETE_local: true peers { permanent_uuid: "982c701c409444c4a3d22031eba9a07e" member_type: VOTER last_known_addr { host: "127.6.130.193" port: 42295 } }
I20260812 08:00:01.238909 12227 tablet_bootstrap.cc:492] T f01d1ba6350a4c1e942302a8b929c4e6 P 982c701c409444c4a3d22031eba9a07e: Bootstrap starting.
I20260812 08:00:01.239810 12227 tablet_bootstrap.cc:654] T f01d1ba6350a4c1e942302a8b929c4e6 P 982c701c409444c4a3d22031eba9a07e: Neither blocks nor log segments found. Creating new log.
I20260812 08:00:01.240029 11838 catalog_manager.cc:5719] T 8485a3702d5c4a588e31879a01d37b9c P 982c701c409444c4a3d22031eba9a07e reported cstate change: term changed from 0 to 1, leader changed from <none> to 982c701c409444c4a3d22031eba9a07e (127.6.130.193). New cstate: current_term: 1 leader_uuid: "982c701c409444c4a3d22031eba9a07e" committed_config { opid_index: -1 OBSOLETE_local: true peers { permanent_uuid: "982c701c409444c4a3d22031eba9a07e" member_type: VOTER last_known_addr { host: "127.6.130.193" port: 42295 } health_report { overall_health: HEALTHY } } }
I20260812 08:00:01.240860 12227 tablet_bootstrap.cc:492] T f01d1ba6350a4c1e942302a8b929c4e6 P 982c701c409444c4a3d22031eba9a07e: No bootstrap required, opened a new log
I20260812 08:00:01.240929 12227 ts_tablet_manager.cc:1403] T f01d1ba6350a4c1e942302a8b929c4e6 P 982c701c409444c4a3d22031eba9a07e: Time spent bootstrapping tablet: real 0.002s	user 0.001s	sys 0.000s
I20260812 08:00:01.241361 12227 raft_consensus.cc:359] T f01d1ba6350a4c1e942302a8b929c4e6 P 982c701c409444c4a3d22031eba9a07e [term 0 FOLLOWER]: Replica starting. Triggering 0 pending ops. Active config: opid_index: -1 OBSOLETE_local: true peers { permanent_uuid: "982c701c409444c4a3d22031eba9a07e" member_type: VOTER last_known_addr { host: "127.6.130.193" port: 42295 } }
I20260812 08:00:01.241449 12227 raft_consensus.cc:385] T f01d1ba6350a4c1e942302a8b929c4e6 P 982c701c409444c4a3d22031eba9a07e [term 0 FOLLOWER]: Consensus starting up: Expiring failure detector timer to make a prompt election more likely
I20260812 08:00:01.241485 12227 raft_consensus.cc:740] T f01d1ba6350a4c1e942302a8b929c4e6 P 982c701c409444c4a3d22031eba9a07e [term 0 FOLLOWER]: Becoming Follower/Learner. State: Replica: 982c701c409444c4a3d22031eba9a07e, State: Initialized, Role: FOLLOWER
I20260812 08:00:01.241612 12227 consensus_queue.cc:260] T f01d1ba6350a4c1e942302a8b929c4e6 P 982c701c409444c4a3d22031eba9a07e [NON_LEADER]: Queue going to NON_LEADER mode. State: All replicated index: 0, Majority replicated index: 0, Committed index: 0, Last appended: 0.0, Last appended by leader: 0, Current term: 0, Majority size: -1, State: 0, Mode: NON_LEADER, active raft config: opid_index: -1 OBSOLETE_local: true peers { permanent_uuid: "982c701c409444c4a3d22031eba9a07e" member_type: VOTER last_known_addr { host: "127.6.130.193" port: 42295 } }
I20260812 08:00:01.241703 12227 raft_consensus.cc:399] T f01d1ba6350a4c1e942302a8b929c4e6 P 982c701c409444c4a3d22031eba9a07e [term 0 FOLLOWER]: Only one voter in the Raft config. Triggering election immediately
I20260812 08:00:01.241751 12227 raft_consensus.cc:493] T f01d1ba6350a4c1e942302a8b929c4e6 P 982c701c409444c4a3d22031eba9a07e [term 0 FOLLOWER]: Starting leader election (initial election of a single-replica configuration)
I20260812 08:00:01.241796 12227 raft_consensus.cc:3060] T f01d1ba6350a4c1e942302a8b929c4e6 P 982c701c409444c4a3d22031eba9a07e [term 0 FOLLOWER]: Advancing to term 1
I20260812 08:00:01.242539 12227 raft_consensus.cc:515] T f01d1ba6350a4c1e942302a8b929c4e6 P 982c701c409444c4a3d22031eba9a07e [term 1 FOLLOWER]: Starting leader election with config: opid_index: -1 OBSOLETE_local: true peers { permanent_uuid: "982c701c409444c4a3d22031eba9a07e" member_type: VOTER last_known_addr { host: "127.6.130.193" port: 42295 } }
I20260812 08:00:01.242660 12227 leader_election.cc:304] T f01d1ba6350a4c1e942302a8b929c4e6 P 982c701c409444c4a3d22031eba9a07e [CANDIDATE]: Term 1 election: Election decided. Result: candidate won. Election summary: received 1 responses out of 1 voters: 1 yes votes; 0 no votes. yes voters: 982c701c409444c4a3d22031eba9a07e; no voters: 
I20260812 08:00:01.242749 12227 leader_election.cc:290] T f01d1ba6350a4c1e942302a8b929c4e6 P 982c701c409444c4a3d22031eba9a07e [CANDIDATE]: Term 1 election: Requested vote from peers 
I20260812 08:00:01.242801 12233 raft_consensus.cc:2804] T f01d1ba6350a4c1e942302a8b929c4e6 P 982c701c409444c4a3d22031eba9a07e [term 1 FOLLOWER]: Leader election won for term 1
I20260812 08:00:01.242889 12233 raft_consensus.cc:697] T f01d1ba6350a4c1e942302a8b929c4e6 P 982c701c409444c4a3d22031eba9a07e [term 1 LEADER]: Becoming Leader. State: Replica: 982c701c409444c4a3d22031eba9a07e, State: Running, Role: LEADER
I20260812 08:00:01.242972 12227 ts_tablet_manager.cc:1434] T f01d1ba6350a4c1e942302a8b929c4e6 P 982c701c409444c4a3d22031eba9a07e: Time spent starting tablet: real 0.002s	user 0.002s	sys 0.000s
I20260812 08:00:01.243006 12233 consensus_queue.cc:237] T f01d1ba6350a4c1e942302a8b929c4e6 P 982c701c409444c4a3d22031eba9a07e [LEADER]: Queue going to LEADER mode. State: All replicated index: 0, Majority replicated index: 0, Committed index: 0, Last appended: 0.0, Last appended by leader: 0, Current term: 1, Majority size: 1, State: 0, Mode: LEADER, active raft config: opid_index: -1 OBSOLETE_local: true peers { permanent_uuid: "982c701c409444c4a3d22031eba9a07e" member_type: VOTER last_known_addr { host: "127.6.130.193" port: 42295 } }
I20260812 08:00:01.244417 11838 catalog_manager.cc:5719] T f01d1ba6350a4c1e942302a8b929c4e6 P 982c701c409444c4a3d22031eba9a07e reported cstate change: term changed from 0 to 1, leader changed from <none> to 982c701c409444c4a3d22031eba9a07e (127.6.130.193). New cstate: current_term: 1 leader_uuid: "982c701c409444c4a3d22031eba9a07e" committed_config { opid_index: -1 OBSOLETE_local: true peers { permanent_uuid: "982c701c409444c4a3d22031eba9a07e" member_type: VOTER last_known_addr { host: "127.6.130.193" port: 42295 } health_report { overall_health: HEALTHY } } }
Using auto-created table 'default.loadgen_auto_9421da07bb4b49a19ac4963bc3822072'
I20260812 08:00:01.261934 11838 catalog_manager.cc:2283] Servicing CreateTable request from {username='slave'} at 127.0.0.1:53972:
name: "kudu_system.kudu_transactions"
schema {
  columns {
    name: "txn_id"
    type: INT64
    is_key: true
    is_nullable: false
    encoding: AUTO_ENCODING
    compression: DEFAULT_COMPRESSION
    cfile_block_size: 0
    immutable: false
  }
  columns {
    name: "entry_type"
    type: INT8
    is_key: true
    is_nullable: false
    encoding: AUTO_ENCODING
    compression: DEFAULT_COMPRESSION
    cfile_block_size: 0
    immutable: false
  }
  columns {
    name: "identifier"
    type: STRING
    is_key: true
    is_nullable: false
    encoding: AUTO_ENCODING
    compression: DEFAULT_COMPRESSION
    cfile_block_size: 0
    immutable: false
  }
  columns {
    name: "metadata"
    type: STRING
    is_key: false
    is_nullable: false
    encoding: AUTO_ENCODING
    compression: DEFAULT_COMPRESSION
    cfile_block_size: 0
    immutable: false
  }
}
num_replicas: 1
split_rows_range_bounds {
  rows: "<redacted>""\006\001\000\000\000\000\000\000\000\000\007\001@B\017\000\000\000\000\000"
  indirect_data: "<redacted>"""
}
partition_schema {
  range_schema {
    columns {
      name: "txn_id"
    }
  }
}
table_type: TXN_STATUS_TABLE
I20260812 08:00:01.267590 12087 tablet_service.cc:1511] Processing CreateTablet for tablet 94b5605f799044ab9a1753eafaf7f8f5 (TXN_STATUS_TABLE table=kudu_system.kudu_transactions [id=778a377d2b11427ba7cbe47901466954]), partition=RANGE (txn_id) PARTITION 0 <= VALUES < 1000000
I20260812 08:00:01.268319 12087 data_dirs.cc:400] Could only allocate 1 dirs of requested 3 for tablet 94b5605f799044ab9a1753eafaf7f8f5. 1 dirs total, 0 dirs full, 0 dirs failed
I20260812 08:00:01.270854 12227 tablet_bootstrap.cc:492] T 94b5605f799044ab9a1753eafaf7f8f5 P 982c701c409444c4a3d22031eba9a07e: Bootstrap starting.
I20260812 08:00:01.271847 12227 tablet_bootstrap.cc:654] T 94b5605f799044ab9a1753eafaf7f8f5 P 982c701c409444c4a3d22031eba9a07e: Neither blocks nor log segments found. Creating new log.
I20260812 08:00:01.273099 12227 tablet_bootstrap.cc:492] T 94b5605f799044ab9a1753eafaf7f8f5 P 982c701c409444c4a3d22031eba9a07e: No bootstrap required, opened a new log
I20260812 08:00:01.273185 12227 ts_tablet_manager.cc:1403] T 94b5605f799044ab9a1753eafaf7f8f5 P 982c701c409444c4a3d22031eba9a07e: Time spent bootstrapping tablet: real 0.002s	user 0.002s	sys 0.000s
I20260812 08:00:01.273693 12227 raft_consensus.cc:359] T 94b5605f799044ab9a1753eafaf7f8f5 P 982c701c409444c4a3d22031eba9a07e [term 0 FOLLOWER]: Replica starting. Triggering 0 pending ops. Active config: opid_index: -1 OBSOLETE_local: true peers { permanent_uuid: "982c701c409444c4a3d22031eba9a07e" member_type: VOTER last_known_addr { host: "127.6.130.193" port: 42295 } }
I20260812 08:00:01.273803 12227 raft_consensus.cc:385] T 94b5605f799044ab9a1753eafaf7f8f5 P 982c701c409444c4a3d22031eba9a07e [term 0 FOLLOWER]: Consensus starting up: Expiring failure detector timer to make a prompt election more likely
I20260812 08:00:01.273837 12227 raft_consensus.cc:740] T 94b5605f799044ab9a1753eafaf7f8f5 P 982c701c409444c4a3d22031eba9a07e [term 0 FOLLOWER]: Becoming Follower/Learner. State: Replica: 982c701c409444c4a3d22031eba9a07e, State: Initialized, Role: FOLLOWER
I20260812 08:00:01.273980 12227 consensus_queue.cc:260] T 94b5605f799044ab9a1753eafaf7f8f5 P 982c701c409444c4a3d22031eba9a07e [NON_LEADER]: Queue going to NON_LEADER mode. State: All replicated index: 0, Majority replicated index: 0, Committed index: 0, Last appended: 0.0, Last appended by leader: 0, Current term: 0, Majority size: -1, State: 0, Mode: NON_LEADER, active raft config: opid_index: -1 OBSOLETE_local: true peers { permanent_uuid: "982c701c409444c4a3d22031eba9a07e" member_type: VOTER last_known_addr { host: "127.6.130.193" port: 42295 } }
I20260812 08:00:01.274077 12227 raft_consensus.cc:399] T 94b5605f799044ab9a1753eafaf7f8f5 P 982c701c409444c4a3d22031eba9a07e [term 0 FOLLOWER]: Only one voter in the Raft config. Triggering election immediately
I20260812 08:00:01.274113 12227 raft_consensus.cc:493] T 94b5605f799044ab9a1753eafaf7f8f5 P 982c701c409444c4a3d22031eba9a07e [term 0 FOLLOWER]: Starting leader election (initial election of a single-replica configuration)
I20260812 08:00:01.274189 12227 raft_consensus.cc:3060] T 94b5605f799044ab9a1753eafaf7f8f5 P 982c701c409444c4a3d22031eba9a07e [term 0 FOLLOWER]: Advancing to term 1
I20260812 08:00:01.274901 12227 raft_consensus.cc:515] T 94b5605f799044ab9a1753eafaf7f8f5 P 982c701c409444c4a3d22031eba9a07e [term 1 FOLLOWER]: Starting leader election with config: opid_index: -1 OBSOLETE_local: true peers { permanent_uuid: "982c701c409444c4a3d22031eba9a07e" member_type: VOTER last_known_addr { host: "127.6.130.193" port: 42295 } }
I20260812 08:00:01.275048 12227 leader_election.cc:304] T 94b5605f799044ab9a1753eafaf7f8f5 P 982c701c409444c4a3d22031eba9a07e [CANDIDATE]: Term 1 election: Election decided. Result: candidate won. Election summary: received 1 responses out of 1 voters: 1 yes votes; 0 no votes. yes voters: 982c701c409444c4a3d22031eba9a07e; no voters: 
I20260812 08:00:01.275153 12227 leader_election.cc:290] T 94b5605f799044ab9a1753eafaf7f8f5 P 982c701c409444c4a3d22031eba9a07e [CANDIDATE]: Term 1 election: Requested vote from peers 
I20260812 08:00:01.275235 12235 raft_consensus.cc:2804] T 94b5605f799044ab9a1753eafaf7f8f5 P 982c701c409444c4a3d22031eba9a07e [term 1 FOLLOWER]: Leader election won for term 1
I20260812 08:00:01.275336 12235 raft_consensus.cc:697] T 94b5605f799044ab9a1753eafaf7f8f5 P 982c701c409444c4a3d22031eba9a07e [term 1 LEADER]: Becoming Leader. State: Replica: 982c701c409444c4a3d22031eba9a07e, State: Running, Role: LEADER
I20260812 08:00:01.275445 12235 consensus_queue.cc:237] T 94b5605f799044ab9a1753eafaf7f8f5 P 982c701c409444c4a3d22031eba9a07e [LEADER]: Queue going to LEADER mode. State: All replicated index: 0, Majority replicated index: 0, Committed index: 0, Last appended: 0.0, Last appended by leader: 0, Current term: 1, Majority size: 1, State: 0, Mode: LEADER, active raft config: opid_index: -1 OBSOLETE_local: true peers { permanent_uuid: "982c701c409444c4a3d22031eba9a07e" member_type: VOTER last_known_addr { host: "127.6.130.193" port: 42295 } }
I20260812 08:00:01.275563 12227 ts_tablet_manager.cc:1434] T 94b5605f799044ab9a1753eafaf7f8f5 P 982c701c409444c4a3d22031eba9a07e: Time spent starting tablet: real 0.002s	user 0.000s	sys 0.002s
I20260812 08:00:01.275928 12233 tablet_replica.cc:442] T 94b5605f799044ab9a1753eafaf7f8f5 P 982c701c409444c4a3d22031eba9a07e: TxnStatusTablet state changed. Reason: RaftConsensus started. Latest consensus state: current_term: 1 leader_uuid: "982c701c409444c4a3d22031eba9a07e" committed_config { opid_index: -1 OBSOLETE_local: true peers { permanent_uuid: "982c701c409444c4a3d22031eba9a07e" member_type: VOTER last_known_addr { host: "127.6.130.193" port: 42295 } } }
I20260812 08:00:01.275939 12231 tablet_replica.cc:442] T 94b5605f799044ab9a1753eafaf7f8f5 P 982c701c409444c4a3d22031eba9a07e: TxnStatusTablet state changed. Reason: New leader 982c701c409444c4a3d22031eba9a07e. Latest consensus state: current_term: 1 leader_uuid: "982c701c409444c4a3d22031eba9a07e" committed_config { opid_index: -1 OBSOLETE_local: true peers { permanent_uuid: "982c701c409444c4a3d22031eba9a07e" member_type: VOTER last_known_addr { host: "127.6.130.193" port: 42295 } } }
I20260812 08:00:01.276085 12233 tablet_replica.cc:445] T 94b5605f799044ab9a1753eafaf7f8f5 P 982c701c409444c4a3d22031eba9a07e: This TxnStatusTablet replica's current role is: LEADER
I20260812 08:00:01.276086 12231 tablet_replica.cc:445] T 94b5605f799044ab9a1753eafaf7f8f5 P 982c701c409444c4a3d22031eba9a07e: This TxnStatusTablet replica's current role is: LEADER
I20260812 08:00:01.276423 12281 txn_status_manager.cc:874] Waiting until node catch up with all replicated operations in previous term...
I20260812 08:00:01.276684 12281 txn_status_manager.cc:930] Loading transaction status metadata into memory...
I20260812 08:00:01.277038 11838 catalog_manager.cc:5719] T 94b5605f799044ab9a1753eafaf7f8f5 P 982c701c409444c4a3d22031eba9a07e reported cstate change: term changed from 0 to 1, leader changed from <none> to 982c701c409444c4a3d22031eba9a07e (127.6.130.193). New cstate: current_term: 1 leader_uuid: "982c701c409444c4a3d22031eba9a07e" committed_config { opid_index: -1 OBSOLETE_local: true peers { permanent_uuid: "982c701c409444c4a3d22031eba9a07e" member_type: VOTER last_known_addr { host: "127.6.130.193" port: 42295 } health_report { overall_health: HEALTHY } } }

INSERT report
    rows total: 222
    time total: 80.1578 ms
  time per row: 0.361071 ms
Dropping auto-created table 'default.loadgen_auto_9421da07bb4b49a19ac4963bc3822072'
I20260812 08:00:01.400629 11825 catalog_manager.cc:2533] Servicing SoftDeleteTable request from {username='slave'} at 127.0.0.1:53960:
table { table_name: "default.loadgen_auto_9421da07bb4b49a19ac4963bc3822072" } modify_external_catalogs: true
I20260812 08:00:01.400867 11825 catalog_manager.cc:2781] Servicing DeleteTable request from {username='slave'} at 127.0.0.1:53960:
table { table_name: "default.loadgen_auto_9421da07bb4b49a19ac4963bc3822072" } modify_external_catalogs: true
I20260812 08:00:01.404285 11825 catalog_manager.cc:6006] T 00000000000000000000000000000000 P b46dc98c09004ea5ab404cee600d12f9: Sending DeleteTablet for 1 replicas of tablet 7e20335d01f64c0db5e091bdfbec6c0d
I20260812 08:00:01.404626 11825 catalog_manager.cc:6006] T 00000000000000000000000000000000 P b46dc98c09004ea5ab404cee600d12f9: Sending DeleteTablet for 1 replicas of tablet 8485a3702d5c4a588e31879a01d37b9c
I20260812 08:00:01.404764 11825 catalog_manager.cc:6006] T 00000000000000000000000000000000 P b46dc98c09004ea5ab404cee600d12f9: Sending DeleteTablet for 1 replicas of tablet 48db9524ed9d46fa8b9e2a47dbf3af0b
I20260812 08:00:01.404857 11825 catalog_manager.cc:6006] T 00000000000000000000000000000000 P b46dc98c09004ea5ab404cee600d12f9: Sending DeleteTablet for 1 replicas of tablet b90f37e061f94d14ac9d568573e67263
I20260812 08:00:01.404959 11825 catalog_manager.cc:6006] T 00000000000000000000000000000000 P b46dc98c09004ea5ab404cee600d12f9: Sending DeleteTablet for 1 replicas of tablet f01d1ba6350a4c1e942302a8b929c4e6
I20260812 08:00:01.405064 11825 catalog_manager.cc:6006] T 00000000000000000000000000000000 P b46dc98c09004ea5ab404cee600d12f9: Sending DeleteTablet for 1 replicas of tablet 1b45092f36ab4d239d0e427d256a8eb6
I20260812 08:00:01.405144 11825 catalog_manager.cc:6006] T 00000000000000000000000000000000 P b46dc98c09004ea5ab404cee600d12f9: Sending DeleteTablet for 1 replicas of tablet 93f3e1577fab4bbeb56fb71e586becda
I20260812 08:00:01.405257 11825 catalog_manager.cc:6006] T 00000000000000000000000000000000 P b46dc98c09004ea5ab404cee600d12f9: Sending DeleteTablet for 1 replicas of tablet f08f3c6d428b4009b9eb75e9ce5cbce2
I20260812 08:00:01.405377 12087 tablet_service.cc:1558] Processing DeleteTablet for tablet 8485a3702d5c4a588e31879a01d37b9c with delete_type TABLET_DATA_DELETED (Table deleted at 2026-08-12 08:00:01 UTC) from {username='slave'} at 127.0.0.1:48664
I20260812 08:00:01.405443 12075 tablet_service.cc:1558] Processing DeleteTablet for tablet 7e20335d01f64c0db5e091bdfbec6c0d with delete_type TABLET_DATA_DELETED (Table deleted at 2026-08-12 08:00:01 UTC) from {username='slave'} at 127.0.0.1:48664
I20260812 08:00:01.405552 12088 tablet_service.cc:1558] Processing DeleteTablet for tablet b90f37e061f94d14ac9d568573e67263 with delete_type TABLET_DATA_DELETED (Table deleted at 2026-08-12 08:00:01 UTC) from {username='slave'} at 127.0.0.1:48664
I20260812 08:00:01.405711 12086 tablet_service.cc:1558] Processing DeleteTablet for tablet 48db9524ed9d46fa8b9e2a47dbf3af0b with delete_type TABLET_DATA_DELETED (Table deleted at 2026-08-12 08:00:01 UTC) from {username='slave'} at 127.0.0.1:48664
I20260812 08:00:01.405848 12085 tablet_service.cc:1558] Processing DeleteTablet for tablet 1b45092f36ab4d239d0e427d256a8eb6 with delete_type TABLET_DATA_DELETED (Table deleted at 2026-08-12 08:00:01 UTC) from {username='slave'} at 127.0.0.1:48664
I20260812 08:00:01.405884 12079 tablet_service.cc:1558] Processing DeleteTablet for tablet f01d1ba6350a4c1e942302a8b929c4e6 with delete_type TABLET_DATA_DELETED (Table deleted at 2026-08-12 08:00:01 UTC) from {username='slave'} at 127.0.0.1:48664
I20260812 08:00:01.405987 12330 tablet_replica.cc:333] T b90f37e061f94d14ac9d568573e67263 P 982c701c409444c4a3d22031eba9a07e: stopping tablet replica
I20260812 08:00:01.406348 12330 raft_consensus.cc:2243] T b90f37e061f94d14ac9d568573e67263 P 982c701c409444c4a3d22031eba9a07e [term 1 LEADER]: Raft consensus shutting down.
I20260812 08:00:01.406400 12079 tablet_service.cc:1558] Processing DeleteTablet for tablet 93f3e1577fab4bbeb56fb71e586becda with delete_type TABLET_DATA_DELETED (Table deleted at 2026-08-12 08:00:01 UTC) from {username='slave'} at 127.0.0.1:48664
I20260812 08:00:01.406373 12085 tablet_service.cc:1558] Processing DeleteTablet for tablet f08f3c6d428b4009b9eb75e9ce5cbce2 with delete_type TABLET_DATA_DELETED (Table deleted at 2026-08-12 08:00:01 UTC) from {username='slave'} at 127.0.0.1:48664
I20260812 08:00:01.406581 12330 raft_consensus.cc:2272] T b90f37e061f94d14ac9d568573e67263 P 982c701c409444c4a3d22031eba9a07e [term 1 FOLLOWER]: Raft consensus is shut down!
I20260812 08:00:01.408215 12330 ts_tablet_manager.cc:1916] T b90f37e061f94d14ac9d568573e67263 P 982c701c409444c4a3d22031eba9a07e: Deleting tablet data with delete state TABLET_DATA_DELETED
I20260812 08:00:01.411078 12330 ts_tablet_manager.cc:1929] T b90f37e061f94d14ac9d568573e67263 P 982c701c409444c4a3d22031eba9a07e: tablet deleted with delete type TABLET_DATA_DELETED: last-logged OpId 1.4
I20260812 08:00:01.411182 12330 log.cc:1199] T b90f37e061f94d14ac9d568573e67263 P 982c701c409444c4a3d22031eba9a07e: Deleting WAL directory at /tmp/dist-test-taskvnzdNY/test-tmp/kudu-tool-test.2.ToolTest.LoadgenTxnBasics.1786521574722268-6667-0/minicluster-data/ts-0/wal/wals/b90f37e061f94d14ac9d568573e67263
I20260812 08:00:01.411464 12330 ts_tablet_manager.cc:1950] T b90f37e061f94d14ac9d568573e67263 P 982c701c409444c4a3d22031eba9a07e: Deleting consensus metadata
I20260812 08:00:01.412675 12330 tablet_replica.cc:333] T 8485a3702d5c4a588e31879a01d37b9c P 982c701c409444c4a3d22031eba9a07e: stopping tablet replica
I20260812 08:00:01.412812 12330 raft_consensus.cc:2243] T 8485a3702d5c4a588e31879a01d37b9c P 982c701c409444c4a3d22031eba9a07e [term 1 LEADER]: Raft consensus shutting down.
I20260812 08:00:01.412838 11816 catalog_manager.cc:5050] TS 982c701c409444c4a3d22031eba9a07e (127.6.130.193:42295): tablet b90f37e061f94d14ac9d568573e67263 (table default.loadgen_auto_9421da07bb4b49a19ac4963bc3822072 [id=a2989544e3cc428ab1b119620cdae06e]) successfully deleted
I20260812 08:00:01.412954 12330 raft_consensus.cc:2272] T 8485a3702d5c4a588e31879a01d37b9c P 982c701c409444c4a3d22031eba9a07e [term 1 FOLLOWER]: Raft consensus is shut down!
I20260812 08:00:01.413668 12330 ts_tablet_manager.cc:1916] T 8485a3702d5c4a588e31879a01d37b9c P 982c701c409444c4a3d22031eba9a07e: Deleting tablet data with delete state TABLET_DATA_DELETED
I20260812 08:00:01.415727 12330 ts_tablet_manager.cc:1929] T 8485a3702d5c4a588e31879a01d37b9c P 982c701c409444c4a3d22031eba9a07e: tablet deleted with delete type TABLET_DATA_DELETED: last-logged OpId 1.4
I20260812 08:00:01.415812 12330 log.cc:1199] T 8485a3702d5c4a588e31879a01d37b9c P 982c701c409444c4a3d22031eba9a07e: Deleting WAL directory at /tmp/dist-test-taskvnzdNY/test-tmp/kudu-tool-test.2.ToolTest.LoadgenTxnBasics.1786521574722268-6667-0/minicluster-data/ts-0/wal/wals/8485a3702d5c4a588e31879a01d37b9c
I20260812 08:00:01.416080 12330 ts_tablet_manager.cc:1950] T 8485a3702d5c4a588e31879a01d37b9c P 982c701c409444c4a3d22031eba9a07e: Deleting consensus metadata
I20260812 08:00:01.416736 12330 tablet_replica.cc:333] T 7e20335d01f64c0db5e091bdfbec6c0d P 982c701c409444c4a3d22031eba9a07e: stopping tablet replica
I20260812 08:00:01.416853 12330 raft_consensus.cc:2243] T 7e20335d01f64c0db5e091bdfbec6c0d P 982c701c409444c4a3d22031eba9a07e [term 1 LEADER]: Raft consensus shutting down.
I20260812 08:00:01.416855 11816 catalog_manager.cc:5050] TS 982c701c409444c4a3d22031eba9a07e (127.6.130.193:42295): tablet 8485a3702d5c4a588e31879a01d37b9c (table default.loadgen_auto_9421da07bb4b49a19ac4963bc3822072 [id=a2989544e3cc428ab1b119620cdae06e]) successfully deleted
I20260812 08:00:01.417006 12330 raft_consensus.cc:2272] T 7e20335d01f64c0db5e091bdfbec6c0d P 982c701c409444c4a3d22031eba9a07e [term 1 FOLLOWER]: Raft consensus is shut down!
I20260812 08:00:01.417685 12330 ts_tablet_manager.cc:1916] T 7e20335d01f64c0db5e091bdfbec6c0d P 982c701c409444c4a3d22031eba9a07e: Deleting tablet data with delete state TABLET_DATA_DELETED
I20260812 08:00:01.419595 12330 ts_tablet_manager.cc:1929] T 7e20335d01f64c0db5e091bdfbec6c0d P 982c701c409444c4a3d22031eba9a07e: tablet deleted with delete type TABLET_DATA_DELETED: last-logged OpId 1.4
I20260812 08:00:01.419677 12330 log.cc:1199] T 7e20335d01f64c0db5e091bdfbec6c0d P 982c701c409444c4a3d22031eba9a07e: Deleting WAL directory at /tmp/dist-test-taskvnzdNY/test-tmp/kudu-tool-test.2.ToolTest.LoadgenTxnBasics.1786521574722268-6667-0/minicluster-data/ts-0/wal/wals/7e20335d01f64c0db5e091bdfbec6c0d
I20260812 08:00:01.419920 12330 ts_tablet_manager.cc:1950] T 7e20335d01f64c0db5e091bdfbec6c0d P 982c701c409444c4a3d22031eba9a07e: Deleting consensus metadata
I20260812 08:00:01.420665 12330 tablet_replica.cc:333] T 48db9524ed9d46fa8b9e2a47dbf3af0b P 982c701c409444c4a3d22031eba9a07e: stopping tablet replica
I20260812 08:00:01.420779 12330 raft_consensus.cc:2243] T 48db9524ed9d46fa8b9e2a47dbf3af0b P 982c701c409444c4a3d22031eba9a07e [term 1 LEADER]: Raft consensus shutting down.
I20260812 08:00:01.420789 11816 catalog_manager.cc:5050] TS 982c701c409444c4a3d22031eba9a07e (127.6.130.193:42295): tablet 7e20335d01f64c0db5e091bdfbec6c0d (table default.loadgen_auto_9421da07bb4b49a19ac4963bc3822072 [id=a2989544e3cc428ab1b119620cdae06e]) successfully deleted
I20260812 08:00:01.420905 12330 raft_consensus.cc:2272] T 48db9524ed9d46fa8b9e2a47dbf3af0b P 982c701c409444c4a3d22031eba9a07e [term 1 FOLLOWER]: Raft consensus is shut down!
I20260812 08:00:01.421591 12330 ts_tablet_manager.cc:1916] T 48db9524ed9d46fa8b9e2a47dbf3af0b P 982c701c409444c4a3d22031eba9a07e: Deleting tablet data with delete state TABLET_DATA_DELETED
I20260812 08:00:01.423619 12330 ts_tablet_manager.cc:1929] T 48db9524ed9d46fa8b9e2a47dbf3af0b P 982c701c409444c4a3d22031eba9a07e: tablet deleted with delete type TABLET_DATA_DELETED: last-logged OpId 1.4
I20260812 08:00:01.423696 12330 log.cc:1199] T 48db9524ed9d46fa8b9e2a47dbf3af0b P 982c701c409444c4a3d22031eba9a07e: Deleting WAL directory at /tmp/dist-test-taskvnzdNY/test-tmp/kudu-tool-test.2.ToolTest.LoadgenTxnBasics.1786521574722268-6667-0/minicluster-data/ts-0/wal/wals/48db9524ed9d46fa8b9e2a47dbf3af0b
I20260812 08:00:01.424060 12330 ts_tablet_manager.cc:1950] T 48db9524ed9d46fa8b9e2a47dbf3af0b P 982c701c409444c4a3d22031eba9a07e: Deleting consensus metadata
I20260812 08:00:01.424686 12330 tablet_replica.cc:333] T 1b45092f36ab4d239d0e427d256a8eb6 P 982c701c409444c4a3d22031eba9a07e: stopping tablet replica
I20260812 08:00:01.424808 12330 raft_consensus.cc:2243] T 1b45092f36ab4d239d0e427d256a8eb6 P 982c701c409444c4a3d22031eba9a07e [term 1 LEADER]: Raft consensus shutting down.
I20260812 08:00:01.424819 11816 catalog_manager.cc:5050] TS 982c701c409444c4a3d22031eba9a07e (127.6.130.193:42295): tablet 48db9524ed9d46fa8b9e2a47dbf3af0b (table default.loadgen_auto_9421da07bb4b49a19ac4963bc3822072 [id=a2989544e3cc428ab1b119620cdae06e]) successfully deleted
I20260812 08:00:01.424943 12330 raft_consensus.cc:2272] T 1b45092f36ab4d239d0e427d256a8eb6 P 982c701c409444c4a3d22031eba9a07e [term 1 FOLLOWER]: Raft consensus is shut down!
I20260812 08:00:01.425614 12330 ts_tablet_manager.cc:1916] T 1b45092f36ab4d239d0e427d256a8eb6 P 982c701c409444c4a3d22031eba9a07e: Deleting tablet data with delete state TABLET_DATA_DELETED
I20260812 08:00:01.427531 12330 ts_tablet_manager.cc:1929] T 1b45092f36ab4d239d0e427d256a8eb6 P 982c701c409444c4a3d22031eba9a07e: tablet deleted with delete type TABLET_DATA_DELETED: last-logged OpId 1.4
I20260812 08:00:01.427613 12330 log.cc:1199] T 1b45092f36ab4d239d0e427d256a8eb6 P 982c701c409444c4a3d22031eba9a07e: Deleting WAL directory at /tmp/dist-test-taskvnzdNY/test-tmp/kudu-tool-test.2.ToolTest.LoadgenTxnBasics.1786521574722268-6667-0/minicluster-data/ts-0/wal/wals/1b45092f36ab4d239d0e427d256a8eb6
I20260812 08:00:01.427855 12330 ts_tablet_manager.cc:1950] T 1b45092f36ab4d239d0e427d256a8eb6 P 982c701c409444c4a3d22031eba9a07e: Deleting consensus metadata
I20260812 08:00:01.428469 12330 tablet_replica.cc:333] T f01d1ba6350a4c1e942302a8b929c4e6 P 982c701c409444c4a3d22031eba9a07e: stopping tablet replica
I20260812 08:00:01.428592 12330 raft_consensus.cc:2243] T f01d1ba6350a4c1e942302a8b929c4e6 P 982c701c409444c4a3d22031eba9a07e [term 1 LEADER]: Raft consensus shutting down.
I20260812 08:00:01.428601 11816 catalog_manager.cc:5050] TS 982c701c409444c4a3d22031eba9a07e (127.6.130.193:42295): tablet 1b45092f36ab4d239d0e427d256a8eb6 (table default.loadgen_auto_9421da07bb4b49a19ac4963bc3822072 [id=a2989544e3cc428ab1b119620cdae06e]) successfully deleted
I20260812 08:00:01.428717 12330 raft_consensus.cc:2272] T f01d1ba6350a4c1e942302a8b929c4e6 P 982c701c409444c4a3d22031eba9a07e [term 1 FOLLOWER]: Raft consensus is shut down!
I20260812 08:00:01.429355 12330 ts_tablet_manager.cc:1916] T f01d1ba6350a4c1e942302a8b929c4e6 P 982c701c409444c4a3d22031eba9a07e: Deleting tablet data with delete state TABLET_DATA_DELETED
I20260812 08:00:01.431232 12330 ts_tablet_manager.cc:1929] T f01d1ba6350a4c1e942302a8b929c4e6 P 982c701c409444c4a3d22031eba9a07e: tablet deleted with delete type TABLET_DATA_DELETED: last-logged OpId 1.4
I20260812 08:00:01.431347 12330 log.cc:1199] T f01d1ba6350a4c1e942302a8b929c4e6 P 982c701c409444c4a3d22031eba9a07e: Deleting WAL directory at /tmp/dist-test-taskvnzdNY/test-tmp/kudu-tool-test.2.ToolTest.LoadgenTxnBasics.1786521574722268-6667-0/minicluster-data/ts-0/wal/wals/f01d1ba6350a4c1e942302a8b929c4e6
I20260812 08:00:01.431583 12330 ts_tablet_manager.cc:1950] T f01d1ba6350a4c1e942302a8b929c4e6 P 982c701c409444c4a3d22031eba9a07e: Deleting consensus metadata
I20260812 08:00:01.432221 12330 tablet_replica.cc:333] T 93f3e1577fab4bbeb56fb71e586becda P 982c701c409444c4a3d22031eba9a07e: stopping tablet replica
I20260812 08:00:01.432328 12330 raft_consensus.cc:2243] T 93f3e1577fab4bbeb56fb71e586becda P 982c701c409444c4a3d22031eba9a07e [term 1 LEADER]: Raft consensus shutting down.
I20260812 08:00:01.432339 11816 catalog_manager.cc:5050] TS 982c701c409444c4a3d22031eba9a07e (127.6.130.193:42295): tablet f01d1ba6350a4c1e942302a8b929c4e6 (table default.loadgen_auto_9421da07bb4b49a19ac4963bc3822072 [id=a2989544e3cc428ab1b119620cdae06e]) successfully deleted
I20260812 08:00:01.432446 12330 raft_consensus.cc:2272] T 93f3e1577fab4bbeb56fb71e586becda P 982c701c409444c4a3d22031eba9a07e [term 1 FOLLOWER]: Raft consensus is shut down!
I20260812 08:00:01.433182 12330 ts_tablet_manager.cc:1916] T 93f3e1577fab4bbeb56fb71e586becda P 982c701c409444c4a3d22031eba9a07e: Deleting tablet data with delete state TABLET_DATA_DELETED
I20260812 08:00:01.435040 12330 ts_tablet_manager.cc:1929] T 93f3e1577fab4bbeb56fb71e586becda P 982c701c409444c4a3d22031eba9a07e: tablet deleted with delete type TABLET_DATA_DELETED: last-logged OpId 1.4
I20260812 08:00:01.435120 12330 log.cc:1199] T 93f3e1577fab4bbeb56fb71e586becda P 982c701c409444c4a3d22031eba9a07e: Deleting WAL directory at /tmp/dist-test-taskvnzdNY/test-tmp/kudu-tool-test.2.ToolTest.LoadgenTxnBasics.1786521574722268-6667-0/minicluster-data/ts-0/wal/wals/93f3e1577fab4bbeb56fb71e586becda
I20260812 08:00:01.435357 12330 ts_tablet_manager.cc:1950] T 93f3e1577fab4bbeb56fb71e586becda P 982c701c409444c4a3d22031eba9a07e: Deleting consensus metadata
I20260812 08:00:01.435940 12330 tablet_replica.cc:333] T f08f3c6d428b4009b9eb75e9ce5cbce2 P 982c701c409444c4a3d22031eba9a07e: stopping tablet replica
I20260812 08:00:01.436054 12330 raft_consensus.cc:2243] T f08f3c6d428b4009b9eb75e9ce5cbce2 P 982c701c409444c4a3d22031eba9a07e [term 1 LEADER]: Raft consensus shutting down.
I20260812 08:00:01.436056 11816 catalog_manager.cc:5050] TS 982c701c409444c4a3d22031eba9a07e (127.6.130.193:42295): tablet 93f3e1577fab4bbeb56fb71e586becda (table default.loadgen_auto_9421da07bb4b49a19ac4963bc3822072 [id=a2989544e3cc428ab1b119620cdae06e]) successfully deleted
I20260812 08:00:01.436182 12330 raft_consensus.cc:2272] T f08f3c6d428b4009b9eb75e9ce5cbce2 P 982c701c409444c4a3d22031eba9a07e [term 1 FOLLOWER]: Raft consensus is shut down!
I20260812 08:00:01.436792 12330 ts_tablet_manager.cc:1916] T f08f3c6d428b4009b9eb75e9ce5cbce2 P 982c701c409444c4a3d22031eba9a07e: Deleting tablet data with delete state TABLET_DATA_DELETED
I20260812 08:00:01.438616 12330 ts_tablet_manager.cc:1929] T f08f3c6d428b4009b9eb75e9ce5cbce2 P 982c701c409444c4a3d22031eba9a07e: tablet deleted with delete type TABLET_DATA_DELETED: last-logged OpId 1.4
I20260812 08:00:01.438691 12330 log.cc:1199] T f08f3c6d428b4009b9eb75e9ce5cbce2 P 982c701c409444c4a3d22031eba9a07e: Deleting WAL directory at /tmp/dist-test-taskvnzdNY/test-tmp/kudu-tool-test.2.ToolTest.LoadgenTxnBasics.1786521574722268-6667-0/minicluster-data/ts-0/wal/wals/f08f3c6d428b4009b9eb75e9ce5cbce2
I20260812 08:00:01.438934 12330 ts_tablet_manager.cc:1950] T f08f3c6d428b4009b9eb75e9ce5cbce2 P 982c701c409444c4a3d22031eba9a07e: Deleting consensus metadata
I20260812 08:00:01.439615 11816 catalog_manager.cc:5050] TS 982c701c409444c4a3d22031eba9a07e (127.6.130.193:42295): tablet f08f3c6d428b4009b9eb75e9ce5cbce2 (table default.loadgen_auto_9421da07bb4b49a19ac4963bc3822072 [id=a2989544e3cc428ab1b119620cdae06e]) successfully deleted
W20260812 08:00:01.573181 12331 flags.cc:432] Enabled unsafe flag: --openssl_security_level_override=0
W20260812 08:00:01.573444 12331 flags.cc:432] Enabled unsafe flag: --never_fsync=true
I20260812 08:00:01.616000 11825 catalog_manager.cc:2283] Servicing CreateTable request from {username='slave'} at 127.0.0.1:53994:
name: "default.loadgen_auto_8d8d2db2bcc24f96af2785c1a83f41a7"
schema {
  columns {
    name: "key"
    type: INT64
    is_key: true
    is_nullable: false
    encoding: AUTO_ENCODING
    compression: DEFAULT_COMPRESSION
    cfile_block_size: 0
    immutable: false
  }
  columns {
    name: "int_val"
    type: INT32
    is_key: false
    is_nullable: true
    encoding: AUTO_ENCODING
    compression: DEFAULT_COMPRESSION
    cfile_block_size: 0
    immutable: false
  }
  columns {
    name: "string_val"
    type: STRING
    is_key: false
    is_nullable: true
    encoding: AUTO_ENCODING
    compression: DEFAULT_COMPRESSION
    cfile_block_size: 0
    immutable: false
  }
}
num_replicas: 1
split_rows_range_bounds {
}
partition_schema {
  hash_schema {
    columns {
      name: "key"
    }
    num_buckets: 8
    seed: 0
  }
  range_schema {
    columns {
      name: "key"
    }
  }
}
I20260812 08:00:01.622651 12085 tablet_service.cc:1511] Processing CreateTablet for tablet 583df789cc3043928d60e9a3f101faae (DEFAULT_TABLE table=default.loadgen_auto_8d8d2db2bcc24f96af2785c1a83f41a7 [id=9df7a570839347c48aa779ef23785c69]), partition=HASH (key) PARTITION 0, RANGE (key) PARTITION UNBOUNDED
I20260812 08:00:01.622692 12088 tablet_service.cc:1511] Processing CreateTablet for tablet 41ae3bd2b75946a7845ccb1c88780663 (DEFAULT_TABLE table=default.loadgen_auto_8d8d2db2bcc24f96af2785c1a83f41a7 [id=9df7a570839347c48aa779ef23785c69]), partition=HASH (key) PARTITION 2, RANGE (key) PARTITION UNBOUNDED
I20260812 08:00:01.622753 12079 tablet_service.cc:1511] Processing CreateTablet for tablet 88f46cfea985434788cf420b6ce829da (DEFAULT_TABLE table=default.loadgen_auto_8d8d2db2bcc24f96af2785c1a83f41a7 [id=9df7a570839347c48aa779ef23785c69]), partition=HASH (key) PARTITION 1, RANGE (key) PARTITION UNBOUNDED
I20260812 08:00:01.623147 12085 data_dirs.cc:400] Could only allocate 1 dirs of requested 3 for tablet 583df789cc3043928d60e9a3f101faae. 1 dirs total, 0 dirs full, 0 dirs failed
I20260812 08:00:01.623608 12087 tablet_service.cc:1511] Processing CreateTablet for tablet 0ca7901dcd624e37a74de6e22d10c3f5 (DEFAULT_TABLE table=default.loadgen_auto_8d8d2db2bcc24f96af2785c1a83f41a7 [id=9df7a570839347c48aa779ef23785c69]), partition=HASH (key) PARTITION 5, RANGE (key) PARTITION UNBOUNDED
I20260812 08:00:01.623739 12089 tablet_service.cc:1511] Processing CreateTablet for tablet 141fad23841e411f9eb782fc8b644fc3 (DEFAULT_TABLE table=default.loadgen_auto_8d8d2db2bcc24f96af2785c1a83f41a7 [id=9df7a570839347c48aa779ef23785c69]), partition=HASH (key) PARTITION 6, RANGE (key) PARTITION UNBOUNDED
I20260812 08:00:01.623857 12087 data_dirs.cc:400] Could only allocate 1 dirs of requested 3 for tablet 0ca7901dcd624e37a74de6e22d10c3f5. 1 dirs total, 0 dirs full, 0 dirs failed
I20260812 08:00:01.623878 12077 tablet_service.cc:1511] Processing CreateTablet for tablet 93b9bcac2c5f4968abe373234dca267c (DEFAULT_TABLE table=default.loadgen_auto_8d8d2db2bcc24f96af2785c1a83f41a7 [id=9df7a570839347c48aa779ef23785c69]), partition=HASH (key) PARTITION 7, RANGE (key) PARTITION UNBOUNDED
I20260812 08:00:01.623986 12079 data_dirs.cc:400] Could only allocate 1 dirs of requested 3 for tablet 88f46cfea985434788cf420b6ce829da. 1 dirs total, 0 dirs full, 0 dirs failed
I20260812 08:00:01.623590 12075 tablet_service.cc:1511] Processing CreateTablet for tablet 0f8bd9246e054b7881f7e4d5ab888e96 (DEFAULT_TABLE table=default.loadgen_auto_8d8d2db2bcc24f96af2785c1a83f41a7 [id=9df7a570839347c48aa779ef23785c69]), partition=HASH (key) PARTITION 4, RANGE (key) PARTITION UNBOUNDED
I20260812 08:00:01.624301 12075 data_dirs.cc:400] Could only allocate 1 dirs of requested 3 for tablet 0f8bd9246e054b7881f7e4d5ab888e96. 1 dirs total, 0 dirs full, 0 dirs failed
I20260812 08:00:01.625528 12086 tablet_service.cc:1511] Processing CreateTablet for tablet bfbde971621f436384ff834637477fad (DEFAULT_TABLE table=default.loadgen_auto_8d8d2db2bcc24f96af2785c1a83f41a7 [id=9df7a570839347c48aa779ef23785c69]), partition=HASH (key) PARTITION 3, RANGE (key) PARTITION UNBOUNDED
I20260812 08:00:01.625727 12086 data_dirs.cc:400] Could only allocate 1 dirs of requested 3 for tablet bfbde971621f436384ff834637477fad. 1 dirs total, 0 dirs full, 0 dirs failed
I20260812 08:00:01.625870 12089 data_dirs.cc:400] Could only allocate 1 dirs of requested 3 for tablet 141fad23841e411f9eb782fc8b644fc3. 1 dirs total, 0 dirs full, 0 dirs failed
I20260812 08:00:01.626044 12088 data_dirs.cc:400] Could only allocate 1 dirs of requested 3 for tablet 41ae3bd2b75946a7845ccb1c88780663. 1 dirs total, 0 dirs full, 0 dirs failed
I20260812 08:00:01.626048 12227 tablet_bootstrap.cc:492] T 583df789cc3043928d60e9a3f101faae P 982c701c409444c4a3d22031eba9a07e: Bootstrap starting.
I20260812 08:00:01.626395 12077 data_dirs.cc:400] Could only allocate 1 dirs of requested 3 for tablet 93b9bcac2c5f4968abe373234dca267c. 1 dirs total, 0 dirs full, 0 dirs failed
I20260812 08:00:01.627041 12227 tablet_bootstrap.cc:654] T 583df789cc3043928d60e9a3f101faae P 982c701c409444c4a3d22031eba9a07e: Neither blocks nor log segments found. Creating new log.
I20260812 08:00:01.628799 12227 tablet_bootstrap.cc:492] T 583df789cc3043928d60e9a3f101faae P 982c701c409444c4a3d22031eba9a07e: No bootstrap required, opened a new log
I20260812 08:00:01.628893 12227 ts_tablet_manager.cc:1403] T 583df789cc3043928d60e9a3f101faae P 982c701c409444c4a3d22031eba9a07e: Time spent bootstrapping tablet: real 0.003s	user 0.001s	sys 0.000s
I20260812 08:00:01.629298 12227 raft_consensus.cc:359] T 583df789cc3043928d60e9a3f101faae P 982c701c409444c4a3d22031eba9a07e [term 0 FOLLOWER]: Replica starting. Triggering 0 pending ops. Active config: opid_index: -1 OBSOLETE_local: true peers { permanent_uuid: "982c701c409444c4a3d22031eba9a07e" member_type: VOTER last_known_addr { host: "127.6.130.193" port: 42295 } }
I20260812 08:00:01.629405 12227 raft_consensus.cc:385] T 583df789cc3043928d60e9a3f101faae P 982c701c409444c4a3d22031eba9a07e [term 0 FOLLOWER]: Consensus starting up: Expiring failure detector timer to make a prompt election more likely
I20260812 08:00:01.629446 12227 raft_consensus.cc:740] T 583df789cc3043928d60e9a3f101faae P 982c701c409444c4a3d22031eba9a07e [term 0 FOLLOWER]: Becoming Follower/Learner. State: Replica: 982c701c409444c4a3d22031eba9a07e, State: Initialized, Role: FOLLOWER
I20260812 08:00:01.629613 12227 consensus_queue.cc:260] T 583df789cc3043928d60e9a3f101faae P 982c701c409444c4a3d22031eba9a07e [NON_LEADER]: Queue going to NON_LEADER mode. State: All replicated index: 0, Majority replicated index: 0, Committed index: 0, Last appended: 0.0, Last appended by leader: 0, Current term: 0, Majority size: -1, State: 0, Mode: NON_LEADER, active raft config: opid_index: -1 OBSOLETE_local: true peers { permanent_uuid: "982c701c409444c4a3d22031eba9a07e" member_type: VOTER last_known_addr { host: "127.6.130.193" port: 42295 } }
I20260812 08:00:01.629694 12227 raft_consensus.cc:399] T 583df789cc3043928d60e9a3f101faae P 982c701c409444c4a3d22031eba9a07e [term 0 FOLLOWER]: Only one voter in the Raft config. Triggering election immediately
I20260812 08:00:01.629729 12227 raft_consensus.cc:493] T 583df789cc3043928d60e9a3f101faae P 982c701c409444c4a3d22031eba9a07e [term 0 FOLLOWER]: Starting leader election (initial election of a single-replica configuration)
I20260812 08:00:01.629776 12227 raft_consensus.cc:3060] T 583df789cc3043928d60e9a3f101faae P 982c701c409444c4a3d22031eba9a07e [term 0 FOLLOWER]: Advancing to term 1
I20260812 08:00:01.630510 12227 raft_consensus.cc:515] T 583df789cc3043928d60e9a3f101faae P 982c701c409444c4a3d22031eba9a07e [term 1 FOLLOWER]: Starting leader election with config: opid_index: -1 OBSOLETE_local: true peers { permanent_uuid: "982c701c409444c4a3d22031eba9a07e" member_type: VOTER last_known_addr { host: "127.6.130.193" port: 42295 } }
I20260812 08:00:01.630645 12227 leader_election.cc:304] T 583df789cc3043928d60e9a3f101faae P 982c701c409444c4a3d22031eba9a07e [CANDIDATE]: Term 1 election: Election decided. Result: candidate won. Election summary: received 1 responses out of 1 voters: 1 yes votes; 0 no votes. yes voters: 982c701c409444c4a3d22031eba9a07e; no voters: 
I20260812 08:00:01.630750 12227 leader_election.cc:290] T 583df789cc3043928d60e9a3f101faae P 982c701c409444c4a3d22031eba9a07e [CANDIDATE]: Term 1 election: Requested vote from peers 
I20260812 08:00:01.630807 12233 raft_consensus.cc:2804] T 583df789cc3043928d60e9a3f101faae P 982c701c409444c4a3d22031eba9a07e [term 1 FOLLOWER]: Leader election won for term 1
I20260812 08:00:01.630900 12233 raft_consensus.cc:697] T 583df789cc3043928d60e9a3f101faae P 982c701c409444c4a3d22031eba9a07e [term 1 LEADER]: Becoming Leader. State: Replica: 982c701c409444c4a3d22031eba9a07e, State: Running, Role: LEADER
I20260812 08:00:01.630971 12227 ts_tablet_manager.cc:1434] T 583df789cc3043928d60e9a3f101faae P 982c701c409444c4a3d22031eba9a07e: Time spent starting tablet: real 0.002s	user 0.002s	sys 0.000s
I20260812 08:00:01.631021 12233 consensus_queue.cc:237] T 583df789cc3043928d60e9a3f101faae P 982c701c409444c4a3d22031eba9a07e [LEADER]: Queue going to LEADER mode. State: All replicated index: 0, Majority replicated index: 0, Committed index: 0, Last appended: 0.0, Last appended by leader: 0, Current term: 1, Majority size: 1, State: 0, Mode: LEADER, active raft config: opid_index: -1 OBSOLETE_local: true peers { permanent_uuid: "982c701c409444c4a3d22031eba9a07e" member_type: VOTER last_known_addr { host: "127.6.130.193" port: 42295 } }
I20260812 08:00:01.631152 12227 tablet_bootstrap.cc:492] T 0ca7901dcd624e37a74de6e22d10c3f5 P 982c701c409444c4a3d22031eba9a07e: Bootstrap starting.
I20260812 08:00:01.631919 12227 tablet_bootstrap.cc:654] T 0ca7901dcd624e37a74de6e22d10c3f5 P 982c701c409444c4a3d22031eba9a07e: Neither blocks nor log segments found. Creating new log.
I20260812 08:00:01.632411 11825 catalog_manager.cc:5719] T 583df789cc3043928d60e9a3f101faae P 982c701c409444c4a3d22031eba9a07e reported cstate change: term changed from 0 to 1, leader changed from <none> to 982c701c409444c4a3d22031eba9a07e (127.6.130.193). New cstate: current_term: 1 leader_uuid: "982c701c409444c4a3d22031eba9a07e" committed_config { opid_index: -1 OBSOLETE_local: true peers { permanent_uuid: "982c701c409444c4a3d22031eba9a07e" member_type: VOTER last_known_addr { host: "127.6.130.193" port: 42295 } health_report { overall_health: HEALTHY } } }
I20260812 08:00:01.632818 12227 tablet_bootstrap.cc:492] T 0ca7901dcd624e37a74de6e22d10c3f5 P 982c701c409444c4a3d22031eba9a07e: No bootstrap required, opened a new log
I20260812 08:00:01.632893 12227 ts_tablet_manager.cc:1403] T 0ca7901dcd624e37a74de6e22d10c3f5 P 982c701c409444c4a3d22031eba9a07e: Time spent bootstrapping tablet: real 0.002s	user 0.001s	sys 0.000s
I20260812 08:00:01.633212 12227 raft_consensus.cc:359] T 0ca7901dcd624e37a74de6e22d10c3f5 P 982c701c409444c4a3d22031eba9a07e [term 0 FOLLOWER]: Replica starting. Triggering 0 pending ops. Active config: opid_index: -1 OBSOLETE_local: true peers { permanent_uuid: "982c701c409444c4a3d22031eba9a07e" member_type: VOTER last_known_addr { host: "127.6.130.193" port: 42295 } }
I20260812 08:00:01.633284 12227 raft_consensus.cc:385] T 0ca7901dcd624e37a74de6e22d10c3f5 P 982c701c409444c4a3d22031eba9a07e [term 0 FOLLOWER]: Consensus starting up: Expiring failure detector timer to make a prompt election more likely
