 ipki_ca_key_size                 | 768                                                                                                                                                                    | experimental    | all 1 server(s) checked
 ipki_server_key_size             | 768                                                                                                                                                                    | experimental    | all 1 server(s) checked
 never_fsync                      | true                                                                                                                                                                   | unsafe,advanced | all 1 server(s) checked
 openssl_security_level_override  | 0                                                                                                                                                                      | unsafe,hidden   | all 1 server(s) checked
 rpc_reuseport                    | true                                                                                                                                                                   | experimental    | all 1 server(s) checked
 rpc_server_allow_ephemeral_ports | true                                                                                                                                                                   | unsafe          | all 1 server(s) checked
 server_dump_info_format          | pb                                                                                                                                                                     | hidden          | all 1 server(s) checked
 server_dump_info_path            | /tmp/dist-test-tasklNlN5G/test-tmp/auto_incrementing-itest.0.AutoIncrementingItest.BootstrapWithNoWals.1786521750151436-30993-0/minicluster-data/master-0/data/info.pb | hidden          | all 1 server(s) checked
 tsk_num_rsa_bits                 | 512                                                                                                                                                                    | experimental    | all 1 server(s) checked

Flags of checked categories for Master:
        Flag         |       Value        |         Master
---------------------+--------------------+-------------------------
 builtin_ntp_servers | 127.30.68.84:44515 | all 1 server(s) checked
 time_source         | builtin            | all 1 server(s) checked

Tablet Server Summary
               UUID               |      Address       | Status  | Location | Tablet Leaders | Active Scanners
----------------------------------+--------------------+---------+----------+----------------+-----------------
 0b1e36b3ab4b4cd1b74b30bf94fdef59 | 127.30.68.65:42417 | HEALTHY | <none>   |       1        |       0
 1c799ddb48264b5eb97364c6405a3326 | 127.30.68.66:34705 | HEALTHY | <none>   |       0        |       0
 7d433d606eba4ef3bd208a4b8ded3ba6 | 127.30.68.67:43529 | HEALTHY | <none>   |       0        |       0

Tablet Server Location Summary
 Location |  Count
----------+---------
 <none>   |       3

Unusual flags for Tablet Server:
                  Flag                   |                                                                               Value                                                                                |             Tags              |      Tablet Server
-----------------------------------------+--------------------------------------------------------------------------------------------------------------------------------------------------------------------+-------------------------------+-------------------------
 flush_threshold_mb                      | 0                                                                                                                                                                  | runtime,experimental          | all 3 server(s) checked
 flush_threshold_secs                    | 1                                                                                                                                                                  | runtime,experimental          | all 3 server(s) checked
 ipki_server_key_size                    | 768                                                                                                                                                                | experimental                  | all 3 server(s) checked
 local_ip_for_outbound_sockets           | 127.30.68.65                                                                                                                                                       | experimental                  | 127.30.68.65:42417
 local_ip_for_outbound_sockets           | 127.30.68.66                                                                                                                                                       | experimental                  | 127.30.68.66:34705
 local_ip_for_outbound_sockets           | 127.30.68.67                                                                                                                                                       | experimental                  | 127.30.68.67:43529
 log_compression_codec                   | no_compression                                                                                                                                                     | experimental                  | all 3 server(s) checked
 log_max_segments_to_retain              | 1                                                                                                                                                                  | experimental,runtime,advanced | all 3 server(s) checked
 log_segment_size_bytes_for_tests        | 100                                                                                                                                                                | unsafe                        | all 3 server(s) checked
 maintenance_manager_polling_interval_ms | 10                                                                                                                                                                 | hidden                        | all 3 server(s) checked
 never_fsync                             | true                                                                                                                                                               | unsafe,advanced               | all 3 server(s) checked
 openssl_security_level_override         | 0                                                                                                                                                                  | unsafe,hidden                 | all 3 server(s) checked
 rpc_server_allow_ephemeral_ports        | true                                                                                                                                                               | unsafe                        | all 3 server(s) checked
 server_dump_info_format                 | pb                                                                                                                                                                 | hidden                        | all 3 server(s) checked
 server_dump_info_path                   | /tmp/dist-test-tasklNlN5G/test-tmp/auto_incrementing-itest.0.AutoIncrementingItest.BootstrapWithNoWals.1786521750151436-30993-0/minicluster-data/ts-0/data/info.pb | hidden                        | 127.30.68.65:42417
 server_dump_info_path                   | /tmp/dist-test-tasklNlN5G/test-tmp/auto_incrementing-itest.0.AutoIncrementingItest.BootstrapWithNoWals.1786521750151436-30993-0/minicluster-data/ts-1/data/info.pb | hidden                        | 127.30.68.66:34705
 server_dump_info_path                   | /tmp/dist-test-tasklNlN5G/test-tmp/auto_incrementing-itest.0.AutoIncrementingItest.BootstrapWithNoWals.1786521750151436-30993-0/minicluster-data/ts-2/data/info.pb | hidden                        | 127.30.68.67:43529

Flags of checked categories for Tablet Server:
        Flag         |       Value        |      Tablet Server
---------------------+--------------------+-------------------------
 builtin_ntp_servers | 127.30.68.84:44515 | all 3 server(s) checked
 time_source         | builtin            | all 3 server(s) checked

Version Summary
     Version     |         Servers
-----------------+-------------------------
 1.19.0-SNAPSHOT | all 4 server(s) checked

Tablet Summary
Tablet e4fd3323c6a1492f8f1d7d4c8d6c89f3 of table 'test-table' is conflicted: 2 replicas' active configs disagree with the leader master's
  0b1e36b3ab4b4cd1b74b30bf94fdef59 (127.30.68.65:42417): RUNNING [LEADER]
  7d433d606eba4ef3bd208a4b8ded3ba6 (127.30.68.67:43529): RUNNING
  1c799ddb48264b5eb97364c6405a3326 (127.30.68.66:34705): RUNNING
All reported replicas are:
  A = 0b1e36b3ab4b4cd1b74b30bf94fdef59
  B = 7d433d606eba4ef3bd208a4b8ded3ba6
  C = 1c799ddb48264b5eb97364c6405a3326
The consensus matrix is:
 Config source |   Replicas   | Current term | Config index | Committed?
---------------+--------------+--------------+--------------+------------
 master        | A*  B   C    |              |              | Yes
 A             | A*  B   C    | 2            | -1           | Yes
 B             | A   B   C    | 2            | -1           | Yes
 C             | A   B   C    | 2            | -1           | Yes

The cluster doesn't have any matching system tables
Summary by table
    Name    | RF |       Status       | Total Tablets | Healthy | Recovering | Under-replicated | Unavailable
------------+----+--------------------+---------------+---------+------------+------------------+-------------
 test-table | 3  | CONSENSUS_MISMATCH | 1             | 0       | 0          | 0                | 1

Tablet Replica Count Summary
   Statistic    | Replica Count
----------------+---------------
 Minimum        | 1
 First Quartile | 1
 Median         | 1
 Third Quartile | 1
 Maximum        | 1

Total Count Summary
                | Total Count
----------------+-------------
 Masters        | 1
 Tablet Servers | 3
 Tables         | 1
 Tablets        | 1
 Replicas       | 3

==================
Warnings:
==================
Some masters have unsafe, experimental, or hidden flags set
Some tablet servers have unsafe, experimental, or hidden flags set

==================
Errors:
==================
Corruption: table consistency check error: 1 out of 1 table(s) are not healthy

FAILED
I20260812 08:02:48.994872  2564 raft_consensus.cc:1275] T e4fd3323c6a1492f8f1d7d4c8d6c89f3 P 1c799ddb48264b5eb97364c6405a3326 [term 2 FOLLOWER]: Refusing update from remote peer 0b1e36b3ab4b4cd1b74b30bf94fdef59: Log matching property violated. Preceding OpId in replica: term: 1 index: 301. Preceding OpId from leader: term: 2 index: 302. (index mismatch)
I20260812 08:02:48.995918  3159 consensus_queue.cc:1048] T e4fd3323c6a1492f8f1d7d4c8d6c89f3 P 0b1e36b3ab4b4cd1b74b30bf94fdef59 [LEADER]: Connected to new peer: Peer: permanent_uuid: "1c799ddb48264b5eb97364c6405a3326" member_type: VOTER last_known_addr { host: "127.30.68.66" port: 34705 }, Status: LMP_MISMATCH, Last received: 0.0, Next index: 302, Last known committed idx: 301, Time since last communication: 0.000s
I20260812 08:02:48.999815  2401 maintenance_manager.cc:419] P 0b1e36b3ab4b4cd1b74b30bf94fdef59: Scheduling LogGCOp(e4fd3323c6a1492f8f1d7d4c8d6c89f3): free 522 bytes of WAL
I20260812 08:02:49.000591  2212 log_reader.cc:385] T e4fd3323c6a1492f8f1d7d4c8d6c89f3: removed 1 log segments from log reader
I20260812 08:02:49.000685  2212 log.cc:1079] T e4fd3323c6a1492f8f1d7d4c8d6c89f3 P 0b1e36b3ab4b4cd1b74b30bf94fdef59: Deleting log segment in path: /tmp/dist-test-tasklNlN5G/test-tmp/auto_incrementing-itest.0.AutoIncrementingItest.BootstrapWithNoWals.1786521750151436-30993-0/minicluster-data/ts-0/wal/wals/e4fd3323c6a1492f8f1d7d4c8d6c89f3/wal-000000001 (ops 301-301)
I20260812 08:02:49.000921  2212 maintenance_manager.cc:643] P 0b1e36b3ab4b4cd1b74b30bf94fdef59: LogGCOp(e4fd3323c6a1492f8f1d7d4c8d6c89f3) complete. Timing: real 0.000s	user 0.000s	sys 0.000s Metrics: {}
I20260812 08:02:49.001883  2786 raft_consensus.cc:1275] T e4fd3323c6a1492f8f1d7d4c8d6c89f3 P 7d433d606eba4ef3bd208a4b8ded3ba6 [term 2 FOLLOWER]: Refusing update from remote peer 0b1e36b3ab4b4cd1b74b30bf94fdef59: Log matching property violated. Preceding OpId in replica: term: 1 index: 301. Preceding OpId from leader: term: 2 index: 302. (index mismatch)
I20260812 08:02:49.002576  3218 consensus_queue.cc:1048] T e4fd3323c6a1492f8f1d7d4c8d6c89f3 P 0b1e36b3ab4b4cd1b74b30bf94fdef59 [LEADER]: Connected to new peer: Peer: permanent_uuid: "7d433d606eba4ef3bd208a4b8ded3ba6" member_type: VOTER last_known_addr { host: "127.30.68.67" port: 43529 }, Status: LMP_MISMATCH, Last received: 0.0, Next index: 302, Last known committed idx: 301, Time since last communication: 0.000s
I20260812 08:02:49.010166  2630 maintenance_manager.cc:419] P 1c799ddb48264b5eb97364c6405a3326: Scheduling LogGCOp(e4fd3323c6a1492f8f1d7d4c8d6c89f3): free 522 bytes of WAL
I20260812 08:02:49.010339  2859 maintenance_manager.cc:419] P 7d433d606eba4ef3bd208a4b8ded3ba6: Scheduling LogGCOp(e4fd3323c6a1492f8f1d7d4c8d6c89f3): free 522 bytes of WAL
I20260812 08:02:49.010856  2461 log_reader.cc:385] T e4fd3323c6a1492f8f1d7d4c8d6c89f3: removed 1 log segments from log reader
I20260812 08:02:49.010937  2461 log.cc:1079] T e4fd3323c6a1492f8f1d7d4c8d6c89f3 P 1c799ddb48264b5eb97364c6405a3326: Deleting log segment in path: /tmp/dist-test-tasklNlN5G/test-tmp/auto_incrementing-itest.0.AutoIncrementingItest.BootstrapWithNoWals.1786521750151436-30993-0/minicluster-data/ts-1/wal/wals/e4fd3323c6a1492f8f1d7d4c8d6c89f3/wal-000000001 (ops 301-301)
I20260812 08:02:49.010946  2689 log_reader.cc:385] T e4fd3323c6a1492f8f1d7d4c8d6c89f3: removed 1 log segments from log reader
I20260812 08:02:49.011000  2689 log.cc:1079] T e4fd3323c6a1492f8f1d7d4c8d6c89f3 P 7d433d606eba4ef3bd208a4b8ded3ba6: Deleting log segment in path: /tmp/dist-test-tasklNlN5G/test-tmp/auto_incrementing-itest.0.AutoIncrementingItest.BootstrapWithNoWals.1786521750151436-30993-0/minicluster-data/ts-2/wal/wals/e4fd3323c6a1492f8f1d7d4c8d6c89f3/wal-000000001 (ops 301-301)
I20260812 08:02:49.011202  2689 maintenance_manager.cc:643] P 7d433d606eba4ef3bd208a4b8ded3ba6: LogGCOp(e4fd3323c6a1492f8f1d7d4c8d6c89f3) complete. Timing: real 0.000s	user 0.000s	sys 0.000s Metrics: {}
I20260812 08:02:49.011214  2461 maintenance_manager.cc:643] P 1c799ddb48264b5eb97364c6405a3326: LogGCOp(e4fd3323c6a1492f8f1d7d4c8d6c89f3) complete. Timing: real 0.000s	user 0.000s	sys 0.000s Metrics: {}
I20260812 08:02:49.061196  2289 tablet_service.cc:1467] Tablet server has 1 leaders and 0 scanners
I20260812 08:02:49.061376  2529 tablet_service.cc:1467] Tablet server has 0 leaders and 0 scanners
I20260812 08:02:49.061437  2758 tablet_service.cc:1467] Tablet server has 0 leaders and 0 scanners
Master Summary
               UUID               |       Address       | Status
----------------------------------+---------------------+---------
 c1729158171845cfa1c04cea8833a75a | 127.30.68.126:33739 | HEALTHY

Unusual flags for Master:
               Flag               |                                                                                 Value                                                                                  |      Tags       |         Master
----------------------------------+------------------------------------------------------------------------------------------------------------------------------------------------------------------------+-----------------+-------------------------
 ipki_ca_key_size                 | 768                                                                                                                                                                    | experimental    | all 1 server(s) checked
 ipki_server_key_size             | 768                                                                                                                                                                    | experimental    | all 1 server(s) checked
 never_fsync                      | true                                                                                                                                                                   | unsafe,advanced | all 1 server(s) checked
 openssl_security_level_override  | 0                                                                                                                                                                      | unsafe,hidden   | all 1 server(s) checked
 rpc_reuseport                    | true                                                                                                                                                                   | experimental    | all 1 server(s) checked
 rpc_server_allow_ephemeral_ports | true                                                                                                                                                                   | unsafe          | all 1 server(s) checked
 server_dump_info_format          | pb                                                                                                                                                                     | hidden          | all 1 server(s) checked
 server_dump_info_path            | /tmp/dist-test-tasklNlN5G/test-tmp/auto_incrementing-itest.0.AutoIncrementingItest.BootstrapWithNoWals.1786521750151436-30993-0/minicluster-data/master-0/data/info.pb | hidden          | all 1 server(s) checked
 tsk_num_rsa_bits                 | 512                                                                                                                                                                    | experimental    | all 1 server(s) checked

Flags of checked categories for Master:
        Flag         |       Value        |         Master
---------------------+--------------------+-------------------------
 builtin_ntp_servers | 127.30.68.84:44515 | all 1 server(s) checked
 time_source         | builtin            | all 1 server(s) checked

Tablet Server Summary
               UUID               |      Address       | Status  | Location | Tablet Leaders | Active Scanners
----------------------------------+--------------------+---------+----------+----------------+-----------------
 0b1e36b3ab4b4cd1b74b30bf94fdef59 | 127.30.68.65:42417 | HEALTHY | <none>   |       1        |       0
 1c799ddb48264b5eb97364c6405a3326 | 127.30.68.66:34705 | HEALTHY | <none>   |       0        |       0
 7d433d606eba4ef3bd208a4b8ded3ba6 | 127.30.68.67:43529 | HEALTHY | <none>   |       0        |       0

Tablet Server Location Summary
 Location |  Count
----------+---------
 <none>   |       3

Unusual flags for Tablet Server:
                  Flag                   |                                                                               Value                                                                                |             Tags              |      Tablet Server
-----------------------------------------+--------------------------------------------------------------------------------------------------------------------------------------------------------------------+-------------------------------+-------------------------
 flush_threshold_mb                      | 0                                                                                                                                                                  | runtime,experimental          | all 3 server(s) checked
 flush_threshold_secs                    | 1                                                                                                                                                                  | runtime,experimental          | all 3 server(s) checked
 ipki_server_key_size                    | 768                                                                                                                                                                | experimental                  | all 3 server(s) checked
 local_ip_for_outbound_sockets           | 127.30.68.65                                                                                                                                                       | experimental                  | 127.30.68.65:42417
 local_ip_for_outbound_sockets           | 127.30.68.66                                                                                                                                                       | experimental                  | 127.30.68.66:34705
 local_ip_for_outbound_sockets           | 127.30.68.67                                                                                                                                                       | experimental                  | 127.30.68.67:43529
 log_compression_codec                   | no_compression                                                                                                                                                     | experimental                  | all 3 server(s) checked
 log_max_segments_to_retain              | 1                                                                                                                                                                  | experimental,runtime,advanced | all 3 server(s) checked
 log_segment_size_bytes_for_tests        | 100                                                                                                                                                                | unsafe                        | all 3 server(s) checked
 maintenance_manager_polling_interval_ms | 10                                                                                                                                                                 | hidden                        | all 3 server(s) checked
 never_fsync                             | true                                                                                                                                                               | unsafe,advanced               | all 3 server(s) checked
 openssl_security_level_override         | 0                                                                                                                                                                  | unsafe,hidden                 | all 3 server(s) checked
 rpc_server_allow_ephemeral_ports        | true                                                                                                                                                               | unsafe                        | all 3 server(s) checked
 server_dump_info_format                 | pb                                                                                                                                                                 | hidden                        | all 3 server(s) checked
 server_dump_info_path                   | /tmp/dist-test-tasklNlN5G/test-tmp/auto_incrementing-itest.0.AutoIncrementingItest.BootstrapWithNoWals.1786521750151436-30993-0/minicluster-data/ts-0/data/info.pb | hidden                        | 127.30.68.65:42417
 server_dump_info_path                   | /tmp/dist-test-tasklNlN5G/test-tmp/auto_incrementing-itest.0.AutoIncrementingItest.BootstrapWithNoWals.1786521750151436-30993-0/minicluster-data/ts-1/data/info.pb | hidden                        | 127.30.68.66:34705
 server_dump_info_path                   | /tmp/dist-test-tasklNlN5G/test-tmp/auto_incrementing-itest.0.AutoIncrementingItest.BootstrapWithNoWals.1786521750151436-30993-0/minicluster-data/ts-2/data/info.pb | hidden                        | 127.30.68.67:43529

Flags of checked categories for Tablet Server:
        Flag         |       Value        |      Tablet Server
---------------------+--------------------+-------------------------
 builtin_ntp_servers | 127.30.68.84:44515 | all 3 server(s) checked
 time_source         | builtin            | all 3 server(s) checked

Version Summary
     Version     |         Servers
-----------------+-------------------------
 1.19.0-SNAPSHOT | all 4 server(s) checked

Tablet Summary
The cluster doesn't have any matching system tables
Summary by table
    Name    | RF | Status  | Total Tablets | Healthy | Recovering | Under-replicated | Unavailable
------------+----+---------+---------------+---------+------------+------------------+-------------
 test-table | 3  | HEALTHY | 1             | 1       | 0          | 0                | 0

Tablet Replica Count Summary
   Statistic    | Replica Count
----------------+---------------
 Minimum        | 1
 First Quartile | 1
 Median         | 1
 Third Quartile | 1
 Maximum        | 1

Total Count Summary
                | Total Count
----------------+-------------
 Masters        | 1
 Tablet Servers | 3
 Tables         | 1
 Tablets        | 1
 Replicas       | 3

==================
Warnings:
==================
Some masters have unsafe, experimental, or hidden flags set
Some tablet servers have unsafe, experimental, or hidden flags set

OK
I20260812 08:02:49.105500  2859 maintenance_manager.cc:419] P 7d433d606eba4ef3bd208a4b8ded3ba6: Scheduling LogGCOp(e4fd3323c6a1492f8f1d7d4c8d6c89f3): free 253 bytes of WAL
I20260812 08:02:49.105722  2689 log_reader.cc:385] T e4fd3323c6a1492f8f1d7d4c8d6c89f3: removed 1 log segments from log reader
I20260812 08:02:49.105739  2859 maintenance_manager.cc:419] P 7d433d606eba4ef3bd208a4b8ded3ba6: Scheduling FlushMRSOp(e4fd3323c6a1492f8f1d7d4c8d6c89f3): perf score=1.000000
I20260812 08:02:49.105800  2689 log.cc:1079] T e4fd3323c6a1492f8f1d7d4c8d6c89f3 P 7d433d606eba4ef3bd208a4b8ded3ba6: Deleting log segment in path: /tmp/dist-test-tasklNlN5G/test-tmp/auto_incrementing-itest.0.AutoIncrementingItest.BootstrapWithNoWals.1786521750151436-30993-0/minicluster-data/ts-2/wal/wals/e4fd3323c6a1492f8f1d7d4c8d6c89f3/wal-000000002 (ops 302-302)
I20260812 08:02:49.105991  2689 maintenance_manager.cc:643] P 7d433d606eba4ef3bd208a4b8ded3ba6: LogGCOp(e4fd3323c6a1492f8f1d7d4c8d6c89f3) complete. Timing: real 0.000s	user 0.000s	sys 0.000s Metrics: {"spinlock_wait_cycles":1280}
I20260812 08:02:49.107349  2401 maintenance_manager.cc:419] P 0b1e36b3ab4b4cd1b74b30bf94fdef59: Scheduling LogGCOp(e4fd3323c6a1492f8f1d7d4c8d6c89f3): free 254 bytes of WAL
I20260812 08:02:49.107761  2401 maintenance_manager.cc:419] P 0b1e36b3ab4b4cd1b74b30bf94fdef59: Scheduling FlushMRSOp(e4fd3323c6a1492f8f1d7d4c8d6c89f3): perf score=1.000000
I20260812 08:02:49.108160  2211 log_reader.cc:385] T e4fd3323c6a1492f8f1d7d4c8d6c89f3: removed 1 log segments from log reader
I20260812 08:02:49.108240  2211 log.cc:1079] T e4fd3323c6a1492f8f1d7d4c8d6c89f3 P 0b1e36b3ab4b4cd1b74b30bf94fdef59: Deleting log segment in path: /tmp/dist-test-tasklNlN5G/test-tmp/auto_incrementing-itest.0.AutoIncrementingItest.BootstrapWithNoWals.1786521750151436-30993-0/minicluster-data/ts-0/wal/wals/e4fd3323c6a1492f8f1d7d4c8d6c89f3/wal-000000002 (ops 302-302)
I20260812 08:02:49.108474  2211 maintenance_manager.cc:643] P 0b1e36b3ab4b4cd1b74b30bf94fdef59: LogGCOp(e4fd3323c6a1492f8f1d7d4c8d6c89f3) complete. Timing: real 0.000s	user 0.000s	sys 0.000s Metrics: {}
I20260812 08:02:49.111135  2630 maintenance_manager.cc:419] P 1c799ddb48264b5eb97364c6405a3326: Scheduling LogGCOp(e4fd3323c6a1492f8f1d7d4c8d6c89f3): free 253 bytes of WAL
I20260812 08:02:49.111405  2630 maintenance_manager.cc:419] P 1c799ddb48264b5eb97364c6405a3326: Scheduling FlushMRSOp(e4fd3323c6a1492f8f1d7d4c8d6c89f3): perf score=1.000000
I20260812 08:02:49.111639  2459 log_reader.cc:385] T e4fd3323c6a1492f8f1d7d4c8d6c89f3: removed 1 log segments from log reader
I20260812 08:02:49.111696  2459 log.cc:1079] T e4fd3323c6a1492f8f1d7d4c8d6c89f3 P 1c799ddb48264b5eb97364c6405a3326: Deleting log segment in path: /tmp/dist-test-tasklNlN5G/test-tmp/auto_incrementing-itest.0.AutoIncrementingItest.BootstrapWithNoWals.1786521750151436-30993-0/minicluster-data/ts-1/wal/wals/e4fd3323c6a1492f8f1d7d4c8d6c89f3/wal-000000002 (ops 302-302)
I20260812 08:02:49.111876  2459 maintenance_manager.cc:643] P 1c799ddb48264b5eb97364c6405a3326: LogGCOp(e4fd3323c6a1492f8f1d7d4c8d6c89f3) complete. Timing: real 0.000s	user 0.000s	sys 0.000s Metrics: {"spinlock_wait_cycles":3840}
I20260812 08:02:49.132815  2211 maintenance_manager.cc:643] P 0b1e36b3ab4b4cd1b74b30bf94fdef59: FlushMRSOp(e4fd3323c6a1492f8f1d7d4c8d6c89f3) complete. Timing: real 0.024s	user 0.012s	sys 0.003s Metrics: {"bytes_written":4732,"cfile_init":1,"compiler_manager_pool.queue_time_us":21956,"drs_written":1,"lbm_read_time_us":56,"lbm_reads_lt_1ms":4,"lbm_write_time_us":752,"lbm_writes_lt_1ms":26,"peak_mem_usage":0,"rows_written":1,"thread_start_us":231,"threads_started":2}
I20260812 08:02:49.134435  2401 maintenance_manager.cc:419] P 0b1e36b3ab4b4cd1b74b30bf94fdef59: Scheduling LogGCOp(e4fd3323c6a1492f8f1d7d4c8d6c89f3): free 571 bytes of WAL
I20260812 08:02:49.134676  2401 maintenance_manager.cc:419] P 0b1e36b3ab4b4cd1b74b30bf94fdef59: Scheduling FlushMRSOp(e4fd3323c6a1492f8f1d7d4c8d6c89f3): perf score=1.000000
I20260812 08:02:49.134909  2401 maintenance_manager.cc:419] P 0b1e36b3ab4b4cd1b74b30bf94fdef59: Scheduling CompactRowSetsOp(e4fd3323c6a1492f8f1d7d4c8d6c89f3): perf score=0.014996
I20260812 08:02:49.134922  2212 log_reader.cc:385] T e4fd3323c6a1492f8f1d7d4c8d6c89f3: removed 1 log segments from log reader
I20260812 08:02:49.135017  2212 log.cc:1079] T e4fd3323c6a1492f8f1d7d4c8d6c89f3 P 0b1e36b3ab4b4cd1b74b30bf94fdef59: Deleting log segment in path: /tmp/dist-test-tasklNlN5G/test-tmp/auto_incrementing-itest.0.AutoIncrementingItest.BootstrapWithNoWals.1786521750151436-30993-0/minicluster-data/ts-0/wal/wals/e4fd3323c6a1492f8f1d7d4c8d6c89f3/wal-000000003 (ops 303-303)
I20260812 08:02:49.135203  2212 maintenance_manager.cc:643] P 0b1e36b3ab4b4cd1b74b30bf94fdef59: LogGCOp(e4fd3323c6a1492f8f1d7d4c8d6c89f3) complete. Timing: real 0.000s	user 0.000s	sys 0.000s Metrics: {}
I20260812 08:02:49.135512  2401 maintenance_manager.cc:419] P 0b1e36b3ab4b4cd1b74b30bf94fdef59: Scheduling UndoDeltaBlockGCOp(e4fd3323c6a1492f8f1d7d4c8d6c89f3): 163 bytes on disk
I20260812 08:02:49.135689  2401 maintenance_manager.cc:419] P 0b1e36b3ab4b4cd1b74b30bf94fdef59: Scheduling UndoDeltaBlockGCOp(e4fd3323c6a1492f8f1d7d4c8d6c89f3): 163 bytes on disk
I20260812 08:02:49.136123  2212 maintenance_manager.cc:643] P 0b1e36b3ab4b4cd1b74b30bf94fdef59: UndoDeltaBlockGCOp(e4fd3323c6a1492f8f1d7d4c8d6c89f3) complete. Timing: real 0.000s	user 0.000s	sys 0.000s Metrics: {"cfile_init":1,"lbm_read_time_us":77,"lbm_reads_lt_1ms":4}
I20260812 08:02:49.136420  2212 maintenance_manager.cc:643] P 0b1e36b3ab4b4cd1b74b30bf94fdef59: UndoDeltaBlockGCOp(e4fd3323c6a1492f8f1d7d4c8d6c89f3) complete. Timing: real 0.000s	user 0.000s	sys 0.000s Metrics: {}
I20260812 08:02:49.139509  2691 maintenance_manager.cc:643] P 7d433d606eba4ef3bd208a4b8ded3ba6: FlushMRSOp(e4fd3323c6a1492f8f1d7d4c8d6c89f3) complete. Timing: real 0.033s	user 0.009s	sys 0.005s Metrics: {"bytes_written":4732,"cfile_init":1,"compiler_manager_pool.queue_time_us":27996,"dirs.queue_time_us":5756,"drs_written":1,"lbm_read_time_us":69,"lbm_reads_lt_1ms":4,"lbm_write_time_us":728,"lbm_writes_lt_1ms":26,"peak_mem_usage":0,"rows_written":1,"thread_start_us":375,"threads_started":2}
I20260812 08:02:49.140520  2859 maintenance_manager.cc:419] P 7d433d606eba4ef3bd208a4b8ded3ba6: Scheduling LogGCOp(e4fd3323c6a1492f8f1d7d4c8d6c89f3): free 571 bytes of WAL
I20260812 08:02:49.140724  2859 maintenance_manager.cc:419] P 7d433d606eba4ef3bd208a4b8ded3ba6: Scheduling FlushMRSOp(e4fd3323c6a1492f8f1d7d4c8d6c89f3): perf score=1.000000
I20260812 08:02:49.140910  2859 maintenance_manager.cc:419] P 7d433d606eba4ef3bd208a4b8ded3ba6: Scheduling CompactRowSetsOp(e4fd3323c6a1492f8f1d7d4c8d6c89f3): perf score=0.014996
I20260812 08:02:49.141134  2685 log_reader.cc:385] T e4fd3323c6a1492f8f1d7d4c8d6c89f3: removed 1 log segments from log reader
I20260812 08:02:49.141204  2685 log.cc:1079] T e4fd3323c6a1492f8f1d7d4c8d6c89f3 P 7d433d606eba4ef3bd208a4b8ded3ba6: Deleting log segment in path: /tmp/dist-test-tasklNlN5G/test-tmp/auto_incrementing-itest.0.AutoIncrementingItest.BootstrapWithNoWals.1786521750151436-30993-0/minicluster-data/ts-2/wal/wals/e4fd3323c6a1492f8f1d7d4c8d6c89f3/wal-000000003 (ops 303-303)
I20260812 08:02:49.141404  2685 maintenance_manager.cc:643] P 7d433d606eba4ef3bd208a4b8ded3ba6: LogGCOp(e4fd3323c6a1492f8f1d7d4c8d6c89f3) complete. Timing: real 0.000s	user 0.000s	sys 0.000s Metrics: {}
I20260812 08:02:49.145458  2859 maintenance_manager.cc:419] P 7d433d606eba4ef3bd208a4b8ded3ba6: Scheduling CompactRowSetsOp(e4fd3323c6a1492f8f1d7d4c8d6c89f3): perf score=0.014996
I20260812 08:02:49.149724  2684 tablet.cc:2106] T e4fd3323c6a1492f8f1d7d4c8d6c89f3 P 7d433d606eba4ef3bd208a4b8ded3ba6: Compaction resulted in no output rows (all input rows were GCed!)  Removing all input rowsets.
I20260812 08:02:49.151917  2684 maintenance_manager.cc:643] P 7d433d606eba4ef3bd208a4b8ded3ba6: CompactRowSetsOp(e4fd3323c6a1492f8f1d7d4c8d6c89f3) complete. Timing: real 0.006s	user 0.005s	sys 0.000s Metrics: {"lbm_write_time_us":241,"lbm_writes_lt_1ms":7,"num_input_rowsets":0,"thread_start_us":605,"threads_started":6}
I20260812 08:02:49.153961  2689 maintenance_manager.cc:643] P 7d433d606eba4ef3bd208a4b8ded3ba6: FlushMRSOp(e4fd3323c6a1492f8f1d7d4c8d6c89f3) complete. Timing: real 0.013s	user 0.001s	sys 0.004s Metrics: {"bytes_written":4746,"cfile_init":1,"dirs.queue_time_us":56,"dirs.run_cpu_time_us":204,"dirs.run_wall_time_us":1091,"drs_written":1,"lbm_read_time_us":50,"lbm_reads_lt_1ms":4,"lbm_write_time_us":460,"lbm_writes_lt_1ms":26,"mutex_wait_us":1840,"peak_mem_usage":0,"rows_written":3}
I20260812 08:02:49.154410  2859 maintenance_manager.cc:419] P 7d433d606eba4ef3bd208a4b8ded3ba6: Scheduling LogGCOp(e4fd3323c6a1492f8f1d7d4c8d6c89f3): free 1158 bytes of WAL
I20260812 08:02:49.154594  2859 maintenance_manager.cc:419] P 7d433d606eba4ef3bd208a4b8ded3ba6: Scheduling UndoDeltaBlockGCOp(e4fd3323c6a1492f8f1d7d4c8d6c89f3): 185 bytes on disk
I20260812 08:02:49.154728  2859 maintenance_manager.cc:419] P 7d433d606eba4ef3bd208a4b8ded3ba6: Scheduling UndoDeltaBlockGCOp(e4fd3323c6a1492f8f1d7d4c8d6c89f3): 185 bytes on disk
I20260812 08:02:49.157361  2210 maintenance_manager.cc:643] P 0b1e36b3ab4b4cd1b74b30bf94fdef59: FlushMRSOp(e4fd3323c6a1492f8f1d7d4c8d6c89f3) complete. Timing: real 0.022s	user 0.008s	sys 0.000s Metrics: {"bytes_written":4739,"cfile_init":1,"drs_written":1,"lbm_read_time_us":60,"lbm_reads_lt_1ms":4,"lbm_write_time_us":724,"lbm_writes_lt_1ms":26,"peak_mem_usage":0,"rows_written":2,"thread_start_us":160,"threads_started":1}
I20260812 08:02:49.158330  2401 maintenance_manager.cc:419] P 0b1e36b3ab4b4cd1b74b30bf94fdef59: Scheduling LogGCOp(e4fd3323c6a1492f8f1d7d4c8d6c89f3): free 1158 bytes of WAL
I20260812 08:02:49.158545  2401 maintenance_manager.cc:419] P 0b1e36b3ab4b4cd1b74b30bf94fdef59: Scheduling UndoDeltaBlockGCOp(e4fd3323c6a1492f8f1d7d4c8d6c89f3): 174 bytes on disk
I20260812 08:02:49.158735  2401 maintenance_manager.cc:419] P 0b1e36b3ab4b4cd1b74b30bf94fdef59: Scheduling UndoDeltaBlockGCOp(e4fd3323c6a1492f8f1d7d4c8d6c89f3): 174 bytes on disk
I20260812 08:02:49.158938  2209 log_reader.cc:385] T e4fd3323c6a1492f8f1d7d4c8d6c89f3: removed 2 log segments from log reader
I20260812 08:02:49.158989  2209 log.cc:1079] T e4fd3323c6a1492f8f1d7d4c8d6c89f3 P 0b1e36b3ab4b4cd1b74b30bf94fdef59: Deleting log segment in path: /tmp/dist-test-tasklNlN5G/test-tmp/auto_incrementing-itest.0.AutoIncrementingItest.BootstrapWithNoWals.1786521750151436-30993-0/minicluster-data/ts-0/wal/wals/e4fd3323c6a1492f8f1d7d4c8d6c89f3/wal-000000004 (ops 304-304)
I20260812 08:02:49.159031  2209 log.cc:1079] T e4fd3323c6a1492f8f1d7d4c8d6c89f3 P 0b1e36b3ab4b4cd1b74b30bf94fdef59: Deleting log segment in path: /tmp/dist-test-tasklNlN5G/test-tmp/auto_incrementing-itest.0.AutoIncrementingItest.BootstrapWithNoWals.1786521750151436-30993-0/minicluster-data/ts-0/wal/wals/e4fd3323c6a1492f8f1d7d4c8d6c89f3/wal-000000005 (ops 305-305)
I20260812 08:02:49.159271  2209 maintenance_manager.cc:643] P 0b1e36b3ab4b4cd1b74b30bf94fdef59: LogGCOp(e4fd3323c6a1492f8f1d7d4c8d6c89f3) complete. Timing: real 0.000s	user 0.000s	sys 0.000s Metrics: {}
I20260812 08:02:49.159715  2209 maintenance_manager.cc:643] P 0b1e36b3ab4b4cd1b74b30bf94fdef59: UndoDeltaBlockGCOp(e4fd3323c6a1492f8f1d7d4c8d6c89f3) complete. Timing: real 0.000s	user 0.000s	sys 0.000s Metrics: {"cfile_init":1,"lbm_read_time_us":68,"lbm_reads_lt_1ms":4}
I20260812 08:02:49.159958  2209 maintenance_manager.cc:643] P 0b1e36b3ab4b4cd1b74b30bf94fdef59: UndoDeltaBlockGCOp(e4fd3323c6a1492f8f1d7d4c8d6c89f3) complete. Timing: real 0.000s	user 0.000s	sys 0.000s Metrics: {}
I20260812 08:02:49.161793  2401 maintenance_manager.cc:419] P 0b1e36b3ab4b4cd1b74b30bf94fdef59: Scheduling FlushMRSOp(e4fd3323c6a1492f8f1d7d4c8d6c89f3): perf score=1.000000
I20260812 08:02:49.162432  2691 maintenance_manager.cc:643] P 7d433d606eba4ef3bd208a4b8ded3ba6: UndoDeltaBlockGCOp(e4fd3323c6a1492f8f1d7d4c8d6c89f3) complete. Timing: real 0.000s	user 0.000s	sys 0.000s Metrics: {"cfile_init":1,"lbm_read_time_us":69,"lbm_reads_lt_1ms":4}
I20260812 08:02:49.162814  2684 log_reader.cc:385] T e4fd3323c6a1492f8f1d7d4c8d6c89f3: removed 2 log segments from log reader
I20260812 08:02:49.165642  2684 log.cc:1079] T e4fd3323c6a1492f8f1d7d4c8d6c89f3 P 7d433d606eba4ef3bd208a4b8ded3ba6: Deleting log segment in path: /tmp/dist-test-tasklNlN5G/test-tmp/auto_incrementing-itest.0.AutoIncrementingItest.BootstrapWithNoWals.1786521750151436-30993-0/minicluster-data/ts-2/wal/wals/e4fd3323c6a1492f8f1d7d4c8d6c89f3/wal-000000004 (ops 304-304)
I20260812 08:02:49.165723  2684 log.cc:1079] T e4fd3323c6a1492f8f1d7d4c8d6c89f3 P 7d433d606eba4ef3bd208a4b8ded3ba6: Deleting log segment in path: /tmp/dist-test-tasklNlN5G/test-tmp/auto_incrementing-itest.0.AutoIncrementingItest.BootstrapWithNoWals.1786521750151436-30993-0/minicluster-data/ts-2/wal/wals/e4fd3323c6a1492f8f1d7d4c8d6c89f3/wal-000000005 (ops 305-305)
I20260812 08:02:49.165979  2684 maintenance_manager.cc:643] P 7d433d606eba4ef3bd208a4b8ded3ba6: LogGCOp(e4fd3323c6a1492f8f1d7d4c8d6c89f3) complete. Timing: real 0.011s	user 0.000s	sys 0.000s Metrics: {}
I20260812 08:02:49.166262  2859 maintenance_manager.cc:419] P 7d433d606eba4ef3bd208a4b8ded3ba6: Scheduling LogGCOp(e4fd3323c6a1492f8f1d7d4c8d6c89f3): free 579 bytes of WAL
I20260812 08:02:49.166489  2859 maintenance_manager.cc:419] P 7d433d606eba4ef3bd208a4b8ded3ba6: Scheduling FlushMRSOp(e4fd3323c6a1492f8f1d7d4c8d6c89f3): perf score=1.000000
I20260812 08:02:49.163049  2689 maintenance_manager.cc:643] P 7d433d606eba4ef3bd208a4b8ded3ba6: UndoDeltaBlockGCOp(e4fd3323c6a1492f8f1d7d4c8d6c89f3) complete. Timing: real 0.000s	user 0.000s	sys 0.000s Metrics: {}
I20260812 08:02:49.166708  2689 log_reader.cc:385] T e4fd3323c6a1492f8f1d7d4c8d6c89f3: removed 1 log segments from log reader
I20260812 08:02:49.166761  2689 log.cc:1079] T e4fd3323c6a1492f8f1d7d4c8d6c89f3 P 7d433d606eba4ef3bd208a4b8ded3ba6: Deleting log segment in path: /tmp/dist-test-tasklNlN5G/test-tmp/auto_incrementing-itest.0.AutoIncrementingItest.BootstrapWithNoWals.1786521750151436-30993-0/minicluster-data/ts-2/wal/wals/e4fd3323c6a1492f8f1d7d4c8d6c89f3/wal-000000006 (ops 306-306)
I20260812 08:02:49.166914  2689 maintenance_manager.cc:643] P 7d433d606eba4ef3bd208a4b8ded3ba6: LogGCOp(e4fd3323c6a1492f8f1d7d4c8d6c89f3) complete. Timing: real 0.000s	user 0.000s	sys 0.000s Metrics: {}
I20260812 08:02:49.176301  2685 maintenance_manager.cc:643] P 7d433d606eba4ef3bd208a4b8ded3ba6: CompactRowSetsOp(e4fd3323c6a1492f8f1d7d4c8d6c89f3) complete. Timing: real 0.035s	user 0.015s	sys 0.003s Metrics: {"bytes_written":6348,"cfile_cache_hit":24,"cfile_cache_hit_bytes":3221,"cfile_cache_miss":16,"cfile_cache_miss_bytes":4995,"cfile_init":5,"delta_iterators_relevant":6,"dirs.queue_time_us":3883,"dirs.run_cpu_time_us":115,"dirs.run_wall_time_us":463,"drs_written":1,"lbm_read_time_us":622,"lbm_reads_lt_1ms":36,"lbm_write_time_us":701,"lbm_writes_lt_1ms":29,"mutex_wait_us":3786,"num_input_rowsets":2,"peak_mem_usage":65536,"rows_written":201,"thread_start_us":153,"threads_started":1}
I20260812 08:02:49.177654  2859 maintenance_manager.cc:419] P 7d433d606eba4ef3bd208a4b8ded3ba6: Scheduling CompactRowSetsOp(e4fd3323c6a1492f8f1d7d4c8d6c89f3): perf score=0.014996
I20260812 08:02:49.178257  2859 maintenance_manager.cc:419] P 7d433d606eba4ef3bd208a4b8ded3ba6: Scheduling UndoDeltaBlockGCOp(e4fd3323c6a1492f8f1d7d4c8d6c89f3): 2392 bytes on disk
I20260812 08:02:49.178516  2859 maintenance_manager.cc:419] P 7d433d606eba4ef3bd208a4b8ded3ba6: Scheduling CompactRowSetsOp(e4fd3323c6a1492f8f1d7d4c8d6c89f3): perf score=0.014996
I20260812 08:02:49.179085  2212 maintenance_manager.cc:643] P 0b1e36b3ab4b4cd1b74b30bf94fdef59: FlushMRSOp(e4fd3323c6a1492f8f1d7d4c8d6c89f3) complete. Timing: real 0.017s	user 0.007s	sys 0.000s Metrics: {"bytes_written":4738,"cfile_init":1,"dirs.queue_time_us":35,"dirs.run_cpu_time_us":131,"dirs.run_wall_time_us":494,"drs_written":1,"lbm_read_time_us":60,"lbm_reads_lt_1ms":4,"lbm_write_time_us":5937,"lbm_writes_1-10_ms":1,"lbm_writes_lt_1ms":25,"peak_mem_usage":0,"rows_written":2,"spinlock_wait_cycles":896}
I20260812 08:02:49.179633  2401 maintenance_manager.cc:419] P 0b1e36b3ab4b4cd1b74b30bf94fdef59: Scheduling LogGCOp(e4fd3323c6a1492f8f1d7d4c8d6c89f3): free 1158 bytes of WAL
I20260812 08:02:49.179843  2401 maintenance_manager.cc:419] P 0b1e36b3ab4b4cd1b74b30bf94fdef59: Scheduling FlushMRSOp(e4fd3323c6a1492f8f1d7d4c8d6c89f3): perf score=1.000000
I20260812 08:02:49.180004  2401 maintenance_manager.cc:419] P 0b1e36b3ab4b4cd1b74b30bf94fdef59: Scheduling UndoDeltaBlockGCOp(e4fd3323c6a1492f8f1d7d4c8d6c89f3): 174 bytes on disk
I20260812 08:02:49.180148  2209 log_reader.cc:385] T e4fd3323c6a1492f8f1d7d4c8d6c89f3: removed 2 log segments from log reader
I20260812 08:02:49.180191  2209 log.cc:1079] T e4fd3323c6a1492f8f1d7d4c8d6c89f3 P 0b1e36b3ab4b4cd1b74b30bf94fdef59: Deleting log segment in path: /tmp/dist-test-tasklNlN5G/test-tmp/auto_incrementing-itest.0.AutoIncrementingItest.BootstrapWithNoWals.1786521750151436-30993-0/minicluster-data/ts-0/wal/wals/e4fd3323c6a1492f8f1d7d4c8d6c89f3/wal-000000006 (ops 306-306)
I20260812 08:02:49.180234  2209 log.cc:1079] T e4fd3323c6a1492f8f1d7d4c8d6c89f3 P 0b1e36b3ab4b4cd1b74b30bf94fdef59: Deleting log segment in path: /tmp/dist-test-tasklNlN5G/test-tmp/auto_incrementing-itest.0.AutoIncrementingItest.BootstrapWithNoWals.1786521750151436-30993-0/minicluster-data/ts-0/wal/wals/e4fd3323c6a1492f8f1d7d4c8d6c89f3/wal-000000007 (ops 307-307)
I20260812 08:02:49.180464  2209 maintenance_manager.cc:643] P 0b1e36b3ab4b4cd1b74b30bf94fdef59: LogGCOp(e4fd3323c6a1492f8f1d7d4c8d6c89f3) complete. Timing: real 0.000s	user 0.000s	sys 0.000s Metrics: {}
I20260812 08:02:49.184412  2685 maintenance_manager.cc:643] P 7d433d606eba4ef3bd208a4b8ded3ba6: UndoDeltaBlockGCOp(e4fd3323c6a1492f8f1d7d4c8d6c89f3) complete. Timing: real 0.000s	user 0.000s	sys 0.000s Metrics: {}
I20260812 08:02:49.185176  2630 maintenance_manager.cc:419] P 1c799ddb48264b5eb97364c6405a3326: Scheduling LogGCOp(e4fd3323c6a1492f8f1d7d4c8d6c89f3): free 571 bytes of WAL
I20260812 08:02:49.185491  2630 maintenance_manager.cc:419] P 1c799ddb48264b5eb97364c6405a3326: Scheduling FlushMRSOp(e4fd3323c6a1492f8f1d7d4c8d6c89f3): perf score=1.000000
I20260812 08:02:49.185696  2630 maintenance_manager.cc:419] P 1c799ddb48264b5eb97364c6405a3326: Scheduling UndoDeltaBlockGCOp(e4fd3323c6a1492f8f1d7d4c8d6c89f3): 163 bytes on disk
I20260812 08:02:49.185881  2459 log_reader.cc:385] T e4fd3323c6a1492f8f1d7d4c8d6c89f3: removed 1 log segments from log reader
I20260812 08:02:49.185938  2459 log.cc:1079] T e4fd3323c6a1492f8f1d7d4c8d6c89f3 P 1c799ddb48264b5eb97364c6405a3326: Deleting log segment in path: /tmp/dist-test-tasklNlN5G/test-tmp/auto_incrementing-itest.0.AutoIncrementingItest.BootstrapWithNoWals.1786521750151436-30993-0/minicluster-data/ts-1/wal/wals/e4fd3323c6a1492f8f1d7d4c8d6c89f3/wal-000000003 (ops 303-303)
I20260812 08:02:49.185950  2401 maintenance_manager.cc:419] P 0b1e36b3ab4b4cd1b74b30bf94fdef59: Scheduling CompactRowSetsOp(e4fd3323c6a1492f8f1d7d4c8d6c89f3): perf score=0.014997
I20260812 08:02:49.186131  2459 maintenance_manager.cc:643] P 1c799ddb48264b5eb97364c6405a3326: LogGCOp(e4fd3323c6a1492f8f1d7d4c8d6c89f3) complete. Timing: real 0.000s	user 0.000s	sys 0.000s Metrics: {}
I20260812 08:02:49.187530  2210 maintenance_manager.cc:643] P 0b1e36b3ab4b4cd1b74b30bf94fdef59: UndoDeltaBlockGCOp(e4fd3323c6a1492f8f1d7d4c8d6c89f3) complete. Timing: real 0.000s	user 0.000s	sys 0.000s Metrics: {"cfile_init":1,"lbm_read_time_us":59,"lbm_reads_lt_1ms":4}
I20260812 08:02:49.188082  2401 maintenance_manager.cc:419] P 0b1e36b3ab4b4cd1b74b30bf94fdef59: Scheduling CompactRowSetsOp(e4fd3323c6a1492f8f1d7d4c8d6c89f3): perf score=0.014997
I20260812 08:02:49.189800  2458 maintenance_manager.cc:643] P 1c799ddb48264b5eb97364c6405a3326: UndoDeltaBlockGCOp(e4fd3323c6a1492f8f1d7d4c8d6c89f3) complete. Timing: real 0.000s	user 0.000s	sys 0.000s Metrics: {"cfile_init":1,"lbm_read_time_us":62,"lbm_reads_lt_1ms":4}
I20260812 08:02:49.192605  2630 maintenance_manager.cc:419] P 1c799ddb48264b5eb97364c6405a3326: Scheduling CompactRowSetsOp(e4fd3323c6a1492f8f1d7d4c8d6c89f3): perf score=0.014996
I20260812 08:02:49.193063  2630 maintenance_manager.cc:419] P 1c799ddb48264b5eb97364c6405a3326: Scheduling CompactRowSetsOp(e4fd3323c6a1492f8f1d7d4c8d6c89f3): perf score=0.014996
I20260812 08:02:49.202301  2212 tablet.cc:2106] T e4fd3323c6a1492f8f1d7d4c8d6c89f3 P 0b1e36b3ab4b4cd1b74b30bf94fdef59: Compaction resulted in no output rows (all input rows were GCed!)  Removing all input rowsets.
I20260812 08:02:49.202454  2209 maintenance_manager.cc:643] P 0b1e36b3ab4b4cd1b74b30bf94fdef59: FlushMRSOp(e4fd3323c6a1492f8f1d7d4c8d6c89f3) complete. Timing: real 0.022s	user 0.007s	sys 0.000s Metrics: {"bytes_written":4739,"cfile_init":1,"dirs.queue_time_us":38,"dirs.run_cpu_time_us":184,"dirs.run_wall_time_us":1181,"drs_written":1,"lbm_read_time_us":60,"lbm_reads_lt_1ms":4,"lbm_write_time_us":622,"lbm_writes_lt_1ms":26,"peak_mem_usage":0,"rows_written":2}
I20260812 08:02:49.203140  2401 maintenance_manager.cc:419] P 0b1e36b3ab4b4cd1b74b30bf94fdef59: Scheduling LogGCOp(e4fd3323c6a1492f8f1d7d4c8d6c89f3): free 1197 bytes of WAL
I20260812 08:02:49.203500  2684 maintenance_manager.cc:643] P 7d433d606eba4ef3bd208a4b8ded3ba6: CompactRowSetsOp(e4fd3323c6a1492f8f1d7d4c8d6c89f3) complete. Timing: real 0.025s	user 0.012s	sys 0.004s Metrics: {"bytes_written":6369,"cfile_cache_hit":11,"cfile_cache_hit_bytes":301,"cfile_cache_miss":29,"cfile_cache_miss_bytes":8017,"cfile_init":9,"delta_iterators_relevant":6,"dirs.queue_time_us":331,"dirs.run_cpu_time_us":643,"dirs.run_wall_time_us":5389,"drs_written":1,"lbm_read_time_us":882,"lbm_reads_lt_1ms":65,"lbm_write_time_us":798,"lbm_writes_lt_1ms":29,"num_input_rowsets":2,"peak_mem_usage":65536,"rows_written":204}
I20260812 08:02:49.203533  2209 log_reader.cc:385] T e4fd3323c6a1492f8f1d7d4c8d6c89f3: removed 2 log segments from log reader
I20260812 08:02:49.204501  2859 maintenance_manager.cc:419] P 7d433d606eba4ef3bd208a4b8ded3ba6: Scheduling UndoDeltaBlockGCOp(e4fd3323c6a1492f8f1d7d4c8d6c89f3): 2422 bytes on disk
I20260812 08:02:49.204727  2859 maintenance_manager.cc:419] P 7d433d606eba4ef3bd208a4b8ded3ba6: Scheduling UndoDeltaBlockGCOp(e4fd3323c6a1492f8f1d7d4c8d6c89f3): 2422 bytes on disk
I20260812 08:02:49.204941  2209 log.cc:1079] T e4fd3323c6a1492f8f1d7d4c8d6c89f3 P 0b1e36b3ab4b4cd1b74b30bf94fdef59: Deleting log segment in path: /tmp/dist-test-tasklNlN5G/test-tmp/auto_incrementing-itest.0.AutoIncrementingItest.BootstrapWithNoWals.1786521750151436-30993-0/minicluster-data/ts-0/wal/wals/e4fd3323c6a1492f8f1d7d4c8d6c89f3/wal-000000008 (ops 308-308)
I20260812 08:02:49.205003  2209 log.cc:1079] T e4fd3323c6a1492f8f1d7d4c8d6c89f3 P 0b1e36b3ab4b4cd1b74b30bf94fdef59: Deleting log segment in path: /tmp/dist-test-tasklNlN5G/test-tmp/auto_incrementing-itest.0.AutoIncrementingItest.BootstrapWithNoWals.1786521750151436-30993-0/minicluster-data/ts-0/wal/wals/e4fd3323c6a1492f8f1d7d4c8d6c89f3/wal-000000009 (ops 309-309)
I20260812 08:02:49.205128  2685 maintenance_manager.cc:643] P 7d433d606eba4ef3bd208a4b8ded3ba6: UndoDeltaBlockGCOp(e4fd3323c6a1492f8f1d7d4c8d6c89f3) complete. Timing: real 0.000s	user 0.000s	sys 0.000s Metrics: {"cfile_init":1,"lbm_read_time_us":60,"lbm_reads_lt_1ms":4}
I20260812 08:02:49.205386  2685 maintenance_manager.cc:643] P 7d433d606eba4ef3bd208a4b8ded3ba6: UndoDeltaBlockGCOp(e4fd3323c6a1492f8f1d7d4c8d6c89f3) complete. Timing: real 0.000s	user 0.000s	sys 0.000s Metrics: {}
I20260812 08:02:49.205444  2209 maintenance_manager.cc:643] P 0b1e36b3ab4b4cd1b74b30bf94fdef59: LogGCOp(e4fd3323c6a1492f8f1d7d4c8d6c89f3) complete. Timing: real 0.002s	user 0.000s	sys 0.001s Metrics: {}
I20260812 08:02:49.205778  2401 maintenance_manager.cc:419] P 0b1e36b3ab4b4cd1b74b30bf94fdef59: Scheduling UndoDeltaBlockGCOp(e4fd3323c6a1492f8f1d7d4c8d6c89f3): 174 bytes on disk
I20260812 08:02:49.206254  2209 maintenance_manager.cc:643] P 0b1e36b3ab4b4cd1b74b30bf94fdef59: UndoDeltaBlockGCOp(e4fd3323c6a1492f8f1d7d4c8d6c89f3) complete. Timing: real 0.000s	user 0.000s	sys 0.000s Metrics: {"cfile_init":1,"lbm_read_time_us":70,"lbm_reads_lt_1ms":4}
I20260812 08:02:49.206720  2401 maintenance_manager.cc:419] P 0b1e36b3ab4b4cd1b74b30bf94fdef59: Scheduling FlushMRSOp(e4fd3323c6a1492f8f1d7d4c8d6c89f3): perf score=1.000000
