I20260812 07:59:35.778623  4237 consensus_queue.cc:260] T 5cd76281855d434bac3883c1bd0c24b4 P 20066b067c1848ea87fdeb7435f40cd3 [NON_LEADER]: Queue going to NON_LEADER mode. State: All replicated index: 0, Majority replicated index: 0, Committed index: 0, Last appended: 0.0, Last appended by leader: 0, Current term: 0, Majority size: -1, State: 0, Mode: NON_LEADER, active raft config: opid_index: -1 OBSOLETE_local: false peers { permanent_uuid: "96da9186787e49de8bb975e74a0c8375" member_type: VOTER last_known_addr { host: "127.1.171.2" port: 42905 } } peers { permanent_uuid: "b9fbb9ba10674d45aa5872a9e7daeddf" member_type: VOTER last_known_addr { host: "127.1.171.1" port: 33923 } } peers { permanent_uuid: "20066b067c1848ea87fdeb7435f40cd3" member_type: VOTER last_known_addr { host: "127.1.171.3" port: 37199 } }
I20260812 07:59:35.778904  4242 raft_consensus.cc:359] T 24972802e5ac4e3285c1f884affc7fea P b9fbb9ba10674d45aa5872a9e7daeddf [term 0 FOLLOWER]: Replica starting. Triggering 0 pending ops. Active config: opid_index: -1 OBSOLETE_local: false peers { permanent_uuid: "b9fbb9ba10674d45aa5872a9e7daeddf" member_type: VOTER last_known_addr { host: "127.1.171.1" port: 33923 } } peers { permanent_uuid: "96da9186787e49de8bb975e74a0c8375" member_type: VOTER last_known_addr { host: "127.1.171.2" port: 42905 } } peers { permanent_uuid: "20066b067c1848ea87fdeb7435f40cd3" member_type: VOTER last_known_addr { host: "127.1.171.3" port: 37199 } }
I20260812 07:59:35.779024  4242 raft_consensus.cc:385] T 24972802e5ac4e3285c1f884affc7fea P b9fbb9ba10674d45aa5872a9e7daeddf [term 0 FOLLOWER]: Consensus starting up: Expiring failure detector timer to make a prompt election more likely
I20260812 07:59:35.779069  4242 raft_consensus.cc:740] T 24972802e5ac4e3285c1f884affc7fea P b9fbb9ba10674d45aa5872a9e7daeddf [term 0 FOLLOWER]: Becoming Follower/Learner. State: Replica: b9fbb9ba10674d45aa5872a9e7daeddf, State: Initialized, Role: FOLLOWER
I20260812 07:59:35.779101  4237 ts_tablet_manager.cc:1434] T 5cd76281855d434bac3883c1bd0c24b4 P 20066b067c1848ea87fdeb7435f40cd3: Time spent starting tablet: real 0.002s	user 0.000s	sys 0.001s
I20260812 07:59:35.779202  4242 consensus_queue.cc:260] T 24972802e5ac4e3285c1f884affc7fea P b9fbb9ba10674d45aa5872a9e7daeddf [NON_LEADER]: Queue going to NON_LEADER mode. State: All replicated index: 0, Majority replicated index: 0, Committed index: 0, Last appended: 0.0, Last appended by leader: 0, Current term: 0, Majority size: -1, State: 0, Mode: NON_LEADER, active raft config: opid_index: -1 OBSOLETE_local: false peers { permanent_uuid: "b9fbb9ba10674d45aa5872a9e7daeddf" member_type: VOTER last_known_addr { host: "127.1.171.1" port: 33923 } } peers { permanent_uuid: "96da9186787e49de8bb975e74a0c8375" member_type: VOTER last_known_addr { host: "127.1.171.2" port: 42905 } } peers { permanent_uuid: "20066b067c1848ea87fdeb7435f40cd3" member_type: VOTER last_known_addr { host: "127.1.171.3" port: 37199 } }
I20260812 07:59:35.779570  4242 ts_tablet_manager.cc:1434] T 24972802e5ac4e3285c1f884affc7fea P b9fbb9ba10674d45aa5872a9e7daeddf: Time spent starting tablet: real 0.002s	user 0.001s	sys 0.000s
I20260812 07:59:35.779765  4242 tablet_bootstrap.cc:492] T 664a28bc32cc4318af3fb33e50bd6f7c P b9fbb9ba10674d45aa5872a9e7daeddf: Bootstrap starting.
I20260812 07:59:35.780269  4283 raft_consensus.cc:493] T 66771383dd724dd7a166bee0d9e2d4d5 P 96da9186787e49de8bb975e74a0c8375 [term 0 FOLLOWER]: Starting pre-election (no leader contacted us within the election timeout)
I20260812 07:59:35.780375  4283 raft_consensus.cc:515] T 66771383dd724dd7a166bee0d9e2d4d5 P 96da9186787e49de8bb975e74a0c8375 [term 0 FOLLOWER]: Starting pre-election with config: opid_index: -1 OBSOLETE_local: false peers { permanent_uuid: "b9fbb9ba10674d45aa5872a9e7daeddf" member_type: VOTER last_known_addr { host: "127.1.171.1" port: 33923 } } peers { permanent_uuid: "96da9186787e49de8bb975e74a0c8375" member_type: VOTER last_known_addr { host: "127.1.171.2" port: 42905 } } peers { permanent_uuid: "20066b067c1848ea87fdeb7435f40cd3" member_type: VOTER last_known_addr { host: "127.1.171.3" port: 37199 } }
I20260812 07:59:35.780826  4237 tablet_bootstrap.cc:492] T 664a28bc32cc4318af3fb33e50bd6f7c P 20066b067c1848ea87fdeb7435f40cd3: Bootstrap starting.
I20260812 07:59:35.780917  4242 tablet_bootstrap.cc:654] T 664a28bc32cc4318af3fb33e50bd6f7c P b9fbb9ba10674d45aa5872a9e7daeddf: Neither blocks nor log segments found. Creating new log.
I20260812 07:59:35.781154  4120 tablet_service.cc:1917] Received RequestConsensusVote() RPC: tablet_id: "66771383dd724dd7a166bee0d9e2d4d5" candidate_uuid: "96da9186787e49de8bb975e74a0c8375" candidate_term: 1 candidate_status { last_received { term: 0 index: 0 } } ignore_live_leader: false dest_uuid: "20066b067c1848ea87fdeb7435f40cd3" is_pre_election: true
I20260812 07:59:35.781276  4120 raft_consensus.cc:2468] T 66771383dd724dd7a166bee0d9e2d4d5 P 20066b067c1848ea87fdeb7435f40cd3 [term 0 FOLLOWER]: Leader pre-election vote request: Granting yes vote for candidate 96da9186787e49de8bb975e74a0c8375 in term 0.
I20260812 07:59:35.781692  3777 leader_election.cc:304] T 66771383dd724dd7a166bee0d9e2d4d5 P 96da9186787e49de8bb975e74a0c8375 [CANDIDATE]: Term 1 pre-election: Election decided. Result: candidate won. Election summary: received 2 responses out of 3 voters: 2 yes votes; 0 no votes. yes voters: 20066b067c1848ea87fdeb7435f40cd3, 96da9186787e49de8bb975e74a0c8375; no voters: 
I20260812 07:59:35.781886  4253 raft_consensus.cc:2804] T 66771383dd724dd7a166bee0d9e2d4d5 P 96da9186787e49de8bb975e74a0c8375 [term 0 FOLLOWER]: Leader pre-election won for term 1
I20260812 07:59:35.781944  4253 raft_consensus.cc:493] T 66771383dd724dd7a166bee0d9e2d4d5 P 96da9186787e49de8bb975e74a0c8375 [term 0 FOLLOWER]: Starting leader election (no leader contacted us within the election timeout)
I20260812 07:59:35.782002  4253 raft_consensus.cc:3060] T 66771383dd724dd7a166bee0d9e2d4d5 P 96da9186787e49de8bb975e74a0c8375 [term 0 FOLLOWER]: Advancing to term 1
I20260812 07:59:35.782334  4237 tablet_bootstrap.cc:654] T 664a28bc32cc4318af3fb33e50bd6f7c P 20066b067c1848ea87fdeb7435f40cd3: Neither blocks nor log segments found. Creating new log.
I20260812 07:59:35.783124  4253 raft_consensus.cc:515] T 66771383dd724dd7a166bee0d9e2d4d5 P 96da9186787e49de8bb975e74a0c8375 [term 1 FOLLOWER]: Starting leader election with config: opid_index: -1 OBSOLETE_local: false peers { permanent_uuid: "b9fbb9ba10674d45aa5872a9e7daeddf" member_type: VOTER last_known_addr { host: "127.1.171.1" port: 33923 } } peers { permanent_uuid: "96da9186787e49de8bb975e74a0c8375" member_type: VOTER last_known_addr { host: "127.1.171.2" port: 42905 } } peers { permanent_uuid: "20066b067c1848ea87fdeb7435f40cd3" member_type: VOTER last_known_addr { host: "127.1.171.3" port: 37199 } }
I20260812 07:59:35.783013  3374 catalog_manager.cc:5719] T a75e3adaa89a495282952fc452c7e0e1 P 96da9186787e49de8bb975e74a0c8375 reported cstate change: term changed from 0 to 1, leader changed from <none> to 96da9186787e49de8bb975e74a0c8375 (127.1.171.2). New cstate: current_term: 1 leader_uuid: "96da9186787e49de8bb975e74a0c8375" committed_config { opid_index: -1 OBSOLETE_local: false peers { permanent_uuid: "b9fbb9ba10674d45aa5872a9e7daeddf" member_type: VOTER last_known_addr { host: "127.1.171.1" port: 33923 } health_report { overall_health: UNKNOWN } } peers { permanent_uuid: "96da9186787e49de8bb975e74a0c8375" member_type: VOTER last_known_addr { host: "127.1.171.2" port: 42905 } health_report { overall_health: HEALTHY } } peers { permanent_uuid: "20066b067c1848ea87fdeb7435f40cd3" member_type: VOTER last_known_addr { host: "127.1.171.3" port: 37199 } health_report { overall_health: UNKNOWN } } }
I20260812 07:59:35.783452  4253 leader_election.cc:290] T 66771383dd724dd7a166bee0d9e2d4d5 P 96da9186787e49de8bb975e74a0c8375 [CANDIDATE]: Term 1 election: Requested vote from peers b9fbb9ba10674d45aa5872a9e7daeddf (127.1.171.1:33923), 20066b067c1848ea87fdeb7435f40cd3 (127.1.171.3:37199)
I20260812 07:59:35.784152  4120 tablet_service.cc:1917] Received RequestConsensusVote() RPC: tablet_id: "66771383dd724dd7a166bee0d9e2d4d5" candidate_uuid: "96da9186787e49de8bb975e74a0c8375" candidate_term: 1 candidate_status { last_received { term: 0 index: 0 } } ignore_live_leader: false dest_uuid: "20066b067c1848ea87fdeb7435f40cd3"
I20260812 07:59:35.784269  4120 raft_consensus.cc:3060] T 66771383dd724dd7a166bee0d9e2d4d5 P 20066b067c1848ea87fdeb7435f40cd3 [term 0 FOLLOWER]: Advancing to term 1
I20260812 07:59:35.785202  4120 raft_consensus.cc:2468] T 66771383dd724dd7a166bee0d9e2d4d5 P 20066b067c1848ea87fdeb7435f40cd3 [term 1 FOLLOWER]: Leader election vote request: Granting yes vote for candidate 96da9186787e49de8bb975e74a0c8375 in term 1.
I20260812 07:59:35.785516  3777 leader_election.cc:304] T 66771383dd724dd7a166bee0d9e2d4d5 P 96da9186787e49de8bb975e74a0c8375 [CANDIDATE]: Term 1 election: Election decided. Result: candidate won. Election summary: received 2 responses out of 3 voters: 2 yes votes; 0 no votes. yes voters: 20066b067c1848ea87fdeb7435f40cd3, 96da9186787e49de8bb975e74a0c8375; no voters: 
I20260812 07:59:35.785943  4239 tablet_bootstrap.cc:492] T 4f680235506d42b7b0cd6d81dec1c98a P 96da9186787e49de8bb975e74a0c8375: No bootstrap required, opened a new log
I20260812 07:59:35.786046  4239 ts_tablet_manager.cc:1403] T 4f680235506d42b7b0cd6d81dec1c98a P 96da9186787e49de8bb975e74a0c8375: Time spent bootstrapping tablet: real 0.010s	user 0.000s	sys 0.002s
I20260812 07:59:35.786554  4239 raft_consensus.cc:359] T 4f680235506d42b7b0cd6d81dec1c98a P 96da9186787e49de8bb975e74a0c8375 [term 0 FOLLOWER]: Replica starting. Triggering 0 pending ops. Active config: opid_index: -1 OBSOLETE_local: false peers { permanent_uuid: "96da9186787e49de8bb975e74a0c8375" member_type: VOTER last_known_addr { host: "127.1.171.2" port: 42905 } } peers { permanent_uuid: "b9fbb9ba10674d45aa5872a9e7daeddf" member_type: VOTER last_known_addr { host: "127.1.171.1" port: 33923 } } peers { permanent_uuid: "20066b067c1848ea87fdeb7435f40cd3" member_type: VOTER last_known_addr { host: "127.1.171.3" port: 37199 } }
I20260812 07:59:35.786638  4239 raft_consensus.cc:385] T 4f680235506d42b7b0cd6d81dec1c98a P 96da9186787e49de8bb975e74a0c8375 [term 0 FOLLOWER]: Consensus starting up: Expiring failure detector timer to make a prompt election more likely
I20260812 07:59:35.786659  4239 raft_consensus.cc:740] T 4f680235506d42b7b0cd6d81dec1c98a P 96da9186787e49de8bb975e74a0c8375 [term 0 FOLLOWER]: Becoming Follower/Learner. State: Replica: 96da9186787e49de8bb975e74a0c8375, State: Initialized, Role: FOLLOWER
I20260812 07:59:35.786825  4253 raft_consensus.cc:2804] T 66771383dd724dd7a166bee0d9e2d4d5 P 96da9186787e49de8bb975e74a0c8375 [term 1 FOLLOWER]: Leader election won for term 1
I20260812 07:59:35.786919  4253 raft_consensus.cc:697] T 66771383dd724dd7a166bee0d9e2d4d5 P 96da9186787e49de8bb975e74a0c8375 [term 1 LEADER]: Becoming Leader. State: Replica: 96da9186787e49de8bb975e74a0c8375, State: Running, Role: LEADER
I20260812 07:59:35.787047  4253 consensus_queue.cc:237] T 66771383dd724dd7a166bee0d9e2d4d5 P 96da9186787e49de8bb975e74a0c8375 [LEADER]: Queue going to LEADER mode. State: All replicated index: 0, Majority replicated index: 0, Committed index: 0, Last appended: 0.0, Last appended by leader: 0, Current term: 1, Majority size: 2, State: 0, Mode: LEADER, active raft config: opid_index: -1 OBSOLETE_local: false peers { permanent_uuid: "b9fbb9ba10674d45aa5872a9e7daeddf" member_type: VOTER last_known_addr { host: "127.1.171.1" port: 33923 } } peers { permanent_uuid: "96da9186787e49de8bb975e74a0c8375" member_type: VOTER last_known_addr { host: "127.1.171.2" port: 42905 } } peers { permanent_uuid: "20066b067c1848ea87fdeb7435f40cd3" member_type: VOTER last_known_addr { host: "127.1.171.3" port: 37199 } }
I20260812 07:59:35.787195  3666 tablet_service.cc:1917] Received RequestConsensusVote() RPC: tablet_id: "a75e3adaa89a495282952fc452c7e0e1" candidate_uuid: "96da9186787e49de8bb975e74a0c8375" candidate_term: 1 candidate_status { last_received { term: 0 index: 0 } } ignore_live_leader: false dest_uuid: "b9fbb9ba10674d45aa5872a9e7daeddf" is_pre_election: true
I20260812 07:59:35.787866  3665 tablet_service.cc:1917] Received RequestConsensusVote() RPC: tablet_id: "a75e3adaa89a495282952fc452c7e0e1" candidate_uuid: "96da9186787e49de8bb975e74a0c8375" candidate_term: 1 candidate_status { last_received { term: 0 index: 0 } } ignore_live_leader: false dest_uuid: "b9fbb9ba10674d45aa5872a9e7daeddf"
W20260812 07:59:35.788075  3777 leader_election.cc:343] T a75e3adaa89a495282952fc452c7e0e1 P 96da9186787e49de8bb975e74a0c8375 [CANDIDATE]: Term 1 pre-election: Tablet error from VoteRequest() call to peer b9fbb9ba10674d45aa5872a9e7daeddf (127.1.171.1:33923): Illegal state: must be running to vote when last-logged opid is not known
I20260812 07:59:35.788164  3664 tablet_service.cc:1917] Received RequestConsensusVote() RPC: tablet_id: "66771383dd724dd7a166bee0d9e2d4d5" candidate_uuid: "96da9186787e49de8bb975e74a0c8375" candidate_term: 1 candidate_status { last_received { term: 0 index: 0 } } ignore_live_leader: false dest_uuid: "b9fbb9ba10674d45aa5872a9e7daeddf" is_pre_election: true
I20260812 07:59:35.788333  3664 raft_consensus.cc:2468] T 66771383dd724dd7a166bee0d9e2d4d5 P b9fbb9ba10674d45aa5872a9e7daeddf [term 0 FOLLOWER]: Leader pre-election vote request: Granting yes vote for candidate 96da9186787e49de8bb975e74a0c8375 in term 0.
I20260812 07:59:35.788551  3662 tablet_service.cc:1917] Received RequestConsensusVote() RPC: tablet_id: "66771383dd724dd7a166bee0d9e2d4d5" candidate_uuid: "96da9186787e49de8bb975e74a0c8375" candidate_term: 1 candidate_status { last_received { term: 0 index: 0 } } ignore_live_leader: false dest_uuid: "b9fbb9ba10674d45aa5872a9e7daeddf"
I20260812 07:59:35.788657  3662 raft_consensus.cc:3060] T 66771383dd724dd7a166bee0d9e2d4d5 P b9fbb9ba10674d45aa5872a9e7daeddf [term 0 FOLLOWER]: Advancing to term 1
I20260812 07:59:35.789031  3374 catalog_manager.cc:5719] T 66771383dd724dd7a166bee0d9e2d4d5 P 96da9186787e49de8bb975e74a0c8375 reported cstate change: term changed from 0 to 1, leader changed from <none> to 96da9186787e49de8bb975e74a0c8375 (127.1.171.2). New cstate: current_term: 1 leader_uuid: "96da9186787e49de8bb975e74a0c8375" committed_config { opid_index: -1 OBSOLETE_local: false peers { permanent_uuid: "b9fbb9ba10674d45aa5872a9e7daeddf" member_type: VOTER last_known_addr { host: "127.1.171.1" port: 33923 } health_report { overall_health: UNKNOWN } } peers { permanent_uuid: "96da9186787e49de8bb975e74a0c8375" member_type: VOTER last_known_addr { host: "127.1.171.2" port: 42905 } health_report { overall_health: HEALTHY } } peers { permanent_uuid: "20066b067c1848ea87fdeb7435f40cd3" member_type: VOTER last_known_addr { host: "127.1.171.3" port: 37199 } health_report { overall_health: UNKNOWN } } }
W20260812 07:59:35.789583  3777 leader_election.cc:343] T a75e3adaa89a495282952fc452c7e0e1 P 96da9186787e49de8bb975e74a0c8375 [CANDIDATE]: Term 1 election: Tablet error from VoteRequest() call to peer b9fbb9ba10674d45aa5872a9e7daeddf (127.1.171.1:33923): Illegal state: must be running to vote when last-logged opid is not known
I20260812 07:59:35.789891  3662 raft_consensus.cc:2468] T 66771383dd724dd7a166bee0d9e2d4d5 P b9fbb9ba10674d45aa5872a9e7daeddf [term 1 FOLLOWER]: Leader election vote request: Granting yes vote for candidate 96da9186787e49de8bb975e74a0c8375 in term 1.
I20260812 07:59:35.790094  4283 leader_election.cc:290] T 66771383dd724dd7a166bee0d9e2d4d5 P 96da9186787e49de8bb975e74a0c8375 [CANDIDATE]: Term 1 pre-election: Requested pre-vote from peers b9fbb9ba10674d45aa5872a9e7daeddf (127.1.171.1:33923), 20066b067c1848ea87fdeb7435f40cd3 (127.1.171.3:37199)
I20260812 07:59:35.790334  4239 consensus_queue.cc:260] T 4f680235506d42b7b0cd6d81dec1c98a P 96da9186787e49de8bb975e74a0c8375 [NON_LEADER]: Queue going to NON_LEADER mode. State: All replicated index: 0, Majority replicated index: 0, Committed index: 0, Last appended: 0.0, Last appended by leader: 0, Current term: 0, Majority size: -1, State: 0, Mode: NON_LEADER, active raft config: opid_index: -1 OBSOLETE_local: false peers { permanent_uuid: "96da9186787e49de8bb975e74a0c8375" member_type: VOTER last_known_addr { host: "127.1.171.2" port: 42905 } } peers { permanent_uuid: "b9fbb9ba10674d45aa5872a9e7daeddf" member_type: VOTER last_known_addr { host: "127.1.171.1" port: 33923 } } peers { permanent_uuid: "20066b067c1848ea87fdeb7435f40cd3" member_type: VOTER last_known_addr { host: "127.1.171.3" port: 37199 } }
I20260812 07:59:35.790642  4239 ts_tablet_manager.cc:1434] T 4f680235506d42b7b0cd6d81dec1c98a P 96da9186787e49de8bb975e74a0c8375: Time spent starting tablet: real 0.005s	user 0.000s	sys 0.001s
I20260812 07:59:35.790851  4239 tablet_bootstrap.cc:492] T dcea85560ba34e51ba54730f03313f9b P 96da9186787e49de8bb975e74a0c8375: Bootstrap starting.
I20260812 07:59:35.791803  4239 tablet_bootstrap.cc:654] T dcea85560ba34e51ba54730f03313f9b P 96da9186787e49de8bb975e74a0c8375: Neither blocks nor log segments found. Creating new log.
I20260812 07:59:35.793143  4237 tablet_bootstrap.cc:492] T 664a28bc32cc4318af3fb33e50bd6f7c P 20066b067c1848ea87fdeb7435f40cd3: No bootstrap required, opened a new log
I20260812 07:59:35.793257  4237 ts_tablet_manager.cc:1403] T 664a28bc32cc4318af3fb33e50bd6f7c P 20066b067c1848ea87fdeb7435f40cd3: Time spent bootstrapping tablet: real 0.012s	user 0.000s	sys 0.002s
I20260812 07:59:35.793287  4239 tablet_bootstrap.cc:492] T dcea85560ba34e51ba54730f03313f9b P 96da9186787e49de8bb975e74a0c8375: No bootstrap required, opened a new log
I20260812 07:59:35.793287  4242 tablet_bootstrap.cc:492] T 664a28bc32cc4318af3fb33e50bd6f7c P b9fbb9ba10674d45aa5872a9e7daeddf: No bootstrap required, opened a new log
I20260812 07:59:35.793395  4239 ts_tablet_manager.cc:1403] T dcea85560ba34e51ba54730f03313f9b P 96da9186787e49de8bb975e74a0c8375: Time spent bootstrapping tablet: real 0.003s	user 0.000s	sys 0.002s
I20260812 07:59:35.793416  4242 ts_tablet_manager.cc:1403] T 664a28bc32cc4318af3fb33e50bd6f7c P b9fbb9ba10674d45aa5872a9e7daeddf: Time spent bootstrapping tablet: real 0.014s	user 0.003s	sys 0.000s
I20260812 07:59:35.793824  4237 raft_consensus.cc:359] T 664a28bc32cc4318af3fb33e50bd6f7c P 20066b067c1848ea87fdeb7435f40cd3 [term 0 FOLLOWER]: Replica starting. Triggering 0 pending ops. Active config: opid_index: -1 OBSOLETE_local: false peers { permanent_uuid: "b9fbb9ba10674d45aa5872a9e7daeddf" member_type: VOTER last_known_addr { host: "127.1.171.1" port: 33923 } } peers { permanent_uuid: "96da9186787e49de8bb975e74a0c8375" member_type: VOTER last_known_addr { host: "127.1.171.2" port: 42905 } } peers { permanent_uuid: "20066b067c1848ea87fdeb7435f40cd3" member_type: VOTER last_known_addr { host: "127.1.171.3" port: 37199 } }
I20260812 07:59:35.793859  4239 raft_consensus.cc:359] T dcea85560ba34e51ba54730f03313f9b P 96da9186787e49de8bb975e74a0c8375 [term 0 FOLLOWER]: Replica starting. Triggering 0 pending ops. Active config: opid_index: -1 OBSOLETE_local: false peers { permanent_uuid: "96da9186787e49de8bb975e74a0c8375" member_type: VOTER last_known_addr { host: "127.1.171.2" port: 42905 } } peers { permanent_uuid: "b9fbb9ba10674d45aa5872a9e7daeddf" member_type: VOTER last_known_addr { host: "127.1.171.1" port: 33923 } } peers { permanent_uuid: "20066b067c1848ea87fdeb7435f40cd3" member_type: VOTER last_known_addr { host: "127.1.171.3" port: 37199 } }
I20260812 07:59:35.793900  4242 raft_consensus.cc:359] T 664a28bc32cc4318af3fb33e50bd6f7c P b9fbb9ba10674d45aa5872a9e7daeddf [term 0 FOLLOWER]: Replica starting. Triggering 0 pending ops. Active config: opid_index: -1 OBSOLETE_local: false peers { permanent_uuid: "b9fbb9ba10674d45aa5872a9e7daeddf" member_type: VOTER last_known_addr { host: "127.1.171.1" port: 33923 } } peers { permanent_uuid: "96da9186787e49de8bb975e74a0c8375" member_type: VOTER last_known_addr { host: "127.1.171.2" port: 42905 } } peers { permanent_uuid: "20066b067c1848ea87fdeb7435f40cd3" member_type: VOTER last_known_addr { host: "127.1.171.3" port: 37199 } }
I20260812 07:59:35.793947  4237 raft_consensus.cc:385] T 664a28bc32cc4318af3fb33e50bd6f7c P 20066b067c1848ea87fdeb7435f40cd3 [term 0 FOLLOWER]: Consensus starting up: Expiring failure detector timer to make a prompt election more likely
I20260812 07:59:35.793970  4239 raft_consensus.cc:385] T dcea85560ba34e51ba54730f03313f9b P 96da9186787e49de8bb975e74a0c8375 [term 0 FOLLOWER]: Consensus starting up: Expiring failure detector timer to make a prompt election more likely
I20260812 07:59:35.793982  4242 raft_consensus.cc:385] T 664a28bc32cc4318af3fb33e50bd6f7c P b9fbb9ba10674d45aa5872a9e7daeddf [term 0 FOLLOWER]: Consensus starting up: Expiring failure detector timer to make a prompt election more likely
I20260812 07:59:35.793989  4237 raft_consensus.cc:740] T 664a28bc32cc4318af3fb33e50bd6f7c P 20066b067c1848ea87fdeb7435f40cd3 [term 0 FOLLOWER]: Becoming Follower/Learner. State: Replica: 20066b067c1848ea87fdeb7435f40cd3, State: Initialized, Role: FOLLOWER
I20260812 07:59:35.794008  4239 raft_consensus.cc:740] T dcea85560ba34e51ba54730f03313f9b P 96da9186787e49de8bb975e74a0c8375 [term 0 FOLLOWER]: Becoming Follower/Learner. State: Replica: 96da9186787e49de8bb975e74a0c8375, State: Initialized, Role: FOLLOWER
I20260812 07:59:35.794016  4242 raft_consensus.cc:740] T 664a28bc32cc4318af3fb33e50bd6f7c P b9fbb9ba10674d45aa5872a9e7daeddf [term 0 FOLLOWER]: Becoming Follower/Learner. State: Replica: b9fbb9ba10674d45aa5872a9e7daeddf, State: Initialized, Role: FOLLOWER
I20260812 07:59:35.794123  4237 consensus_queue.cc:260] T 664a28bc32cc4318af3fb33e50bd6f7c P 20066b067c1848ea87fdeb7435f40cd3 [NON_LEADER]: Queue going to NON_LEADER mode. State: All replicated index: 0, Majority replicated index: 0, Committed index: 0, Last appended: 0.0, Last appended by leader: 0, Current term: 0, Majority size: -1, State: 0, Mode: NON_LEADER, active raft config: opid_index: -1 OBSOLETE_local: false peers { permanent_uuid: "b9fbb9ba10674d45aa5872a9e7daeddf" member_type: VOTER last_known_addr { host: "127.1.171.1" port: 33923 } } peers { permanent_uuid: "96da9186787e49de8bb975e74a0c8375" member_type: VOTER last_known_addr { host: "127.1.171.2" port: 42905 } } peers { permanent_uuid: "20066b067c1848ea87fdeb7435f40cd3" member_type: VOTER last_known_addr { host: "127.1.171.3" port: 37199 } }
I20260812 07:59:35.794174  4242 consensus_queue.cc:260] T 664a28bc32cc4318af3fb33e50bd6f7c P b9fbb9ba10674d45aa5872a9e7daeddf [NON_LEADER]: Queue going to NON_LEADER mode. State: All replicated index: 0, Majority replicated index: 0, Committed index: 0, Last appended: 0.0, Last appended by leader: 0, Current term: 0, Majority size: -1, State: 0, Mode: NON_LEADER, active raft config: opid_index: -1 OBSOLETE_local: false peers { permanent_uuid: "b9fbb9ba10674d45aa5872a9e7daeddf" member_type: VOTER last_known_addr { host: "127.1.171.1" port: 33923 } } peers { permanent_uuid: "96da9186787e49de8bb975e74a0c8375" member_type: VOTER last_known_addr { host: "127.1.171.2" port: 42905 } } peers { permanent_uuid: "20066b067c1848ea87fdeb7435f40cd3" member_type: VOTER last_known_addr { host: "127.1.171.3" port: 37199 } }
I20260812 07:59:35.794454  4237 ts_tablet_manager.cc:1434] T 664a28bc32cc4318af3fb33e50bd6f7c P 20066b067c1848ea87fdeb7435f40cd3: Time spent starting tablet: real 0.001s	user 0.001s	sys 0.001s
I20260812 07:59:35.794632  4242 ts_tablet_manager.cc:1434] T 664a28bc32cc4318af3fb33e50bd6f7c P b9fbb9ba10674d45aa5872a9e7daeddf: Time spent starting tablet: real 0.001s	user 0.001s	sys 0.000s
I20260812 07:59:35.794692  4237 tablet_bootstrap.cc:492] T 946307e57ed6474b9afbb6c47475c443 P 20066b067c1848ea87fdeb7435f40cd3: Bootstrap starting.
I20260812 07:59:35.794832  4242 tablet_bootstrap.cc:492] T a75e3adaa89a495282952fc452c7e0e1 P b9fbb9ba10674d45aa5872a9e7daeddf: Bootstrap starting.
I20260812 07:59:35.794976  4239 consensus_queue.cc:260] T dcea85560ba34e51ba54730f03313f9b P 96da9186787e49de8bb975e74a0c8375 [NON_LEADER]: Queue going to NON_LEADER mode. State: All replicated index: 0, Majority replicated index: 0, Committed index: 0, Last appended: 0.0, Last appended by leader: 0, Current term: 0, Majority size: -1, State: 0, Mode: NON_LEADER, active raft config: opid_index: -1 OBSOLETE_local: false peers { permanent_uuid: "96da9186787e49de8bb975e74a0c8375" member_type: VOTER last_known_addr { host: "127.1.171.2" port: 42905 } } peers { permanent_uuid: "b9fbb9ba10674d45aa5872a9e7daeddf" member_type: VOTER last_known_addr { host: "127.1.171.1" port: 33923 } } peers { permanent_uuid: "20066b067c1848ea87fdeb7435f40cd3" member_type: VOTER last_known_addr { host: "127.1.171.3" port: 37199 } }
I20260812 07:59:35.795413  4239 ts_tablet_manager.cc:1434] T dcea85560ba34e51ba54730f03313f9b P 96da9186787e49de8bb975e74a0c8375: Time spent starting tablet: real 0.002s	user 0.001s	sys 0.000s
I20260812 07:59:35.795593  4239 tablet_bootstrap.cc:492] T 52988c375db243259b27a8dae8c28ddc P 96da9186787e49de8bb975e74a0c8375: Bootstrap starting.
I20260812 07:59:35.795882  4242 tablet_bootstrap.cc:654] T a75e3adaa89a495282952fc452c7e0e1 P b9fbb9ba10674d45aa5872a9e7daeddf: Neither blocks nor log segments found. Creating new log.
I20260812 07:59:35.796365  4237 tablet_bootstrap.cc:654] T 946307e57ed6474b9afbb6c47475c443 P 20066b067c1848ea87fdeb7435f40cd3: Neither blocks nor log segments found. Creating new log.
I20260812 07:59:35.796864  4239 tablet_bootstrap.cc:654] T 52988c375db243259b27a8dae8c28ddc P 96da9186787e49de8bb975e74a0c8375: Neither blocks nor log segments found. Creating new log.
I20260812 07:59:35.797062  4242 tablet_bootstrap.cc:492] T a75e3adaa89a495282952fc452c7e0e1 P b9fbb9ba10674d45aa5872a9e7daeddf: No bootstrap required, opened a new log
I20260812 07:59:35.797158  4242 ts_tablet_manager.cc:1403] T a75e3adaa89a495282952fc452c7e0e1 P b9fbb9ba10674d45aa5872a9e7daeddf: Time spent bootstrapping tablet: real 0.002s	user 0.002s	sys 0.000s
I20260812 07:59:35.797700  4242 raft_consensus.cc:359] T a75e3adaa89a495282952fc452c7e0e1 P b9fbb9ba10674d45aa5872a9e7daeddf [term 0 FOLLOWER]: Replica starting. Triggering 0 pending ops. Active config: opid_index: -1 OBSOLETE_local: false peers { permanent_uuid: "b9fbb9ba10674d45aa5872a9e7daeddf" member_type: VOTER last_known_addr { host: "127.1.171.1" port: 33923 } } peers { permanent_uuid: "96da9186787e49de8bb975e74a0c8375" member_type: VOTER last_known_addr { host: "127.1.171.2" port: 42905 } } peers { permanent_uuid: "20066b067c1848ea87fdeb7435f40cd3" member_type: VOTER last_known_addr { host: "127.1.171.3" port: 37199 } }
I20260812 07:59:35.797811  4242 raft_consensus.cc:385] T a75e3adaa89a495282952fc452c7e0e1 P b9fbb9ba10674d45aa5872a9e7daeddf [term 0 FOLLOWER]: Consensus starting up: Expiring failure detector timer to make a prompt election more likely
I20260812 07:59:35.797850  4242 raft_consensus.cc:740] T a75e3adaa89a495282952fc452c7e0e1 P b9fbb9ba10674d45aa5872a9e7daeddf [term 0 FOLLOWER]: Becoming Follower/Learner. State: Replica: b9fbb9ba10674d45aa5872a9e7daeddf, State: Initialized, Role: FOLLOWER
I20260812 07:59:35.797993  4242 consensus_queue.cc:260] T a75e3adaa89a495282952fc452c7e0e1 P b9fbb9ba10674d45aa5872a9e7daeddf [NON_LEADER]: Queue going to NON_LEADER mode. State: All replicated index: 0, Majority replicated index: 0, Committed index: 0, Last appended: 0.0, Last appended by leader: 0, Current term: 0, Majority size: -1, State: 0, Mode: NON_LEADER, active raft config: opid_index: -1 OBSOLETE_local: false peers { permanent_uuid: "b9fbb9ba10674d45aa5872a9e7daeddf" member_type: VOTER last_known_addr { host: "127.1.171.1" port: 33923 } } peers { permanent_uuid: "96da9186787e49de8bb975e74a0c8375" member_type: VOTER last_known_addr { host: "127.1.171.2" port: 42905 } } peers { permanent_uuid: "20066b067c1848ea87fdeb7435f40cd3" member_type: VOTER last_known_addr { host: "127.1.171.3" port: 37199 } }
I20260812 07:59:35.798290  4242 ts_tablet_manager.cc:1434] T a75e3adaa89a495282952fc452c7e0e1 P b9fbb9ba10674d45aa5872a9e7daeddf: Time spent starting tablet: real 0.001s	user 0.001s	sys 0.000s
I20260812 07:59:35.798303  4237 tablet_bootstrap.cc:492] T 946307e57ed6474b9afbb6c47475c443 P 20066b067c1848ea87fdeb7435f40cd3: No bootstrap required, opened a new log
I20260812 07:59:35.798378  4237 ts_tablet_manager.cc:1403] T 946307e57ed6474b9afbb6c47475c443 P 20066b067c1848ea87fdeb7435f40cd3: Time spent bootstrapping tablet: real 0.004s	user 0.002s	sys 0.001s
I20260812 07:59:35.798470  4242 tablet_bootstrap.cc:492] T b9de1e7b163542d99623bc7440c9b089 P b9fbb9ba10674d45aa5872a9e7daeddf: Bootstrap starting.
I20260812 07:59:35.798799  4237 raft_consensus.cc:359] T 946307e57ed6474b9afbb6c47475c443 P 20066b067c1848ea87fdeb7435f40cd3 [term 0 FOLLOWER]: Replica starting. Triggering 0 pending ops. Active config: opid_index: -1 OBSOLETE_local: false peers { permanent_uuid: "b9fbb9ba10674d45aa5872a9e7daeddf" member_type: VOTER last_known_addr { host: "127.1.171.1" port: 33923 } } peers { permanent_uuid: "96da9186787e49de8bb975e74a0c8375" member_type: VOTER last_known_addr { host: "127.1.171.2" port: 42905 } } peers { permanent_uuid: "20066b067c1848ea87fdeb7435f40cd3" member_type: VOTER last_known_addr { host: "127.1.171.3" port: 37199 } }
I20260812 07:59:35.798954  4237 raft_consensus.cc:385] T 946307e57ed6474b9afbb6c47475c443 P 20066b067c1848ea87fdeb7435f40cd3 [term 0 FOLLOWER]: Consensus starting up: Expiring failure detector timer to make a prompt election more likely
I20260812 07:59:35.799005  4237 raft_consensus.cc:740] T 946307e57ed6474b9afbb6c47475c443 P 20066b067c1848ea87fdeb7435f40cd3 [term 0 FOLLOWER]: Becoming Follower/Learner. State: Replica: 20066b067c1848ea87fdeb7435f40cd3, State: Initialized, Role: FOLLOWER
I20260812 07:59:35.799144  4237 consensus_queue.cc:260] T 946307e57ed6474b9afbb6c47475c443 P 20066b067c1848ea87fdeb7435f40cd3 [NON_LEADER]: Queue going to NON_LEADER mode. State: All replicated index: 0, Majority replicated index: 0, Committed index: 0, Last appended: 0.0, Last appended by leader: 0, Current term: 0, Majority size: -1, State: 0, Mode: NON_LEADER, active raft config: opid_index: -1 OBSOLETE_local: false peers { permanent_uuid: "b9fbb9ba10674d45aa5872a9e7daeddf" member_type: VOTER last_known_addr { host: "127.1.171.1" port: 33923 } } peers { permanent_uuid: "96da9186787e49de8bb975e74a0c8375" member_type: VOTER last_known_addr { host: "127.1.171.2" port: 42905 } } peers { permanent_uuid: "20066b067c1848ea87fdeb7435f40cd3" member_type: VOTER last_known_addr { host: "127.1.171.3" port: 37199 } }
I20260812 07:59:35.799427  4237 ts_tablet_manager.cc:1434] T 946307e57ed6474b9afbb6c47475c443 P 20066b067c1848ea87fdeb7435f40cd3: Time spent starting tablet: real 0.001s	user 0.000s	sys 0.000s
I20260812 07:59:35.799515  4242 tablet_bootstrap.cc:654] T b9de1e7b163542d99623bc7440c9b089 P b9fbb9ba10674d45aa5872a9e7daeddf: Neither blocks nor log segments found. Creating new log.
I20260812 07:59:35.799635  4237 tablet_bootstrap.cc:492] T 24972802e5ac4e3285c1f884affc7fea P 20066b067c1848ea87fdeb7435f40cd3: Bootstrap starting.
I20260812 07:59:35.800796  4237 tablet_bootstrap.cc:654] T 24972802e5ac4e3285c1f884affc7fea P 20066b067c1848ea87fdeb7435f40cd3: Neither blocks nor log segments found. Creating new log.
I20260812 07:59:35.802068  4237 tablet_bootstrap.cc:492] T 24972802e5ac4e3285c1f884affc7fea P 20066b067c1848ea87fdeb7435f40cd3: No bootstrap required, opened a new log
I20260812 07:59:35.802150  4237 ts_tablet_manager.cc:1403] T 24972802e5ac4e3285c1f884affc7fea P 20066b067c1848ea87fdeb7435f40cd3: Time spent bootstrapping tablet: real 0.003s	user 0.002s	sys 0.000s
I20260812 07:59:35.802162  4239 tablet_bootstrap.cc:492] T 52988c375db243259b27a8dae8c28ddc P 96da9186787e49de8bb975e74a0c8375: No bootstrap required, opened a new log
I20260812 07:59:35.802230  4239 ts_tablet_manager.cc:1403] T 52988c375db243259b27a8dae8c28ddc P 96da9186787e49de8bb975e74a0c8375: Time spent bootstrapping tablet: real 0.007s	user 0.002s	sys 0.000s
I20260812 07:59:35.802507  4242 tablet_bootstrap.cc:492] T b9de1e7b163542d99623bc7440c9b089 P b9fbb9ba10674d45aa5872a9e7daeddf: No bootstrap required, opened a new log
I20260812 07:59:35.802589  4242 ts_tablet_manager.cc:1403] T b9de1e7b163542d99623bc7440c9b089 P b9fbb9ba10674d45aa5872a9e7daeddf: Time spent bootstrapping tablet: real 0.004s	user 0.002s	sys 0.000s
I20260812 07:59:35.802631  4237 raft_consensus.cc:359] T 24972802e5ac4e3285c1f884affc7fea P 20066b067c1848ea87fdeb7435f40cd3 [term 0 FOLLOWER]: Replica starting. Triggering 0 pending ops. Active config: opid_index: -1 OBSOLETE_local: false peers { permanent_uuid: "b9fbb9ba10674d45aa5872a9e7daeddf" member_type: VOTER last_known_addr { host: "127.1.171.1" port: 33923 } } peers { permanent_uuid: "96da9186787e49de8bb975e74a0c8375" member_type: VOTER last_known_addr { host: "127.1.171.2" port: 42905 } } peers { permanent_uuid: "20066b067c1848ea87fdeb7435f40cd3" member_type: VOTER last_known_addr { host: "127.1.171.3" port: 37199 } }
I20260812 07:59:35.802726  4237 raft_consensus.cc:385] T 24972802e5ac4e3285c1f884affc7fea P 20066b067c1848ea87fdeb7435f40cd3 [term 0 FOLLOWER]: Consensus starting up: Expiring failure detector timer to make a prompt election more likely
I20260812 07:59:35.802760  4237 raft_consensus.cc:740] T 24972802e5ac4e3285c1f884affc7fea P 20066b067c1848ea87fdeb7435f40cd3 [term 0 FOLLOWER]: Becoming Follower/Learner. State: Replica: 20066b067c1848ea87fdeb7435f40cd3, State: Initialized, Role: FOLLOWER
I20260812 07:59:35.802856  4239 raft_consensus.cc:359] T 52988c375db243259b27a8dae8c28ddc P 96da9186787e49de8bb975e74a0c8375 [term 0 FOLLOWER]: Replica starting. Triggering 0 pending ops. Active config: opid_index: -1 OBSOLETE_local: false peers { permanent_uuid: "b9fbb9ba10674d45aa5872a9e7daeddf" member_type: VOTER last_known_addr { host: "127.1.171.1" port: 33923 } } peers { permanent_uuid: "96da9186787e49de8bb975e74a0c8375" member_type: VOTER last_known_addr { host: "127.1.171.2" port: 42905 } } peers { permanent_uuid: "20066b067c1848ea87fdeb7435f40cd3" member_type: VOTER last_known_addr { host: "127.1.171.3" port: 37199 } }
I20260812 07:59:35.802891  4237 consensus_queue.cc:260] T 24972802e5ac4e3285c1f884affc7fea P 20066b067c1848ea87fdeb7435f40cd3 [NON_LEADER]: Queue going to NON_LEADER mode. State: All replicated index: 0, Majority replicated index: 0, Committed index: 0, Last appended: 0.0, Last appended by leader: 0, Current term: 0, Majority size: -1, State: 0, Mode: NON_LEADER, active raft config: opid_index: -1 OBSOLETE_local: false peers { permanent_uuid: "b9fbb9ba10674d45aa5872a9e7daeddf" member_type: VOTER last_known_addr { host: "127.1.171.1" port: 33923 } } peers { permanent_uuid: "96da9186787e49de8bb975e74a0c8375" member_type: VOTER last_known_addr { host: "127.1.171.2" port: 42905 } } peers { permanent_uuid: "20066b067c1848ea87fdeb7435f40cd3" member_type: VOTER last_known_addr { host: "127.1.171.3" port: 37199 } }
I20260812 07:59:35.802942  4239 raft_consensus.cc:385] T 52988c375db243259b27a8dae8c28ddc P 96da9186787e49de8bb975e74a0c8375 [term 0 FOLLOWER]: Consensus starting up: Expiring failure detector timer to make a prompt election more likely
I20260812 07:59:35.802974  4239 raft_consensus.cc:740] T 52988c375db243259b27a8dae8c28ddc P 96da9186787e49de8bb975e74a0c8375 [term 0 FOLLOWER]: Becoming Follower/Learner. State: Replica: 96da9186787e49de8bb975e74a0c8375, State: Initialized, Role: FOLLOWER
I20260812 07:59:35.803087  4239 consensus_queue.cc:260] T 52988c375db243259b27a8dae8c28ddc P 96da9186787e49de8bb975e74a0c8375 [NON_LEADER]: Queue going to NON_LEADER mode. State: All replicated index: 0, Majority replicated index: 0, Committed index: 0, Last appended: 0.0, Last appended by leader: 0, Current term: 0, Majority size: -1, State: 0, Mode: NON_LEADER, active raft config: opid_index: -1 OBSOLETE_local: false peers { permanent_uuid: "b9fbb9ba10674d45aa5872a9e7daeddf" member_type: VOTER last_known_addr { host: "127.1.171.1" port: 33923 } } peers { permanent_uuid: "96da9186787e49de8bb975e74a0c8375" member_type: VOTER last_known_addr { host: "127.1.171.2" port: 42905 } } peers { permanent_uuid: "20066b067c1848ea87fdeb7435f40cd3" member_type: VOTER last_known_addr { host: "127.1.171.3" port: 37199 } }
I20260812 07:59:35.803153  4237 ts_tablet_manager.cc:1434] T 24972802e5ac4e3285c1f884affc7fea P 20066b067c1848ea87fdeb7435f40cd3: Time spent starting tablet: real 0.001s	user 0.000s	sys 0.000s
I20260812 07:59:35.803114  4242 raft_consensus.cc:359] T b9de1e7b163542d99623bc7440c9b089 P b9fbb9ba10674d45aa5872a9e7daeddf [term 0 FOLLOWER]: Replica starting. Triggering 0 pending ops. Active config: opid_index: -1 OBSOLETE_local: false peers { permanent_uuid: "96da9186787e49de8bb975e74a0c8375" member_type: VOTER last_known_addr { host: "127.1.171.2" port: 42905 } } peers { permanent_uuid: "b9fbb9ba10674d45aa5872a9e7daeddf" member_type: VOTER last_known_addr { host: "127.1.171.1" port: 33923 } } peers { permanent_uuid: "20066b067c1848ea87fdeb7435f40cd3" member_type: VOTER last_known_addr { host: "127.1.171.3" port: 37199 } }
I20260812 07:59:35.803239  4242 raft_consensus.cc:385] T b9de1e7b163542d99623bc7440c9b089 P b9fbb9ba10674d45aa5872a9e7daeddf [term 0 FOLLOWER]: Consensus starting up: Expiring failure detector timer to make a prompt election more likely
I20260812 07:59:35.803279  4242 raft_consensus.cc:740] T b9de1e7b163542d99623bc7440c9b089 P b9fbb9ba10674d45aa5872a9e7daeddf [term 0 FOLLOWER]: Becoming Follower/Learner. State: Replica: b9fbb9ba10674d45aa5872a9e7daeddf, State: Initialized, Role: FOLLOWER
I20260812 07:59:35.803305  4237 tablet_bootstrap.cc:492] T e49105b0503a43b48a90e78e9536dd2c P 20066b067c1848ea87fdeb7435f40cd3: Bootstrap starting.
I20260812 07:59:35.803349  4239 ts_tablet_manager.cc:1434] T 52988c375db243259b27a8dae8c28ddc P 96da9186787e49de8bb975e74a0c8375: Time spent starting tablet: real 0.001s	user 0.001s	sys 0.000s
I20260812 07:59:35.803514  4239 tablet_bootstrap.cc:492] T 67012e7b08a5447180017596bf6928d6 P 96da9186787e49de8bb975e74a0c8375: Bootstrap starting.
I20260812 07:59:35.803447  4242 consensus_queue.cc:260] T b9de1e7b163542d99623bc7440c9b089 P b9fbb9ba10674d45aa5872a9e7daeddf [NON_LEADER]: Queue going to NON_LEADER mode. State: All replicated index: 0, Majority replicated index: 0, Committed index: 0, Last appended: 0.0, Last appended by leader: 0, Current term: 0, Majority size: -1, State: 0, Mode: NON_LEADER, active raft config: opid_index: -1 OBSOLETE_local: false peers { permanent_uuid: "96da9186787e49de8bb975e74a0c8375" member_type: VOTER last_known_addr { host: "127.1.171.2" port: 42905 } } peers { permanent_uuid: "b9fbb9ba10674d45aa5872a9e7daeddf" member_type: VOTER last_known_addr { host: "127.1.171.1" port: 33923 } } peers { permanent_uuid: "20066b067c1848ea87fdeb7435f40cd3" member_type: VOTER last_known_addr { host: "127.1.171.3" port: 37199 } }
I20260812 07:59:35.803750  4242 ts_tablet_manager.cc:1434] T b9de1e7b163542d99623bc7440c9b089 P b9fbb9ba10674d45aa5872a9e7daeddf: Time spent starting tablet: real 0.001s	user 0.001s	sys 0.000s
I20260812 07:59:35.804296  4237 tablet_bootstrap.cc:654] T e49105b0503a43b48a90e78e9536dd2c P 20066b067c1848ea87fdeb7435f40cd3: Neither blocks nor log segments found. Creating new log.
I20260812 07:59:35.804697  4239 tablet_bootstrap.cc:654] T 67012e7b08a5447180017596bf6928d6 P 96da9186787e49de8bb975e74a0c8375: Neither blocks nor log segments found. Creating new log.
I20260812 07:59:35.805791  4237 tablet_bootstrap.cc:492] T e49105b0503a43b48a90e78e9536dd2c P 20066b067c1848ea87fdeb7435f40cd3: No bootstrap required, opened a new log
I20260812 07:59:35.805856  4239 tablet_bootstrap.cc:492] T 67012e7b08a5447180017596bf6928d6 P 96da9186787e49de8bb975e74a0c8375: No bootstrap required, opened a new log
I20260812 07:59:35.805933  4239 ts_tablet_manager.cc:1403] T 67012e7b08a5447180017596bf6928d6 P 96da9186787e49de8bb975e74a0c8375: Time spent bootstrapping tablet: real 0.002s	user 0.002s	sys 0.000s
I20260812 07:59:35.806440  4239 raft_consensus.cc:359] T 67012e7b08a5447180017596bf6928d6 P 96da9186787e49de8bb975e74a0c8375 [term 0 FOLLOWER]: Replica starting. Triggering 0 pending ops. Active config: opid_index: -1 OBSOLETE_local: false peers { permanent_uuid: "96da9186787e49de8bb975e74a0c8375" member_type: VOTER last_known_addr { host: "127.1.171.2" port: 42905 } } peers { permanent_uuid: "b9fbb9ba10674d45aa5872a9e7daeddf" member_type: VOTER last_known_addr { host: "127.1.171.1" port: 33923 } } peers { permanent_uuid: "20066b067c1848ea87fdeb7435f40cd3" member_type: VOTER last_known_addr { host: "127.1.171.3" port: 37199 } }
I20260812 07:59:35.806557  4239 raft_consensus.cc:385] T 67012e7b08a5447180017596bf6928d6 P 96da9186787e49de8bb975e74a0c8375 [term 0 FOLLOWER]: Consensus starting up: Expiring failure detector timer to make a prompt election more likely
I20260812 07:59:35.806591  4239 raft_consensus.cc:740] T 67012e7b08a5447180017596bf6928d6 P 96da9186787e49de8bb975e74a0c8375 [term 0 FOLLOWER]: Becoming Follower/Learner. State: Replica: 96da9186787e49de8bb975e74a0c8375, State: Initialized, Role: FOLLOWER
I20260812 07:59:35.806701  4239 consensus_queue.cc:260] T 67012e7b08a5447180017596bf6928d6 P 96da9186787e49de8bb975e74a0c8375 [NON_LEADER]: Queue going to NON_LEADER mode. State: All replicated index: 0, Majority replicated index: 0, Committed index: 0, Last appended: 0.0, Last appended by leader: 0, Current term: 0, Majority size: -1, State: 0, Mode: NON_LEADER, active raft config: opid_index: -1 OBSOLETE_local: false peers { permanent_uuid: "96da9186787e49de8bb975e74a0c8375" member_type: VOTER last_known_addr { host: "127.1.171.2" port: 42905 } } peers { permanent_uuid: "b9fbb9ba10674d45aa5872a9e7daeddf" member_type: VOTER last_known_addr { host: "127.1.171.1" port: 33923 } } peers { permanent_uuid: "20066b067c1848ea87fdeb7435f40cd3" member_type: VOTER last_known_addr { host: "127.1.171.3" port: 37199 } }
I20260812 07:59:35.806968  4239 ts_tablet_manager.cc:1434] T 67012e7b08a5447180017596bf6928d6 P 96da9186787e49de8bb975e74a0c8375: Time spent starting tablet: real 0.001s	user 0.000s	sys 0.000s
I20260812 07:59:35.807143  4239 tablet_bootstrap.cc:492] T 24972802e5ac4e3285c1f884affc7fea P 96da9186787e49de8bb975e74a0c8375: Bootstrap starting.
I20260812 07:59:35.807514  4237 ts_tablet_manager.cc:1403] T e49105b0503a43b48a90e78e9536dd2c P 20066b067c1848ea87fdeb7435f40cd3: Time spent bootstrapping tablet: real 0.004s	user 0.001s	sys 0.001s
I20260812 07:59:35.808188  4239 tablet_bootstrap.cc:654] T 24972802e5ac4e3285c1f884affc7fea P 96da9186787e49de8bb975e74a0c8375: Neither blocks nor log segments found. Creating new log.
I20260812 07:59:35.808200  4237 raft_consensus.cc:359] T e49105b0503a43b48a90e78e9536dd2c P 20066b067c1848ea87fdeb7435f40cd3 [term 0 FOLLOWER]: Replica starting. Triggering 0 pending ops. Active config: opid_index: -1 OBSOLETE_local: false peers { permanent_uuid: "b9fbb9ba10674d45aa5872a9e7daeddf" member_type: VOTER last_known_addr { host: "127.1.171.1" port: 33923 } } peers { permanent_uuid: "96da9186787e49de8bb975e74a0c8375" member_type: VOTER last_known_addr { host: "127.1.171.2" port: 42905 } } peers { permanent_uuid: "20066b067c1848ea87fdeb7435f40cd3" member_type: VOTER last_known_addr { host: "127.1.171.3" port: 37199 } }
I20260812 07:59:35.808348  4237 raft_consensus.cc:385] T e49105b0503a43b48a90e78e9536dd2c P 20066b067c1848ea87fdeb7435f40cd3 [term 0 FOLLOWER]: Consensus starting up: Expiring failure detector timer to make a prompt election more likely
I20260812 07:59:35.808404  4237 raft_consensus.cc:740] T e49105b0503a43b48a90e78e9536dd2c P 20066b067c1848ea87fdeb7435f40cd3 [term 0 FOLLOWER]: Becoming Follower/Learner. State: Replica: 20066b067c1848ea87fdeb7435f40cd3, State: Initialized, Role: FOLLOWER
I20260812 07:59:35.808543  4237 consensus_queue.cc:260] T e49105b0503a43b48a90e78e9536dd2c P 20066b067c1848ea87fdeb7435f40cd3 [NON_LEADER]: Queue going to NON_LEADER mode. State: All replicated index: 0, Majority replicated index: 0, Committed index: 0, Last appended: 0.0, Last appended by leader: 0, Current term: 0, Majority size: -1, State: 0, Mode: NON_LEADER, active raft config: opid_index: -1 OBSOLETE_local: false peers { permanent_uuid: "b9fbb9ba10674d45aa5872a9e7daeddf" member_type: VOTER last_known_addr { host: "127.1.171.1" port: 33923 } } peers { permanent_uuid: "96da9186787e49de8bb975e74a0c8375" member_type: VOTER last_known_addr { host: "127.1.171.2" port: 42905 } } peers { permanent_uuid: "20066b067c1848ea87fdeb7435f40cd3" member_type: VOTER last_known_addr { host: "127.1.171.3" port: 37199 } }
I20260812 07:59:35.808871  4237 ts_tablet_manager.cc:1434] T e49105b0503a43b48a90e78e9536dd2c P 20066b067c1848ea87fdeb7435f40cd3: Time spent starting tablet: real 0.001s	user 0.001s	sys 0.000s
I20260812 07:59:35.809090  4237 tablet_bootstrap.cc:492] T 4f680235506d42b7b0cd6d81dec1c98a P 20066b067c1848ea87fdeb7435f40cd3: Bootstrap starting.
I20260812 07:59:35.809516  4239 tablet_bootstrap.cc:492] T 24972802e5ac4e3285c1f884affc7fea P 96da9186787e49de8bb975e74a0c8375: No bootstrap required, opened a new log
I20260812 07:59:35.809604  4239 ts_tablet_manager.cc:1403] T 24972802e5ac4e3285c1f884affc7fea P 96da9186787e49de8bb975e74a0c8375: Time spent bootstrapping tablet: real 0.003s	user 0.001s	sys 0.001s
I20260812 07:59:35.810047  4239 raft_consensus.cc:359] T 24972802e5ac4e3285c1f884affc7fea P 96da9186787e49de8bb975e74a0c8375 [term 0 FOLLOWER]: Replica starting. Triggering 0 pending ops. Active config: opid_index: -1 OBSOLETE_local: false peers { permanent_uuid: "b9fbb9ba10674d45aa5872a9e7daeddf" member_type: VOTER last_known_addr { host: "127.1.171.1" port: 33923 } } peers { permanent_uuid: "96da9186787e49de8bb975e74a0c8375" member_type: VOTER last_known_addr { host: "127.1.171.2" port: 42905 } } peers { permanent_uuid: "20066b067c1848ea87fdeb7435f40cd3" member_type: VOTER last_known_addr { host: "127.1.171.3" port: 37199 } }
I20260812 07:59:35.810148  4239 raft_consensus.cc:385] T 24972802e5ac4e3285c1f884affc7fea P 96da9186787e49de8bb975e74a0c8375 [term 0 FOLLOWER]: Consensus starting up: Expiring failure detector timer to make a prompt election more likely
I20260812 07:59:35.810184  4239 raft_consensus.cc:740] T 24972802e5ac4e3285c1f884affc7fea P 96da9186787e49de8bb975e74a0c8375 [term 0 FOLLOWER]: Becoming Follower/Learner. State: Replica: 96da9186787e49de8bb975e74a0c8375, State: Initialized, Role: FOLLOWER
I20260812 07:59:35.810307  4237 tablet_bootstrap.cc:654] T 4f680235506d42b7b0cd6d81dec1c98a P 20066b067c1848ea87fdeb7435f40cd3: Neither blocks nor log segments found. Creating new log.
I20260812 07:59:35.810321  4239 consensus_queue.cc:260] T 24972802e5ac4e3285c1f884affc7fea P 96da9186787e49de8bb975e74a0c8375 [NON_LEADER]: Queue going to NON_LEADER mode. State: All replicated index: 0, Majority replicated index: 0, Committed index: 0, Last appended: 0.0, Last appended by leader: 0, Current term: 0, Majority size: -1, State: 0, Mode: NON_LEADER, active raft config: opid_index: -1 OBSOLETE_local: false peers { permanent_uuid: "b9fbb9ba10674d45aa5872a9e7daeddf" member_type: VOTER last_known_addr { host: "127.1.171.1" port: 33923 } } peers { permanent_uuid: "96da9186787e49de8bb975e74a0c8375" member_type: VOTER last_known_addr { host: "127.1.171.2" port: 42905 } } peers { permanent_uuid: "20066b067c1848ea87fdeb7435f40cd3" member_type: VOTER last_known_addr { host: "127.1.171.3" port: 37199 } }
I20260812 07:59:35.810634  4239 ts_tablet_manager.cc:1434] T 24972802e5ac4e3285c1f884affc7fea P 96da9186787e49de8bb975e74a0c8375: Time spent starting tablet: real 0.001s	user 0.000s	sys 0.001s
I20260812 07:59:35.810829  4239 tablet_bootstrap.cc:492] T 664a28bc32cc4318af3fb33e50bd6f7c P 96da9186787e49de8bb975e74a0c8375: Bootstrap starting.
I20260812 07:59:35.811527  4237 tablet_bootstrap.cc:492] T 4f680235506d42b7b0cd6d81dec1c98a P 20066b067c1848ea87fdeb7435f40cd3: No bootstrap required, opened a new log
I20260812 07:59:35.811606  4237 ts_tablet_manager.cc:1403] T 4f680235506d42b7b0cd6d81dec1c98a P 20066b067c1848ea87fdeb7435f40cd3: Time spent bootstrapping tablet: real 0.003s	user 0.002s	sys 0.000s
I20260812 07:59:35.811877  4239 tablet_bootstrap.cc:654] T 664a28bc32cc4318af3fb33e50bd6f7c P 96da9186787e49de8bb975e74a0c8375: Neither blocks nor log segments found. Creating new log.
I20260812 07:59:35.812098  4237 raft_consensus.cc:359] T 4f680235506d42b7b0cd6d81dec1c98a P 20066b067c1848ea87fdeb7435f40cd3 [term 0 FOLLOWER]: Replica starting. Triggering 0 pending ops. Active config: opid_index: -1 OBSOLETE_local: false peers { permanent_uuid: "96da9186787e49de8bb975e74a0c8375" member_type: VOTER last_known_addr { host: "127.1.171.2" port: 42905 } } peers { permanent_uuid: "b9fbb9ba10674d45aa5872a9e7daeddf" member_type: VOTER last_known_addr { host: "127.1.171.1" port: 33923 } } peers { permanent_uuid: "20066b067c1848ea87fdeb7435f40cd3" member_type: VOTER last_known_addr { host: "127.1.171.3" port: 37199 } }
I20260812 07:59:35.812219  4237 raft_consensus.cc:385] T 4f680235506d42b7b0cd6d81dec1c98a P 20066b067c1848ea87fdeb7435f40cd3 [term 0 FOLLOWER]: Consensus starting up: Expiring failure detector timer to make a prompt election more likely
I20260812 07:59:35.812256  4237 raft_consensus.cc:740] T 4f680235506d42b7b0cd6d81dec1c98a P 20066b067c1848ea87fdeb7435f40cd3 [term 0 FOLLOWER]: Becoming Follower/Learner. State: Replica: 20066b067c1848ea87fdeb7435f40cd3, State: Initialized, Role: FOLLOWER
