I20260812 08:01:55.082538  2342 tablet_bootstrap.cc:492] T 11705d686c384a98addbdbbb5f5928f5 P 7f9b5c9300874c8293c40e11671a93bd: Bootstrap starting.
I20260812 08:01:55.083151  2341 tablet_bootstrap.cc:654] T 11705d686c384a98addbdbbb5f5928f5 P 7cbc5e1ca7974474bb2878a9b1a00667: Neither blocks nor log segments found. Creating new log.
I20260812 08:01:55.083148  2343 tablet_bootstrap.cc:654] T 11705d686c384a98addbdbbb5f5928f5 P 105f8a1b06004564859f06af1a25941d: Neither blocks nor log segments found. Creating new log.
I20260812 08:01:55.083729  2342 tablet_bootstrap.cc:654] T 11705d686c384a98addbdbbb5f5928f5 P 7f9b5c9300874c8293c40e11671a93bd: Neither blocks nor log segments found. Creating new log.
I20260812 08:01:55.084662  2343 tablet_bootstrap.cc:492] T 11705d686c384a98addbdbbb5f5928f5 P 105f8a1b06004564859f06af1a25941d: No bootstrap required, opened a new log
I20260812 08:01:55.084748  2341 tablet_bootstrap.cc:492] T 11705d686c384a98addbdbbb5f5928f5 P 7cbc5e1ca7974474bb2878a9b1a00667: No bootstrap required, opened a new log
I20260812 08:01:55.084757  2343 ts_tablet_manager.cc:1403] T 11705d686c384a98addbdbbb5f5928f5 P 105f8a1b06004564859f06af1a25941d: Time spent bootstrapping tablet: real 0.003s	user 0.003s	sys 0.000s
I20260812 08:01:55.084834  2341 ts_tablet_manager.cc:1403] T 11705d686c384a98addbdbbb5f5928f5 P 7cbc5e1ca7974474bb2878a9b1a00667: Time spent bootstrapping tablet: real 0.003s	user 0.002s	sys 0.000s
I20260812 08:01:55.084887  2342 tablet_bootstrap.cc:492] T 11705d686c384a98addbdbbb5f5928f5 P 7f9b5c9300874c8293c40e11671a93bd: No bootstrap required, opened a new log
I20260812 08:01:55.084968  2342 ts_tablet_manager.cc:1403] T 11705d686c384a98addbdbbb5f5928f5 P 7f9b5c9300874c8293c40e11671a93bd: Time spent bootstrapping tablet: real 0.002s	user 0.002s	sys 0.000s
I20260812 08:01:55.085290  2343 raft_consensus.cc:359] T 11705d686c384a98addbdbbb5f5928f5 P 105f8a1b06004564859f06af1a25941d [term 0 FOLLOWER]: Replica starting. Triggering 0 pending ops. Active config: opid_index: -1 OBSOLETE_local: false peers { permanent_uuid: "7f9b5c9300874c8293c40e11671a93bd" member_type: VOTER last_known_addr { host: "127.28.57.193" port: 44483 } } peers { permanent_uuid: "105f8a1b06004564859f06af1a25941d" member_type: VOTER last_known_addr { host: "127.28.57.194" port: 46847 } } peers { permanent_uuid: "7cbc5e1ca7974474bb2878a9b1a00667" member_type: VOTER last_known_addr { host: "127.28.57.195" port: 37623 } }
I20260812 08:01:55.085425  2343 raft_consensus.cc:385] T 11705d686c384a98addbdbbb5f5928f5 P 105f8a1b06004564859f06af1a25941d [term 0 FOLLOWER]: Consensus starting up: Expiring failure detector timer to make a prompt election more likely
I20260812 08:01:55.085386  2341 raft_consensus.cc:359] T 11705d686c384a98addbdbbb5f5928f5 P 7cbc5e1ca7974474bb2878a9b1a00667 [term 0 FOLLOWER]: Replica starting. Triggering 0 pending ops. Active config: opid_index: -1 OBSOLETE_local: false peers { permanent_uuid: "7f9b5c9300874c8293c40e11671a93bd" member_type: VOTER last_known_addr { host: "127.28.57.193" port: 44483 } } peers { permanent_uuid: "105f8a1b06004564859f06af1a25941d" member_type: VOTER last_known_addr { host: "127.28.57.194" port: 46847 } } peers { permanent_uuid: "7cbc5e1ca7974474bb2878a9b1a00667" member_type: VOTER last_known_addr { host: "127.28.57.195" port: 37623 } }
I20260812 08:01:55.085448  2342 raft_consensus.cc:359] T 11705d686c384a98addbdbbb5f5928f5 P 7f9b5c9300874c8293c40e11671a93bd [term 0 FOLLOWER]: Replica starting. Triggering 0 pending ops. Active config: opid_index: -1 OBSOLETE_local: false peers { permanent_uuid: "7f9b5c9300874c8293c40e11671a93bd" member_type: VOTER last_known_addr { host: "127.28.57.193" port: 44483 } } peers { permanent_uuid: "105f8a1b06004564859f06af1a25941d" member_type: VOTER last_known_addr { host: "127.28.57.194" port: 46847 } } peers { permanent_uuid: "7cbc5e1ca7974474bb2878a9b1a00667" member_type: VOTER last_known_addr { host: "127.28.57.195" port: 37623 } }
I20260812 08:01:55.085526  2343 raft_consensus.cc:740] T 11705d686c384a98addbdbbb5f5928f5 P 105f8a1b06004564859f06af1a25941d [term 0 FOLLOWER]: Becoming Follower/Learner. State: Replica: 105f8a1b06004564859f06af1a25941d, State: Initialized, Role: FOLLOWER
I20260812 08:01:55.085557  2342 raft_consensus.cc:385] T 11705d686c384a98addbdbbb5f5928f5 P 7f9b5c9300874c8293c40e11671a93bd [term 0 FOLLOWER]: Consensus starting up: Expiring failure detector timer to make a prompt election more likely
I20260812 08:01:55.085562  2341 raft_consensus.cc:385] T 11705d686c384a98addbdbbb5f5928f5 P 7cbc5e1ca7974474bb2878a9b1a00667 [term 0 FOLLOWER]: Consensus starting up: Expiring failure detector timer to make a prompt election more likely
I20260812 08:01:55.085598  2342 raft_consensus.cc:740] T 11705d686c384a98addbdbbb5f5928f5 P 7f9b5c9300874c8293c40e11671a93bd [term 0 FOLLOWER]: Becoming Follower/Learner. State: Replica: 7f9b5c9300874c8293c40e11671a93bd, State: Initialized, Role: FOLLOWER
I20260812 08:01:55.085609  2341 raft_consensus.cc:740] T 11705d686c384a98addbdbbb5f5928f5 P 7cbc5e1ca7974474bb2878a9b1a00667 [term 0 FOLLOWER]: Becoming Follower/Learner. State: Replica: 7cbc5e1ca7974474bb2878a9b1a00667, State: Initialized, Role: FOLLOWER
I20260812 08:01:55.085737  2343 consensus_queue.cc:260] T 11705d686c384a98addbdbbb5f5928f5 P 105f8a1b06004564859f06af1a25941d [NON_LEADER]: Queue going to NON_LEADER mode. State: All replicated index: 0, Majority replicated index: 0, Committed index: 0, Last appended: 0.0, Last appended by leader: 0, Current term: 0, Majority size: -1, State: 0, Mode: NON_LEADER, active raft config: opid_index: -1 OBSOLETE_local: false peers { permanent_uuid: "7f9b5c9300874c8293c40e11671a93bd" member_type: VOTER last_known_addr { host: "127.28.57.193" port: 44483 } } peers { permanent_uuid: "105f8a1b06004564859f06af1a25941d" member_type: VOTER last_known_addr { host: "127.28.57.194" port: 46847 } } peers { permanent_uuid: "7cbc5e1ca7974474bb2878a9b1a00667" member_type: VOTER last_known_addr { host: "127.28.57.195" port: 37623 } }
I20260812 08:01:55.085737  2342 consensus_queue.cc:260] T 11705d686c384a98addbdbbb5f5928f5 P 7f9b5c9300874c8293c40e11671a93bd [NON_LEADER]: Queue going to NON_LEADER mode. State: All replicated index: 0, Majority replicated index: 0, Committed index: 0, Last appended: 0.0, Last appended by leader: 0, Current term: 0, Majority size: -1, State: 0, Mode: NON_LEADER, active raft config: opid_index: -1 OBSOLETE_local: false peers { permanent_uuid: "7f9b5c9300874c8293c40e11671a93bd" member_type: VOTER last_known_addr { host: "127.28.57.193" port: 44483 } } peers { permanent_uuid: "105f8a1b06004564859f06af1a25941d" member_type: VOTER last_known_addr { host: "127.28.57.194" port: 46847 } } peers { permanent_uuid: "7cbc5e1ca7974474bb2878a9b1a00667" member_type: VOTER last_known_addr { host: "127.28.57.195" port: 37623 } }
I20260812 08:01:55.085759  2341 consensus_queue.cc:260] T 11705d686c384a98addbdbbb5f5928f5 P 7cbc5e1ca7974474bb2878a9b1a00667 [NON_LEADER]: Queue going to NON_LEADER mode. State: All replicated index: 0, Majority replicated index: 0, Committed index: 0, Last appended: 0.0, Last appended by leader: 0, Current term: 0, Majority size: -1, State: 0, Mode: NON_LEADER, active raft config: opid_index: -1 OBSOLETE_local: false peers { permanent_uuid: "7f9b5c9300874c8293c40e11671a93bd" member_type: VOTER last_known_addr { host: "127.28.57.193" port: 44483 } } peers { permanent_uuid: "105f8a1b06004564859f06af1a25941d" member_type: VOTER last_known_addr { host: "127.28.57.194" port: 46847 } } peers { permanent_uuid: "7cbc5e1ca7974474bb2878a9b1a00667" member_type: VOTER last_known_addr { host: "127.28.57.195" port: 37623 } }
I20260812 08:01:55.086030  2342 ts_tablet_manager.cc:1434] T 11705d686c384a98addbdbbb5f5928f5 P 7f9b5c9300874c8293c40e11671a93bd: Time spent starting tablet: real 0.001s	user 0.001s	sys 0.000s
I20260812 08:01:55.086030  2343 ts_tablet_manager.cc:1434] T 11705d686c384a98addbdbbb5f5928f5 P 105f8a1b06004564859f06af1a25941d: Time spent starting tablet: real 0.001s	user 0.001s	sys 0.000s
I20260812 08:01:55.086053  2341 ts_tablet_manager.cc:1434] T 11705d686c384a98addbdbbb5f5928f5 P 7cbc5e1ca7974474bb2878a9b1a00667: Time spent starting tablet: real 0.001s	user 0.001s	sys 0.000s
I20260812 08:01:55.086333  2349 tablet_replica.cc:442] T 11705d686c384a98addbdbbb5f5928f5 P 7cbc5e1ca7974474bb2878a9b1a00667: TxnStatusTablet state changed. Reason: RaftConsensus started. Latest consensus state: current_term: 0 committed_config { opid_index: -1 OBSOLETE_local: false peers { permanent_uuid: "7f9b5c9300874c8293c40e11671a93bd" member_type: VOTER last_known_addr { host: "127.28.57.193" port: 44483 } } peers { permanent_uuid: "105f8a1b06004564859f06af1a25941d" member_type: VOTER last_known_addr { host: "127.28.57.194" port: 46847 } } peers { permanent_uuid: "7cbc5e1ca7974474bb2878a9b1a00667" member_type: VOTER last_known_addr { host: "127.28.57.195" port: 37623 } } }
I20260812 08:01:55.086464  2349 tablet_replica.cc:445] T 11705d686c384a98addbdbbb5f5928f5 P 7cbc5e1ca7974474bb2878a9b1a00667: This TxnStatusTablet replica's current role is: FOLLOWER
I20260812 08:01:55.086608  2352 tablet_replica.cc:442] T 11705d686c384a98addbdbbb5f5928f5 P 105f8a1b06004564859f06af1a25941d: TxnStatusTablet state changed. Reason: RaftConsensus started. Latest consensus state: current_term: 0 committed_config { opid_index: -1 OBSOLETE_local: false peers { permanent_uuid: "7f9b5c9300874c8293c40e11671a93bd" member_type: VOTER last_known_addr { host: "127.28.57.193" port: 44483 } } peers { permanent_uuid: "105f8a1b06004564859f06af1a25941d" member_type: VOTER last_known_addr { host: "127.28.57.194" port: 46847 } } peers { permanent_uuid: "7cbc5e1ca7974474bb2878a9b1a00667" member_type: VOTER last_known_addr { host: "127.28.57.195" port: 37623 } } }
I20260812 08:01:55.086802  2352 tablet_replica.cc:445] T 11705d686c384a98addbdbbb5f5928f5 P 105f8a1b06004564859f06af1a25941d: This TxnStatusTablet replica's current role is: FOLLOWER
I20260812 08:01:55.087103  2350 tablet_replica.cc:442] T 11705d686c384a98addbdbbb5f5928f5 P 7f9b5c9300874c8293c40e11671a93bd: TxnStatusTablet state changed. Reason: RaftConsensus started. Latest consensus state: current_term: 0 committed_config { opid_index: -1 OBSOLETE_local: false peers { permanent_uuid: "7f9b5c9300874c8293c40e11671a93bd" member_type: VOTER last_known_addr { host: "127.28.57.193" port: 44483 } } peers { permanent_uuid: "105f8a1b06004564859f06af1a25941d" member_type: VOTER last_known_addr { host: "127.28.57.194" port: 46847 } } peers { permanent_uuid: "7cbc5e1ca7974474bb2878a9b1a00667" member_type: VOTER last_known_addr { host: "127.28.57.195" port: 37623 } } }
I20260812 08:01:55.087247  2350 tablet_replica.cc:445] T 11705d686c384a98addbdbbb5f5928f5 P 7f9b5c9300874c8293c40e11671a93bd: This TxnStatusTablet replica's current role is: FOLLOWER
I20260812 08:01:55.127283  2350 raft_consensus.cc:493] T 11705d686c384a98addbdbbb5f5928f5 P 7f9b5c9300874c8293c40e11671a93bd [term 0 FOLLOWER]: Starting pre-election (no leader contacted us within the election timeout)
I20260812 08:01:55.127475  2350 raft_consensus.cc:515] T 11705d686c384a98addbdbbb5f5928f5 P 7f9b5c9300874c8293c40e11671a93bd [term 0 FOLLOWER]: Starting pre-election with config: opid_index: -1 OBSOLETE_local: false peers { permanent_uuid: "7f9b5c9300874c8293c40e11671a93bd" member_type: VOTER last_known_addr { host: "127.28.57.193" port: 44483 } } peers { permanent_uuid: "105f8a1b06004564859f06af1a25941d" member_type: VOTER last_known_addr { host: "127.28.57.194" port: 46847 } } peers { permanent_uuid: "7cbc5e1ca7974474bb2878a9b1a00667" member_type: VOTER last_known_addr { host: "127.28.57.195" port: 37623 } }
I20260812 08:01:55.128583  2350 leader_election.cc:290] T 11705d686c384a98addbdbbb5f5928f5 P 7f9b5c9300874c8293c40e11671a93bd [CANDIDATE]: Term 1 pre-election: Requested pre-vote from peers 105f8a1b06004564859f06af1a25941d (127.28.57.194:46847), 7cbc5e1ca7974474bb2878a9b1a00667 (127.28.57.195:37623)
I20260812 08:01:55.133174  2002 tablet_service.cc:1917] Received RequestConsensusVote() RPC: tablet_id: "11705d686c384a98addbdbbb5f5928f5" candidate_uuid: "7f9b5c9300874c8293c40e11671a93bd" candidate_term: 1 candidate_status { last_received { term: 0 index: 0 } } ignore_live_leader: false dest_uuid: "105f8a1b06004564859f06af1a25941d" is_pre_election: true
I20260812 08:01:55.133385  2002 raft_consensus.cc:2468] T 11705d686c384a98addbdbbb5f5928f5 P 105f8a1b06004564859f06af1a25941d [term 0 FOLLOWER]: Leader pre-election vote request: Granting yes vote for candidate 7f9b5c9300874c8293c40e11671a93bd in term 0.
I20260812 08:01:55.133594  2232 tablet_service.cc:1917] Received RequestConsensusVote() RPC: tablet_id: "11705d686c384a98addbdbbb5f5928f5" candidate_uuid: "7f9b5c9300874c8293c40e11671a93bd" candidate_term: 1 candidate_status { last_received { term: 0 index: 0 } } ignore_live_leader: false dest_uuid: "7cbc5e1ca7974474bb2878a9b1a00667" is_pre_election: true
I20260812 08:01:55.133852  2232 raft_consensus.cc:2468] T 11705d686c384a98addbdbbb5f5928f5 P 7cbc5e1ca7974474bb2878a9b1a00667 [term 0 FOLLOWER]: Leader pre-election vote request: Granting yes vote for candidate 7f9b5c9300874c8293c40e11671a93bd in term 0.
I20260812 08:01:55.133841  1669 leader_election.cc:304] T 11705d686c384a98addbdbbb5f5928f5 P 7f9b5c9300874c8293c40e11671a93bd [CANDIDATE]: Term 1 pre-election: Election decided. Result: candidate won. Election summary: received 2 responses out of 3 voters: 2 yes votes; 0 no votes. yes voters: 105f8a1b06004564859f06af1a25941d, 7f9b5c9300874c8293c40e11671a93bd; no voters: 
I20260812 08:01:55.134155  2350 raft_consensus.cc:2804] T 11705d686c384a98addbdbbb5f5928f5 P 7f9b5c9300874c8293c40e11671a93bd [term 0 FOLLOWER]: Leader pre-election won for term 1
I20260812 08:01:55.134262  2350 raft_consensus.cc:493] T 11705d686c384a98addbdbbb5f5928f5 P 7f9b5c9300874c8293c40e11671a93bd [term 0 FOLLOWER]: Starting leader election (no leader contacted us within the election timeout)
I20260812 08:01:55.134306  2350 raft_consensus.cc:3060] T 11705d686c384a98addbdbbb5f5928f5 P 7f9b5c9300874c8293c40e11671a93bd [term 0 FOLLOWER]: Advancing to term 1
I20260812 08:01:55.135310  2350 raft_consensus.cc:515] T 11705d686c384a98addbdbbb5f5928f5 P 7f9b5c9300874c8293c40e11671a93bd [term 1 FOLLOWER]: Starting leader election with config: opid_index: -1 OBSOLETE_local: false peers { permanent_uuid: "7f9b5c9300874c8293c40e11671a93bd" member_type: VOTER last_known_addr { host: "127.28.57.193" port: 44483 } } peers { permanent_uuid: "105f8a1b06004564859f06af1a25941d" member_type: VOTER last_known_addr { host: "127.28.57.194" port: 46847 } } peers { permanent_uuid: "7cbc5e1ca7974474bb2878a9b1a00667" member_type: VOTER last_known_addr { host: "127.28.57.195" port: 37623 } }
I20260812 08:01:55.135707  2350 leader_election.cc:290] T 11705d686c384a98addbdbbb5f5928f5 P 7f9b5c9300874c8293c40e11671a93bd [CANDIDATE]: Term 1 election: Requested vote from peers 105f8a1b06004564859f06af1a25941d (127.28.57.194:46847), 7cbc5e1ca7974474bb2878a9b1a00667 (127.28.57.195:37623)
I20260812 08:01:55.136119  2002 tablet_service.cc:1917] Received RequestConsensusVote() RPC: tablet_id: "11705d686c384a98addbdbbb5f5928f5" candidate_uuid: "7f9b5c9300874c8293c40e11671a93bd" candidate_term: 1 candidate_status { last_received { term: 0 index: 0 } } ignore_live_leader: false dest_uuid: "105f8a1b06004564859f06af1a25941d"
I20260812 08:01:55.136255  2002 raft_consensus.cc:3060] T 11705d686c384a98addbdbbb5f5928f5 P 105f8a1b06004564859f06af1a25941d [term 0 FOLLOWER]: Advancing to term 1
I20260812 08:01:55.137070  2002 raft_consensus.cc:2468] T 11705d686c384a98addbdbbb5f5928f5 P 105f8a1b06004564859f06af1a25941d [term 1 FOLLOWER]: Leader election vote request: Granting yes vote for candidate 7f9b5c9300874c8293c40e11671a93bd in term 1.
I20260812 08:01:55.137382  2232 tablet_service.cc:1917] Received RequestConsensusVote() RPC: tablet_id: "11705d686c384a98addbdbbb5f5928f5" candidate_uuid: "7f9b5c9300874c8293c40e11671a93bd" candidate_term: 1 candidate_status { last_received { term: 0 index: 0 } } ignore_live_leader: false dest_uuid: "7cbc5e1ca7974474bb2878a9b1a00667"
I20260812 08:01:55.137437  1669 leader_election.cc:304] T 11705d686c384a98addbdbbb5f5928f5 P 7f9b5c9300874c8293c40e11671a93bd [CANDIDATE]: Term 1 election: Election decided. Result: candidate won. Election summary: received 2 responses out of 3 voters: 2 yes votes; 0 no votes. yes voters: 105f8a1b06004564859f06af1a25941d, 7f9b5c9300874c8293c40e11671a93bd; no voters: 
I20260812 08:01:55.137513  2232 raft_consensus.cc:3060] T 11705d686c384a98addbdbbb5f5928f5 P 7cbc5e1ca7974474bb2878a9b1a00667 [term 0 FOLLOWER]: Advancing to term 1
I20260812 08:01:55.138365  2232 raft_consensus.cc:2468] T 11705d686c384a98addbdbbb5f5928f5 P 7cbc5e1ca7974474bb2878a9b1a00667 [term 1 FOLLOWER]: Leader election vote request: Granting yes vote for candidate 7f9b5c9300874c8293c40e11671a93bd in term 1.
I20260812 08:01:55.138607  2350 raft_consensus.cc:2804] T 11705d686c384a98addbdbbb5f5928f5 P 7f9b5c9300874c8293c40e11671a93bd [term 1 FOLLOWER]: Leader election won for term 1
I20260812 08:01:55.138931  2350 raft_consensus.cc:697] T 11705d686c384a98addbdbbb5f5928f5 P 7f9b5c9300874c8293c40e11671a93bd [term 1 LEADER]: Becoming Leader. State: Replica: 7f9b5c9300874c8293c40e11671a93bd, State: Running, Role: LEADER
I20260812 08:01:55.139292  2350 consensus_queue.cc:237] T 11705d686c384a98addbdbbb5f5928f5 P 7f9b5c9300874c8293c40e11671a93bd [LEADER]: Queue going to LEADER mode. State: All replicated index: 0, Majority replicated index: 0, Committed index: 0, Last appended: 0.0, Last appended by leader: 0, Current term: 1, Majority size: 2, State: 0, Mode: LEADER, active raft config: opid_index: -1 OBSOLETE_local: false peers { permanent_uuid: "7f9b5c9300874c8293c40e11671a93bd" member_type: VOTER last_known_addr { host: "127.28.57.193" port: 44483 } } peers { permanent_uuid: "105f8a1b06004564859f06af1a25941d" member_type: VOTER last_known_addr { host: "127.28.57.194" port: 46847 } } peers { permanent_uuid: "7cbc5e1ca7974474bb2878a9b1a00667" member_type: VOTER last_known_addr { host: "127.28.57.195" port: 37623 } }
I20260812 08:01:55.141659  2385 tablet_replica.cc:442] T 11705d686c384a98addbdbbb5f5928f5 P 7f9b5c9300874c8293c40e11671a93bd: TxnStatusTablet state changed. Reason: New leader 7f9b5c9300874c8293c40e11671a93bd. Latest consensus state: current_term: 1 leader_uuid: "7f9b5c9300874c8293c40e11671a93bd" committed_config { opid_index: -1 OBSOLETE_local: false peers { permanent_uuid: "7f9b5c9300874c8293c40e11671a93bd" member_type: VOTER last_known_addr { host: "127.28.57.193" port: 44483 } } peers { permanent_uuid: "105f8a1b06004564859f06af1a25941d" member_type: VOTER last_known_addr { host: "127.28.57.194" port: 46847 } } peers { permanent_uuid: "7cbc5e1ca7974474bb2878a9b1a00667" member_type: VOTER last_known_addr { host: "127.28.57.195" port: 37623 } } }
I20260812 08:01:55.141773  2385 tablet_replica.cc:445] T 11705d686c384a98addbdbbb5f5928f5 P 7f9b5c9300874c8293c40e11671a93bd: This TxnStatusTablet replica's current role is: LEADER
I20260812 08:01:55.142122  2387 txn_status_manager.cc:874] Waiting until node catch up with all replicated operations in previous term...
I20260812 08:01:55.142346  2387 txn_status_manager.cc:930] Loading transaction status metadata into memory...
I20260812 08:01:55.142959  1517 catalog_manager.cc:5719] T 11705d686c384a98addbdbbb5f5928f5 P 7f9b5c9300874c8293c40e11671a93bd reported cstate change: term changed from 0 to 1, leader changed from <none> to 7f9b5c9300874c8293c40e11671a93bd (127.28.57.193). New cstate: current_term: 1 leader_uuid: "7f9b5c9300874c8293c40e11671a93bd" committed_config { opid_index: -1 OBSOLETE_local: false peers { permanent_uuid: "7f9b5c9300874c8293c40e11671a93bd" member_type: VOTER last_known_addr { host: "127.28.57.193" port: 44483 } health_report { overall_health: HEALTHY } } peers { permanent_uuid: "105f8a1b06004564859f06af1a25941d" member_type: VOTER last_known_addr { host: "127.28.57.194" port: 46847 } health_report { overall_health: UNKNOWN } } peers { permanent_uuid: "7cbc5e1ca7974474bb2878a9b1a00667" member_type: VOTER last_known_addr { host: "127.28.57.195" port: 37623 } health_report { overall_health: UNKNOWN } } }
I20260812 08:01:55.221108  2002 raft_consensus.cc:1275] T 11705d686c384a98addbdbbb5f5928f5 P 105f8a1b06004564859f06af1a25941d [term 1 FOLLOWER]: Refusing update from remote peer 7f9b5c9300874c8293c40e11671a93bd: Log matching property violated. Preceding OpId in replica: term: 0 index: 0. Preceding OpId from leader: term: 1 index: 2. (index mismatch)
I20260812 08:01:55.221483  2232 raft_consensus.cc:1275] T 11705d686c384a98addbdbbb5f5928f5 P 7cbc5e1ca7974474bb2878a9b1a00667 [term 1 FOLLOWER]: Refusing update from remote peer 7f9b5c9300874c8293c40e11671a93bd: Log matching property violated. Preceding OpId in replica: term: 0 index: 0. Preceding OpId from leader: term: 1 index: 2. (index mismatch)
I20260812 08:01:55.222023  2350 consensus_queue.cc:1048] T 11705d686c384a98addbdbbb5f5928f5 P 7f9b5c9300874c8293c40e11671a93bd [LEADER]: Connected to new peer: Peer: permanent_uuid: "105f8a1b06004564859f06af1a25941d" member_type: VOTER last_known_addr { host: "127.28.57.194" port: 46847 }, Status: LMP_MISMATCH, Last received: 0.0, Next index: 1, Last known committed idx: 0, Time since last communication: 0.000s
I20260812 08:01:55.222046  2349 consensus_queue.cc:1048] T 7ddeca6246c94ec0ab8ace5c5c262263 P 7cbc5e1ca7974474bb2878a9b1a00667 [LEADER]: Connected to new peer: Peer: permanent_uuid: "105f8a1b06004564859f06af1a25941d" member_type: VOTER last_known_addr { host: "127.28.57.194" port: 46847 }, Status: LMP_MISMATCH, Last received: 0.0, Next index: 1, Last known committed idx: 0, Time since last communication: 0.000s
I20260812 08:01:55.222276  2385 consensus_queue.cc:1048] T 11705d686c384a98addbdbbb5f5928f5 P 7f9b5c9300874c8293c40e11671a93bd [LEADER]: Connected to new peer: Peer: permanent_uuid: "7cbc5e1ca7974474bb2878a9b1a00667" member_type: VOTER last_known_addr { host: "127.28.57.195" port: 37623 }, Status: LMP_MISMATCH, Last received: 0.0, Next index: 1, Last known committed idx: 0, Time since last communication: 0.000s
I20260812 08:01:55.225169  2349 tablet_replica.cc:442] T 11705d686c384a98addbdbbb5f5928f5 P 7cbc5e1ca7974474bb2878a9b1a00667: TxnStatusTablet state changed. Reason: New leader 7f9b5c9300874c8293c40e11671a93bd. Latest consensus state: current_term: 1 leader_uuid: "7f9b5c9300874c8293c40e11671a93bd" committed_config { opid_index: -1 OBSOLETE_local: false peers { permanent_uuid: "7f9b5c9300874c8293c40e11671a93bd" member_type: VOTER last_known_addr { host: "127.28.57.193" port: 44483 } } peers { permanent_uuid: "105f8a1b06004564859f06af1a25941d" member_type: VOTER last_known_addr { host: "127.28.57.194" port: 46847 } } peers { permanent_uuid: "7cbc5e1ca7974474bb2878a9b1a00667" member_type: VOTER last_known_addr { host: "127.28.57.195" port: 37623 } } }
I20260812 08:01:55.225312  2349 tablet_replica.cc:445] T 11705d686c384a98addbdbbb5f5928f5 P 7cbc5e1ca7974474bb2878a9b1a00667: This TxnStatusTablet replica's current role is: FOLLOWER
I20260812 08:01:55.225760  2352 tablet_replica.cc:442] T 11705d686c384a98addbdbbb5f5928f5 P 105f8a1b06004564859f06af1a25941d: TxnStatusTablet state changed. Reason: New leader 7f9b5c9300874c8293c40e11671a93bd. Latest consensus state: current_term: 1 leader_uuid: "7f9b5c9300874c8293c40e11671a93bd" committed_config { opid_index: -1 OBSOLETE_local: false peers { permanent_uuid: "7f9b5c9300874c8293c40e11671a93bd" member_type: VOTER last_known_addr { host: "127.28.57.193" port: 44483 } } peers { permanent_uuid: "105f8a1b06004564859f06af1a25941d" member_type: VOTER last_known_addr { host: "127.28.57.194" port: 46847 } } peers { permanent_uuid: "7cbc5e1ca7974474bb2878a9b1a00667" member_type: VOTER last_known_addr { host: "127.28.57.195" port: 37623 } } }
I20260812 08:01:55.225890  2352 tablet_replica.cc:445] T 11705d686c384a98addbdbbb5f5928f5 P 105f8a1b06004564859f06af1a25941d: This TxnStatusTablet replica's current role is: FOLLOWER
I20260812 08:01:55.230587  2392 mvcc.cc:204] Tried to move back new op lower bound from 7317592945536974848 to 7317592945213792256. Current Snapshot: MvccSnapshot[applied={T|T < 7317592945536974848}]
I20260812 08:01:55.230806  2352 tablet_replica.cc:442] T 11705d686c384a98addbdbbb5f5928f5 P 105f8a1b06004564859f06af1a25941d: TxnStatusTablet state changed. Reason: Replicated consensus-only round. Latest consensus state: current_term: 1 leader_uuid: "7f9b5c9300874c8293c40e11671a93bd" committed_config { opid_index: -1 OBSOLETE_local: false peers { permanent_uuid: "7f9b5c9300874c8293c40e11671a93bd" member_type: VOTER last_known_addr { host: "127.28.57.193" port: 44483 } } peers { permanent_uuid: "105f8a1b06004564859f06af1a25941d" member_type: VOTER last_known_addr { host: "127.28.57.194" port: 46847 } } peers { permanent_uuid: "7cbc5e1ca7974474bb2878a9b1a00667" member_type: VOTER last_known_addr { host: "127.28.57.195" port: 37623 } } }
I20260812 08:01:55.230912  2352 tablet_replica.cc:445] T 11705d686c384a98addbdbbb5f5928f5 P 105f8a1b06004564859f06af1a25941d: This TxnStatusTablet replica's current role is: FOLLOWER
I20260812 08:01:55.231532  2350 tablet_replica.cc:442] T 11705d686c384a98addbdbbb5f5928f5 P 7f9b5c9300874c8293c40e11671a93bd: TxnStatusTablet state changed. Reason: Peer health change. Latest consensus state: current_term: 1 leader_uuid: "7f9b5c9300874c8293c40e11671a93bd" committed_config { opid_index: -1 OBSOLETE_local: false peers { permanent_uuid: "7f9b5c9300874c8293c40e11671a93bd" member_type: VOTER last_known_addr { host: "127.28.57.193" port: 44483 } } peers { permanent_uuid: "105f8a1b06004564859f06af1a25941d" member_type: VOTER last_known_addr { host: "127.28.57.194" port: 46847 } } peers { permanent_uuid: "7cbc5e1ca7974474bb2878a9b1a00667" member_type: VOTER last_known_addr { host: "127.28.57.195" port: 37623 } } }
I20260812 08:01:55.231645  2350 tablet_replica.cc:445] T 11705d686c384a98addbdbbb5f5928f5 P 7f9b5c9300874c8293c40e11671a93bd: This TxnStatusTablet replica's current role is: LEADER
I20260812 08:01:55.231802  2350 tablet_replica.cc:442] T 11705d686c384a98addbdbbb5f5928f5 P 7f9b5c9300874c8293c40e11671a93bd: TxnStatusTablet state changed. Reason: Peer health change. Latest consensus state: current_term: 1 leader_uuid: "7f9b5c9300874c8293c40e11671a93bd" committed_config { opid_index: -1 OBSOLETE_local: false peers { permanent_uuid: "7f9b5c9300874c8293c40e11671a93bd" member_type: VOTER last_known_addr { host: "127.28.57.193" port: 44483 } } peers { permanent_uuid: "105f8a1b06004564859f06af1a25941d" member_type: VOTER last_known_addr { host: "127.28.57.194" port: 46847 } } peers { permanent_uuid: "7cbc5e1ca7974474bb2878a9b1a00667" member_type: VOTER last_known_addr { host: "127.28.57.195" port: 37623 } } }
I20260812 08:01:55.231881  2350 tablet_replica.cc:445] T 11705d686c384a98addbdbbb5f5928f5 P 7f9b5c9300874c8293c40e11671a93bd: This TxnStatusTablet replica's current role is: LEADER
I20260812 08:01:55.232008  2390 mvcc.cc:204] Tried to move back new op lower bound from 7317592945536974848 to 7317592945213792256. Current Snapshot: MvccSnapshot[applied={T|T < 7317592945536974848}]
I20260812 08:01:55.232599  2363 tablet_replica.cc:442] T 11705d686c384a98addbdbbb5f5928f5 P 7cbc5e1ca7974474bb2878a9b1a00667: TxnStatusTablet state changed. Reason: Replicated consensus-only round. Latest consensus state: current_term: 1 leader_uuid: "7f9b5c9300874c8293c40e11671a93bd" committed_config { opid_index: -1 OBSOLETE_local: false peers { permanent_uuid: "7f9b5c9300874c8293c40e11671a93bd" member_type: VOTER last_known_addr { host: "127.28.57.193" port: 44483 } } peers { permanent_uuid: "105f8a1b06004564859f06af1a25941d" member_type: VOTER last_known_addr { host: "127.28.57.194" port: 46847 } } peers { permanent_uuid: "7cbc5e1ca7974474bb2878a9b1a00667" member_type: VOTER last_known_addr { host: "127.28.57.195" port: 37623 } } }
I20260812 08:01:55.232712  2395 mvcc.cc:204] Tried to move back new op lower bound from 7317592945536974848 to 7317592945213792256. Current Snapshot: MvccSnapshot[applied={T|T < 7317592945536974848}]
I20260812 08:01:55.232717  2363 tablet_replica.cc:445] T 11705d686c384a98addbdbbb5f5928f5 P 7cbc5e1ca7974474bb2878a9b1a00667: This TxnStatusTablet replica's current role is: FOLLOWER
I20260812 08:01:55.234484  2363 consensus_queue.cc:1048] T 7ddeca6246c94ec0ab8ace5c5c262263 P 7cbc5e1ca7974474bb2878a9b1a00667 [LEADER]: Connected to new peer: Peer: permanent_uuid: "7f9b5c9300874c8293c40e11671a93bd" member_type: VOTER last_known_addr { host: "127.28.57.193" port: 44483 }, Status: LMP_MISMATCH, Last received: 0.0, Next index: 1, Last known committed idx: 0, Time since last communication: 0.000s
I20260812 08:01:55.281371  1774 raft_consensus.cc:1275] T 735a23feebca411fa592829215db4bf8 P 7f9b5c9300874c8293c40e11671a93bd [term 1 FOLLOWER]: Refusing update from remote peer 7cbc5e1ca7974474bb2878a9b1a00667: Log matching property violated. Preceding OpId in replica: term: 0 index: 0. Preceding OpId from leader: term: 1 index: 2. (index mismatch)
I20260812 08:01:55.281402  2008 raft_consensus.cc:1275] T 735a23feebca411fa592829215db4bf8 P 105f8a1b06004564859f06af1a25941d [term 1 FOLLOWER]: Refusing update from remote peer 7cbc5e1ca7974474bb2878a9b1a00667: Log matching property violated. Preceding OpId in replica: term: 0 index: 0. Preceding OpId from leader: term: 1 index: 2. (index mismatch)
I20260812 08:01:55.281860  2422 consensus_queue.cc:1048] T 735a23feebca411fa592829215db4bf8 P 7cbc5e1ca7974474bb2878a9b1a00667 [LEADER]: Connected to new peer: Peer: permanent_uuid: "105f8a1b06004564859f06af1a25941d" member_type: VOTER last_known_addr { host: "127.28.57.194" port: 46847 }, Status: LMP_MISMATCH, Last received: 0.0, Next index: 1, Last known committed idx: 0, Time since last communication: 0.000s
I20260812 08:01:55.282339  2422 consensus_queue.cc:1048] T 735a23feebca411fa592829215db4bf8 P 7cbc5e1ca7974474bb2878a9b1a00667 [LEADER]: Connected to new peer: Peer: permanent_uuid: "7f9b5c9300874c8293c40e11671a93bd" member_type: VOTER last_known_addr { host: "127.28.57.193" port: 44483 }, Status: LMP_MISMATCH, Last received: 0.0, Next index: 1, Last known committed idx: 0, Time since last communication: 0.000s
I20260812 08:01:59.594230 28903 external_mini_cluster.cc:1664] Killing /tmp/dist-test-taskwht_vA/build/debug/bin/kudu with pid 1634
I20260812 08:01:59.623222 28903 external_mini_cluster.cc:1664] Killing /tmp/dist-test-taskwht_vA/build/debug/bin/kudu with pid 1872
I20260812 08:01:59.656278 28903 external_mini_cluster.cc:1664] Killing /tmp/dist-test-taskwht_vA/build/debug/bin/kudu with pid 2082
I20260812 08:01:59.674760 28903 external_mini_cluster.cc:1664] Killing /tmp/dist-test-taskwht_vA/build/debug/bin/kudu with pid 1474
2026-08-12T08:01:59Z chronyd exiting
[       OK ] TxnWriteOpsITest.TxnMultipleSingleRowWritesCommit (5911 ms)
[ RUN      ] TxnWriteOpsITest.FrequentElections
2026-08-12T08:01:59Z chronyd version 4.6.1 starting (+CMDMON +NTP +REFCLOCK +RTC -PRIVDROP -SCFILTER -SIGND +ASYNCDNS -NTS -SECHASH -IPV6 +DEBUG)
2026-08-12T08:01:59Z Disabled control of system clock
I20260812 08:01:59.721508 28903 external_mini_cluster.cc:1372] Running /tmp/dist-test-taskwht_vA/build/debug/bin/kudu
/tmp/dist-test-taskwht_vA/build/debug/bin/kudu
--fs_wal_dir=/tmp/dist-test-taskwht_vA/test-tmp/txn_write_ops-itest.0.TxnWriteOpsITest.FrequentElections.1786521648267427-28903-0/minicluster-data/master-0/wal
--fs_data_dirs=/tmp/dist-test-taskwht_vA/test-tmp/txn_write_ops-itest.0.TxnWriteOpsITest.FrequentElections.1786521648267427-28903-0/minicluster-data/master-0/data
--block_manager=log
--webserver_interface=localhost
--never_fsync
--enable_minidumps=false
--redact=none
--metrics_log_interval_ms=1000
--log_dir=/tmp/dist-test-taskwht_vA/test-tmp/txn_write_ops-itest.0.TxnWriteOpsITest.FrequentElections.1786521648267427-28903-0/minicluster-data/master-0/logs
--server_dump_info_path=/tmp/dist-test-taskwht_vA/test-tmp/txn_write_ops-itest.0.TxnWriteOpsITest.FrequentElections.1786521648267427-28903-0/minicluster-data/master-0/data/info.pb
--server_dump_info_format=pb
--rpc_server_allow_ephemeral_ports
--unlock_experimental_flags
--unlock_unsafe_flags
--logtostderr
--logbuflevel=-1
--ipki_server_key_size=768
--openssl_security_level_override=0
master
run
--ipki_ca_key_size=768
--tsk_num_rsa_bits=512
--rpc_bind_addresses=127.28.57.254:45191
--webserver_interface=127.28.57.254
--webserver_port=0
--builtin_ntp_servers=127.28.57.212:34463
--builtin_ntp_poll_interval_ms=100
--ntp_initial_sync_wait_secs=10
--time_source=builtin
--rpc_reuseport=true
--master_addresses=127.28.57.254:45191
--txn_manager_enabled=true
--txn_manager_lazily_initialized=false with env {}
W20260812 08:01:59.837653  2460 flags.cc:432] Enabled unsafe flag: --openssl_security_level_override=0
W20260812 08:01:59.837949  2460 flags.cc:432] Enabled unsafe flag: --rpc_server_allow_ephemeral_ports=true
W20260812 08:01:59.838021  2460 flags.cc:432] Enabled unsafe flag: --never_fsync=true
W20260812 08:01:59.841542  2460 flags.cc:432] Enabled experimental flag: --ipki_ca_key_size=768
W20260812 08:01:59.841652  2460 flags.cc:432] Enabled experimental flag: --txn_manager_enabled=true
W20260812 08:01:59.841684  2460 flags.cc:432] Enabled experimental flag: --txn_manager_lazily_initialized=false
W20260812 08:01:59.841725  2460 flags.cc:432] Enabled experimental flag: --ipki_server_key_size=768
W20260812 08:01:59.841780  2460 flags.cc:432] Enabled experimental flag: --tsk_num_rsa_bits=512
W20260812 08:01:59.841817  2460 flags.cc:432] Enabled experimental flag: --rpc_reuseport=true
I20260812 08:01:59.845851  2460 master_runner.cc:387] Master server non-default flags:
--log_dir=/tmp/dist-test-taskwht_vA/test-tmp/txn_write_ops-itest.0.TxnWriteOpsITest.FrequentElections.1786521648267427-28903-0/minicluster-data/master-0/logs
--logbuflevel=-1
--logtostderr=true
--builtin_ntp_poll_interval_ms=100
--builtin_ntp_servers=127.28.57.212:34463
--ntp_initial_sync_wait_secs=10
--time_source=builtin
--fs_data_dirs=/tmp/dist-test-taskwht_vA/test-tmp/txn_write_ops-itest.0.TxnWriteOpsITest.FrequentElections.1786521648267427-28903-0/minicluster-data/master-0/data
--fs_wal_dir=/tmp/dist-test-taskwht_vA/test-tmp/txn_write_ops-itest.0.TxnWriteOpsITest.FrequentElections.1786521648267427-28903-0/minicluster-data/master-0/wal
--ipki_ca_key_size=768
--master_addresses=127.28.57.254:45191
--txn_manager_enabled=true
--txn_manager_lazily_initialized=false
--ipki_server_key_size=768
--openssl_security_level_override=0
--tsk_num_rsa_bits=512
--rpc_bind_addresses=127.28.57.254:45191
--rpc_reuseport=true
--rpc_server_allow_ephemeral_ports=true
--metrics_log_interval_ms=1000
--server_dump_info_format=pb
--server_dump_info_path=/tmp/dist-test-taskwht_vA/test-tmp/txn_write_ops-itest.0.TxnWriteOpsITest.FrequentElections.1786521648267427-28903-0/minicluster-data/master-0/data/info.pb
--webserver_interface=127.28.57.254
--webserver_port=0
--never_fsync=true
--heap_profile_path=/tmp/kudu.2460
--redact=none
--unlock_experimental_flags=true
--unlock_unsafe_flags=true
--enable_minidumps=false

Master server version:
kudu 1.19.0-SNAPSHOT
revision 70c51312f1186a8ae9f46647160b7730123f7601-dirty
build type DEBUG
built by None at 12 Aug 2026 06:06:26 UTC on 39be9dd7121a
I20260812 08:01:59.847118  2460 env_posix.cc:2285] Not raising this process' open files per process limit of 1048576; it is already as high as it can go
I20260812 08:01:59.848349  2460 file_cache.cc:504] Constructed file cache file cache with capacity 419430
I20260812 08:01:59.854684  2460 server_base.cc:1061] running on GCE node
W20260812 08:01:59.854584  2471 instance_detector.cc:116] could not retrieve Azure instance metadata: Network error: curl error: HTTP response code said error: The requested URL returned error: 404
W20260812 08:01:59.854562  2470 instance_detector.cc:116] could not retrieve AWS instance metadata: Network error: curl error: HTTP response code said error: The requested URL returned error: 404
W20260812 08:01:59.854574  2473 instance_detector.cc:116] could not retrieve OpenStack instance metadata: Network error: curl error: HTTP response code said error: The requested URL returned error: 404
I20260812 08:01:59.855414  2460 hybrid_clock.cc:584] initializing the hybrid clock with 'builtin' time source
I20260812 08:01:59.856392  2460 hybrid_clock.cc:630] waiting up to --ntp_initial_sync_wait_secs=10 seconds for the clock to synchronize
I20260812 08:01:59.857584  2460 hybrid_clock.cc:648] HybridClock initialized: now 1786521719857575 us; error 42 us; skew 500 ppm
I20260812 08:01:59.859671  2460 webserver.cc:533] Webserver started at http://127.28.57.254:36169/ using document root <none> and password file <none>
I20260812 08:01:59.860311  2460 fs_manager.cc:362] Metadata directory not provided
I20260812 08:01:59.860402  2460 fs_manager.cc:368] Using write-ahead log directory (fs_wal_dir) as metadata directory
I20260812 08:01:59.860641  2460 server_base.cc:909] This appears to be a new deployment of Kudu; creating new FS layout
I20260812 08:01:59.862318  2460 fs_manager.cc:1068] Generated new instance metadata in path /tmp/dist-test-taskwht_vA/test-tmp/txn_write_ops-itest.0.TxnWriteOpsITest.FrequentElections.1786521648267427-28903-0/minicluster-data/master-0/data/instance:
uuid: "5fe8f8bf9e064a3f9f0fdc30ec517e39"
format_stamp: "Formatted at 2026-08-12 08:01:59 on dist-test-slave-3kk6"
I20260812 08:01:59.862931  2460 fs_manager.cc:1068] Generated new instance metadata in path /tmp/dist-test-taskwht_vA/test-tmp/txn_write_ops-itest.0.TxnWriteOpsITest.FrequentElections.1786521648267427-28903-0/minicluster-data/master-0/wal/instance:
uuid: "5fe8f8bf9e064a3f9f0fdc30ec517e39"
format_stamp: "Formatted at 2026-08-12 08:01:59 on dist-test-slave-3kk6"
I20260812 08:01:59.866351  2460 fs_manager.cc:696] Time spent creating directory manager: real 0.003s	user 0.002s	sys 0.001s
I20260812 08:01:59.868798  2481 log_block_manager.cc:4127] Time spent loading block containers with low live blocks: real 0.000s	user 0.000s	sys 0.000s
I20260812 08:01:59.869855  2460 fs_manager.cc:730] Time spent opening block manager: real 0.002s	user 0.000s	sys 0.002s
I20260812 08:01:59.870015  2460 fs_manager.cc:647] Opened local filesystem: /tmp/dist-test-taskwht_vA/test-tmp/txn_write_ops-itest.0.TxnWriteOpsITest.FrequentElections.1786521648267427-28903-0/minicluster-data/master-0/data,/tmp/dist-test-taskwht_vA/test-tmp/txn_write_ops-itest.0.TxnWriteOpsITest.FrequentElections.1786521648267427-28903-0/minicluster-data/master-0/wal
uuid: "5fe8f8bf9e064a3f9f0fdc30ec517e39"
format_stamp: "Formatted at 2026-08-12 08:01:59 on dist-test-slave-3kk6"
I20260812 08:01:59.870127  2460 fs_report.cc:389] FS layout report
--------------------
wal directory: /tmp/dist-test-taskwht_vA/test-tmp/txn_write_ops-itest.0.TxnWriteOpsITest.FrequentElections.1786521648267427-28903-0/minicluster-data/master-0/wal
metadata directory: /tmp/dist-test-taskwht_vA/test-tmp/txn_write_ops-itest.0.TxnWriteOpsITest.FrequentElections.1786521648267427-28903-0/minicluster-data/master-0/wal
1 data directories: /tmp/dist-test-taskwht_vA/test-tmp/txn_write_ops-itest.0.TxnWriteOpsITest.FrequentElections.1786521648267427-28903-0/minicluster-data/master-0/data/data
Total live blocks: 0
Total live bytes: 0
Total live bytes (after alignment): 0
Total number of LBM containers: 0 (0 full)
Did not check for missing blocks
Did not check for orphaned blocks
Total full LBM containers with extra space: 0 (0 repaired)
Total full LBM container extra space in bytes: 0 (0 repaired)
Total incomplete LBM containers: 0 (0 repaired)
Total LBM partial records: 0 (0 repaired)
Total corrupted LBM metadata records in RocksDB: 0 (0 repaired)
I20260812 08:01:59.882485  2460 rpc_server.cc:225] running with OpenSSL 1.1.1  11 Sep 2018
I20260812 08:01:59.883345  2460 env_posix.cc:2285] Not raising this process' running threads per effective uid limit of 18446744073709551615; it is already as high as it can go
I20260812 08:01:59.883570  2460 kserver.cc:163] Server-wide thread pool size limit: 3276
I20260812 08:01:59.892623  2460 rpc_server.cc:307] RPC server started. Bound to: 127.28.57.254:45191
I20260812 08:01:59.892644  2575 acceptor_pool.cc:272] collecting diagnostics on the listening RPC socket 127.28.57.254:45191 every 8 connection(s)
I20260812 08:01:59.893756  2460 server_base.cc:1193] Dumped server information to /tmp/dist-test-taskwht_vA/test-tmp/txn_write_ops-itest.0.TxnWriteOpsITest.FrequentElections.1786521648267427-28903-0/minicluster-data/master-0/data/info.pb
I20260812 08:01:59.896889  2579 data_dirs.cc:400] Could only allocate 1 dirs of requested 3 for tablet 00000000000000000000000000000000. 1 dirs total, 0 dirs full, 0 dirs failed
I20260812 08:01:59.898161 28903 external_mini_cluster.cc:1434] Started /tmp/dist-test-taskwht_vA/build/debug/bin/kudu as pid 2460
I20260812 08:01:59.898278 28903 external_mini_cluster.cc:1448] Reading /tmp/dist-test-taskwht_vA/test-tmp/txn_write_ops-itest.0.TxnWriteOpsITest.FrequentElections.1786521648267427-28903-0/minicluster-data/master-0/wal/instance
I20260812 08:01:59.903463  2579 tablet_bootstrap.cc:492] T 00000000000000000000000000000000 P 5fe8f8bf9e064a3f9f0fdc30ec517e39: Bootstrap starting.
I20260812 08:01:59.905908  2579 tablet_bootstrap.cc:654] T 00000000000000000000000000000000 P 5fe8f8bf9e064a3f9f0fdc30ec517e39: Neither blocks nor log segments found. Creating new log.
I20260812 08:01:59.906728  2579 log.cc:826] T 00000000000000000000000000000000 P 5fe8f8bf9e064a3f9f0fdc30ec517e39: Log is configured to *not* fsync() on all Append() calls
I20260812 08:01:59.908687  2579 tablet_bootstrap.cc:492] T 00000000000000000000000000000000 P 5fe8f8bf9e064a3f9f0fdc30ec517e39: No bootstrap required, opened a new log
I20260812 08:01:59.911331  2579 raft_consensus.cc:359] T 00000000000000000000000000000000 P 5fe8f8bf9e064a3f9f0fdc30ec517e39 [term 0 FOLLOWER]: Replica starting. Triggering 0 pending ops. Active config: opid_index: -1 OBSOLETE_local: true peers { permanent_uuid: "5fe8f8bf9e064a3f9f0fdc30ec517e39" member_type: VOTER last_known_addr { host: "127.28.57.254" port: 45191 } }
I20260812 08:01:59.911566  2579 raft_consensus.cc:385] T 00000000000000000000000000000000 P 5fe8f8bf9e064a3f9f0fdc30ec517e39 [term 0 FOLLOWER]: Consensus starting up: Expiring failure detector timer to make a prompt election more likely
I20260812 08:01:59.911633  2579 raft_consensus.cc:740] T 00000000000000000000000000000000 P 5fe8f8bf9e064a3f9f0fdc30ec517e39 [term 0 FOLLOWER]: Becoming Follower/Learner. State: Replica: 5fe8f8bf9e064a3f9f0fdc30ec517e39, State: Initialized, Role: FOLLOWER
I20260812 08:01:59.912127  2579 consensus_queue.cc:260] T 00000000000000000000000000000000 P 5fe8f8bf9e064a3f9f0fdc30ec517e39 [NON_LEADER]: Queue going to NON_LEADER mode. State: All replicated index: 0, Majority replicated index: 0, Committed index: 0, Last appended: 0.0, Last appended by leader: 0, Current term: 0, Majority size: -1, State: 0, Mode: NON_LEADER, active raft config: opid_index: -1 OBSOLETE_local: true peers { permanent_uuid: "5fe8f8bf9e064a3f9f0fdc30ec517e39" member_type: VOTER last_known_addr { host: "127.28.57.254" port: 45191 } }
I20260812 08:01:59.912266  2579 raft_consensus.cc:399] T 00000000000000000000000000000000 P 5fe8f8bf9e064a3f9f0fdc30ec517e39 [term 0 FOLLOWER]: Only one voter in the Raft config. Triggering election immediately
I20260812 08:01:59.912333  2579 raft_consensus.cc:493] T 00000000000000000000000000000000 P 5fe8f8bf9e064a3f9f0fdc30ec517e39 [term 0 FOLLOWER]: Starting leader election (initial election of a single-replica configuration)
I20260812 08:01:59.912463  2579 raft_consensus.cc:3060] T 00000000000000000000000000000000 P 5fe8f8bf9e064a3f9f0fdc30ec517e39 [term 0 FOLLOWER]: Advancing to term 1
I20260812 08:01:59.913335  2579 raft_consensus.cc:515] T 00000000000000000000000000000000 P 5fe8f8bf9e064a3f9f0fdc30ec517e39 [term 1 FOLLOWER]: Starting leader election with config: opid_index: -1 OBSOLETE_local: true peers { permanent_uuid: "5fe8f8bf9e064a3f9f0fdc30ec517e39" member_type: VOTER last_known_addr { host: "127.28.57.254" port: 45191 } }
I20260812 08:01:59.913686  2579 leader_election.cc:304] T 00000000000000000000000000000000 P 5fe8f8bf9e064a3f9f0fdc30ec517e39 [CANDIDATE]: Term 1 election: Election decided. Result: candidate won. Election summary: received 1 responses out of 1 voters: 1 yes votes; 0 no votes. yes voters: 5fe8f8bf9e064a3f9f0fdc30ec517e39; no voters: 
I20260812 08:01:59.913991  2579 leader_election.cc:290] T 00000000000000000000000000000000 P 5fe8f8bf9e064a3f9f0fdc30ec517e39 [CANDIDATE]: Term 1 election: Requested vote from peers 
I20260812 08:01:59.914140  2585 raft_consensus.cc:2804] T 00000000000000000000000000000000 P 5fe8f8bf9e064a3f9f0fdc30ec517e39 [term 1 FOLLOWER]: Leader election won for term 1
I20260812 08:01:59.914441  2585 raft_consensus.cc:697] T 00000000000000000000000000000000 P 5fe8f8bf9e064a3f9f0fdc30ec517e39 [term 1 LEADER]: Becoming Leader. State: Replica: 5fe8f8bf9e064a3f9f0fdc30ec517e39, State: Running, Role: LEADER
I20260812 08:01:59.914836  2585 consensus_queue.cc:237] T 00000000000000000000000000000000 P 5fe8f8bf9e064a3f9f0fdc30ec517e39 [LEADER]: Queue going to LEADER mode. State: All replicated index: 0, Majority replicated index: 0, Committed index: 0, Last appended: 0.0, Last appended by leader: 0, Current term: 1, Majority size: 1, State: 0, Mode: LEADER, active raft config: opid_index: -1 OBSOLETE_local: true peers { permanent_uuid: "5fe8f8bf9e064a3f9f0fdc30ec517e39" member_type: VOTER last_known_addr { host: "127.28.57.254" port: 45191 } }
I20260812 08:01:59.915298  2579 sys_catalog.cc:565] T 00000000000000000000000000000000 P 5fe8f8bf9e064a3f9f0fdc30ec517e39 [sys.catalog]: configured and running, proceeding with master startup.
I20260812 08:01:59.916747  2589 sys_catalog.cc:455] T 00000000000000000000000000000000 P 5fe8f8bf9e064a3f9f0fdc30ec517e39 [sys.catalog]: SysCatalogTable state changed. Reason: New leader 5fe8f8bf9e064a3f9f0fdc30ec517e39. Latest consensus state: current_term: 1 leader_uuid: "5fe8f8bf9e064a3f9f0fdc30ec517e39" committed_config { opid_index: -1 OBSOLETE_local: true peers { permanent_uuid: "5fe8f8bf9e064a3f9f0fdc30ec517e39" member_type: VOTER last_known_addr { host: "127.28.57.254" port: 45191 } } }
I20260812 08:01:59.916754  2588 sys_catalog.cc:455] T 00000000000000000000000000000000 P 5fe8f8bf9e064a3f9f0fdc30ec517e39 [sys.catalog]: SysCatalogTable state changed. Reason: RaftConsensus started. Latest consensus state: current_term: 1 leader_uuid: "5fe8f8bf9e064a3f9f0fdc30ec517e39" committed_config { opid_index: -1 OBSOLETE_local: true peers { permanent_uuid: "5fe8f8bf9e064a3f9f0fdc30ec517e39" member_type: VOTER last_known_addr { host: "127.28.57.254" port: 45191 } } }
I20260812 08:01:59.916877  2589 sys_catalog.cc:458] T 00000000000000000000000000000000 P 5fe8f8bf9e064a3f9f0fdc30ec517e39 [sys.catalog]: This master's current role is: LEADER
I20260812 08:01:59.916918  2588 sys_catalog.cc:458] T 00000000000000000000000000000000 P 5fe8f8bf9e064a3f9f0fdc30ec517e39 [sys.catalog]: This master's current role is: LEADER
I20260812 08:01:59.917292  2600 catalog_manager.cc:1511] Loading table and tablet metadata into memory...
I20260812 08:01:59.920534  2600 catalog_manager.cc:1520] Initializing Kudu cluster ID...
I20260812 08:01:59.926384  2600 catalog_manager.cc:1383] Generated new cluster ID: 3cbff11ba1a04a19b377a8a3a5b6822c
I20260812 08:01:59.926468  2600 catalog_manager.cc:1531] Initializing Kudu internal certificate authority...
I20260812 08:01:59.947098  2600 catalog_manager.cc:1406] Generated new certificate authority record
I20260812 08:01:59.948087  2600 catalog_manager.cc:1540] Loading token signing keys...
I20260812 08:01:59.957279  2600 catalog_manager.cc:6092] T 00000000000000000000000000000000 P 5fe8f8bf9e064a3f9f0fdc30ec517e39: Generated new TSK 0
I20260812 08:01:59.957994  2600 catalog_manager.cc:1550] Initializing in-progress tserver states...
I20260812 08:01:59.970011 28903 external_mini_cluster.cc:1372] Running /tmp/dist-test-taskwht_vA/build/debug/bin/kudu
/tmp/dist-test-taskwht_vA/build/debug/bin/kudu
--fs_wal_dir=/tmp/dist-test-taskwht_vA/test-tmp/txn_write_ops-itest.0.TxnWriteOpsITest.FrequentElections.1786521648267427-28903-0/minicluster-data/ts-0/wal
--fs_data_dirs=/tmp/dist-test-taskwht_vA/test-tmp/txn_write_ops-itest.0.TxnWriteOpsITest.FrequentElections.1786521648267427-28903-0/minicluster-data/ts-0/data
--block_manager=log
--webserver_interface=localhost
--never_fsync
--enable_minidumps=false
--redact=none
--metrics_log_interval_ms=1000
--log_dir=/tmp/dist-test-taskwht_vA/test-tmp/txn_write_ops-itest.0.TxnWriteOpsITest.FrequentElections.1786521648267427-28903-0/minicluster-data/ts-0/logs
--server_dump_info_path=/tmp/dist-test-taskwht_vA/test-tmp/txn_write_ops-itest.0.TxnWriteOpsITest.FrequentElections.1786521648267427-28903-0/minicluster-data/ts-0/data/info.pb
--server_dump_info_format=pb
--rpc_server_allow_ephemeral_ports
--unlock_experimental_flags
--unlock_unsafe_flags
--logtostderr
--logbuflevel=-1
--ipki_server_key_size=768
--openssl_security_level_override=0
tserver
run
--rpc_bind_addresses=127.28.57.193:0
--local_ip_for_outbound_sockets=127.28.57.193
--webserver_interface=127.28.57.193
--webserver_port=0
--tserver_master_addrs=127.28.57.254:45191
--builtin_ntp_servers=127.28.57.212:34463
--builtin_ntp_poll_interval_ms=100
--ntp_initial_sync_wait_secs=10
--time_source=builtin
--raft_enable_pre_election=false
--heartbeat_interval_ms=16
--enable_txn_partition_lock=false
--enable_txn_system_client_init=true with env {}
I20260812 08:01:59.970891  2503 catalog_manager.cc:2283] Servicing CreateTable request from {username='slave'} at 127.0.0.1:43652:
name: "kudu_system.kudu_transactions"
schema {
  columns {
    name: "txn_id"
    type: INT64
    is_key: true
