I20260812 08:03:22.797688  2171 leader_election.cc:290] T 5aede7f8a6eb4e90bb7b2acab7f17522 P 42d30fd9a28d4791800ec498c81195aa [CANDIDATE]: Term 1 pre-election: Requested pre-vote from peers c19b536e2a514fab84813a48ea1edbc5 (127.24.147.65:33701), c9f146faa4f94bf5ae7bc386a166a06f (127.24.147.66:38271)
I20260812 08:03:22.802057  1543 tablet_service.cc:1917] Received RequestConsensusVote() RPC: tablet_id: "5aede7f8a6eb4e90bb7b2acab7f17522" candidate_uuid: "42d30fd9a28d4791800ec498c81195aa" candidate_term: 1 candidate_status { last_received { term: 0 index: 0 } } ignore_live_leader: false dest_uuid: "c19b536e2a514fab84813a48ea1edbc5" is_pre_election: true
I20260812 08:03:22.802058  1788 tablet_service.cc:1917] Received RequestConsensusVote() RPC: tablet_id: "5aede7f8a6eb4e90bb7b2acab7f17522" candidate_uuid: "42d30fd9a28d4791800ec498c81195aa" candidate_term: 1 candidate_status { last_received { term: 0 index: 0 } } ignore_live_leader: false dest_uuid: "c9f146faa4f94bf5ae7bc386a166a06f" is_pre_election: true
I20260812 08:03:22.802363  1788 raft_consensus.cc:2468] T 5aede7f8a6eb4e90bb7b2acab7f17522 P c9f146faa4f94bf5ae7bc386a166a06f [term 0 FOLLOWER]: Leader pre-election vote request: Granting yes vote for candidate 42d30fd9a28d4791800ec498c81195aa in term 0.
I20260812 08:03:22.802363  1543 raft_consensus.cc:2468] T 5aede7f8a6eb4e90bb7b2acab7f17522 P c19b536e2a514fab84813a48ea1edbc5 [term 0 FOLLOWER]: Leader pre-election vote request: Granting yes vote for candidate 42d30fd9a28d4791800ec498c81195aa in term 0.
I20260812 08:03:22.802870  1920 leader_election.cc:304] T 5aede7f8a6eb4e90bb7b2acab7f17522 P 42d30fd9a28d4791800ec498c81195aa [CANDIDATE]: Term 1 pre-election: Election decided. Result: candidate won. Election summary: received 2 responses out of 3 voters: 2 yes votes; 0 no votes. yes voters: 42d30fd9a28d4791800ec498c81195aa, c9f146faa4f94bf5ae7bc386a166a06f; no voters: 
I20260812 08:03:22.803124  2171 raft_consensus.cc:2804] T 5aede7f8a6eb4e90bb7b2acab7f17522 P 42d30fd9a28d4791800ec498c81195aa [term 0 FOLLOWER]: Leader pre-election won for term 1
I20260812 08:03:22.803195  2171 raft_consensus.cc:493] T 5aede7f8a6eb4e90bb7b2acab7f17522 P 42d30fd9a28d4791800ec498c81195aa [term 0 FOLLOWER]: Starting leader election (no leader contacted us within the election timeout)
I20260812 08:03:22.803242  2171 raft_consensus.cc:3060] T 5aede7f8a6eb4e90bb7b2acab7f17522 P 42d30fd9a28d4791800ec498c81195aa [term 0 FOLLOWER]: Advancing to term 1
I20260812 08:03:22.804107  2171 raft_consensus.cc:515] T 5aede7f8a6eb4e90bb7b2acab7f17522 P 42d30fd9a28d4791800ec498c81195aa [term 1 FOLLOWER]: Starting leader election with config: opid_index: -1 OBSOLETE_local: false peers { permanent_uuid: "c19b536e2a514fab84813a48ea1edbc5" member_type: VOTER last_known_addr { host: "127.24.147.65" port: 33701 } } peers { permanent_uuid: "42d30fd9a28d4791800ec498c81195aa" member_type: VOTER last_known_addr { host: "127.24.147.67" port: 36403 } } peers { permanent_uuid: "c9f146faa4f94bf5ae7bc386a166a06f" member_type: VOTER last_known_addr { host: "127.24.147.66" port: 38271 } }
I20260812 08:03:22.804435  2171 leader_election.cc:290] T 5aede7f8a6eb4e90bb7b2acab7f17522 P 42d30fd9a28d4791800ec498c81195aa [CANDIDATE]: Term 1 election: Requested vote from peers c19b536e2a514fab84813a48ea1edbc5 (127.24.147.65:33701), c9f146faa4f94bf5ae7bc386a166a06f (127.24.147.66:38271)
I20260812 08:03:22.804769  1788 tablet_service.cc:1917] Received RequestConsensusVote() RPC: tablet_id: "5aede7f8a6eb4e90bb7b2acab7f17522" candidate_uuid: "42d30fd9a28d4791800ec498c81195aa" candidate_term: 1 candidate_status { last_received { term: 0 index: 0 } } ignore_live_leader: false dest_uuid: "c9f146faa4f94bf5ae7bc386a166a06f"
I20260812 08:03:22.804785  1543 tablet_service.cc:1917] Received RequestConsensusVote() RPC: tablet_id: "5aede7f8a6eb4e90bb7b2acab7f17522" candidate_uuid: "42d30fd9a28d4791800ec498c81195aa" candidate_term: 1 candidate_status { last_received { term: 0 index: 0 } } ignore_live_leader: false dest_uuid: "c19b536e2a514fab84813a48ea1edbc5"
I20260812 08:03:22.804874  1788 raft_consensus.cc:3060] T 5aede7f8a6eb4e90bb7b2acab7f17522 P c9f146faa4f94bf5ae7bc386a166a06f [term 0 FOLLOWER]: Advancing to term 1
I20260812 08:03:22.804896  1543 raft_consensus.cc:3060] T 5aede7f8a6eb4e90bb7b2acab7f17522 P c19b536e2a514fab84813a48ea1edbc5 [term 0 FOLLOWER]: Advancing to term 1
I20260812 08:03:22.805706  1543 raft_consensus.cc:2468] T 5aede7f8a6eb4e90bb7b2acab7f17522 P c19b536e2a514fab84813a48ea1edbc5 [term 1 FOLLOWER]: Leader election vote request: Granting yes vote for candidate 42d30fd9a28d4791800ec498c81195aa in term 1.
I20260812 08:03:22.805706  1788 raft_consensus.cc:2468] T 5aede7f8a6eb4e90bb7b2acab7f17522 P c9f146faa4f94bf5ae7bc386a166a06f [term 1 FOLLOWER]: Leader election vote request: Granting yes vote for candidate 42d30fd9a28d4791800ec498c81195aa in term 1.
I20260812 08:03:22.805976  1920 leader_election.cc:304] T 5aede7f8a6eb4e90bb7b2acab7f17522 P 42d30fd9a28d4791800ec498c81195aa [CANDIDATE]: Term 1 election: Election decided. Result: candidate won. Election summary: received 2 responses out of 3 voters: 2 yes votes; 0 no votes. yes voters: 42d30fd9a28d4791800ec498c81195aa, c9f146faa4f94bf5ae7bc386a166a06f; no voters: 
I20260812 08:03:22.806154  2171 raft_consensus.cc:2804] T 5aede7f8a6eb4e90bb7b2acab7f17522 P 42d30fd9a28d4791800ec498c81195aa [term 1 FOLLOWER]: Leader election won for term 1
I20260812 08:03:22.806376  2171 raft_consensus.cc:697] T 5aede7f8a6eb4e90bb7b2acab7f17522 P 42d30fd9a28d4791800ec498c81195aa [term 1 LEADER]: Becoming Leader. State: Replica: 42d30fd9a28d4791800ec498c81195aa, State: Running, Role: LEADER
I20260812 08:03:22.806679  2171 consensus_queue.cc:237] T 5aede7f8a6eb4e90bb7b2acab7f17522 P 42d30fd9a28d4791800ec498c81195aa [LEADER]: Queue going to LEADER mode. State: All replicated index: 0, Majority replicated index: 0, Committed index: 0, Last appended: 0.0, Last appended by leader: 0, Current term: 1, Majority size: 2, State: 0, Mode: LEADER, active raft config: opid_index: -1 OBSOLETE_local: false peers { permanent_uuid: "c19b536e2a514fab84813a48ea1edbc5" member_type: VOTER last_known_addr { host: "127.24.147.65" port: 33701 } } peers { permanent_uuid: "42d30fd9a28d4791800ec498c81195aa" member_type: VOTER last_known_addr { host: "127.24.147.67" port: 36403 } } peers { permanent_uuid: "c9f146faa4f94bf5ae7bc386a166a06f" member_type: VOTER last_known_addr { host: "127.24.147.66" port: 38271 } }
I20260812 08:03:22.809763  1264 catalog_manager.cc:5719] T 5aede7f8a6eb4e90bb7b2acab7f17522 P 42d30fd9a28d4791800ec498c81195aa reported cstate change: term changed from 0 to 1, leader changed from <none> to 42d30fd9a28d4791800ec498c81195aa (127.24.147.67). New cstate: current_term: 1 leader_uuid: "42d30fd9a28d4791800ec498c81195aa" committed_config { opid_index: -1 OBSOLETE_local: false peers { permanent_uuid: "c19b536e2a514fab84813a48ea1edbc5" member_type: VOTER last_known_addr { host: "127.24.147.65" port: 33701 } health_report { overall_health: UNKNOWN } } peers { permanent_uuid: "42d30fd9a28d4791800ec498c81195aa" member_type: VOTER last_known_addr { host: "127.24.147.67" port: 36403 } health_report { overall_health: HEALTHY } } peers { permanent_uuid: "c9f146faa4f94bf5ae7bc386a166a06f" member_type: VOTER last_known_addr { host: "127.24.147.66" port: 38271 } health_report { overall_health: UNKNOWN } } }
W20260812 08:03:22.856165  2119 tablet.cc:2406] T 5aede7f8a6eb4e90bb7b2acab7f17522 P 42d30fd9a28d4791800ec498c81195aa: Can't schedule compaction. Clean time has not been advanced past its initial value.
I20260812 08:03:22.866047  1788 raft_consensus.cc:1275] T 5aede7f8a6eb4e90bb7b2acab7f17522 P c9f146faa4f94bf5ae7bc386a166a06f [term 1 FOLLOWER]: Refusing update from remote peer 42d30fd9a28d4791800ec498c81195aa: Log matching property violated. Preceding OpId in replica: term: 0 index: 0. Preceding OpId from leader: term: 1 index: 2. (index mismatch)
I20260812 08:03:22.866107  1543 raft_consensus.cc:1275] T 5aede7f8a6eb4e90bb7b2acab7f17522 P c19b536e2a514fab84813a48ea1edbc5 [term 1 FOLLOWER]: Refusing update from remote peer 42d30fd9a28d4791800ec498c81195aa: Log matching property violated. Preceding OpId in replica: term: 0 index: 0. Preceding OpId from leader: term: 1 index: 2. (index mismatch)
I20260812 08:03:22.866768  2174 consensus_queue.cc:1048] T 5aede7f8a6eb4e90bb7b2acab7f17522 P 42d30fd9a28d4791800ec498c81195aa [LEADER]: Connected to new peer: Peer: permanent_uuid: "c9f146faa4f94bf5ae7bc386a166a06f" member_type: VOTER last_known_addr { host: "127.24.147.66" port: 38271 }, Status: LMP_MISMATCH, Last received: 0.0, Next index: 1, Last known committed idx: 0, Time since last communication: 0.000s
I20260812 08:03:22.866961  2171 consensus_queue.cc:1048] T 5aede7f8a6eb4e90bb7b2acab7f17522 P 42d30fd9a28d4791800ec498c81195aa [LEADER]: Connected to new peer: Peer: permanent_uuid: "c19b536e2a514fab84813a48ea1edbc5" member_type: VOTER last_known_addr { host: "127.24.147.65" port: 33701 }, Status: LMP_MISMATCH, Last received: 0.0, Next index: 1, Last known committed idx: 0, Time since last communication: 0.000s
I20260812 08:03:22.878387  2189 mvcc.cc:204] Tried to move back new op lower bound from 7317593304539852800 to 7317593304299323392. Current Snapshot: MvccSnapshot[applied={T|T < 7317593304532545536}]
I20260812 08:03:23.633692 25165 external_mini_cluster.cc:1664] Killing /tmp/dist-test-taskAfnZag/build/debug/bin/kudu with pid 1218
W20260812 08:03:23.761329  2218 flags.cc:432] Enabled unsafe flag: --openssl_security_level_override=0
W20260812 08:03:23.761559  2218 flags.cc:432] Enabled unsafe flag: --never_fsync=true
Aug 12 08:03:23 dist-test-slave-5bn2 krb5kdc[1191](info): TGS_REQ (2 etypes {17 16}) 127.0.0.1: ISSUE: authtime 1786521801, etypes {rep=17 tkt=17 ses=17}, test-admin@KRBTEST.COM for oryx/127.24.147.65@KRBTEST.COM
I20260812 08:03:23.786475  2218 master_rebuilder.cc:266] Preserving original table_id '822f964320cb4d92aba9e20b7d0e54af' for table 'rebuild_and_add_columns'
Aug 12 08:03:23 dist-test-slave-5bn2 krb5kdc[1191](info): TGS_REQ (2 etypes {17 16}) 127.0.0.1: ISSUE: authtime 1786521801, etypes {rep=17 tkt=17 ses=17}, test-admin@KRBTEST.COM for oryx/127.24.147.66@KRBTEST.COM
Aug 12 08:03:23 dist-test-slave-5bn2 krb5kdc[1191](info): TGS_REQ (2 etypes {17 16}) 127.0.0.1: ISSUE: authtime 1786521801, etypes {rep=17 tkt=17 ses=17}, test-admin@KRBTEST.COM for oryx/127.24.147.67@KRBTEST.COM
I20260812 08:03:23.808415  2218 minidump.cc:252] Setting minidump size limit to 20M
I20260812 08:03:23.809336  2218 env_posix.cc:2285] Not raising this process' open files per process limit of 1048576; it is already as high as it can go
I20260812 08:03:23.810110  2218 file_cache.cc:504] Constructed file cache file cache with capacity 419430
W20260812 08:03:23.814254  2260 instance_detector.cc:116] could not retrieve AWS instance metadata: Network error: curl error: HTTP response code said error: The requested URL returned error: 404
I20260812 08:03:23.814383  2218 server_base.cc:1061] running on GCE node
W20260812 08:03:23.814491  2262 instance_detector.cc:116] could not retrieve Azure instance metadata: Network error: curl error: HTTP response code said error: The requested URL returned error: 404
W20260812 08:03:23.814515  2269 instance_detector.cc:116] could not retrieve OpenStack instance metadata: Network error: curl error: HTTP response code said error: The requested URL returned error: 404
I20260812 08:03:23.814924  2218 hybrid_clock.cc:584] initializing the hybrid clock with 'system' time source
I20260812 08:03:23.815119  2218 hybrid_clock.cc:648] HybridClock initialized: now 1786521803815112 us; error 70852 us; skew 500 ppm
I20260812 08:03:23.816469  2218 webserver.cc:533] Webserver started at http://0.0.0.0:40687/ using document root <none> and password file <none>
I20260812 08:03:23.816956  2218 fs_manager.cc:362] Metadata directory not provided
I20260812 08:03:23.817020  2218 fs_manager.cc:368] Using write-ahead log directory (fs_wal_dir) as metadata directory
I20260812 08:03:23.817155  2218 server_base.cc:909] This appears to be a new deployment of Kudu; creating new FS layout
I20260812 08:03:23.818506  2218 fs_manager.cc:1068] Generated new instance metadata in path /tmp/dist-test-taskAfnZag/test-tmp/kudu-admin-test.4.IsSecure_SecureClusterAdminCliParamTest.TestRebuildMasterAndAddColumns_1.1786521780825189-25165-0/minicluster-data/master-0/data/instance:
uuid: "e7b0586535294711b1c3ca4e1751177b"
format_stamp: "Formatted at 2026-08-12 08:03:23 on dist-test-slave-5bn2"
I20260812 08:03:23.818961  2218 fs_manager.cc:1068] Generated new instance metadata in path /tmp/dist-test-taskAfnZag/test-tmp/kudu-admin-test.4.IsSecure_SecureClusterAdminCliParamTest.TestRebuildMasterAndAddColumns_1.1786521780825189-25165-0/minicluster-data/master-0/wal/instance:
uuid: "e7b0586535294711b1c3ca4e1751177b"
format_stamp: "Formatted at 2026-08-12 08:03:23 on dist-test-slave-5bn2"
I20260812 08:03:23.821699  2218 fs_manager.cc:696] Time spent creating directory manager: real 0.003s	user 0.002s	sys 0.000s
I20260812 08:03:23.823593  2277 log_block_manager.cc:4127] Time spent loading block containers with low live blocks: real 0.000s	user 0.000s	sys 0.000s
I20260812 08:03:23.824167  2218 fs_manager.cc:730] Time spent opening block manager: real 0.001s	user 0.002s	sys 0.000s
I20260812 08:03:23.824278  2218 fs_manager.cc:647] Opened local filesystem: /tmp/dist-test-taskAfnZag/test-tmp/kudu-admin-test.4.IsSecure_SecureClusterAdminCliParamTest.TestRebuildMasterAndAddColumns_1.1786521780825189-25165-0/minicluster-data/master-0/data,/tmp/dist-test-taskAfnZag/test-tmp/kudu-admin-test.4.IsSecure_SecureClusterAdminCliParamTest.TestRebuildMasterAndAddColumns_1.1786521780825189-25165-0/minicluster-data/master-0/wal
uuid: "e7b0586535294711b1c3ca4e1751177b"
format_stamp: "Formatted at 2026-08-12 08:03:23 on dist-test-slave-5bn2"
I20260812 08:03:23.824355  2218 fs_report.cc:389] FS layout report
--------------------
wal directory: /tmp/dist-test-taskAfnZag/test-tmp/kudu-admin-test.4.IsSecure_SecureClusterAdminCliParamTest.TestRebuildMasterAndAddColumns_1.1786521780825189-25165-0/minicluster-data/master-0/wal
metadata directory: /tmp/dist-test-taskAfnZag/test-tmp/kudu-admin-test.4.IsSecure_SecureClusterAdminCliParamTest.TestRebuildMasterAndAddColumns_1.1786521780825189-25165-0/minicluster-data/master-0/wal
1 data directories: /tmp/dist-test-taskAfnZag/test-tmp/kudu-admin-test.4.IsSecure_SecureClusterAdminCliParamTest.TestRebuildMasterAndAddColumns_1.1786521780825189-25165-0/minicluster-data/master-0/data/data
Total live blocks: 0
Total live bytes: 0
Total live bytes (after alignment): 0
Total number of LBM containers: 0 (0 full)
Did not check for missing blocks
Did not check for orphaned blocks
Total full LBM containers with extra space: 0 (0 repaired)
Total full LBM container extra space in bytes: 0 (0 repaired)
Total incomplete LBM containers: 0 (0 repaired)
Total LBM partial records: 0 (0 repaired)
Total corrupted LBM metadata records in RocksDB: 0 (0 repaired)
I20260812 08:03:23.855760  2218 rpc_server.cc:225] running with OpenSSL 1.1.1  11 Sep 2018
I20260812 08:03:23.856349  2218 env_posix.cc:2285] Not raising this process' running threads per effective uid limit of 18446744073709551615; it is already as high as it can go
I20260812 08:03:23.856530  2218 kserver.cc:163] Server-wide thread pool size limit: 3276
I20260812 08:03:23.858403  2218 data_dirs.cc:400] Could only allocate 1 dirs of requested 3 for tablet 00000000000000000000000000000000. 1 dirs total, 0 dirs full, 0 dirs failed
I20260812 08:03:23.863131  2218 tablet_bootstrap.cc:492] T 00000000000000000000000000000000 P e7b0586535294711b1c3ca4e1751177b: Bootstrap starting.
I20260812 08:03:23.864918  2218 tablet_bootstrap.cc:654] T 00000000000000000000000000000000 P e7b0586535294711b1c3ca4e1751177b: Neither blocks nor log segments found. Creating new log.
I20260812 08:03:23.865522  2218 log.cc:826] T 00000000000000000000000000000000 P e7b0586535294711b1c3ca4e1751177b: Log is configured to *not* fsync() on all Append() calls
I20260812 08:03:23.867106  2218 tablet_bootstrap.cc:492] T 00000000000000000000000000000000 P e7b0586535294711b1c3ca4e1751177b: No bootstrap required, opened a new log
I20260812 08:03:23.869311  2218 raft_consensus.cc:359] T 00000000000000000000000000000000 P e7b0586535294711b1c3ca4e1751177b [term 0 FOLLOWER]: Replica starting. Triggering 0 pending ops. Active config: opid_index: -1 OBSOLETE_local: true peers { permanent_uuid: "e7b0586535294711b1c3ca4e1751177b" member_type: VOTER }
I20260812 08:03:23.869472  2218 raft_consensus.cc:385] T 00000000000000000000000000000000 P e7b0586535294711b1c3ca4e1751177b [term 0 FOLLOWER]: Consensus starting up: Expiring failure detector timer to make a prompt election more likely
I20260812 08:03:23.869526  2218 raft_consensus.cc:740] T 00000000000000000000000000000000 P e7b0586535294711b1c3ca4e1751177b [term 0 FOLLOWER]: Becoming Follower/Learner. State: Replica: e7b0586535294711b1c3ca4e1751177b, State: Initialized, Role: FOLLOWER
I20260812 08:03:23.869895  2218 consensus_queue.cc:260] T 00000000000000000000000000000000 P e7b0586535294711b1c3ca4e1751177b [NON_LEADER]: Queue going to NON_LEADER mode. State: All replicated index: 0, Majority replicated index: 0, Committed index: 0, Last appended: 0.0, Last appended by leader: 0, Current term: 0, Majority size: -1, State: 0, Mode: NON_LEADER, active raft config: opid_index: -1 OBSOLETE_local: true peers { permanent_uuid: "e7b0586535294711b1c3ca4e1751177b" member_type: VOTER }
I20260812 08:03:23.870009  2218 raft_consensus.cc:399] T 00000000000000000000000000000000 P e7b0586535294711b1c3ca4e1751177b [term 0 FOLLOWER]: Only one voter in the Raft config. Triggering election immediately
I20260812 08:03:23.870069  2218 raft_consensus.cc:493] T 00000000000000000000000000000000 P e7b0586535294711b1c3ca4e1751177b [term 0 FOLLOWER]: Starting leader election (initial election of a single-replica configuration)
I20260812 08:03:23.870184  2218 raft_consensus.cc:3060] T 00000000000000000000000000000000 P e7b0586535294711b1c3ca4e1751177b [term 0 FOLLOWER]: Advancing to term 1
I20260812 08:03:23.870891  2218 raft_consensus.cc:515] T 00000000000000000000000000000000 P e7b0586535294711b1c3ca4e1751177b [term 1 FOLLOWER]: Starting leader election with config: opid_index: -1 OBSOLETE_local: true peers { permanent_uuid: "e7b0586535294711b1c3ca4e1751177b" member_type: VOTER }
I20260812 08:03:23.871186  2218 leader_election.cc:304] T 00000000000000000000000000000000 P e7b0586535294711b1c3ca4e1751177b [CANDIDATE]: Term 1 election: Election decided. Result: candidate won. Election summary: received 1 responses out of 1 voters: 1 yes votes; 0 no votes. yes voters: e7b0586535294711b1c3ca4e1751177b; no voters: 
I20260812 08:03:23.871447  2218 leader_election.cc:290] T 00000000000000000000000000000000 P e7b0586535294711b1c3ca4e1751177b [CANDIDATE]: Term 1 election: Requested vote from peers 
I20260812 08:03:23.871543  2292 raft_consensus.cc:2804] T 00000000000000000000000000000000 P e7b0586535294711b1c3ca4e1751177b [term 1 FOLLOWER]: Leader election won for term 1
I20260812 08:03:23.871781  2292 raft_consensus.cc:697] T 00000000000000000000000000000000 P e7b0586535294711b1c3ca4e1751177b [term 1 LEADER]: Becoming Leader. State: Replica: e7b0586535294711b1c3ca4e1751177b, State: Running, Role: LEADER
I20260812 08:03:23.872053  2292 consensus_queue.cc:237] T 00000000000000000000000000000000 P e7b0586535294711b1c3ca4e1751177b [LEADER]: Queue going to LEADER mode. State: All replicated index: 0, Majority replicated index: 0, Committed index: 0, Last appended: 0.0, Last appended by leader: 0, Current term: 1, Majority size: 1, State: 0, Mode: LEADER, active raft config: opid_index: -1 OBSOLETE_local: true peers { permanent_uuid: "e7b0586535294711b1c3ca4e1751177b" member_type: VOTER }
I20260812 08:03:23.873513  2293 sys_catalog.cc:455] T 00000000000000000000000000000000 P e7b0586535294711b1c3ca4e1751177b [sys.catalog]: SysCatalogTable state changed. Reason: RaftConsensus started. Latest consensus state: current_term: 1 leader_uuid: "e7b0586535294711b1c3ca4e1751177b" committed_config { opid_index: -1 OBSOLETE_local: true peers { permanent_uuid: "e7b0586535294711b1c3ca4e1751177b" member_type: VOTER } }
I20260812 08:03:23.873618  2296 sys_catalog.cc:455] T 00000000000000000000000000000000 P e7b0586535294711b1c3ca4e1751177b [sys.catalog]: SysCatalogTable state changed. Reason: New leader e7b0586535294711b1c3ca4e1751177b. Latest consensus state: current_term: 1 leader_uuid: "e7b0586535294711b1c3ca4e1751177b" committed_config { opid_index: -1 OBSOLETE_local: true peers { permanent_uuid: "e7b0586535294711b1c3ca4e1751177b" member_type: VOTER } }
I20260812 08:03:23.873703  2293 sys_catalog.cc:458] T 00000000000000000000000000000000 P e7b0586535294711b1c3ca4e1751177b [sys.catalog]: This master's current role is: LEADER
I20260812 08:03:23.873760  2296 sys_catalog.cc:458] T 00000000000000000000000000000000 P e7b0586535294711b1c3ca4e1751177b [sys.catalog]: This master's current role is: LEADER
I20260812 08:03:23.878209  2218 tablet_replica.cc:333] T 00000000000000000000000000000000 P e7b0586535294711b1c3ca4e1751177b: stopping tablet replica
I20260812 08:03:23.878455  2218 raft_consensus.cc:2243] T 00000000000000000000000000000000 P e7b0586535294711b1c3ca4e1751177b [term 1 LEADER]: Raft consensus shutting down.
I20260812 08:03:23.878602  2218 raft_consensus.cc:2272] T 00000000000000000000000000000000 P e7b0586535294711b1c3ca4e1751177b [term 1 FOLLOWER]: Raft consensus is shut down!
I20260812 08:03:23.879841  2218 master.cc:562] Master@0.0.0.0:7051 shutting down...
W20260812 08:03:23.880095  2218 acceptor_pool.cc:194] Could not shut down acceptor socket on 0.0.0.0:7051: Network error: shutdown error: Transport endpoint is not connected (error 107)
W20260812 08:03:23.880832  1623 heartbeater.cc:646] Failed to heartbeat to 127.24.147.126:43961 (0 consecutive failures): Network error: Failed to send heartbeat to master: Client connection negotiation failed: client connection to 127.24.147.126:43961: connect: Connection refused (error 111)
W20260812 08:03:23.881240  1875 heartbeater.cc:646] Failed to heartbeat to 127.24.147.126:43961 (0 consecutive failures): Network error: Failed to send heartbeat to master: Client connection negotiation failed: client connection to 127.24.147.126:43961: connect: Connection refused (error 111)
W20260812 08:03:23.881664  2118 heartbeater.cc:646] Failed to heartbeat to 127.24.147.126:43961 (0 consecutive failures): Network error: Failed to send heartbeat to master: Client connection negotiation failed: client connection to 127.24.147.126:43961: connect: Connection refused (error 111)
I20260812 08:03:23.882879  2218 master.cc:584] Master@0.0.0.0:7051 shutdown complete.
I20260812 08:03:23.894681 25165 external_mini_cluster.cc:1664] Killing /tmp/dist-test-taskAfnZag/build/debug/bin/kudu with pid 1389
I20260812 08:03:23.912110 25165 external_mini_cluster.cc:1664] Killing /tmp/dist-test-taskAfnZag/build/debug/bin/kudu with pid 1634
I20260812 08:03:23.923785 25165 external_mini_cluster.cc:1664] Killing /tmp/dist-test-taskAfnZag/build/debug/bin/kudu with pid 1892
I20260812 08:03:23.938099 25165 external_mini_cluster.cc:1372] Running /tmp/dist-test-taskAfnZag/build/debug/bin/kudu
/tmp/dist-test-taskAfnZag/build/debug/bin/kudu
--fs_wal_dir=/tmp/dist-test-taskAfnZag/test-tmp/kudu-admin-test.4.IsSecure_SecureClusterAdminCliParamTest.TestRebuildMasterAndAddColumns_1.1786521780825189-25165-0/minicluster-data/master-0/wal
--fs_data_dirs=/tmp/dist-test-taskAfnZag/test-tmp/kudu-admin-test.4.IsSecure_SecureClusterAdminCliParamTest.TestRebuildMasterAndAddColumns_1.1786521780825189-25165-0/minicluster-data/master-0/data
--block_manager=log
--webserver_interface=localhost
--never_fsync
--enable_minidumps=false
--redact=none
--metrics_log_interval_ms=1000
--log_dir=/tmp/dist-test-taskAfnZag/test-tmp/kudu-admin-test.4.IsSecure_SecureClusterAdminCliParamTest.TestRebuildMasterAndAddColumns_1.1786521780825189-25165-0/minicluster-data/master-0/logs
--server_dump_info_path=/tmp/dist-test-taskAfnZag/test-tmp/kudu-admin-test.4.IsSecure_SecureClusterAdminCliParamTest.TestRebuildMasterAndAddColumns_1.1786521780825189-25165-0/minicluster-data/master-0/data/info.pb
--server_dump_info_format=pb
--rpc_server_allow_ephemeral_ports
--unlock_experimental_flags
--unlock_unsafe_flags
--logtostderr
--logbuflevel=-1
--ipki_server_key_size=768
--openssl_security_level_override=0
master
run
--ipki_ca_key_size=768
--tsk_num_rsa_bits=512
--rpc_bind_addresses=127.24.147.126:43961
--webserver_interface=127.24.147.126
--webserver_port=36425
--keytab_file=/tmp/dist-test-taskAfnZag/test-tmp/kudu-admin-test.4.IsSecure_SecureClusterAdminCliParamTest.TestRebuildMasterAndAddColumns_1.1786521780825189-25165-0/krb5kdc/oryx.keytab
--principal=oryx/127.24.147.126
--rpc_authentication=required
--superuser_acl=test-admin
--user_acl=test-user
--webserver_require_spnego=true
--builtin_ntp_servers=127.24.147.84:44733
--builtin_ntp_poll_interval_ms=100
--ntp_initial_sync_wait_secs=10
--time_source=builtin
--rpc_reuseport=true
--master_addresses=127.24.147.126:43961 with env {KRB5CCNAME=/tmp/dist-test-taskAfnZag/test-tmp/kudu-admin-test.4.IsSecure_SecureClusterAdminCliParamTest.TestRebuildMasterAndAddColumns_1.1786521780825189-25165-0/krb5kdc/krb5cc,KRB5_CONFIG=/tmp/dist-test-taskAfnZag/test-tmp/kudu-admin-test.4.IsSecure_SecureClusterAdminCliParamTest.TestRebuildMasterAndAddColumns_1.1786521780825189-25165-0/krb5kdc/krb5.conf,KRB5_KDC_PROFILE=/tmp/dist-test-taskAfnZag/test-tmp/kudu-admin-test.4.IsSecure_SecureClusterAdminCliParamTest.TestRebuildMasterAndAddColumns_1.1786521780825189-25165-0/krb5kdc/kdc.conf,KUDU_ENABLE_KRB5_REALM_FIX=yes}
W20260812 08:03:24.037631  2312 flags.cc:432] Enabled unsafe flag: --openssl_security_level_override=0
W20260812 08:03:24.037832  2312 flags.cc:432] Enabled unsafe flag: --rpc_server_allow_ephemeral_ports=true
W20260812 08:03:24.037883  2312 flags.cc:432] Enabled unsafe flag: --never_fsync=true
W20260812 08:03:24.041028  2312 flags.cc:432] Enabled experimental flag: --ipki_ca_key_size=768
W20260812 08:03:24.041083  2312 flags.cc:432] Enabled experimental flag: --ipki_server_key_size=768
W20260812 08:03:24.041103  2312 flags.cc:432] Enabled experimental flag: --tsk_num_rsa_bits=512
W20260812 08:03:24.041118  2312 flags.cc:432] Enabled experimental flag: --rpc_reuseport=true
I20260812 08:03:24.045287  2312 master_runner.cc:387] Master server non-default flags:
--log_dir=/tmp/dist-test-taskAfnZag/test-tmp/kudu-admin-test.4.IsSecure_SecureClusterAdminCliParamTest.TestRebuildMasterAndAddColumns_1.1786521780825189-25165-0/minicluster-data/master-0/logs
--logbuflevel=-1
--logtostderr=true
--builtin_ntp_poll_interval_ms=100
--builtin_ntp_servers=127.24.147.84:44733
--ntp_initial_sync_wait_secs=10
--time_source=builtin
--fs_data_dirs=/tmp/dist-test-taskAfnZag/test-tmp/kudu-admin-test.4.IsSecure_SecureClusterAdminCliParamTest.TestRebuildMasterAndAddColumns_1.1786521780825189-25165-0/minicluster-data/master-0/data
--fs_wal_dir=/tmp/dist-test-taskAfnZag/test-tmp/kudu-admin-test.4.IsSecure_SecureClusterAdminCliParamTest.TestRebuildMasterAndAddColumns_1.1786521780825189-25165-0/minicluster-data/master-0/wal
--ipki_ca_key_size=768
--master_addresses=127.24.147.126:43961
--keytab_file=/tmp/dist-test-taskAfnZag/test-tmp/kudu-admin-test.4.IsSecure_SecureClusterAdminCliParamTest.TestRebuildMasterAndAddColumns_1.1786521780825189-25165-0/krb5kdc/oryx.keytab
--principal=oryx/127.24.147.126
--ipki_server_key_size=768
--openssl_security_level_override=0
--tsk_num_rsa_bits=512
--rpc_bind_addresses=127.24.147.126:43961
--rpc_reuseport=true
--rpc_server_allow_ephemeral_ports=true
--rpc_authentication=required
--superuser_acl=<redacted>
--user_acl=<redacted>
--metrics_log_interval_ms=1000
--server_dump_info_format=pb
--server_dump_info_path=/tmp/dist-test-taskAfnZag/test-tmp/kudu-admin-test.4.IsSecure_SecureClusterAdminCliParamTest.TestRebuildMasterAndAddColumns_1.1786521780825189-25165-0/minicluster-data/master-0/data/info.pb
--webserver_interface=127.24.147.126
--webserver_port=36425
--webserver_require_spnego=true
--never_fsync=true
--heap_profile_path=/tmp/kudu.2312
--redact=none
--unlock_experimental_flags=true
--unlock_unsafe_flags=true
--enable_minidumps=false

Master server version:
kudu 1.19.0-SNAPSHOT
revision 70c51312f1186a8ae9f46647160b7730123f7601-dirty
build type DEBUG
built by None at 12 Aug 2026 06:06:26 UTC on 39be9dd7121a
I20260812 08:03:24.046241  2312 env_posix.cc:2285] Not raising this process' open files per process limit of 1048576; it is already as high as it can go
I20260812 08:03:24.047039  2312 file_cache.cc:504] Constructed file cache file cache with capacity 419430
W20260812 08:03:24.052253  2322 instance_detector.cc:116] could not retrieve OpenStack instance metadata: Network error: curl error: HTTP response code said error: The requested URL returned error: 404
W20260812 08:03:24.052227  2320 instance_detector.cc:116] could not retrieve Azure instance metadata: Network error: curl error: HTTP response code said error: The requested URL returned error: 404
I20260812 08:03:24.052465  2312 server_base.cc:1061] running on GCE node
W20260812 08:03:24.052225  2318 instance_detector.cc:116] could not retrieve AWS instance metadata: Network error: curl error: HTTP response code said error: The requested URL returned error: 404
I20260812 08:03:24.052999  2312 hybrid_clock.cc:584] initializing the hybrid clock with 'builtin' time source
I20260812 08:03:24.053836  2312 hybrid_clock.cc:630] waiting up to --ntp_initial_sync_wait_secs=10 seconds for the clock to synchronize
I20260812 08:03:24.054981  2312 hybrid_clock.cc:648] HybridClock initialized: now 1786521804054977 us; error 40 us; skew 500 ppm
Aug 12 08:03:24 dist-test-slave-5bn2 krb5kdc[1191](info): AS_REQ (2 etypes {17 16}) 127.0.0.1: ISSUE: authtime 1786521804, etypes {rep=17 tkt=17 ses=17}, oryx/127.24.147.126@KRBTEST.COM for krbtgt/KRBTEST.COM@KRBTEST.COM
I20260812 08:03:24.057431  2312 init.cc:377] Logged in from keytab as oryx/127.24.147.126@KRBTEST.COM (short username oryx)
I20260812 08:03:24.058421  2312 webserver.cc:533] Webserver started at http://127.24.147.126:36425/ using document root <none> and password file <none>
I20260812 08:03:24.058956  2312 fs_manager.cc:362] Metadata directory not provided
I20260812 08:03:24.059028  2312 fs_manager.cc:368] Using write-ahead log directory (fs_wal_dir) as metadata directory
I20260812 08:03:24.062168  2312 fs_manager.cc:714] Time spent opening directory manager: real 0.002s	user 0.002s	sys 0.000s
I20260812 08:03:24.063930  2329 log_block_manager.cc:4127] Time spent loading block containers with low live blocks: real 0.000s	user 0.000s	sys 0.000s
I20260812 08:03:24.064842  2312 fs_manager.cc:730] Time spent opening block manager: real 0.002s	user 0.001s	sys 0.000s
I20260812 08:03:24.064949  2312 fs_manager.cc:647] Opened local filesystem: /tmp/dist-test-taskAfnZag/test-tmp/kudu-admin-test.4.IsSecure_SecureClusterAdminCliParamTest.TestRebuildMasterAndAddColumns_1.1786521780825189-25165-0/minicluster-data/master-0/data,/tmp/dist-test-taskAfnZag/test-tmp/kudu-admin-test.4.IsSecure_SecureClusterAdminCliParamTest.TestRebuildMasterAndAddColumns_1.1786521780825189-25165-0/minicluster-data/master-0/wal
uuid: "e7b0586535294711b1c3ca4e1751177b"
format_stamp: "Formatted at 2026-08-12 08:03:23 on dist-test-slave-5bn2"
I20260812 08:03:24.065325  2312 fs_report.cc:389] FS layout report
--------------------
wal directory: /tmp/dist-test-taskAfnZag/test-tmp/kudu-admin-test.4.IsSecure_SecureClusterAdminCliParamTest.TestRebuildMasterAndAddColumns_1.1786521780825189-25165-0/minicluster-data/master-0/wal
metadata directory: /tmp/dist-test-taskAfnZag/test-tmp/kudu-admin-test.4.IsSecure_SecureClusterAdminCliParamTest.TestRebuildMasterAndAddColumns_1.1786521780825189-25165-0/minicluster-data/master-0/wal
1 data directories: /tmp/dist-test-taskAfnZag/test-tmp/kudu-admin-test.4.IsSecure_SecureClusterAdminCliParamTest.TestRebuildMasterAndAddColumns_1.1786521780825189-25165-0/minicluster-data/master-0/data/data
Total live blocks: 0
Total live bytes: 0
Total live bytes (after alignment): 0
Total number of LBM containers: 0 (0 full)
Did not check for missing blocks
Did not check for orphaned blocks
Total full LBM containers with extra space: 0 (0 repaired)
Total full LBM container extra space in bytes: 0 (0 repaired)
Total incomplete LBM containers: 0 (0 repaired)
Total LBM partial records: 0 (0 repaired)
Total corrupted LBM metadata records in RocksDB: 0 (0 repaired)
I20260812 08:03:24.093134  2312 rpc_server.cc:225] running with OpenSSL 1.1.1  11 Sep 2018
I20260812 08:03:24.095582  2312 env_posix.cc:2285] Not raising this process' running threads per effective uid limit of 18446744073709551615; it is already as high as it can go
I20260812 08:03:24.095757  2312 kserver.cc:163] Server-wide thread pool size limit: 3276
I20260812 08:03:24.102638  2426 acceptor_pool.cc:272] collecting diagnostics on the listening RPC socket 127.24.147.126:43961 every 8 connection(s)
I20260812 08:03:24.102635  2312 rpc_server.cc:307] RPC server started. Bound to: 127.24.147.126:43961
I20260812 08:03:24.103745  2312 server_base.cc:1193] Dumped server information to /tmp/dist-test-taskAfnZag/test-tmp/kudu-admin-test.4.IsSecure_SecureClusterAdminCliParamTest.TestRebuildMasterAndAddColumns_1.1786521780825189-25165-0/minicluster-data/master-0/data/info.pb
I20260812 08:03:24.107946  2427 sys_catalog.cc:263] Verifying existing consensus state
I20260812 08:03:24.111047  2427 tablet_bootstrap.cc:492] T 00000000000000000000000000000000 P e7b0586535294711b1c3ca4e1751177b: Bootstrap starting.
I20260812 08:03:24.113741 25165 external_mini_cluster.cc:1434] Started /tmp/dist-test-taskAfnZag/build/debug/bin/kudu as pid 2312
I20260812 08:03:24.114145 25165 external_mini_cluster.cc:1372] Running /tmp/dist-test-taskAfnZag/build/debug/bin/kudu
/tmp/dist-test-taskAfnZag/build/debug/bin/kudu
--fs_wal_dir=/tmp/dist-test-taskAfnZag/test-tmp/kudu-admin-test.4.IsSecure_SecureClusterAdminCliParamTest.TestRebuildMasterAndAddColumns_1.1786521780825189-25165-0/minicluster-data/ts-0/wal
--fs_data_dirs=/tmp/dist-test-taskAfnZag/test-tmp/kudu-admin-test.4.IsSecure_SecureClusterAdminCliParamTest.TestRebuildMasterAndAddColumns_1.1786521780825189-25165-0/minicluster-data/ts-0/data
--block_manager=log
--webserver_interface=localhost
--never_fsync
--enable_minidumps=false
--redact=none
--metrics_log_interval_ms=1000
--log_dir=/tmp/dist-test-taskAfnZag/test-tmp/kudu-admin-test.4.IsSecure_SecureClusterAdminCliParamTest.TestRebuildMasterAndAddColumns_1.1786521780825189-25165-0/minicluster-data/ts-0/logs
--server_dump_info_path=/tmp/dist-test-taskAfnZag/test-tmp/kudu-admin-test.4.IsSecure_SecureClusterAdminCliParamTest.TestRebuildMasterAndAddColumns_1.1786521780825189-25165-0/minicluster-data/ts-0/data/info.pb
--server_dump_info_format=pb
--rpc_server_allow_ephemeral_ports
--unlock_experimental_flags
--unlock_unsafe_flags
--logtostderr
--logbuflevel=-1
--ipki_server_key_size=768
--openssl_security_level_override=0
tserver
run
--rpc_bind_addresses=127.24.147.65:33701
--local_ip_for_outbound_sockets=127.24.147.65
--tserver_master_addrs=127.24.147.126:43961
--webserver_port=35025
--webserver_interface=127.24.147.65
--keytab_file=/tmp/dist-test-taskAfnZag/test-tmp/kudu-admin-test.4.IsSecure_SecureClusterAdminCliParamTest.TestRebuildMasterAndAddColumns_1.1786521780825189-25165-0/krb5kdc/oryx.keytab
--principal=oryx/127.24.147.65
--rpc_authentication=required
--superuser_acl=test-admin
--user_acl=test-user
--webserver_require_spnego=true
--builtin_ntp_servers=127.24.147.84:44733
--builtin_ntp_poll_interval_ms=100
--ntp_initial_sync_wait_secs=10
--time_source=builtin with env {KRB5CCNAME=/tmp/dist-test-taskAfnZag/test-tmp/kudu-admin-test.4.IsSecure_SecureClusterAdminCliParamTest.TestRebuildMasterAndAddColumns_1.1786521780825189-25165-0/krb5kdc/krb5cc,KRB5_CONFIG=/tmp/dist-test-taskAfnZag/test-tmp/kudu-admin-test.4.IsSecure_SecureClusterAdminCliParamTest.TestRebuildMasterAndAddColumns_1.1786521780825189-25165-0/krb5kdc/krb5.conf,KRB5_KDC_PROFILE=/tmp/dist-test-taskAfnZag/test-tmp/kudu-admin-test.4.IsSecure_SecureClusterAdminCliParamTest.TestRebuildMasterAndAddColumns_1.1786521780825189-25165-0/krb5kdc/kdc.conf,KUDU_ENABLE_KRB5_REALM_FIX=yes}
I20260812 08:03:24.115322  2427 log.cc:826] T 00000000000000000000000000000000 P e7b0586535294711b1c3ca4e1751177b: Log is configured to *not* fsync() on all Append() calls
I20260812 08:03:24.121551  2427 tablet_bootstrap.cc:492] T 00000000000000000000000000000000 P e7b0586535294711b1c3ca4e1751177b: Bootstrap replayed 1/1 log segments. Stats: ops{read=2 overwritten=0 applied=2 ignored=0} inserts{seen=2 ignored=0} mutations{seen=0 ignored=0} orphaned_commits=0. Pending: 0 replicates
I20260812 08:03:24.122005  2427 tablet_bootstrap.cc:492] T 00000000000000000000000000000000 P e7b0586535294711b1c3ca4e1751177b: Bootstrap complete.
I20260812 08:03:24.125720  2427 raft_consensus.cc:359] T 00000000000000000000000000000000 P e7b0586535294711b1c3ca4e1751177b [term 1 FOLLOWER]: Replica starting. Triggering 0 pending ops. Active config: opid_index: -1 OBSOLETE_local: true peers { permanent_uuid: "e7b0586535294711b1c3ca4e1751177b" member_type: VOTER last_known_addr { host: "127.24.147.126" port: 43961 } }
I20260812 08:03:24.125946  2427 raft_consensus.cc:740] T 00000000000000000000000000000000 P e7b0586535294711b1c3ca4e1751177b [term 1 FOLLOWER]: Becoming Follower/Learner. State: Replica: e7b0586535294711b1c3ca4e1751177b, State: Initialized, Role: FOLLOWER
I20260812 08:03:24.126510  2427 consensus_queue.cc:260] T 00000000000000000000000000000000 P e7b0586535294711b1c3ca4e1751177b [NON_LEADER]: Queue going to NON_LEADER mode. State: All replicated index: 0, Majority replicated index: 0, Committed index: 2, Last appended: 1.2, Last appended by leader: 2, Current term: 0, Majority size: -1, State: 0, Mode: NON_LEADER, active raft config: opid_index: -1 OBSOLETE_local: true peers { permanent_uuid: "e7b0586535294711b1c3ca4e1751177b" member_type: VOTER last_known_addr { host: "127.24.147.126" port: 43961 } }
I20260812 08:03:24.126657  2427 raft_consensus.cc:399] T 00000000000000000000000000000000 P e7b0586535294711b1c3ca4e1751177b [term 1 FOLLOWER]: Only one voter in the Raft config. Triggering election immediately
I20260812 08:03:24.126724  2427 raft_consensus.cc:493] T 00000000000000000000000000000000 P e7b0586535294711b1c3ca4e1751177b [term 1 FOLLOWER]: Starting leader election (initial election of a single-replica configuration)
I20260812 08:03:24.126829  2427 raft_consensus.cc:3060] T 00000000000000000000000000000000 P e7b0586535294711b1c3ca4e1751177b [term 1 FOLLOWER]: Advancing to term 2
I20260812 08:03:24.127787  2427 raft_consensus.cc:515] T 00000000000000000000000000000000 P e7b0586535294711b1c3ca4e1751177b [term 2 FOLLOWER]: Starting leader election with config: opid_index: -1 OBSOLETE_local: true peers { permanent_uuid: "e7b0586535294711b1c3ca4e1751177b" member_type: VOTER last_known_addr { host: "127.24.147.126" port: 43961 } }
I20260812 08:03:24.128149  2427 leader_election.cc:304] T 00000000000000000000000000000000 P e7b0586535294711b1c3ca4e1751177b [CANDIDATE]: Term 2 election: Election decided. Result: candidate won. Election summary: received 1 responses out of 1 voters: 1 yes votes; 0 no votes. yes voters: e7b0586535294711b1c3ca4e1751177b; no voters: 
I20260812 08:03:24.128435  2427 leader_election.cc:290] T 00000000000000000000000000000000 P e7b0586535294711b1c3ca4e1751177b [CANDIDATE]: Term 2 election: Requested vote from peers 
I20260812 08:03:24.128609  2435 raft_consensus.cc:2804] T 00000000000000000000000000000000 P e7b0586535294711b1c3ca4e1751177b [term 2 FOLLOWER]: Leader election won for term 2
I20260812 08:03:24.128829  2435 raft_consensus.cc:697] T 00000000000000000000000000000000 P e7b0586535294711b1c3ca4e1751177b [term 2 LEADER]: Becoming Leader. State: Replica: e7b0586535294711b1c3ca4e1751177b, State: Running, Role: LEADER
I20260812 08:03:24.129108  2435 consensus_queue.cc:237] T 00000000000000000000000000000000 P e7b0586535294711b1c3ca4e1751177b [LEADER]: Queue going to LEADER mode. State: All replicated index: 0, Majority replicated index: 2, Committed index: 2, Last appended: 1.2, Last appended by leader: 2, Current term: 2, Majority size: 1, State: 0, Mode: LEADER, active raft config: opid_index: -1 OBSOLETE_local: true peers { permanent_uuid: "e7b0586535294711b1c3ca4e1751177b" member_type: VOTER last_known_addr { host: "127.24.147.126" port: 43961 } }
I20260812 08:03:24.129568  2427 sys_catalog.cc:565] T 00000000000000000000000000000000 P e7b0586535294711b1c3ca4e1751177b [sys.catalog]: configured and running, proceeding with master startup.
I20260812 08:03:24.129949  2437 sys_catalog.cc:455] T 00000000000000000000000000000000 P e7b0586535294711b1c3ca4e1751177b [sys.catalog]: SysCatalogTable state changed. Reason: New leader e7b0586535294711b1c3ca4e1751177b. Latest consensus state: current_term: 2 leader_uuid: "e7b0586535294711b1c3ca4e1751177b" committed_config { opid_index: -1 OBSOLETE_local: true peers { permanent_uuid: "e7b0586535294711b1c3ca4e1751177b" member_type: VOTER last_known_addr { host: "127.24.147.126" port: 43961 } } }
I20260812 08:03:24.130072  2437 sys_catalog.cc:458] T 00000000000000000000000000000000 P e7b0586535294711b1c3ca4e1751177b [sys.catalog]: This master's current role is: LEADER
I20260812 08:03:24.130290  2436 sys_catalog.cc:455] T 00000000000000000000000000000000 P e7b0586535294711b1c3ca4e1751177b [sys.catalog]: SysCatalogTable state changed. Reason: RaftConsensus started. Latest consensus state: current_term: 2 leader_uuid: "e7b0586535294711b1c3ca4e1751177b" committed_config { opid_index: -1 OBSOLETE_local: true peers { permanent_uuid: "e7b0586535294711b1c3ca4e1751177b" member_type: VOTER last_known_addr { host: "127.24.147.126" port: 43961 } } }
I20260812 08:03:24.130369  2436 sys_catalog.cc:458] T 00000000000000000000000000000000 P e7b0586535294711b1c3ca4e1751177b [sys.catalog]: This master's current role is: LEADER
I20260812 08:03:24.130441  2441 catalog_manager.cc:1511] Loading table and tablet metadata into memory...
I20260812 08:03:24.134001  2441 catalog_manager.cc:679] Loaded metadata for table rebuild_and_add_columns [id=822f964320cb4d92aba9e20b7d0e54af]
I20260812 08:03:24.135205  2441 tablet_loader.cc:96] loaded metadata for tablet 5aede7f8a6eb4e90bb7b2acab7f17522 (table rebuild_and_add_columns [id=822f964320cb4d92aba9e20b7d0e54af])
I20260812 08:03:24.135344  2441 catalog_manager.cc:1520] Initializing Kudu cluster ID...
I20260812 08:03:24.139093  2441 catalog_manager.cc:1383] Generated new cluster ID: 7195622baa024459a1bfc2f415a3864a
I20260812 08:03:24.139150  2441 catalog_manager.cc:1531] Initializing Kudu internal certificate authority...
I20260812 08:03:24.154907  2441 catalog_manager.cc:1406] Generated new certificate authority record
I20260812 08:03:24.155958  2441 catalog_manager.cc:1540] Loading token signing keys...
I20260812 08:03:24.163772  2441 catalog_manager.cc:6092] T 00000000000000000000000000000000 P e7b0586535294711b1c3ca4e1751177b: Generated new TSK 0
I20260812 08:03:24.164367  2441 catalog_manager.cc:1550] Initializing in-progress tserver states...
W20260812 08:03:24.226586  2434 flags.cc:432] Enabled unsafe flag: --openssl_security_level_override=0
W20260812 08:03:24.226810  2434 flags.cc:432] Enabled unsafe flag: --rpc_server_allow_ephemeral_ports=true
W20260812 08:03:24.226905  2434 flags.cc:432] Enabled unsafe flag: --never_fsync=true
W20260812 08:03:24.230212  2434 flags.cc:432] Enabled experimental flag: --ipki_server_key_size=768
W20260812 08:03:24.230340  2434 flags.cc:432] Enabled experimental flag: --local_ip_for_outbound_sockets=127.24.147.65
I20260812 08:03:24.234573  2434 tablet_server_runner.cc:78] Tablet server non-default flags:
--log_dir=/tmp/dist-test-taskAfnZag/test-tmp/kudu-admin-test.4.IsSecure_SecureClusterAdminCliParamTest.TestRebuildMasterAndAddColumns_1.1786521780825189-25165-0/minicluster-data/ts-0/logs
--logbuflevel=-1
--logtostderr=true
--builtin_ntp_poll_interval_ms=100
--builtin_ntp_servers=127.24.147.84:44733
--ntp_initial_sync_wait_secs=10
--time_source=builtin
--fs_data_dirs=/tmp/dist-test-taskAfnZag/test-tmp/kudu-admin-test.4.IsSecure_SecureClusterAdminCliParamTest.TestRebuildMasterAndAddColumns_1.1786521780825189-25165-0/minicluster-data/ts-0/data
--fs_wal_dir=/tmp/dist-test-taskAfnZag/test-tmp/kudu-admin-test.4.IsSecure_SecureClusterAdminCliParamTest.TestRebuildMasterAndAddColumns_1.1786521780825189-25165-0/minicluster-data/ts-0/wal
--keytab_file=/tmp/dist-test-taskAfnZag/test-tmp/kudu-admin-test.4.IsSecure_SecureClusterAdminCliParamTest.TestRebuildMasterAndAddColumns_1.1786521780825189-25165-0/krb5kdc/oryx.keytab
--principal=oryx/127.24.147.65
--ipki_server_key_size=768
--openssl_security_level_override=0
--rpc_bind_addresses=127.24.147.65:33701
--rpc_server_allow_ephemeral_ports=true
--rpc_authentication=required
--superuser_acl=<redacted>
--user_acl=<redacted>
--metrics_log_interval_ms=1000
--server_dump_info_format=pb
--server_dump_info_path=/tmp/dist-test-taskAfnZag/test-tmp/kudu-admin-test.4.IsSecure_SecureClusterAdminCliParamTest.TestRebuildMasterAndAddColumns_1.1786521780825189-25165-0/minicluster-data/ts-0/data/info.pb
--webserver_interface=127.24.147.65
--webserver_port=35025
--webserver_require_spnego=true
--tserver_master_addrs=127.24.147.126:43961
--never_fsync=true
--heap_profile_path=/tmp/kudu.2434
--redact=none
--unlock_experimental_flags=true
--unlock_unsafe_flags=true
--enable_minidumps=false
--local_ip_for_outbound_sockets=127.24.147.65

Tablet server version:
kudu 1.19.0-SNAPSHOT
revision 70c51312f1186a8ae9f46647160b7730123f7601-dirty
build type DEBUG
built by None at 12 Aug 2026 06:06:26 UTC on 39be9dd7121a
I20260812 08:03:24.235563  2434 env_posix.cc:2285] Not raising this process' open files per process limit of 1048576; it is already as high as it can go
I20260812 08:03:24.236363  2434 file_cache.cc:504] Constructed file cache file cache with capacity 419430
W20260812 08:03:24.242458  2482 instance_detector.cc:116] could not retrieve OpenStack instance metadata: Network error: curl error: HTTP response code said error: The requested URL returned error: 404
W20260812 08:03:24.242458  2478 instance_detector.cc:116] could not retrieve AWS instance metadata: Network error: curl error: HTTP response code said error: The requested URL returned error: 404
W20260812 08:03:24.242570  2480 instance_detector.cc:116] could not retrieve Azure instance metadata: Network error: curl error: HTTP response code said error: The requested URL returned error: 404
I20260812 08:03:24.243148  2434 server_base.cc:1061] running on GCE node
I20260812 08:03:24.243526  2434 hybrid_clock.cc:584] initializing the hybrid clock with 'builtin' time source
I20260812 08:03:24.244024  2434 hybrid_clock.cc:630] waiting up to --ntp_initial_sync_wait_secs=10 seconds for the clock to synchronize
I20260812 08:03:24.245175  2434 hybrid_clock.cc:648] HybridClock initialized: now 1786521804245159 us; error 31 us; skew 500 ppm
Aug 12 08:03:24 dist-test-slave-5bn2 krb5kdc[1191](info): AS_REQ (2 etypes {17 16}) 127.0.0.1: ISSUE: authtime 1786521804, etypes {rep=17 tkt=17 ses=17}, oryx/127.24.147.65@KRBTEST.COM for krbtgt/KRBTEST.COM@KRBTEST.COM
I20260812 08:03:24.247727  2434 init.cc:377] Logged in from keytab as oryx/127.24.147.65@KRBTEST.COM (short username oryx)
I20260812 08:03:24.248764  2434 webserver.cc:533] Webserver started at http://127.24.147.65:35025/ using document root <none> and password file <none>
I20260812 08:03:24.249274  2434 fs_manager.cc:362] Metadata directory not provided
I20260812 08:03:24.249336  2434 fs_manager.cc:368] Using write-ahead log directory (fs_wal_dir) as metadata directory
I20260812 08:03:24.252759  2434 fs_manager.cc:714] Time spent opening directory manager: real 0.002s	user 0.000s	sys 0.003s
I20260812 08:03:24.254720  2493 log_block_manager.cc:4127] Time spent loading block containers with low live blocks: real 0.000s	user 0.000s	sys 0.000s
I20260812 08:03:24.255750  2434 fs_manager.cc:730] Time spent opening block manager: real 0.002s	user 0.000s	sys 0.002s
I20260812 08:03:24.255846  2434 fs_manager.cc:647] Opened local filesystem: /tmp/dist-test-taskAfnZag/test-tmp/kudu-admin-test.4.IsSecure_SecureClusterAdminCliParamTest.TestRebuildMasterAndAddColumns_1.1786521780825189-25165-0/minicluster-data/ts-0/data,/tmp/dist-test-taskAfnZag/test-tmp/kudu-admin-test.4.IsSecure_SecureClusterAdminCliParamTest.TestRebuildMasterAndAddColumns_1.1786521780825189-25165-0/minicluster-data/ts-0/wal
uuid: "c19b536e2a514fab84813a48ea1edbc5"
format_stamp: "Formatted at 2026-08-12 08:03:22 on dist-test-slave-5bn2"
I20260812 08:03:24.256224  2434 fs_report.cc:389] FS layout report
--------------------
wal directory: /tmp/dist-test-taskAfnZag/test-tmp/kudu-admin-test.4.IsSecure_SecureClusterAdminCliParamTest.TestRebuildMasterAndAddColumns_1.1786521780825189-25165-0/minicluster-data/ts-0/wal
metadata directory: /tmp/dist-test-taskAfnZag/test-tmp/kudu-admin-test.4.IsSecure_SecureClusterAdminCliParamTest.TestRebuildMasterAndAddColumns_1.1786521780825189-25165-0/minicluster-data/ts-0/wal
1 data directories: /tmp/dist-test-taskAfnZag/test-tmp/kudu-admin-test.4.IsSecure_SecureClusterAdminCliParamTest.TestRebuildMasterAndAddColumns_1.1786521780825189-25165-0/minicluster-data/ts-0/data/data
Total live blocks: 0
Total live bytes: 0
Total live bytes (after alignment): 0
Total number of LBM containers: 0 (0 full)
Did not check for missing blocks
Did not check for orphaned blocks
Total full LBM containers with extra space: 0 (0 repaired)
Total full LBM container extra space in bytes: 0 (0 repaired)
Total incomplete LBM containers: 0 (0 repaired)
