--fs_data_dirs=/tmp/dist-test-task_3SyAK/test-tmp/prometheus_auth-itest.0.PrometheusTokenITest.TestCorrectTokenSdAndScrapeSucceed.1786521680053065-5728-0/minicluster-data/master-0/data
--fs_wal_dir=/tmp/dist-test-task_3SyAK/test-tmp/prometheus_auth-itest.0.PrometheusTokenITest.TestCorrectTokenSdAndScrapeSucceed.1786521680053065-5728-0/minicluster-data/master-0/wal
--ipki_ca_key_size=768
--master_addresses=127.5.152.62:44801,127.5.152.61:43393,127.5.152.60:43787
--keytab_file=/tmp/dist-test-task_3SyAK/test-tmp/prometheus_auth-itest.0.PrometheusTokenITest.TestCorrectTokenSdAndScrapeSucceed.1786521680053065-5728-0/krb5kdc/kudu.keytab
--principal=kudu/127.5.152.62
--ipki_server_key_size=768
--openssl_security_level_override=0
--tsk_num_rsa_bits=512
--rpc_bind_addresses=127.5.152.62:44801
--rpc_reuseport=true
--rpc_server_allow_ephemeral_ports=true
--rpc_authentication=required
--superuser_acl=<redacted>
--user_acl=<redacted>
--metrics_log_interval_ms=1000
--server_dump_info_format=pb
--server_dump_info_path=/tmp/dist-test-task_3SyAK/test-tmp/prometheus_auth-itest.0.PrometheusTokenITest.TestCorrectTokenSdAndScrapeSucceed.1786521680053065-5728-0/minicluster-data/master-0/data/info.pb
--webserver_certificate_file=/tmp/dist-test-task_3SyAK/test-tmp/prometheus_auth-itest.0.PrometheusTokenITest.TestCorrectTokenSdAndScrapeSucceed.1786521680053065-5728-0/test.cert
--webserver_interface=127.5.152.62
--webserver_port=0
--webserver_private_key_file=<redacted>
--webserver_private_key_password_cmd=<redacted>
--webserver_prometheus_token_cmd=<redacted>
--webserver_require_spnego=true
--never_fsync=true
--heap_profile_path=/tmp/kudu.9504
--redact=none
--unlock_experimental_flags=true
--unlock_unsafe_flags=true
--enable_minidumps=false

Master server version:
kudu 1.19.0-SNAPSHOT
revision 70c51312f1186a8ae9f46647160b7730123f7601-dirty
build type DEBUG
built by None at 12 Aug 2026 06:06:26 UTC on 39be9dd7121a
I20260812 08:02:20.564674  9504 env_posix.cc:2285] Not raising this process' open files per process limit of 1048576; it is already as high as it can go
I20260812 08:02:20.565512  9504 file_cache.cc:504] Constructed file cache file cache with capacity 419430
W20260812 08:02:20.570829  9517 instance_detector.cc:116] could not retrieve OpenStack instance metadata: Network error: curl error: HTTP response code said error: The requested URL returned error: 404
W20260812 08:02:20.570859  9514 instance_detector.cc:116] could not retrieve Azure instance metadata: Network error: curl error: HTTP response code said error: The requested URL returned error: 404
W20260812 08:02:20.570832  9512 instance_detector.cc:116] could not retrieve AWS instance metadata: Network error: curl error: HTTP response code said error: The requested URL returned error: 404
I20260812 08:02:20.571199  9504 server_base.cc:1061] running on GCE node
I20260812 08:02:20.571699  9504 hybrid_clock.cc:584] initializing the hybrid clock with 'builtin' time source
I20260812 08:02:20.572526  9504 hybrid_clock.cc:630] waiting up to --ntp_initial_sync_wait_secs=10 seconds for the clock to synchronize
I20260812 08:02:20.573704  9504 hybrid_clock.cc:648] HybridClock initialized: now 1786521740573688 us; error 33 us; skew 500 ppm
Aug 12 08:02:20 dist-test-slave-1nl6 krb5kdc[9480](info): AS_REQ (2 etypes {17 16}) 127.0.0.1: ISSUE: authtime 1786521740, etypes {rep=17 tkt=17 ses=17}, kudu/127.5.152.62@KRBTEST.COM for krbtgt/KRBTEST.COM@KRBTEST.COM
I20260812 08:02:20.576457  9504 init.cc:377] Logged in from keytab as kudu/127.5.152.62@KRBTEST.COM (short username kudu)
I20260812 08:02:20.587956  9504 webserver.cc:533] Webserver started at https://127.5.152.62:45177/ using document root <none> and password file <none>
I20260812 08:02:20.588589  9504 fs_manager.cc:362] Metadata directory not provided
I20260812 08:02:20.588670  9504 fs_manager.cc:368] Using write-ahead log directory (fs_wal_dir) as metadata directory
I20260812 08:02:20.588896  9504 server_base.cc:909] This appears to be a new deployment of Kudu; creating new FS layout
I20260812 08:02:20.590533  9504 fs_manager.cc:1068] Generated new instance metadata in path /tmp/dist-test-task_3SyAK/test-tmp/prometheus_auth-itest.0.PrometheusTokenITest.TestCorrectTokenSdAndScrapeSucceed.1786521680053065-5728-0/minicluster-data/master-0/data/instance:
uuid: "f4eb4177e35b4b8c80126a1008493c9b"
format_stamp: "Formatted at 2026-08-12 08:02:20 on dist-test-slave-1nl6"
I20260812 08:02:20.591080  9504 fs_manager.cc:1068] Generated new instance metadata in path /tmp/dist-test-task_3SyAK/test-tmp/prometheus_auth-itest.0.PrometheusTokenITest.TestCorrectTokenSdAndScrapeSucceed.1786521680053065-5728-0/minicluster-data/master-0/wal/instance:
uuid: "f4eb4177e35b4b8c80126a1008493c9b"
format_stamp: "Formatted at 2026-08-12 08:02:20 on dist-test-slave-1nl6"
I20260812 08:02:20.594385  9504 fs_manager.cc:696] Time spent creating directory manager: real 0.003s	user 0.003s	sys 0.000s
I20260812 08:02:20.596550  9534 log_block_manager.cc:4127] Time spent loading block containers with low live blocks: real 0.000s	user 0.000s	sys 0.000s
I20260812 08:02:20.597451  9504 fs_manager.cc:730] Time spent opening block manager: real 0.002s	user 0.000s	sys 0.001s
I20260812 08:02:20.597594  9504 fs_manager.cc:647] Opened local filesystem: /tmp/dist-test-task_3SyAK/test-tmp/prometheus_auth-itest.0.PrometheusTokenITest.TestCorrectTokenSdAndScrapeSucceed.1786521680053065-5728-0/minicluster-data/master-0/data,/tmp/dist-test-task_3SyAK/test-tmp/prometheus_auth-itest.0.PrometheusTokenITest.TestCorrectTokenSdAndScrapeSucceed.1786521680053065-5728-0/minicluster-data/master-0/wal
uuid: "f4eb4177e35b4b8c80126a1008493c9b"
format_stamp: "Formatted at 2026-08-12 08:02:20 on dist-test-slave-1nl6"
I20260812 08:02:20.597692  9504 fs_report.cc:389] FS layout report
--------------------
wal directory: /tmp/dist-test-task_3SyAK/test-tmp/prometheus_auth-itest.0.PrometheusTokenITest.TestCorrectTokenSdAndScrapeSucceed.1786521680053065-5728-0/minicluster-data/master-0/wal
metadata directory: /tmp/dist-test-task_3SyAK/test-tmp/prometheus_auth-itest.0.PrometheusTokenITest.TestCorrectTokenSdAndScrapeSucceed.1786521680053065-5728-0/minicluster-data/master-0/wal
1 data directories: /tmp/dist-test-task_3SyAK/test-tmp/prometheus_auth-itest.0.PrometheusTokenITest.TestCorrectTokenSdAndScrapeSucceed.1786521680053065-5728-0/minicluster-data/master-0/data/data
Total live blocks: 0
Total live bytes: 0
Total live bytes (after alignment): 0
Total number of LBM containers: 0 (0 full)
Did not check for missing blocks
Did not check for orphaned blocks
Total full LBM containers with extra space: 0 (0 repaired)
Total full LBM container extra space in bytes: 0 (0 repaired)
Total incomplete LBM containers: 0 (0 repaired)
Total LBM partial records: 0 (0 repaired)
Total corrupted LBM metadata records in RocksDB: 0 (0 repaired)
I20260812 08:02:20.608477  9504 rpc_server.cc:225] running with OpenSSL 1.1.1  11 Sep 2018
I20260812 08:02:20.611261  9504 env_posix.cc:2285] Not raising this process' running threads per effective uid limit of 18446744073709551615; it is already as high as it can go
I20260812 08:02:20.611469  9504 kserver.cc:163] Server-wide thread pool size limit: 3276
I20260812 08:02:20.618640  9504 rpc_server.cc:307] RPC server started. Bound to: 127.5.152.62:44801
I20260812 08:02:20.618647  9631 acceptor_pool.cc:272] collecting diagnostics on the listening RPC socket 127.5.152.62:44801 every 8 connection(s)
I20260812 08:02:20.619611  9504 server_base.cc:1193] Dumped server information to /tmp/dist-test-task_3SyAK/test-tmp/prometheus_auth-itest.0.PrometheusTokenITest.TestCorrectTokenSdAndScrapeSucceed.1786521680053065-5728-0/minicluster-data/master-0/data/info.pb
I20260812 08:02:20.622265  9632 data_dirs.cc:400] Could only allocate 1 dirs of requested 3 for tablet 00000000000000000000000000000000. 1 dirs total, 0 dirs full, 0 dirs failed
I20260812 08:02:20.624575  5728 external_mini_cluster.cc:1434] Started /tmp/dist-test-task_3SyAK/build/debug/bin/kudu as pid 9504
I20260812 08:02:20.624706  5728 external_mini_cluster.cc:1448] Reading /tmp/dist-test-task_3SyAK/test-tmp/prometheus_auth-itest.0.PrometheusTokenITest.TestCorrectTokenSdAndScrapeSucceed.1786521680053065-5728-0/minicluster-data/master-0/wal/instance
I20260812 08:02:20.626020  9632 sys_catalog.cc:422] member_type: VOTER last_known_addr { host: "127.5.152.62" port: 44801 } has no permanent_uuid. Determining permanent_uuid...
WARNING: no policy specified for kudu/127.5.152.61@KRBTEST.COM; defaulting to no policy
Authenticating as principal test-admin/admin@KRBTEST.COM with password.
Principal "kudu/127.5.152.61@KRBTEST.COM" created.
Aug 12 08:02:20 dist-test-slave-1nl6 krb5kdc[9480](info): TGS_REQ (2 etypes {17 16}) 127.0.0.1: ISSUE: authtime 1786521740, etypes {rep=17 tkt=17 ses=17}, kudu/127.5.152.62@KRBTEST.COM for kudu/127.5.152.62@KRBTEST.COM
I20260812 08:02:20.645533  9632 sys_catalog.cc:422] member_type: VOTER last_known_addr { host: "127.5.152.61" port: 43393 } has no permanent_uuid. Determining permanent_uuid...
W20260812 08:02:20.646497  9544 proxy.cc:239] Call had error, refreshing address and retrying: Network error: Client connection negotiation failed: client connection to 127.5.152.61:43393: connect: Connection refused (error 111)
W20260812 08:02:20.647778  9632 consensus_peers.cc:760] Error getting permanent uuid from config peer 127.5.152.61:43393: Network error: Client connection negotiation failed: client connection to 127.5.152.61:43393: connect: Connection refused (error 111)
Authenticating as principal test-admin/admin@KRBTEST.COM with password.
Entry for principal kudu/127.5.152.61 with kvno 2, encryption type aes256-cts-hmac-sha1-96 added to keytab WRFILE:/tmp/dist-test-task_3SyAK/test-tmp/prometheus_auth-itest.0.PrometheusTokenITest.TestCorrectTokenSdAndScrapeSucceed.1786521680053065-5728-0/krb5kdc/kudu.keytab.
Entry for principal kudu/127.5.152.61 with kvno 2, encryption type aes128-cts-hmac-sha1-96 added to keytab WRFILE:/tmp/dist-test-task_3SyAK/test-tmp/prometheus_auth-itest.0.PrometheusTokenITest.TestCorrectTokenSdAndScrapeSucceed.1786521680053065-5728-0/krb5kdc/kudu.keytab.
WARNING: no policy specified for HTTP/127.5.152.61@KRBTEST.COM; defaulting to no policy
Authenticating as principal test-admin/admin@KRBTEST.COM with password.
Principal "HTTP/127.5.152.61@KRBTEST.COM" created.
Authenticating as principal test-admin/admin@KRBTEST.COM with password.
Entry for principal HTTP/127.5.152.61 with kvno 2, encryption type aes256-cts-hmac-sha1-96 added to keytab WRFILE:/tmp/dist-test-task_3SyAK/test-tmp/prometheus_auth-itest.0.PrometheusTokenITest.TestCorrectTokenSdAndScrapeSucceed.1786521680053065-5728-0/krb5kdc/kudu.keytab.
Entry for principal HTTP/127.5.152.61 with kvno 2, encryption type aes128-cts-hmac-sha1-96 added to keytab WRFILE:/tmp/dist-test-task_3SyAK/test-tmp/prometheus_auth-itest.0.PrometheusTokenITest.TestCorrectTokenSdAndScrapeSucceed.1786521680053065-5728-0/krb5kdc/kudu.keytab.
I20260812 08:02:20.679145  5728 external_mini_cluster.cc:1372] Running /tmp/dist-test-task_3SyAK/build/debug/bin/kudu
/tmp/dist-test-task_3SyAK/build/debug/bin/kudu
--fs_wal_dir=/tmp/dist-test-task_3SyAK/test-tmp/prometheus_auth-itest.0.PrometheusTokenITest.TestCorrectTokenSdAndScrapeSucceed.1786521680053065-5728-0/minicluster-data/master-1/wal
--fs_data_dirs=/tmp/dist-test-task_3SyAK/test-tmp/prometheus_auth-itest.0.PrometheusTokenITest.TestCorrectTokenSdAndScrapeSucceed.1786521680053065-5728-0/minicluster-data/master-1/data
--block_manager=log
--webserver_interface=localhost
--never_fsync
--enable_minidumps=false
--redact=none
--metrics_log_interval_ms=1000
--log_dir=/tmp/dist-test-task_3SyAK/test-tmp/prometheus_auth-itest.0.PrometheusTokenITest.TestCorrectTokenSdAndScrapeSucceed.1786521680053065-5728-0/minicluster-data/master-1/logs
--server_dump_info_path=/tmp/dist-test-task_3SyAK/test-tmp/prometheus_auth-itest.0.PrometheusTokenITest.TestCorrectTokenSdAndScrapeSucceed.1786521680053065-5728-0/minicluster-data/master-1/data/info.pb
--server_dump_info_format=pb
--rpc_server_allow_ephemeral_ports
--unlock_experimental_flags
--unlock_unsafe_flags
--logtostderr
--logbuflevel=-1
--ipki_server_key_size=768
--openssl_security_level_override=0
master
run
--ipki_ca_key_size=768
--tsk_num_rsa_bits=512
--rpc_bind_addresses=127.5.152.61:43393
--webserver_interface=127.5.152.61
--webserver_port=0
--keytab_file=/tmp/dist-test-task_3SyAK/test-tmp/prometheus_auth-itest.0.PrometheusTokenITest.TestCorrectTokenSdAndScrapeSucceed.1786521680053065-5728-0/krb5kdc/kudu.keytab
--principal=kudu/127.5.152.61
--rpc_authentication=required
--superuser_acl=test-admin
--user_acl=test-user
--webserver_require_spnego=true
--builtin_ntp_servers=127.5.152.20:41091
--builtin_ntp_poll_interval_ms=100
--ntp_initial_sync_wait_secs=10
--time_source=builtin
--rpc_reuseport=true
--master_addresses=127.5.152.62:44801,127.5.152.61:43393,127.5.152.60:43787
--webserver_certificate_file=/tmp/dist-test-task_3SyAK/test-tmp/prometheus_auth-itest.0.PrometheusTokenITest.TestCorrectTokenSdAndScrapeSucceed.1786521680053065-5728-0/test.cert
--webserver_private_key_file=/tmp/dist-test-task_3SyAK/test-tmp/prometheus_auth-itest.0.PrometheusTokenITest.TestCorrectTokenSdAndScrapeSucceed.1786521680053065-5728-0/test.key
--webserver_private_key_password_cmd=echo test
--webserver_prometheus_token_cmd=echo test-prometheus-bearer-token with env {KRB5CCNAME=/tmp/dist-test-task_3SyAK/test-tmp/prometheus_auth-itest.0.PrometheusTokenITest.TestCorrectTokenSdAndScrapeSucceed.1786521680053065-5728-0/krb5kdc/krb5cc,KRB5_CONFIG=/tmp/dist-test-task_3SyAK/test-tmp/prometheus_auth-itest.0.PrometheusTokenITest.TestCorrectTokenSdAndScrapeSucceed.1786521680053065-5728-0/krb5kdc/krb5.conf,KRB5_KDC_PROFILE=/tmp/dist-test-task_3SyAK/test-tmp/prometheus_auth-itest.0.PrometheusTokenITest.TestCorrectTokenSdAndScrapeSucceed.1786521680053065-5728-0/krb5kdc/kdc.conf,KUDU_ENABLE_KRB5_REALM_FIX=yes}
I20260812 08:02:20.697129  9632 consensus_peers.cc:770] Retrying to get permanent uuid for remote peer: member_type: VOTER last_known_addr { host: "127.5.152.61" port: 43393 } attempt: 1
W20260812 08:02:20.698789  9632 consensus_peers.cc:760] Error getting permanent uuid from config peer 127.5.152.61:43393: Network error: Client connection negotiation failed: client connection to 127.5.152.61:43393: connect: Connection refused (error 111)
I20260812 08:02:20.767004  9632 consensus_peers.cc:770] Retrying to get permanent uuid for remote peer: member_type: VOTER last_known_addr { host: "127.5.152.61" port: 43393 } attempt: 2
W20260812 08:02:20.769141  9632 consensus_peers.cc:760] Error getting permanent uuid from config peer 127.5.152.61:43393: Network error: Client connection negotiation failed: client connection to 127.5.152.61:43393: connect: Connection refused (error 111)
W20260812 08:02:20.782335  9645 flags.cc:432] Enabled unsafe flag: --openssl_security_level_override=0
W20260812 08:02:20.782557  9645 flags.cc:432] Enabled unsafe flag: --rpc_server_allow_ephemeral_ports=true
W20260812 08:02:20.782675  9645 flags.cc:432] Enabled unsafe flag: --never_fsync=true
W20260812 08:02:20.786310  9645 flags.cc:432] Enabled experimental flag: --ipki_ca_key_size=768
W20260812 08:02:20.786379  9645 flags.cc:432] Enabled experimental flag: --ipki_server_key_size=768
W20260812 08:02:20.786437  9645 flags.cc:432] Enabled experimental flag: --tsk_num_rsa_bits=512
W20260812 08:02:20.786487  9645 flags.cc:432] Enabled experimental flag: --rpc_reuseport=true
I20260812 08:02:20.790890  9645 master_runner.cc:387] Master server non-default flags:
--log_dir=/tmp/dist-test-task_3SyAK/test-tmp/prometheus_auth-itest.0.PrometheusTokenITest.TestCorrectTokenSdAndScrapeSucceed.1786521680053065-5728-0/minicluster-data/master-1/logs
--logbuflevel=-1
--logtostderr=true
--builtin_ntp_poll_interval_ms=100
--builtin_ntp_servers=127.5.152.20:41091
--ntp_initial_sync_wait_secs=10
--time_source=builtin
--fs_data_dirs=/tmp/dist-test-task_3SyAK/test-tmp/prometheus_auth-itest.0.PrometheusTokenITest.TestCorrectTokenSdAndScrapeSucceed.1786521680053065-5728-0/minicluster-data/master-1/data
--fs_wal_dir=/tmp/dist-test-task_3SyAK/test-tmp/prometheus_auth-itest.0.PrometheusTokenITest.TestCorrectTokenSdAndScrapeSucceed.1786521680053065-5728-0/minicluster-data/master-1/wal
--ipki_ca_key_size=768
--master_addresses=127.5.152.62:44801,127.5.152.61:43393,127.5.152.60:43787
--keytab_file=/tmp/dist-test-task_3SyAK/test-tmp/prometheus_auth-itest.0.PrometheusTokenITest.TestCorrectTokenSdAndScrapeSucceed.1786521680053065-5728-0/krb5kdc/kudu.keytab
--principal=kudu/127.5.152.61
--ipki_server_key_size=768
--openssl_security_level_override=0
--tsk_num_rsa_bits=512
--rpc_bind_addresses=127.5.152.61:43393
--rpc_reuseport=true
--rpc_server_allow_ephemeral_ports=true
--rpc_authentication=required
--superuser_acl=<redacted>
--user_acl=<redacted>
--metrics_log_interval_ms=1000
--server_dump_info_format=pb
--server_dump_info_path=/tmp/dist-test-task_3SyAK/test-tmp/prometheus_auth-itest.0.PrometheusTokenITest.TestCorrectTokenSdAndScrapeSucceed.1786521680053065-5728-0/minicluster-data/master-1/data/info.pb
--webserver_certificate_file=/tmp/dist-test-task_3SyAK/test-tmp/prometheus_auth-itest.0.PrometheusTokenITest.TestCorrectTokenSdAndScrapeSucceed.1786521680053065-5728-0/test.cert
--webserver_interface=127.5.152.61
--webserver_port=0
--webserver_private_key_file=<redacted>
--webserver_private_key_password_cmd=<redacted>
--webserver_prometheus_token_cmd=<redacted>
--webserver_require_spnego=true
--never_fsync=true
--heap_profile_path=/tmp/kudu.9645
--redact=none
--unlock_experimental_flags=true
--unlock_unsafe_flags=true
--enable_minidumps=false

Master server version:
kudu 1.19.0-SNAPSHOT
revision 70c51312f1186a8ae9f46647160b7730123f7601-dirty
build type DEBUG
built by None at 12 Aug 2026 06:06:26 UTC on 39be9dd7121a
I20260812 08:02:20.791895  9645 env_posix.cc:2285] Not raising this process' open files per process limit of 1048576; it is already as high as it can go
I20260812 08:02:20.792711  9645 file_cache.cc:504] Constructed file cache file cache with capacity 419430
W20260812 08:02:20.797871  9658 instance_detector.cc:116] could not retrieve Azure instance metadata: Network error: curl error: HTTP response code said error: The requested URL returned error: 404
W20260812 08:02:20.798193  9662 instance_detector.cc:116] could not retrieve OpenStack instance metadata: Network error: curl error: HTTP response code said error: The requested URL returned error: 404
W20260812 08:02:20.798210  9657 instance_detector.cc:116] could not retrieve AWS instance metadata: Network error: curl error: HTTP response code said error: The requested URL returned error: 404
I20260812 08:02:20.798256  9645 server_base.cc:1061] running on GCE node
I20260812 08:02:20.798741  9645 hybrid_clock.cc:584] initializing the hybrid clock with 'builtin' time source
I20260812 08:02:20.799571  9645 hybrid_clock.cc:630] waiting up to --ntp_initial_sync_wait_secs=10 seconds for the clock to synchronize
I20260812 08:02:20.800742  9645 hybrid_clock.cc:648] HybridClock initialized: now 1786521740800730 us; error 34 us; skew 500 ppm
Aug 12 08:02:20 dist-test-slave-1nl6 krb5kdc[9480](info): AS_REQ (2 etypes {17 16}) 127.0.0.1: ISSUE: authtime 1786521740, etypes {rep=17 tkt=17 ses=17}, kudu/127.5.152.61@KRBTEST.COM for krbtgt/KRBTEST.COM@KRBTEST.COM
I20260812 08:02:20.804431  9645 init.cc:377] Logged in from keytab as kudu/127.5.152.61@KRBTEST.COM (short username kudu)
I20260812 08:02:20.816045  9645 webserver.cc:533] Webserver started at https://127.5.152.61:34159/ using document root <none> and password file <none>
I20260812 08:02:20.816658  9645 fs_manager.cc:362] Metadata directory not provided
I20260812 08:02:20.816736  9645 fs_manager.cc:368] Using write-ahead log directory (fs_wal_dir) as metadata directory
I20260812 08:02:20.816983  9645 server_base.cc:909] This appears to be a new deployment of Kudu; creating new FS layout
I20260812 08:02:20.818665  9645 fs_manager.cc:1068] Generated new instance metadata in path /tmp/dist-test-task_3SyAK/test-tmp/prometheus_auth-itest.0.PrometheusTokenITest.TestCorrectTokenSdAndScrapeSucceed.1786521680053065-5728-0/minicluster-data/master-1/data/instance:
uuid: "f32371f38f7740cf9777099de4da5f5d"
format_stamp: "Formatted at 2026-08-12 08:02:20 on dist-test-slave-1nl6"
I20260812 08:02:20.819188  9645 fs_manager.cc:1068] Generated new instance metadata in path /tmp/dist-test-task_3SyAK/test-tmp/prometheus_auth-itest.0.PrometheusTokenITest.TestCorrectTokenSdAndScrapeSucceed.1786521680053065-5728-0/minicluster-data/master-1/wal/instance:
uuid: "f32371f38f7740cf9777099de4da5f5d"
format_stamp: "Formatted at 2026-08-12 08:02:20 on dist-test-slave-1nl6"
I20260812 08:02:20.822382  9645 fs_manager.cc:696] Time spent creating directory manager: real 0.003s	user 0.002s	sys 0.001s
I20260812 08:02:20.824450  9678 log_block_manager.cc:4127] Time spent loading block containers with low live blocks: real 0.000s	user 0.000s	sys 0.000s
I20260812 08:02:20.825318  9645 fs_manager.cc:730] Time spent opening block manager: real 0.002s	user 0.001s	sys 0.000s
I20260812 08:02:20.825453  9645 fs_manager.cc:647] Opened local filesystem: /tmp/dist-test-task_3SyAK/test-tmp/prometheus_auth-itest.0.PrometheusTokenITest.TestCorrectTokenSdAndScrapeSucceed.1786521680053065-5728-0/minicluster-data/master-1/data,/tmp/dist-test-task_3SyAK/test-tmp/prometheus_auth-itest.0.PrometheusTokenITest.TestCorrectTokenSdAndScrapeSucceed.1786521680053065-5728-0/minicluster-data/master-1/wal
uuid: "f32371f38f7740cf9777099de4da5f5d"
format_stamp: "Formatted at 2026-08-12 08:02:20 on dist-test-slave-1nl6"
I20260812 08:02:20.825552  9645 fs_report.cc:389] FS layout report
--------------------
wal directory: /tmp/dist-test-task_3SyAK/test-tmp/prometheus_auth-itest.0.PrometheusTokenITest.TestCorrectTokenSdAndScrapeSucceed.1786521680053065-5728-0/minicluster-data/master-1/wal
metadata directory: /tmp/dist-test-task_3SyAK/test-tmp/prometheus_auth-itest.0.PrometheusTokenITest.TestCorrectTokenSdAndScrapeSucceed.1786521680053065-5728-0/minicluster-data/master-1/wal
1 data directories: /tmp/dist-test-task_3SyAK/test-tmp/prometheus_auth-itest.0.PrometheusTokenITest.TestCorrectTokenSdAndScrapeSucceed.1786521680053065-5728-0/minicluster-data/master-1/data/data
Total live blocks: 0
Total live bytes: 0
Total live bytes (after alignment): 0
Total number of LBM containers: 0 (0 full)
Did not check for missing blocks
Did not check for orphaned blocks
Total full LBM containers with extra space: 0 (0 repaired)
Total full LBM container extra space in bytes: 0 (0 repaired)
Total incomplete LBM containers: 0 (0 repaired)
Total LBM partial records: 0 (0 repaired)
Total corrupted LBM metadata records in RocksDB: 0 (0 repaired)
I20260812 08:02:20.843497  9645 rpc_server.cc:225] running with OpenSSL 1.1.1  11 Sep 2018
I20260812 08:02:20.845956  9645 env_posix.cc:2285] Not raising this process' running threads per effective uid limit of 18446744073709551615; it is already as high as it can go
I20260812 08:02:20.846148  9645 kserver.cc:163] Server-wide thread pool size limit: 3276
I20260812 08:02:20.853734  9645 rpc_server.cc:307] RPC server started. Bound to: 127.5.152.61:43393
I20260812 08:02:20.853756  9766 acceptor_pool.cc:272] collecting diagnostics on the listening RPC socket 127.5.152.61:43393 every 8 connection(s)
I20260812 08:02:20.854763  9645 server_base.cc:1193] Dumped server information to /tmp/dist-test-task_3SyAK/test-tmp/prometheus_auth-itest.0.PrometheusTokenITest.TestCorrectTokenSdAndScrapeSucceed.1786521680053065-5728-0/minicluster-data/master-1/data/info.pb
I20260812 08:02:20.858773  9771 data_dirs.cc:400] Could only allocate 1 dirs of requested 3 for tablet 00000000000000000000000000000000. 1 dirs total, 0 dirs full, 0 dirs failed
I20260812 08:02:20.860437  9632 consensus_peers.cc:770] Retrying to get permanent uuid for remote peer: member_type: VOTER last_known_addr { host: "127.5.152.61" port: 43393 } attempt: 3
I20260812 08:02:20.863281  9771 sys_catalog.cc:422] member_type: VOTER last_known_addr { host: "127.5.152.62" port: 44801 } has no permanent_uuid. Determining permanent_uuid...
I20260812 08:02:20.864579  5728 external_mini_cluster.cc:1434] Started /tmp/dist-test-task_3SyAK/build/debug/bin/kudu as pid 9645
I20260812 08:02:20.864733  5728 external_mini_cluster.cc:1448] Reading /tmp/dist-test-task_3SyAK/test-tmp/prometheus_auth-itest.0.PrometheusTokenITest.TestCorrectTokenSdAndScrapeSucceed.1786521680053065-5728-0/minicluster-data/master-1/wal/instance
Aug 12 08:02:20 dist-test-slave-1nl6 krb5kdc[9480](info): TGS_REQ (2 etypes {17 16}) 127.0.0.1: ISSUE: authtime 1786521740, etypes {rep=17 tkt=17 ses=17}, kudu/127.5.152.62@KRBTEST.COM for kudu/127.5.152.61@KRBTEST.COM
Aug 12 08:02:20 dist-test-slave-1nl6 krb5kdc[9480](info): TGS_REQ (2 etypes {17 16}) 127.0.0.1: ISSUE: authtime 1786521740, etypes {rep=17 tkt=17 ses=17}, kudu/127.5.152.61@KRBTEST.COM for kudu/127.5.152.62@KRBTEST.COM
I20260812 08:02:20.876223  9632 sys_catalog.cc:422] member_type: VOTER last_known_addr { host: "127.5.152.60" port: 43787 } has no permanent_uuid. Determining permanent_uuid...
WARNING: no policy specified for kudu/127.5.152.60@KRBTEST.COM; defaulting to no policy
I20260812 08:02:20.876307  9771 sys_catalog.cc:422] member_type: VOTER last_known_addr { host: "127.5.152.61" port: 43393 } has no permanent_uuid. Determining permanent_uuid...
W20260812 08:02:20.877861  9632 consensus_peers.cc:760] Error getting permanent uuid from config peer 127.5.152.60:43787: Network error: Client connection negotiation failed: client connection to 127.5.152.60:43787: connect: Connection refused (error 111)
Authenticating as principal test-admin/admin@KRBTEST.COM with password.
Principal "kudu/127.5.152.60@KRBTEST.COM" created.
Aug 12 08:02:20 dist-test-slave-1nl6 krb5kdc[9480](info): TGS_REQ (2 etypes {17 16}) 127.0.0.1: ISSUE: authtime 1786521740, etypes {rep=17 tkt=17 ses=17}, kudu/127.5.152.61@KRBTEST.COM for kudu/127.5.152.61@KRBTEST.COM
I20260812 08:02:20.884668  9771 sys_catalog.cc:422] member_type: VOTER last_known_addr { host: "127.5.152.60" port: 43787 } has no permanent_uuid. Determining permanent_uuid...
W20260812 08:02:20.885455  9688 proxy.cc:239] Call had error, refreshing address and retrying: Network error: Client connection negotiation failed: client connection to 127.5.152.60:43787: connect: Connection refused (error 111)
W20260812 08:02:20.886270  9771 consensus_peers.cc:760] Error getting permanent uuid from config peer 127.5.152.60:43787: Network error: Client connection negotiation failed: client connection to 127.5.152.60:43787: connect: Connection refused (error 111)
Authenticating as principal test-admin/admin@KRBTEST.COM with password.
Entry for principal kudu/127.5.152.60 with kvno 2, encryption type aes256-cts-hmac-sha1-96 added to keytab WRFILE:/tmp/dist-test-task_3SyAK/test-tmp/prometheus_auth-itest.0.PrometheusTokenITest.TestCorrectTokenSdAndScrapeSucceed.1786521680053065-5728-0/krb5kdc/kudu.keytab.
Entry for principal kudu/127.5.152.60 with kvno 2, encryption type aes128-cts-hmac-sha1-96 added to keytab WRFILE:/tmp/dist-test-task_3SyAK/test-tmp/prometheus_auth-itest.0.PrometheusTokenITest.TestCorrectTokenSdAndScrapeSucceed.1786521680053065-5728-0/krb5kdc/kudu.keytab.
WARNING: no policy specified for HTTP/127.5.152.60@KRBTEST.COM; defaulting to no policy
Authenticating as principal test-admin/admin@KRBTEST.COM with password.
Principal "HTTP/127.5.152.60@KRBTEST.COM" created.
I20260812 08:02:20.909040  9632 consensus_peers.cc:770] Retrying to get permanent uuid for remote peer: member_type: VOTER last_known_addr { host: "127.5.152.60" port: 43787 } attempt: 1
W20260812 08:02:20.910499  9632 consensus_peers.cc:760] Error getting permanent uuid from config peer 127.5.152.60:43787: Network error: Client connection negotiation failed: client connection to 127.5.152.60:43787: connect: Connection refused (error 111)
Authenticating as principal test-admin/admin@KRBTEST.COM with password.
Entry for principal HTTP/127.5.152.60 with kvno 2, encryption type aes256-cts-hmac-sha1-96 added to keytab WRFILE:/tmp/dist-test-task_3SyAK/test-tmp/prometheus_auth-itest.0.PrometheusTokenITest.TestCorrectTokenSdAndScrapeSucceed.1786521680053065-5728-0/krb5kdc/kudu.keytab.
Entry for principal HTTP/127.5.152.60 with kvno 2, encryption type aes128-cts-hmac-sha1-96 added to keytab WRFILE:/tmp/dist-test-task_3SyAK/test-tmp/prometheus_auth-itest.0.PrometheusTokenITest.TestCorrectTokenSdAndScrapeSucceed.1786521680053065-5728-0/krb5kdc/kudu.keytab.
I20260812 08:02:20.917517  5728 external_mini_cluster.cc:1372] Running /tmp/dist-test-task_3SyAK/build/debug/bin/kudu
/tmp/dist-test-task_3SyAK/build/debug/bin/kudu
--fs_wal_dir=/tmp/dist-test-task_3SyAK/test-tmp/prometheus_auth-itest.0.PrometheusTokenITest.TestCorrectTokenSdAndScrapeSucceed.1786521680053065-5728-0/minicluster-data/master-2/wal
--fs_data_dirs=/tmp/dist-test-task_3SyAK/test-tmp/prometheus_auth-itest.0.PrometheusTokenITest.TestCorrectTokenSdAndScrapeSucceed.1786521680053065-5728-0/minicluster-data/master-2/data
--block_manager=log
--webserver_interface=localhost
--never_fsync
--enable_minidumps=false
--redact=none
--metrics_log_interval_ms=1000
--log_dir=/tmp/dist-test-task_3SyAK/test-tmp/prometheus_auth-itest.0.PrometheusTokenITest.TestCorrectTokenSdAndScrapeSucceed.1786521680053065-5728-0/minicluster-data/master-2/logs
--server_dump_info_path=/tmp/dist-test-task_3SyAK/test-tmp/prometheus_auth-itest.0.PrometheusTokenITest.TestCorrectTokenSdAndScrapeSucceed.1786521680053065-5728-0/minicluster-data/master-2/data/info.pb
--server_dump_info_format=pb
--rpc_server_allow_ephemeral_ports
--unlock_experimental_flags
--unlock_unsafe_flags
--logtostderr
--logbuflevel=-1
--ipki_server_key_size=768
--openssl_security_level_override=0
master
run
--ipki_ca_key_size=768
--tsk_num_rsa_bits=512
--rpc_bind_addresses=127.5.152.60:43787
--webserver_interface=127.5.152.60
--webserver_port=0
--keytab_file=/tmp/dist-test-task_3SyAK/test-tmp/prometheus_auth-itest.0.PrometheusTokenITest.TestCorrectTokenSdAndScrapeSucceed.1786521680053065-5728-0/krb5kdc/kudu.keytab
--principal=kudu/127.5.152.60
--rpc_authentication=required
--superuser_acl=test-admin
--user_acl=test-user
--webserver_require_spnego=true
--builtin_ntp_servers=127.5.152.20:41091
--builtin_ntp_poll_interval_ms=100
--ntp_initial_sync_wait_secs=10
--time_source=builtin
--rpc_reuseport=true
--master_addresses=127.5.152.62:44801,127.5.152.61:43393,127.5.152.60:43787
--webserver_certificate_file=/tmp/dist-test-task_3SyAK/test-tmp/prometheus_auth-itest.0.PrometheusTokenITest.TestCorrectTokenSdAndScrapeSucceed.1786521680053065-5728-0/test.cert
--webserver_private_key_file=/tmp/dist-test-task_3SyAK/test-tmp/prometheus_auth-itest.0.PrometheusTokenITest.TestCorrectTokenSdAndScrapeSucceed.1786521680053065-5728-0/test.key
--webserver_private_key_password_cmd=echo test
--webserver_prometheus_token_cmd=echo test-prometheus-bearer-token with env {KRB5CCNAME=/tmp/dist-test-task_3SyAK/test-tmp/prometheus_auth-itest.0.PrometheusTokenITest.TestCorrectTokenSdAndScrapeSucceed.1786521680053065-5728-0/krb5kdc/krb5cc,KRB5_CONFIG=/tmp/dist-test-task_3SyAK/test-tmp/prometheus_auth-itest.0.PrometheusTokenITest.TestCorrectTokenSdAndScrapeSucceed.1786521680053065-5728-0/krb5kdc/krb5.conf,KRB5_KDC_PROFILE=/tmp/dist-test-task_3SyAK/test-tmp/prometheus_auth-itest.0.PrometheusTokenITest.TestCorrectTokenSdAndScrapeSucceed.1786521680053065-5728-0/krb5kdc/kdc.conf,KUDU_ENABLE_KRB5_REALM_FIX=yes}
I20260812 08:02:20.935503  9771 consensus_peers.cc:770] Retrying to get permanent uuid for remote peer: member_type: VOTER last_known_addr { host: "127.5.152.60" port: 43787 } attempt: 1
W20260812 08:02:20.936865  9771 consensus_peers.cc:760] Error getting permanent uuid from config peer 127.5.152.60:43787: Network error: Client connection negotiation failed: client connection to 127.5.152.60:43787: connect: Connection refused (error 111)
I20260812 08:02:20.985823  9632 consensus_peers.cc:770] Retrying to get permanent uuid for remote peer: member_type: VOTER last_known_addr { host: "127.5.152.60" port: 43787 } attempt: 2
W20260812 08:02:20.987382  9632 consensus_peers.cc:760] Error getting permanent uuid from config peer 127.5.152.60:43787: Network error: Client connection negotiation failed: client connection to 127.5.152.60:43787: connect: Connection refused (error 111)
I20260812 08:02:21.005043  9771 consensus_peers.cc:770] Retrying to get permanent uuid for remote peer: member_type: VOTER last_known_addr { host: "127.5.152.60" port: 43787 } attempt: 2
W20260812 08:02:21.006389  9771 consensus_peers.cc:760] Error getting permanent uuid from config peer 127.5.152.60:43787: Network error: Client connection negotiation failed: client connection to 127.5.152.60:43787: connect: Connection refused (error 111)
W20260812 08:02:21.022171  9783 flags.cc:432] Enabled unsafe flag: --openssl_security_level_override=0
W20260812 08:02:21.022367  9783 flags.cc:432] Enabled unsafe flag: --rpc_server_allow_ephemeral_ports=true
W20260812 08:02:21.022482  9783 flags.cc:432] Enabled unsafe flag: --never_fsync=true
W20260812 08:02:21.025655  9783 flags.cc:432] Enabled experimental flag: --ipki_ca_key_size=768
W20260812 08:02:21.025712  9783 flags.cc:432] Enabled experimental flag: --ipki_server_key_size=768
W20260812 08:02:21.025731  9783 flags.cc:432] Enabled experimental flag: --tsk_num_rsa_bits=512
W20260812 08:02:21.025748  9783 flags.cc:432] Enabled experimental flag: --rpc_reuseport=true
I20260812 08:02:21.029956  9783 master_runner.cc:387] Master server non-default flags:
--log_dir=/tmp/dist-test-task_3SyAK/test-tmp/prometheus_auth-itest.0.PrometheusTokenITest.TestCorrectTokenSdAndScrapeSucceed.1786521680053065-5728-0/minicluster-data/master-2/logs
--logbuflevel=-1
--logtostderr=true
--builtin_ntp_poll_interval_ms=100
--builtin_ntp_servers=127.5.152.20:41091
--ntp_initial_sync_wait_secs=10
--time_source=builtin
--fs_data_dirs=/tmp/dist-test-task_3SyAK/test-tmp/prometheus_auth-itest.0.PrometheusTokenITest.TestCorrectTokenSdAndScrapeSucceed.1786521680053065-5728-0/minicluster-data/master-2/data
--fs_wal_dir=/tmp/dist-test-task_3SyAK/test-tmp/prometheus_auth-itest.0.PrometheusTokenITest.TestCorrectTokenSdAndScrapeSucceed.1786521680053065-5728-0/minicluster-data/master-2/wal
--ipki_ca_key_size=768
--master_addresses=127.5.152.62:44801,127.5.152.61:43393,127.5.152.60:43787
--keytab_file=/tmp/dist-test-task_3SyAK/test-tmp/prometheus_auth-itest.0.PrometheusTokenITest.TestCorrectTokenSdAndScrapeSucceed.1786521680053065-5728-0/krb5kdc/kudu.keytab
--principal=kudu/127.5.152.60
--ipki_server_key_size=768
--openssl_security_level_override=0
--tsk_num_rsa_bits=512
--rpc_bind_addresses=127.5.152.60:43787
--rpc_reuseport=true
--rpc_server_allow_ephemeral_ports=true
--rpc_authentication=required
--superuser_acl=<redacted>
--user_acl=<redacted>
--metrics_log_interval_ms=1000
--server_dump_info_format=pb
--server_dump_info_path=/tmp/dist-test-task_3SyAK/test-tmp/prometheus_auth-itest.0.PrometheusTokenITest.TestCorrectTokenSdAndScrapeSucceed.1786521680053065-5728-0/minicluster-data/master-2/data/info.pb
--webserver_certificate_file=/tmp/dist-test-task_3SyAK/test-tmp/prometheus_auth-itest.0.PrometheusTokenITest.TestCorrectTokenSdAndScrapeSucceed.1786521680053065-5728-0/test.cert
--webserver_interface=127.5.152.60
--webserver_port=0
--webserver_private_key_file=<redacted>
--webserver_private_key_password_cmd=<redacted>
--webserver_prometheus_token_cmd=<redacted>
--webserver_require_spnego=true
--never_fsync=true
--heap_profile_path=/tmp/kudu.9783
--redact=none
--unlock_experimental_flags=true
--unlock_unsafe_flags=true
--enable_minidumps=false

Master server version:
kudu 1.19.0-SNAPSHOT
revision 70c51312f1186a8ae9f46647160b7730123f7601-dirty
build type DEBUG
built by None at 12 Aug 2026 06:06:26 UTC on 39be9dd7121a
I20260812 08:02:21.030857  9783 env_posix.cc:2285] Not raising this process' open files per process limit of 1048576; it is already as high as it can go
I20260812 08:02:21.031638  9783 file_cache.cc:504] Constructed file cache file cache with capacity 419430
W20260812 08:02:21.036624  9797 instance_detector.cc:116] could not retrieve OpenStack instance metadata: Network error: curl error: HTTP response code said error: The requested URL returned error: 404
W20260812 08:02:21.036629  9793 instance_detector.cc:116] could not retrieve AWS instance metadata: Network error: curl error: HTTP response code said error: The requested URL returned error: 404
I20260812 08:02:21.036808  9783 server_base.cc:1061] running on GCE node
W20260812 08:02:21.036629  9794 instance_detector.cc:116] could not retrieve Azure instance metadata: Network error: curl error: HTTP response code said error: The requested URL returned error: 404
I20260812 08:02:21.037359  9783 hybrid_clock.cc:584] initializing the hybrid clock with 'builtin' time source
I20260812 08:02:21.038084  9783 hybrid_clock.cc:630] waiting up to --ntp_initial_sync_wait_secs=10 seconds for the clock to synchronize
I20260812 08:02:21.039300  9783 hybrid_clock.cc:648] HybridClock initialized: now 1786521741039282 us; error 34 us; skew 500 ppm
Aug 12 08:02:21 dist-test-slave-1nl6 krb5kdc[9480](info): AS_REQ (2 etypes {17 16}) 127.0.0.1: ISSUE: authtime 1786521741, etypes {rep=17 tkt=17 ses=17}, kudu/127.5.152.60@KRBTEST.COM for krbtgt/KRBTEST.COM@KRBTEST.COM
I20260812 08:02:21.042165  9783 init.cc:377] Logged in from keytab as kudu/127.5.152.60@KRBTEST.COM (short username kudu)
I20260812 08:02:21.055796  9783 webserver.cc:533] Webserver started at https://127.5.152.60:38849/ using document root <none> and password file <none>
I20260812 08:02:21.056469  9783 fs_manager.cc:362] Metadata directory not provided
I20260812 08:02:21.056525  9783 fs_manager.cc:368] Using write-ahead log directory (fs_wal_dir) as metadata directory
I20260812 08:02:21.056720  9783 server_base.cc:909] This appears to be a new deployment of Kudu; creating new FS layout
I20260812 08:02:21.058612  9783 fs_manager.cc:1068] Generated new instance metadata in path /tmp/dist-test-task_3SyAK/test-tmp/prometheus_auth-itest.0.PrometheusTokenITest.TestCorrectTokenSdAndScrapeSucceed.1786521680053065-5728-0/minicluster-data/master-2/data/instance:
uuid: "2e6d84e4240844e8adac563da95dd8c9"
format_stamp: "Formatted at 2026-08-12 08:02:21 on dist-test-slave-1nl6"
I20260812 08:02:21.059144  9783 fs_manager.cc:1068] Generated new instance metadata in path /tmp/dist-test-task_3SyAK/test-tmp/prometheus_auth-itest.0.PrometheusTokenITest.TestCorrectTokenSdAndScrapeSucceed.1786521680053065-5728-0/minicluster-data/master-2/wal/instance:
uuid: "2e6d84e4240844e8adac563da95dd8c9"
format_stamp: "Formatted at 2026-08-12 08:02:21 on dist-test-slave-1nl6"
I20260812 08:02:21.063014  9783 fs_manager.cc:696] Time spent creating directory manager: real 0.004s	user 0.003s	sys 0.000s
I20260812 08:02:21.065166  9808 log_block_manager.cc:4127] Time spent loading block containers with low live blocks: real 0.000s	user 0.000s	sys 0.000s
I20260812 08:02:21.066180  9783 fs_manager.cc:730] Time spent opening block manager: real 0.002s	user 0.002s	sys 0.000s
I20260812 08:02:21.066282  9783 fs_manager.cc:647] Opened local filesystem: /tmp/dist-test-task_3SyAK/test-tmp/prometheus_auth-itest.0.PrometheusTokenITest.TestCorrectTokenSdAndScrapeSucceed.1786521680053065-5728-0/minicluster-data/master-2/data,/tmp/dist-test-task_3SyAK/test-tmp/prometheus_auth-itest.0.PrometheusTokenITest.TestCorrectTokenSdAndScrapeSucceed.1786521680053065-5728-0/minicluster-data/master-2/wal
uuid: "2e6d84e4240844e8adac563da95dd8c9"
format_stamp: "Formatted at 2026-08-12 08:02:21 on dist-test-slave-1nl6"
I20260812 08:02:21.066359  9783 fs_report.cc:389] FS layout report
--------------------
wal directory: /tmp/dist-test-task_3SyAK/test-tmp/prometheus_auth-itest.0.PrometheusTokenITest.TestCorrectTokenSdAndScrapeSucceed.1786521680053065-5728-0/minicluster-data/master-2/wal
metadata directory: /tmp/dist-test-task_3SyAK/test-tmp/prometheus_auth-itest.0.PrometheusTokenITest.TestCorrectTokenSdAndScrapeSucceed.1786521680053065-5728-0/minicluster-data/master-2/wal
1 data directories: /tmp/dist-test-task_3SyAK/test-tmp/prometheus_auth-itest.0.PrometheusTokenITest.TestCorrectTokenSdAndScrapeSucceed.1786521680053065-5728-0/minicluster-data/master-2/data/data
Total live blocks: 0
Total live bytes: 0
Total live bytes (after alignment): 0
Total number of LBM containers: 0 (0 full)
Did not check for missing blocks
Did not check for orphaned blocks
Total full LBM containers with extra space: 0 (0 repaired)
Total full LBM container extra space in bytes: 0 (0 repaired)
Total incomplete LBM containers: 0 (0 repaired)
Total LBM partial records: 0 (0 repaired)
Total corrupted LBM metadata records in RocksDB: 0 (0 repaired)
I20260812 08:02:21.083400  9783 rpc_server.cc:225] running with OpenSSL 1.1.1  11 Sep 2018
I20260812 08:02:21.086143  9783 env_posix.cc:2285] Not raising this process' running threads per effective uid limit of 18446744073709551615; it is already as high as it can go
I20260812 08:02:21.086298  9783 kserver.cc:163] Server-wide thread pool size limit: 3276
I20260812 08:02:21.086573  9632 consensus_peers.cc:770] Retrying to get permanent uuid for remote peer: member_type: VOTER last_known_addr { host: "127.5.152.60" port: 43787 } attempt: 3
W20260812 08:02:21.088078  9632 consensus_peers.cc:760] Error getting permanent uuid from config peer 127.5.152.60:43787: Network error: Client connection negotiation failed: client connection to 127.5.152.60:43787: connect: Connection refused (error 111)
I20260812 08:02:21.094226  9783 rpc_server.cc:307] RPC server started. Bound to: 127.5.152.60:43787
I20260812 08:02:21.094244  9893 acceptor_pool.cc:272] collecting diagnostics on the listening RPC socket 127.5.152.60:43787 every 8 connection(s)
I20260812 08:02:21.095340  9783 server_base.cc:1193] Dumped server information to /tmp/dist-test-task_3SyAK/test-tmp/prometheus_auth-itest.0.PrometheusTokenITest.TestCorrectTokenSdAndScrapeSucceed.1786521680053065-5728-0/minicluster-data/master-2/data/info.pb
I20260812 08:02:21.097533  9771 consensus_peers.cc:770] Retrying to get permanent uuid for remote peer: member_type: VOTER last_known_addr { host: "127.5.152.60" port: 43787 } attempt: 3
I20260812 08:02:21.098230  9895 data_dirs.cc:400] Could only allocate 1 dirs of requested 3 for tablet 00000000000000000000000000000000. 1 dirs total, 0 dirs full, 0 dirs failed
I20260812 08:02:21.101991  9895 sys_catalog.cc:422] member_type: VOTER last_known_addr { host: "127.5.152.62" port: 44801 } has no permanent_uuid. Determining permanent_uuid...
I20260812 08:02:21.103228  5728 external_mini_cluster.cc:1434] Started /tmp/dist-test-task_3SyAK/build/debug/bin/kudu as pid 9783
I20260812 08:02:21.103380  5728 external_mini_cluster.cc:1448] Reading /tmp/dist-test-task_3SyAK/test-tmp/prometheus_auth-itest.0.PrometheusTokenITest.TestCorrectTokenSdAndScrapeSucceed.1786521680053065-5728-0/minicluster-data/master-2/wal/instance
Aug 12 08:02:21 dist-test-slave-1nl6 krb5kdc[9480](info): TGS_REQ (2 etypes {17 16}) 127.0.0.1: ISSUE: authtime 1786521740, etypes {rep=17 tkt=17 ses=17}, kudu/127.5.152.61@KRBTEST.COM for kudu/127.5.152.60@KRBTEST.COM
Aug 12 08:02:21 dist-test-slave-1nl6 krb5kdc[9480](info): TGS_REQ (2 etypes {17 16}) 127.0.0.1: ISSUE: authtime 1786521741, etypes {rep=17 tkt=17 ses=17}, kudu/127.5.152.60@KRBTEST.COM for kudu/127.5.152.62@KRBTEST.COM
Aug 12 08:02:21 dist-test-slave-1nl6 krb5kdc[9480](info): TGS_REQ (2 etypes {17 16}) 127.0.0.1: ISSUE: authtime 1786521740, etypes {rep=17 tkt=17 ses=17}, test-admin@KRBTEST.COM for kudu/127.5.152.62@KRBTEST.COM
I20260812 08:02:21.115118  9771 tablet_bootstrap.cc:492] T 00000000000000000000000000000000 P f32371f38f7740cf9777099de4da5f5d: Bootstrap starting.
I20260812 08:02:21.115911  9895 sys_catalog.cc:422] member_type: VOTER last_known_addr { host: "127.5.152.61" port: 43393 } has no permanent_uuid. Determining permanent_uuid...
I20260812 08:02:21.118044  9771 tablet_bootstrap.cc:654] T 00000000000000000000000000000000 P f32371f38f7740cf9777099de4da5f5d: Neither blocks nor log segments found. Creating new log.
I20260812 08:02:21.119004  9771 log.cc:826] T 00000000000000000000000000000000 P f32371f38f7740cf9777099de4da5f5d: Log is configured to *not* fsync() on all Append() calls
I20260812 08:02:21.123063  9771 tablet_bootstrap.cc:492] T 00000000000000000000000000000000 P f32371f38f7740cf9777099de4da5f5d: No bootstrap required, opened a new log
Aug 12 08:02:21 dist-test-slave-1nl6 krb5kdc[9480](info): TGS_REQ (2 etypes {17 16}) 127.0.0.1: ISSUE: authtime 1786521740, etypes {rep=17 tkt=17 ses=17}, test-admin@KRBTEST.COM for kudu/127.5.152.61@KRBTEST.COM
Aug 12 08:02:21 dist-test-slave-1nl6 krb5kdc[9480](info): TGS_REQ (2 etypes {17 16}) 127.0.0.1: ISSUE: authtime 1786521741, etypes {rep=17 tkt=17 ses=17}, kudu/127.5.152.60@KRBTEST.COM for kudu/127.5.152.61@KRBTEST.COM
I20260812 08:02:21.126541  9771 raft_consensus.cc:359] T 00000000000000000000000000000000 P f32371f38f7740cf9777099de4da5f5d [term 0 FOLLOWER]: Replica starting. Triggering 0 pending ops. Active config: opid_index: -1 OBSOLETE_local: false peers { permanent_uuid: "f4eb4177e35b4b8c80126a1008493c9b" member_type: VOTER last_known_addr { host: "127.5.152.62" port: 44801 } } peers { permanent_uuid: "f32371f38f7740cf9777099de4da5f5d" member_type: VOTER last_known_addr { host: "127.5.152.61" port: 43393 } } peers { permanent_uuid: "2e6d84e4240844e8adac563da95dd8c9" member_type: VOTER last_known_addr { host: "127.5.152.60" port: 43787 } }
I20260812 08:02:21.126740  9771 raft_consensus.cc:385] T 00000000000000000000000000000000 P f32371f38f7740cf9777099de4da5f5d [term 0 FOLLOWER]: Consensus starting up: Expiring failure detector timer to make a prompt election more likely
I20260812 08:02:21.126807  9771 raft_consensus.cc:740] T 00000000000000000000000000000000 P f32371f38f7740cf9777099de4da5f5d [term 0 FOLLOWER]: Becoming Follower/Learner. State: Replica: f32371f38f7740cf9777099de4da5f5d, State: Initialized, Role: FOLLOWER
I20260812 08:02:21.127312  9771 consensus_queue.cc:260] T 00000000000000000000000000000000 P f32371f38f7740cf9777099de4da5f5d [NON_LEADER]: Queue going to NON_LEADER mode. State: All replicated index: 0, Majority replicated index: 0, Committed index: 0, Last appended: 0.0, Last appended by leader: 0, Current term: 0, Majority size: -1, State: 0, Mode: NON_LEADER, active raft config: opid_index: -1 OBSOLETE_local: false peers { permanent_uuid: "f4eb4177e35b4b8c80126a1008493c9b" member_type: VOTER last_known_addr { host: "127.5.152.62" port: 44801 } } peers { permanent_uuid: "f32371f38f7740cf9777099de4da5f5d" member_type: VOTER last_known_addr { host: "127.5.152.61" port: 43393 } } peers { permanent_uuid: "2e6d84e4240844e8adac563da95dd8c9" member_type: VOTER last_known_addr { host: "127.5.152.60" port: 43787 } }
I20260812 08:02:21.127782  9907 sys_catalog.cc:455] T 00000000000000000000000000000000 P f32371f38f7740cf9777099de4da5f5d [sys.catalog]: SysCatalogTable state changed. Reason: RaftConsensus started. Latest consensus state: current_term: 0 committed_config { opid_index: -1 OBSOLETE_local: false peers { permanent_uuid: "f4eb4177e35b4b8c80126a1008493c9b" member_type: VOTER last_known_addr { host: "127.5.152.62" port: 44801 } } peers { permanent_uuid: "f32371f38f7740cf9777099de4da5f5d" member_type: VOTER last_known_addr { host: "127.5.152.61" port: 43393 } } peers { permanent_uuid: "2e6d84e4240844e8adac563da95dd8c9" member_type: VOTER last_known_addr { host: "127.5.152.60" port: 43787 } } }
I20260812 08:02:21.127926  9907 sys_catalog.cc:458] T 00000000000000000000000000000000 P f32371f38f7740cf9777099de4da5f5d [sys.catalog]: This master's current role is: FOLLOWER
I20260812 08:02:21.128559  9771 sys_catalog.cc:565] T 00000000000000000000000000000000 P f32371f38f7740cf9777099de4da5f5d [sys.catalog]: configured and running, proceeding with master startup.
I20260812 08:02:21.130950  9895 sys_catalog.cc:422] member_type: VOTER last_known_addr { host: "127.5.152.60" port: 43787 } has no permanent_uuid. Determining permanent_uuid...
W20260812 08:02:21.134418  9922 catalog_manager.cc:1594] T 00000000000000000000000000000000 P f32371f38f7740cf9777099de4da5f5d: loading cluster ID for follower catalog manager: Not found: cluster ID entry not found
W20260812 08:02:21.134491  9922 catalog_manager.cc:883] Not found: cluster ID entry not found: failed to prepare follower catalog manager, will retry
I20260812 08:02:21.132652  9645 master_runner.cc:187] Error getting master registration for 127.5.152.62:44801: OK, instance_id { permanent_uuid: "f4eb4177e35b4b8c80126a1008493c9b" instance_seqno: 1786521740616626 } error { code: CATALOG_MANAGER_NOT_INITIALIZED status { code: SERVICE_UNAVAILABLE message: "Catalog manager is not initialized. State: Starting" } }
I20260812 08:02:21.134868  9645 master_runner.cc:419] Couldn't verify the masters in the cluster. Trying again...
Aug 12 08:02:21 dist-test-slave-1nl6 krb5kdc[9480](info): TGS_REQ (2 etypes {17 16}) 127.0.0.1: ISSUE: authtime 1786521741, etypes {rep=17 tkt=17 ses=17}, kudu/127.5.152.60@KRBTEST.COM for kudu/127.5.152.60@KRBTEST.COM
Aug 12 08:02:21 dist-test-slave-1nl6 krb5kdc[9480](info): TGS_REQ (2 etypes {17 16}) 127.0.0.1: ISSUE: authtime 1786521740, etypes {rep=17 tkt=17 ses=17}, test-admin@KRBTEST.COM for kudu/127.5.152.60@KRBTEST.COM
I20260812 08:02:21.142825  9895 tablet_bootstrap.cc:492] T 00000000000000000000000000000000 P 2e6d84e4240844e8adac563da95dd8c9: Bootstrap starting.
I20260812 08:02:21.145308  9895 tablet_bootstrap.cc:654] T 00000000000000000000000000000000 P 2e6d84e4240844e8adac563da95dd8c9: Neither blocks nor log segments found. Creating new log.
