I20260812 08:03:32.550434 29105 raft_consensus.cc:3060] T 10288847203249288c5ea108e9c593c2 P a6a3705d07b441a695cd58e4a5ce47d4 [term 0 FOLLOWER]: Advancing to term 1
I20260812 08:03:32.550434 28951 tablet_service.cc:1917] Received RequestConsensusVote() RPC: tablet_id: "10288847203249288c5ea108e9c593c2" candidate_uuid: "a5808eb9365d4f4b857c8d7dcf018188" candidate_term: 1 candidate_status { last_received { term: 0 index: 0 } } ignore_live_leader: false dest_uuid: "381968ca29a146149db6810e6fe112b8"
I20260812 08:03:32.550567 28951 raft_consensus.cc:3060] T 10288847203249288c5ea108e9c593c2 P 381968ca29a146149db6810e6fe112b8 [term 0 FOLLOWER]: Advancing to term 1
I20260812 08:03:32.551481 28951 raft_consensus.cc:2468] T 10288847203249288c5ea108e9c593c2 P 381968ca29a146149db6810e6fe112b8 [term 1 FOLLOWER]: Leader election vote request: Granting yes vote for candidate a5808eb9365d4f4b857c8d7dcf018188 in term 1.
I20260812 08:03:32.551481 29105 raft_consensus.cc:2468] T 10288847203249288c5ea108e9c593c2 P a6a3705d07b441a695cd58e4a5ce47d4 [term 1 FOLLOWER]: Leader election vote request: Granting yes vote for candidate a5808eb9365d4f4b857c8d7dcf018188 in term 1.
I20260812 08:03:32.551872 28757 leader_election.cc:304] T 10288847203249288c5ea108e9c593c2 P a5808eb9365d4f4b857c8d7dcf018188 [CANDIDATE]: Term 1 election: Election decided. Result: candidate won. Election summary: received 2 responses out of 3 voters: 2 yes votes; 0 no votes. yes voters: 381968ca29a146149db6810e6fe112b8, a5808eb9365d4f4b857c8d7dcf018188; no voters: 
I20260812 08:03:32.552104 29194 raft_consensus.cc:2804] T 10288847203249288c5ea108e9c593c2 P a5808eb9365d4f4b857c8d7dcf018188 [term 1 FOLLOWER]: Leader election won for term 1
I20260812 08:03:32.552260 29194 raft_consensus.cc:697] T 10288847203249288c5ea108e9c593c2 P a5808eb9365d4f4b857c8d7dcf018188 [term 1 LEADER]: Becoming Leader. State: Replica: a5808eb9365d4f4b857c8d7dcf018188, State: Running, Role: LEADER
I20260812 08:03:32.552449 29194 consensus_queue.cc:237] T 10288847203249288c5ea108e9c593c2 P a5808eb9365d4f4b857c8d7dcf018188 [LEADER]: Queue going to LEADER mode. State: All replicated index: 0, Majority replicated index: 0, Committed index: 0, Last appended: 0.0, Last appended by leader: 0, Current term: 1, Majority size: 2, State: 0, Mode: LEADER, active raft config: opid_index: -1 OBSOLETE_local: false peers { permanent_uuid: "a5808eb9365d4f4b857c8d7dcf018188" member_type: VOTER last_known_addr { host: "127.24.203.129" port: 34295 } } peers { permanent_uuid: "381968ca29a146149db6810e6fe112b8" member_type: VOTER last_known_addr { host: "127.24.203.130" port: 32775 } } peers { permanent_uuid: "a6a3705d07b441a695cd58e4a5ce47d4" member_type: VOTER last_known_addr { host: "127.24.203.131" port: 43973 } }
I20260812 08:03:32.554205 28323 catalog_manager.cc:5719] T 10288847203249288c5ea108e9c593c2 P a5808eb9365d4f4b857c8d7dcf018188 reported cstate change: term changed from 0 to 1, leader changed from <none> to a5808eb9365d4f4b857c8d7dcf018188 (127.24.203.129). New cstate: current_term: 1 leader_uuid: "a5808eb9365d4f4b857c8d7dcf018188" committed_config { opid_index: -1 OBSOLETE_local: false peers { permanent_uuid: "a5808eb9365d4f4b857c8d7dcf018188" member_type: VOTER last_known_addr { host: "127.24.203.129" port: 34295 } health_report { overall_health: HEALTHY } } peers { permanent_uuid: "381968ca29a146149db6810e6fe112b8" member_type: VOTER last_known_addr { host: "127.24.203.130" port: 32775 } health_report { overall_health: UNKNOWN } } peers { permanent_uuid: "a6a3705d07b441a695cd58e4a5ce47d4" member_type: VOTER last_known_addr { host: "127.24.203.131" port: 43973 } health_report { overall_health: UNKNOWN } } }
I20260812 08:03:32.568131 29194 raft_consensus.cc:493] T 88b7b6049e7645179b945647e4d5d1cd P a5808eb9365d4f4b857c8d7dcf018188 [term 0 FOLLOWER]: Starting pre-election (no leader contacted us within the election timeout)
I20260812 08:03:32.568238 29194 raft_consensus.cc:515] T 88b7b6049e7645179b945647e4d5d1cd P a5808eb9365d4f4b857c8d7dcf018188 [term 0 FOLLOWER]: Starting pre-election with config: opid_index: -1 OBSOLETE_local: false peers { permanent_uuid: "a5808eb9365d4f4b857c8d7dcf018188" member_type: VOTER last_known_addr { host: "127.24.203.129" port: 34295 } } peers { permanent_uuid: "381968ca29a146149db6810e6fe112b8" member_type: VOTER last_known_addr { host: "127.24.203.130" port: 32775 } } peers { permanent_uuid: "a6a3705d07b441a695cd58e4a5ce47d4" member_type: VOTER last_known_addr { host: "127.24.203.131" port: 43973 } }
I20260812 08:03:32.568650 29194 leader_election.cc:290] T 88b7b6049e7645179b945647e4d5d1cd P a5808eb9365d4f4b857c8d7dcf018188 [CANDIDATE]: Term 1 pre-election: Requested pre-vote from peers 381968ca29a146149db6810e6fe112b8 (127.24.203.130:32775), a6a3705d07b441a695cd58e4a5ce47d4 (127.24.203.131:43973)
I20260812 08:03:32.568972 28951 tablet_service.cc:1917] Received RequestConsensusVote() RPC: tablet_id: "88b7b6049e7645179b945647e4d5d1cd" candidate_uuid: "a5808eb9365d4f4b857c8d7dcf018188" candidate_term: 1 candidate_status { last_received { term: 0 index: 0 } } ignore_live_leader: false dest_uuid: "381968ca29a146149db6810e6fe112b8" is_pre_election: true
I20260812 08:03:32.569011 29105 tablet_service.cc:1917] Received RequestConsensusVote() RPC: tablet_id: "88b7b6049e7645179b945647e4d5d1cd" candidate_uuid: "a5808eb9365d4f4b857c8d7dcf018188" candidate_term: 1 candidate_status { last_received { term: 0 index: 0 } } ignore_live_leader: false dest_uuid: "a6a3705d07b441a695cd58e4a5ce47d4" is_pre_election: true
I20260812 08:03:32.569119 28951 raft_consensus.cc:2468] T 88b7b6049e7645179b945647e4d5d1cd P 381968ca29a146149db6810e6fe112b8 [term 0 FOLLOWER]: Leader pre-election vote request: Granting yes vote for candidate a5808eb9365d4f4b857c8d7dcf018188 in term 0.
I20260812 08:03:32.569161 29105 raft_consensus.cc:2468] T 88b7b6049e7645179b945647e4d5d1cd P a6a3705d07b441a695cd58e4a5ce47d4 [term 0 FOLLOWER]: Leader pre-election vote request: Granting yes vote for candidate a5808eb9365d4f4b857c8d7dcf018188 in term 0.
I20260812 08:03:32.569458 28757 leader_election.cc:304] T 88b7b6049e7645179b945647e4d5d1cd P a5808eb9365d4f4b857c8d7dcf018188 [CANDIDATE]: Term 1 pre-election: Election decided. Result: candidate won. Election summary: received 2 responses out of 3 voters: 2 yes votes; 0 no votes. yes voters: 381968ca29a146149db6810e6fe112b8, a5808eb9365d4f4b857c8d7dcf018188; no voters: 
I20260812 08:03:32.569625 29194 raft_consensus.cc:2804] T 88b7b6049e7645179b945647e4d5d1cd P a5808eb9365d4f4b857c8d7dcf018188 [term 0 FOLLOWER]: Leader pre-election won for term 1
I20260812 08:03:32.569698 29194 raft_consensus.cc:493] T 88b7b6049e7645179b945647e4d5d1cd P a5808eb9365d4f4b857c8d7dcf018188 [term 0 FOLLOWER]: Starting leader election (no leader contacted us within the election timeout)
I20260812 08:03:32.569769 29194 raft_consensus.cc:3060] T 88b7b6049e7645179b945647e4d5d1cd P a5808eb9365d4f4b857c8d7dcf018188 [term 0 FOLLOWER]: Advancing to term 1
I20260812 08:03:32.570559 29194 raft_consensus.cc:515] T 88b7b6049e7645179b945647e4d5d1cd P a5808eb9365d4f4b857c8d7dcf018188 [term 1 FOLLOWER]: Starting leader election with config: opid_index: -1 OBSOLETE_local: false peers { permanent_uuid: "a5808eb9365d4f4b857c8d7dcf018188" member_type: VOTER last_known_addr { host: "127.24.203.129" port: 34295 } } peers { permanent_uuid: "381968ca29a146149db6810e6fe112b8" member_type: VOTER last_known_addr { host: "127.24.203.130" port: 32775 } } peers { permanent_uuid: "a6a3705d07b441a695cd58e4a5ce47d4" member_type: VOTER last_known_addr { host: "127.24.203.131" port: 43973 } }
I20260812 08:03:32.570940 29194 leader_election.cc:290] T 88b7b6049e7645179b945647e4d5d1cd P a5808eb9365d4f4b857c8d7dcf018188 [CANDIDATE]: Term 1 election: Requested vote from peers 381968ca29a146149db6810e6fe112b8 (127.24.203.130:32775), a6a3705d07b441a695cd58e4a5ce47d4 (127.24.203.131:43973)
I20260812 08:03:32.571213 28951 tablet_service.cc:1917] Received RequestConsensusVote() RPC: tablet_id: "88b7b6049e7645179b945647e4d5d1cd" candidate_uuid: "a5808eb9365d4f4b857c8d7dcf018188" candidate_term: 1 candidate_status { last_received { term: 0 index: 0 } } ignore_live_leader: false dest_uuid: "381968ca29a146149db6810e6fe112b8"
I20260812 08:03:32.571281 29105 tablet_service.cc:1917] Received RequestConsensusVote() RPC: tablet_id: "88b7b6049e7645179b945647e4d5d1cd" candidate_uuid: "a5808eb9365d4f4b857c8d7dcf018188" candidate_term: 1 candidate_status { last_received { term: 0 index: 0 } } ignore_live_leader: false dest_uuid: "a6a3705d07b441a695cd58e4a5ce47d4"
I20260812 08:03:32.571324 28951 raft_consensus.cc:3060] T 88b7b6049e7645179b945647e4d5d1cd P 381968ca29a146149db6810e6fe112b8 [term 0 FOLLOWER]: Advancing to term 1
I20260812 08:03:32.571409 29105 raft_consensus.cc:3060] T 88b7b6049e7645179b945647e4d5d1cd P a6a3705d07b441a695cd58e4a5ce47d4 [term 0 FOLLOWER]: Advancing to term 1
I20260812 08:03:32.572149 28951 raft_consensus.cc:2468] T 88b7b6049e7645179b945647e4d5d1cd P 381968ca29a146149db6810e6fe112b8 [term 1 FOLLOWER]: Leader election vote request: Granting yes vote for candidate a5808eb9365d4f4b857c8d7dcf018188 in term 1.
I20260812 08:03:32.572324 29105 raft_consensus.cc:2468] T 88b7b6049e7645179b945647e4d5d1cd P a6a3705d07b441a695cd58e4a5ce47d4 [term 1 FOLLOWER]: Leader election vote request: Granting yes vote for candidate a5808eb9365d4f4b857c8d7dcf018188 in term 1.
I20260812 08:03:32.572456 28757 leader_election.cc:304] T 88b7b6049e7645179b945647e4d5d1cd P a5808eb9365d4f4b857c8d7dcf018188 [CANDIDATE]: Term 1 election: Election decided. Result: candidate won. Election summary: received 2 responses out of 3 voters: 2 yes votes; 0 no votes. yes voters: 381968ca29a146149db6810e6fe112b8, a5808eb9365d4f4b857c8d7dcf018188; no voters: 
I20260812 08:03:32.572626 29194 raft_consensus.cc:2804] T 88b7b6049e7645179b945647e4d5d1cd P a5808eb9365d4f4b857c8d7dcf018188 [term 1 FOLLOWER]: Leader election won for term 1
I20260812 08:03:32.572751 29194 raft_consensus.cc:697] T 88b7b6049e7645179b945647e4d5d1cd P a5808eb9365d4f4b857c8d7dcf018188 [term 1 LEADER]: Becoming Leader. State: Replica: a5808eb9365d4f4b857c8d7dcf018188, State: Running, Role: LEADER
I20260812 08:03:32.572901 29194 consensus_queue.cc:237] T 88b7b6049e7645179b945647e4d5d1cd P a5808eb9365d4f4b857c8d7dcf018188 [LEADER]: Queue going to LEADER mode. State: All replicated index: 0, Majority replicated index: 0, Committed index: 0, Last appended: 0.0, Last appended by leader: 0, Current term: 1, Majority size: 2, State: 0, Mode: LEADER, active raft config: opid_index: -1 OBSOLETE_local: false peers { permanent_uuid: "a5808eb9365d4f4b857c8d7dcf018188" member_type: VOTER last_known_addr { host: "127.24.203.129" port: 34295 } } peers { permanent_uuid: "381968ca29a146149db6810e6fe112b8" member_type: VOTER last_known_addr { host: "127.24.203.130" port: 32775 } } peers { permanent_uuid: "a6a3705d07b441a695cd58e4a5ce47d4" member_type: VOTER last_known_addr { host: "127.24.203.131" port: 43973 } }
I20260812 08:03:32.574573 28323 catalog_manager.cc:5719] T 88b7b6049e7645179b945647e4d5d1cd P a5808eb9365d4f4b857c8d7dcf018188 reported cstate change: term changed from 0 to 1, leader changed from <none> to a5808eb9365d4f4b857c8d7dcf018188 (127.24.203.129). New cstate: current_term: 1 leader_uuid: "a5808eb9365d4f4b857c8d7dcf018188" committed_config { opid_index: -1 OBSOLETE_local: false peers { permanent_uuid: "a5808eb9365d4f4b857c8d7dcf018188" member_type: VOTER last_known_addr { host: "127.24.203.129" port: 34295 } health_report { overall_health: HEALTHY } } peers { permanent_uuid: "381968ca29a146149db6810e6fe112b8" member_type: VOTER last_known_addr { host: "127.24.203.130" port: 32775 } health_report { overall_health: UNKNOWN } } peers { permanent_uuid: "a6a3705d07b441a695cd58e4a5ce47d4" member_type: VOTER last_known_addr { host: "127.24.203.131" port: 43973 } health_report { overall_health: UNKNOWN } } }
I20260812 08:03:32.603487 29211 consensus_queue.cc:1048] T dd4fb7ba7b8743bba9020a25dbc49917 P a6a3705d07b441a695cd58e4a5ce47d4 [LEADER]: Connected to new peer: Peer: permanent_uuid: "381968ca29a146149db6810e6fe112b8" member_type: VOTER last_known_addr { host: "127.24.203.130" port: 32775 }, Status: LMP_MISMATCH, Last received: 0.0, Next index: 1, Last known committed idx: 0, Time since last communication: 0.000s
I20260812 08:03:32.608753 29195 consensus_queue.cc:1048] T dd4fb7ba7b8743bba9020a25dbc49917 P a6a3705d07b441a695cd58e4a5ce47d4 [LEADER]: Connected to new peer: Peer: permanent_uuid: "a5808eb9365d4f4b857c8d7dcf018188" member_type: VOTER last_known_addr { host: "127.24.203.129" port: 34295 }, Status: LMP_MISMATCH, Last received: 0.0, Next index: 1, Last known committed idx: 0, Time since last communication: 0.000s
I20260812 08:03:32.619504 29105 raft_consensus.cc:1275] T 10288847203249288c5ea108e9c593c2 P a6a3705d07b441a695cd58e4a5ce47d4 [term 1 FOLLOWER]: Refusing update from remote peer a5808eb9365d4f4b857c8d7dcf018188: Log matching property violated. Preceding OpId in replica: term: 0 index: 0. Preceding OpId from leader: term: 1 index: 2. (index mismatch)
I20260812 08:03:32.619853 29104 raft_consensus.cc:1275] T 88b7b6049e7645179b945647e4d5d1cd P a6a3705d07b441a695cd58e4a5ce47d4 [term 1 FOLLOWER]: Refusing update from remote peer a5808eb9365d4f4b857c8d7dcf018188: Log matching property violated. Preceding OpId in replica: term: 0 index: 0. Preceding OpId from leader: term: 1 index: 2. (index mismatch)
I20260812 08:03:32.621438 29194 consensus_queue.cc:1048] T 10288847203249288c5ea108e9c593c2 P a5808eb9365d4f4b857c8d7dcf018188 [LEADER]: Connected to new peer: Peer: permanent_uuid: "a6a3705d07b441a695cd58e4a5ce47d4" member_type: VOTER last_known_addr { host: "127.24.203.131" port: 43973 }, Status: LMP_MISMATCH, Last received: 0.0, Next index: 1, Last known committed idx: 0, Time since last communication: 0.000s
I20260812 08:03:32.621755 29194 consensus_queue.cc:1048] T 88b7b6049e7645179b945647e4d5d1cd P a5808eb9365d4f4b857c8d7dcf018188 [LEADER]: Connected to new peer: Peer: permanent_uuid: "a6a3705d07b441a695cd58e4a5ce47d4" member_type: VOTER last_known_addr { host: "127.24.203.131" port: 43973 }, Status: LMP_MISMATCH, Last received: 0.0, Next index: 1, Last known committed idx: 0, Time since last communication: 0.000s
I20260812 08:03:32.622761 28950 raft_consensus.cc:1275] T 88b7b6049e7645179b945647e4d5d1cd P 381968ca29a146149db6810e6fe112b8 [term 1 FOLLOWER]: Refusing update from remote peer a5808eb9365d4f4b857c8d7dcf018188: Log matching property violated. Preceding OpId in replica: term: 0 index: 0. Preceding OpId from leader: term: 1 index: 2. (index mismatch)
I20260812 08:03:32.623273 29206 consensus_queue.cc:1048] T 88b7b6049e7645179b945647e4d5d1cd P a5808eb9365d4f4b857c8d7dcf018188 [LEADER]: Connected to new peer: Peer: permanent_uuid: "381968ca29a146149db6810e6fe112b8" member_type: VOTER last_known_addr { host: "127.24.203.130" port: 32775 }, Status: LMP_MISMATCH, Last received: 0.0, Next index: 1, Last known committed idx: 0, Time since last communication: 0.000s
I20260812 08:03:32.624181 28951 raft_consensus.cc:1275] T 10288847203249288c5ea108e9c593c2 P 381968ca29a146149db6810e6fe112b8 [term 1 FOLLOWER]: Refusing update from remote peer a5808eb9365d4f4b857c8d7dcf018188: Log matching property violated. Preceding OpId in replica: term: 0 index: 0. Preceding OpId from leader: term: 1 index: 2. (index mismatch)
I20260812 08:03:32.624841 29206 consensus_queue.cc:1048] T 10288847203249288c5ea108e9c593c2 P a5808eb9365d4f4b857c8d7dcf018188 [LEADER]: Connected to new peer: Peer: permanent_uuid: "381968ca29a146149db6810e6fe112b8" member_type: VOTER last_known_addr { host: "127.24.203.130" port: 32775 }, Status: LMP_MISMATCH, Last received: 0.0, Next index: 1, Last known committed idx: 0, Time since last communication: 0.000s
I20260812 08:03:32.649552 28823 tablet_service.cc:2072] Received LeaderStepDown RPC: tablet_id: "10288847203249288c5ea108e9c593c2"
dest_uuid: "a5808eb9365d4f4b857c8d7dcf018188"
 from {username='slave'} at 127.0.0.1:54610
I20260812 08:03:32.649747 28823 raft_consensus.cc:591] T 10288847203249288c5ea108e9c593c2 P a5808eb9365d4f4b857c8d7dcf018188 [term 1 LEADER]: Received request to step down
I20260812 08:03:32.649827 28823 raft_consensus.cc:3055] T 10288847203249288c5ea108e9c593c2 P a5808eb9365d4f4b857c8d7dcf018188 [term 1 LEADER]: Stepping down as leader of term 1
I20260812 08:03:32.649873 28823 raft_consensus.cc:740] T 10288847203249288c5ea108e9c593c2 P a5808eb9365d4f4b857c8d7dcf018188 [term 1 LEADER]: Becoming Follower/Learner. State: Replica: a5808eb9365d4f4b857c8d7dcf018188, State: Running, Role: LEADER
I20260812 08:03:32.650063 28823 consensus_queue.cc:260] T 10288847203249288c5ea108e9c593c2 P a5808eb9365d4f4b857c8d7dcf018188 [NON_LEADER]: Queue going to NON_LEADER mode. State: All replicated index: 0, Majority replicated index: 2, Committed index: 2, Last appended: 1.2, Last appended by leader: 2, Current term: 1, Majority size: -1, State: 0, Mode: NON_LEADER, active raft config: opid_index: -1 OBSOLETE_local: false peers { permanent_uuid: "a5808eb9365d4f4b857c8d7dcf018188" member_type: VOTER last_known_addr { host: "127.24.203.129" port: 34295 } } peers { permanent_uuid: "381968ca29a146149db6810e6fe112b8" member_type: VOTER last_known_addr { host: "127.24.203.130" port: 32775 } } peers { permanent_uuid: "a6a3705d07b441a695cd58e4a5ce47d4" member_type: VOTER last_known_addr { host: "127.24.203.131" port: 43973 } }
I20260812 08:03:32.650259 28823 raft_consensus.cc:3060] T 10288847203249288c5ea108e9c593c2 P a5808eb9365d4f4b857c8d7dcf018188 [term 1 FOLLOWER]: Advancing to term 2
I20260812 08:03:32.832427 29201 raft_consensus.cc:493] T 10288847203249288c5ea108e9c593c2 P a6a3705d07b441a695cd58e4a5ce47d4 [term 1 FOLLOWER]: Starting pre-election (detected failure of leader a5808eb9365d4f4b857c8d7dcf018188)
I20260812 08:03:32.832612 29201 raft_consensus.cc:515] T 10288847203249288c5ea108e9c593c2 P a6a3705d07b441a695cd58e4a5ce47d4 [term 1 FOLLOWER]: Starting pre-election with config: opid_index: -1 OBSOLETE_local: false peers { permanent_uuid: "a5808eb9365d4f4b857c8d7dcf018188" member_type: VOTER last_known_addr { host: "127.24.203.129" port: 34295 } } peers { permanent_uuid: "381968ca29a146149db6810e6fe112b8" member_type: VOTER last_known_addr { host: "127.24.203.130" port: 32775 } } peers { permanent_uuid: "a6a3705d07b441a695cd58e4a5ce47d4" member_type: VOTER last_known_addr { host: "127.24.203.131" port: 43973 } }
I20260812 08:03:32.833140 29201 leader_election.cc:290] T 10288847203249288c5ea108e9c593c2 P a6a3705d07b441a695cd58e4a5ce47d4 [CANDIDATE]: Term 2 pre-election: Requested pre-vote from peers a5808eb9365d4f4b857c8d7dcf018188 (127.24.203.129:34295), 381968ca29a146149db6810e6fe112b8 (127.24.203.130:32775)
I20260812 08:03:32.833588 28823 tablet_service.cc:1917] Received RequestConsensusVote() RPC: tablet_id: "10288847203249288c5ea108e9c593c2" candidate_uuid: "a6a3705d07b441a695cd58e4a5ce47d4" candidate_term: 2 candidate_status { last_received { term: 1 index: 2 } } ignore_live_leader: false dest_uuid: "a5808eb9365d4f4b857c8d7dcf018188" is_pre_election: true
I20260812 08:03:32.833608 28950 tablet_service.cc:1917] Received RequestConsensusVote() RPC: tablet_id: "10288847203249288c5ea108e9c593c2" candidate_uuid: "a6a3705d07b441a695cd58e4a5ce47d4" candidate_term: 2 candidate_status { last_received { term: 1 index: 2 } } ignore_live_leader: false dest_uuid: "381968ca29a146149db6810e6fe112b8" is_pre_election: true
I20260812 08:03:32.833760 28823 raft_consensus.cc:2468] T 10288847203249288c5ea108e9c593c2 P a5808eb9365d4f4b857c8d7dcf018188 [term 2 FOLLOWER]: Leader pre-election vote request: Granting yes vote for candidate a6a3705d07b441a695cd58e4a5ce47d4 in term 2.
I20260812 08:03:32.834128 29040 leader_election.cc:304] T 10288847203249288c5ea108e9c593c2 P a6a3705d07b441a695cd58e4a5ce47d4 [CANDIDATE]: Term 2 pre-election: Election decided. Result: candidate won. Election summary: received 2 responses out of 3 voters: 2 yes votes; 0 no votes. yes voters: a5808eb9365d4f4b857c8d7dcf018188, a6a3705d07b441a695cd58e4a5ce47d4; no voters: 
I20260812 08:03:32.834331 29201 raft_consensus.cc:2804] T 10288847203249288c5ea108e9c593c2 P a6a3705d07b441a695cd58e4a5ce47d4 [term 1 FOLLOWER]: Leader pre-election won for term 2
I20260812 08:03:32.834405 29201 raft_consensus.cc:493] T 10288847203249288c5ea108e9c593c2 P a6a3705d07b441a695cd58e4a5ce47d4 [term 1 FOLLOWER]: Starting leader election (detected failure of leader a5808eb9365d4f4b857c8d7dcf018188)
I20260812 08:03:32.834463 29201 raft_consensus.cc:3060] T 10288847203249288c5ea108e9c593c2 P a6a3705d07b441a695cd58e4a5ce47d4 [term 1 FOLLOWER]: Advancing to term 2
I20260812 08:03:32.835397 29201 raft_consensus.cc:515] T 10288847203249288c5ea108e9c593c2 P a6a3705d07b441a695cd58e4a5ce47d4 [term 2 FOLLOWER]: Starting leader election with config: opid_index: -1 OBSOLETE_local: false peers { permanent_uuid: "a5808eb9365d4f4b857c8d7dcf018188" member_type: VOTER last_known_addr { host: "127.24.203.129" port: 34295 } } peers { permanent_uuid: "381968ca29a146149db6810e6fe112b8" member_type: VOTER last_known_addr { host: "127.24.203.130" port: 32775 } } peers { permanent_uuid: "a6a3705d07b441a695cd58e4a5ce47d4" member_type: VOTER last_known_addr { host: "127.24.203.131" port: 43973 } }
I20260812 08:03:32.835755 29201 leader_election.cc:290] T 10288847203249288c5ea108e9c593c2 P a6a3705d07b441a695cd58e4a5ce47d4 [CANDIDATE]: Term 2 election: Requested vote from peers a5808eb9365d4f4b857c8d7dcf018188 (127.24.203.129:34295), 381968ca29a146149db6810e6fe112b8 (127.24.203.130:32775)
I20260812 08:03:32.836102 28823 tablet_service.cc:1917] Received RequestConsensusVote() RPC: tablet_id: "10288847203249288c5ea108e9c593c2" candidate_uuid: "a6a3705d07b441a695cd58e4a5ce47d4" candidate_term: 2 candidate_status { last_received { term: 1 index: 2 } } ignore_live_leader: false dest_uuid: "a5808eb9365d4f4b857c8d7dcf018188"
I20260812 08:03:32.836184 28950 tablet_service.cc:1917] Received RequestConsensusVote() RPC: tablet_id: "10288847203249288c5ea108e9c593c2" candidate_uuid: "a6a3705d07b441a695cd58e4a5ce47d4" candidate_term: 2 candidate_status { last_received { term: 1 index: 2 } } ignore_live_leader: false dest_uuid: "381968ca29a146149db6810e6fe112b8"
I20260812 08:03:32.837035 28823 raft_consensus.cc:2468] T 10288847203249288c5ea108e9c593c2 P a5808eb9365d4f4b857c8d7dcf018188 [term 2 FOLLOWER]: Leader election vote request: Granting yes vote for candidate a6a3705d07b441a695cd58e4a5ce47d4 in term 2.
I20260812 08:03:32.837371 29040 leader_election.cc:304] T 10288847203249288c5ea108e9c593c2 P a6a3705d07b441a695cd58e4a5ce47d4 [CANDIDATE]: Term 2 election: Election decided. Result: candidate won. Election summary: received 3 responses out of 3 voters: 2 yes votes; 1 no votes. yes voters: a5808eb9365d4f4b857c8d7dcf018188, a6a3705d07b441a695cd58e4a5ce47d4; no voters: 381968ca29a146149db6810e6fe112b8
I20260812 08:03:32.837585 29201 raft_consensus.cc:2804] T 10288847203249288c5ea108e9c593c2 P a6a3705d07b441a695cd58e4a5ce47d4 [term 2 FOLLOWER]: Leader election won for term 2
I20260812 08:03:32.837685 29201 raft_consensus.cc:697] T 10288847203249288c5ea108e9c593c2 P a6a3705d07b441a695cd58e4a5ce47d4 [term 2 LEADER]: Becoming Leader. State: Replica: a6a3705d07b441a695cd58e4a5ce47d4, State: Running, Role: LEADER
I20260812 08:03:32.837848 29201 consensus_queue.cc:237] T 10288847203249288c5ea108e9c593c2 P a6a3705d07b441a695cd58e4a5ce47d4 [LEADER]: Queue going to LEADER mode. State: All replicated index: 0, Majority replicated index: 2, Committed index: 2, Last appended: 1.2, Last appended by leader: 2, Current term: 2, Majority size: 2, State: 0, Mode: LEADER, active raft config: opid_index: -1 OBSOLETE_local: false peers { permanent_uuid: "a5808eb9365d4f4b857c8d7dcf018188" member_type: VOTER last_known_addr { host: "127.24.203.129" port: 34295 } } peers { permanent_uuid: "381968ca29a146149db6810e6fe112b8" member_type: VOTER last_known_addr { host: "127.24.203.130" port: 32775 } } peers { permanent_uuid: "a6a3705d07b441a695cd58e4a5ce47d4" member_type: VOTER last_known_addr { host: "127.24.203.131" port: 43973 } }
I20260812 08:03:32.839558 28320 catalog_manager.cc:5719] T 10288847203249288c5ea108e9c593c2 P a6a3705d07b441a695cd58e4a5ce47d4 reported cstate change: term changed from 1 to 2, leader changed from a5808eb9365d4f4b857c8d7dcf018188 (127.24.203.129) to a6a3705d07b441a695cd58e4a5ce47d4 (127.24.203.131). New cstate: current_term: 2 leader_uuid: "a6a3705d07b441a695cd58e4a5ce47d4" committed_config { opid_index: -1 OBSOLETE_local: false peers { permanent_uuid: "a5808eb9365d4f4b857c8d7dcf018188" member_type: VOTER last_known_addr { host: "127.24.203.129" port: 34295 } health_report { overall_health: UNKNOWN } } peers { permanent_uuid: "381968ca29a146149db6810e6fe112b8" member_type: VOTER last_known_addr { host: "127.24.203.130" port: 32775 } health_report { overall_health: UNKNOWN } } peers { permanent_uuid: "a6a3705d07b441a695cd58e4a5ce47d4" member_type: VOTER last_known_addr { host: "127.24.203.131" port: 43973 } health_report { overall_health: HEALTHY } } }
I20260812 08:03:32.842048 29200 raft_consensus.cc:493] T 10288847203249288c5ea108e9c593c2 P 381968ca29a146149db6810e6fe112b8 [term 1 FOLLOWER]: Starting pre-election (detected failure of leader a5808eb9365d4f4b857c8d7dcf018188)
I20260812 08:03:32.842144 29200 raft_consensus.cc:515] T 10288847203249288c5ea108e9c593c2 P 381968ca29a146149db6810e6fe112b8 [term 1 FOLLOWER]: Starting pre-election with config: opid_index: -1 OBSOLETE_local: false peers { permanent_uuid: "a5808eb9365d4f4b857c8d7dcf018188" member_type: VOTER last_known_addr { host: "127.24.203.129" port: 34295 } } peers { permanent_uuid: "381968ca29a146149db6810e6fe112b8" member_type: VOTER last_known_addr { host: "127.24.203.130" port: 32775 } } peers { permanent_uuid: "a6a3705d07b441a695cd58e4a5ce47d4" member_type: VOTER last_known_addr { host: "127.24.203.131" port: 43973 } }
I20260812 08:03:32.842613 29200 leader_election.cc:290] T 10288847203249288c5ea108e9c593c2 P 381968ca29a146149db6810e6fe112b8 [CANDIDATE]: Term 2 pre-election: Requested pre-vote from peers a5808eb9365d4f4b857c8d7dcf018188 (127.24.203.129:34295), a6a3705d07b441a695cd58e4a5ce47d4 (127.24.203.131:43973)
I20260812 08:03:32.846957 29104 tablet_service.cc:1917] Received RequestConsensusVote() RPC: tablet_id: "10288847203249288c5ea108e9c593c2" candidate_uuid: "381968ca29a146149db6810e6fe112b8" candidate_term: 2 candidate_status { last_received { term: 1 index: 2 } } ignore_live_leader: false dest_uuid: "a6a3705d07b441a695cd58e4a5ce47d4" is_pre_election: true
I20260812 08:03:32.849413 28823 tablet_service.cc:1917] Received RequestConsensusVote() RPC: tablet_id: "10288847203249288c5ea108e9c593c2" candidate_uuid: "381968ca29a146149db6810e6fe112b8" candidate_term: 2 candidate_status { last_received { term: 1 index: 2 } } ignore_live_leader: false dest_uuid: "a5808eb9365d4f4b857c8d7dcf018188" is_pre_election: true
I20260812 08:03:32.849587 28823 raft_consensus.cc:2393] T 10288847203249288c5ea108e9c593c2 P a5808eb9365d4f4b857c8d7dcf018188 [term 2 FOLLOWER]: Leader pre-election vote request: Denying vote to candidate 381968ca29a146149db6810e6fe112b8 in current term 2: Already voted for candidate a6a3705d07b441a695cd58e4a5ce47d4 in this term.
I20260812 08:03:32.849907 28895 leader_election.cc:304] T 10288847203249288c5ea108e9c593c2 P 381968ca29a146149db6810e6fe112b8 [CANDIDATE]: Term 2 pre-election: Election decided. Result: candidate lost. Election summary: received 3 responses out of 3 voters: 1 yes votes; 2 no votes. yes voters: 381968ca29a146149db6810e6fe112b8; no voters: a5808eb9365d4f4b857c8d7dcf018188, a6a3705d07b441a695cd58e4a5ce47d4
I20260812 08:03:32.850085 29200 raft_consensus.cc:3060] T 10288847203249288c5ea108e9c593c2 P 381968ca29a146149db6810e6fe112b8 [term 1 FOLLOWER]: Advancing to term 2
I20260812 08:03:32.851158 29200 raft_consensus.cc:2749] T 10288847203249288c5ea108e9c593c2 P 381968ca29a146149db6810e6fe112b8 [term 2 FOLLOWER]: Leader pre-election lost for term 2. Reason: could not achieve majority
I20260812 08:03:32.851676 28823 tablet_service.cc:2072] Received LeaderStepDown RPC: tablet_id: "88b7b6049e7645179b945647e4d5d1cd"
dest_uuid: "a5808eb9365d4f4b857c8d7dcf018188"
 from {username='slave'} at 127.0.0.1:54610
I20260812 08:03:32.851802 28823 raft_consensus.cc:591] T 88b7b6049e7645179b945647e4d5d1cd P a5808eb9365d4f4b857c8d7dcf018188 [term 1 LEADER]: Received request to step down
I20260812 08:03:32.851852 28823 raft_consensus.cc:3055] T 88b7b6049e7645179b945647e4d5d1cd P a5808eb9365d4f4b857c8d7dcf018188 [term 1 LEADER]: Stepping down as leader of term 1
I20260812 08:03:32.851884 28823 raft_consensus.cc:740] T 88b7b6049e7645179b945647e4d5d1cd P a5808eb9365d4f4b857c8d7dcf018188 [term 1 LEADER]: Becoming Follower/Learner. State: Replica: a5808eb9365d4f4b857c8d7dcf018188, State: Running, Role: LEADER
I20260812 08:03:32.852033 28823 consensus_queue.cc:260] T 88b7b6049e7645179b945647e4d5d1cd P a5808eb9365d4f4b857c8d7dcf018188 [NON_LEADER]: Queue going to NON_LEADER mode. State: All replicated index: 0, Majority replicated index: 2, Committed index: 2, Last appended: 1.2, Last appended by leader: 2, Current term: 1, Majority size: -1, State: 0, Mode: NON_LEADER, active raft config: opid_index: -1 OBSOLETE_local: false peers { permanent_uuid: "a5808eb9365d4f4b857c8d7dcf018188" member_type: VOTER last_known_addr { host: "127.24.203.129" port: 34295 } } peers { permanent_uuid: "381968ca29a146149db6810e6fe112b8" member_type: VOTER last_known_addr { host: "127.24.203.130" port: 32775 } } peers { permanent_uuid: "a6a3705d07b441a695cd58e4a5ce47d4" member_type: VOTER last_known_addr { host: "127.24.203.131" port: 43973 } }
I20260812 08:03:32.852218 28823 raft_consensus.cc:3060] T 88b7b6049e7645179b945647e4d5d1cd P a5808eb9365d4f4b857c8d7dcf018188 [term 1 FOLLOWER]: Advancing to term 2
I20260812 08:03:32.923800 28823 raft_consensus.cc:1275] T 10288847203249288c5ea108e9c593c2 P a5808eb9365d4f4b857c8d7dcf018188 [term 2 FOLLOWER]: Refusing update from remote peer a6a3705d07b441a695cd58e4a5ce47d4: Log matching property violated. Preceding OpId in replica: term: 1 index: 2. Preceding OpId from leader: term: 2 index: 3. (index mismatch)
I20260812 08:03:32.924320 29201 consensus_queue.cc:1048] T 10288847203249288c5ea108e9c593c2 P a6a3705d07b441a695cd58e4a5ce47d4 [LEADER]: Connected to new peer: Peer: permanent_uuid: "a5808eb9365d4f4b857c8d7dcf018188" member_type: VOTER last_known_addr { host: "127.24.203.129" port: 34295 }, Status: LMP_MISMATCH, Last received: 0.0, Next index: 3, Last known committed idx: 2, Time since last communication: 0.000s
I20260812 08:03:32.928193 28950 raft_consensus.cc:1275] T 10288847203249288c5ea108e9c593c2 P 381968ca29a146149db6810e6fe112b8 [term 2 FOLLOWER]: Refusing update from remote peer a6a3705d07b441a695cd58e4a5ce47d4: Log matching property violated. Preceding OpId in replica: term: 1 index: 2. Preceding OpId from leader: term: 2 index: 3. (index mismatch)
I20260812 08:03:32.928695 29195 consensus_queue.cc:1048] T 10288847203249288c5ea108e9c593c2 P a6a3705d07b441a695cd58e4a5ce47d4 [LEADER]: Connected to new peer: Peer: permanent_uuid: "381968ca29a146149db6810e6fe112b8" member_type: VOTER last_known_addr { host: "127.24.203.130" port: 32775 }, Status: LMP_MISMATCH, Last received: 0.0, Next index: 3, Last known committed idx: 2, Time since last communication: 0.000s
I20260812 08:03:32.941919 29200 raft_consensus.cc:493] T 88b7b6049e7645179b945647e4d5d1cd P 381968ca29a146149db6810e6fe112b8 [term 1 FOLLOWER]: Starting pre-election (detected failure of leader a5808eb9365d4f4b857c8d7dcf018188)
I20260812 08:03:32.942036 29200 raft_consensus.cc:515] T 88b7b6049e7645179b945647e4d5d1cd P 381968ca29a146149db6810e6fe112b8 [term 1 FOLLOWER]: Starting pre-election with config: opid_index: -1 OBSOLETE_local: false peers { permanent_uuid: "a5808eb9365d4f4b857c8d7dcf018188" member_type: VOTER last_known_addr { host: "127.24.203.129" port: 34295 } } peers { permanent_uuid: "381968ca29a146149db6810e6fe112b8" member_type: VOTER last_known_addr { host: "127.24.203.130" port: 32775 } } peers { permanent_uuid: "a6a3705d07b441a695cd58e4a5ce47d4" member_type: VOTER last_known_addr { host: "127.24.203.131" port: 43973 } }
I20260812 08:03:32.942435 29200 leader_election.cc:290] T 88b7b6049e7645179b945647e4d5d1cd P 381968ca29a146149db6810e6fe112b8 [CANDIDATE]: Term 2 pre-election: Requested pre-vote from peers a5808eb9365d4f4b857c8d7dcf018188 (127.24.203.129:34295), a6a3705d07b441a695cd58e4a5ce47d4 (127.24.203.131:43973)
I20260812 08:03:32.942879 28823 tablet_service.cc:1917] Received RequestConsensusVote() RPC: tablet_id: "88b7b6049e7645179b945647e4d5d1cd" candidate_uuid: "381968ca29a146149db6810e6fe112b8" candidate_term: 2 candidate_status { last_received { term: 1 index: 2 } } ignore_live_leader: false dest_uuid: "a5808eb9365d4f4b857c8d7dcf018188" is_pre_election: true
I20260812 08:03:32.942889 29104 tablet_service.cc:1917] Received RequestConsensusVote() RPC: tablet_id: "88b7b6049e7645179b945647e4d5d1cd" candidate_uuid: "381968ca29a146149db6810e6fe112b8" candidate_term: 2 candidate_status { last_received { term: 1 index: 2 } } ignore_live_leader: false dest_uuid: "a6a3705d07b441a695cd58e4a5ce47d4" is_pre_election: true
I20260812 08:03:32.943035 28823 raft_consensus.cc:2468] T 88b7b6049e7645179b945647e4d5d1cd P a5808eb9365d4f4b857c8d7dcf018188 [term 2 FOLLOWER]: Leader pre-election vote request: Granting yes vote for candidate 381968ca29a146149db6810e6fe112b8 in term 2.
I20260812 08:03:32.943440 28895 leader_election.cc:304] T 88b7b6049e7645179b945647e4d5d1cd P 381968ca29a146149db6810e6fe112b8 [CANDIDATE]: Term 2 pre-election: Election decided. Result: candidate won. Election summary: received 3 responses out of 3 voters: 2 yes votes; 1 no votes. yes voters: 381968ca29a146149db6810e6fe112b8, a5808eb9365d4f4b857c8d7dcf018188; no voters: a6a3705d07b441a695cd58e4a5ce47d4
I20260812 08:03:32.943624 29200 raft_consensus.cc:2804] T 88b7b6049e7645179b945647e4d5d1cd P 381968ca29a146149db6810e6fe112b8 [term 1 FOLLOWER]: Leader pre-election won for term 2
I20260812 08:03:32.943693 29200 raft_consensus.cc:493] T 88b7b6049e7645179b945647e4d5d1cd P 381968ca29a146149db6810e6fe112b8 [term 1 FOLLOWER]: Starting leader election (detected failure of leader a5808eb9365d4f4b857c8d7dcf018188)
I20260812 08:03:32.943746 29200 raft_consensus.cc:3060] T 88b7b6049e7645179b945647e4d5d1cd P 381968ca29a146149db6810e6fe112b8 [term 1 FOLLOWER]: Advancing to term 2
I20260812 08:03:32.944762 29200 raft_consensus.cc:515] T 88b7b6049e7645179b945647e4d5d1cd P 381968ca29a146149db6810e6fe112b8 [term 2 FOLLOWER]: Starting leader election with config: opid_index: -1 OBSOLETE_local: false peers { permanent_uuid: "a5808eb9365d4f4b857c8d7dcf018188" member_type: VOTER last_known_addr { host: "127.24.203.129" port: 34295 } } peers { permanent_uuid: "381968ca29a146149db6810e6fe112b8" member_type: VOTER last_known_addr { host: "127.24.203.130" port: 32775 } } peers { permanent_uuid: "a6a3705d07b441a695cd58e4a5ce47d4" member_type: VOTER last_known_addr { host: "127.24.203.131" port: 43973 } }
I20260812 08:03:32.945142 29200 leader_election.cc:290] T 88b7b6049e7645179b945647e4d5d1cd P 381968ca29a146149db6810e6fe112b8 [CANDIDATE]: Term 2 election: Requested vote from peers a5808eb9365d4f4b857c8d7dcf018188 (127.24.203.129:34295), a6a3705d07b441a695cd58e4a5ce47d4 (127.24.203.131:43973)
I20260812 08:03:32.945451 28823 tablet_service.cc:1917] Received RequestConsensusVote() RPC: tablet_id: "88b7b6049e7645179b945647e4d5d1cd" candidate_uuid: "381968ca29a146149db6810e6fe112b8" candidate_term: 2 candidate_status { last_received { term: 1 index: 2 } } ignore_live_leader: false dest_uuid: "a5808eb9365d4f4b857c8d7dcf018188"
I20260812 08:03:32.945564 29104 tablet_service.cc:1917] Received RequestConsensusVote() RPC: tablet_id: "88b7b6049e7645179b945647e4d5d1cd" candidate_uuid: "381968ca29a146149db6810e6fe112b8" candidate_term: 2 candidate_status { last_received { term: 1 index: 2 } } ignore_live_leader: false dest_uuid: "a6a3705d07b441a695cd58e4a5ce47d4"
I20260812 08:03:32.946383 28823 raft_consensus.cc:2468] T 88b7b6049e7645179b945647e4d5d1cd P a5808eb9365d4f4b857c8d7dcf018188 [term 2 FOLLOWER]: Leader election vote request: Granting yes vote for candidate 381968ca29a146149db6810e6fe112b8 in term 2.
I20260812 08:03:32.946672 28895 leader_election.cc:304] T 88b7b6049e7645179b945647e4d5d1cd P 381968ca29a146149db6810e6fe112b8 [CANDIDATE]: Term 2 election: Election decided. Result: candidate won. Election summary: received 3 responses out of 3 voters: 2 yes votes; 1 no votes. yes voters: 381968ca29a146149db6810e6fe112b8, a5808eb9365d4f4b857c8d7dcf018188; no voters: a6a3705d07b441a695cd58e4a5ce47d4
I20260812 08:03:32.946890 29200 raft_consensus.cc:2804] T 88b7b6049e7645179b945647e4d5d1cd P 381968ca29a146149db6810e6fe112b8 [term 2 FOLLOWER]: Leader election won for term 2
I20260812 08:03:32.947096 29200 raft_consensus.cc:697] T 88b7b6049e7645179b945647e4d5d1cd P 381968ca29a146149db6810e6fe112b8 [term 2 LEADER]: Becoming Leader. State: Replica: 381968ca29a146149db6810e6fe112b8, State: Running, Role: LEADER
I20260812 08:03:32.947492 29200 consensus_queue.cc:237] T 88b7b6049e7645179b945647e4d5d1cd P 381968ca29a146149db6810e6fe112b8 [LEADER]: Queue going to LEADER mode. State: All replicated index: 0, Majority replicated index: 2, Committed index: 2, Last appended: 1.2, Last appended by leader: 2, Current term: 2, Majority size: 2, State: 0, Mode: LEADER, active raft config: opid_index: -1 OBSOLETE_local: false peers { permanent_uuid: "a5808eb9365d4f4b857c8d7dcf018188" member_type: VOTER last_known_addr { host: "127.24.203.129" port: 34295 } } peers { permanent_uuid: "381968ca29a146149db6810e6fe112b8" member_type: VOTER last_known_addr { host: "127.24.203.130" port: 32775 } } peers { permanent_uuid: "a6a3705d07b441a695cd58e4a5ce47d4" member_type: VOTER last_known_addr { host: "127.24.203.131" port: 43973 } }
I20260812 08:03:32.949180 28318 catalog_manager.cc:5719] T 88b7b6049e7645179b945647e4d5d1cd P 381968ca29a146149db6810e6fe112b8 reported cstate change: term changed from 1 to 2, leader changed from a5808eb9365d4f4b857c8d7dcf018188 (127.24.203.129) to 381968ca29a146149db6810e6fe112b8 (127.24.203.130). New cstate: current_term: 2 leader_uuid: "381968ca29a146149db6810e6fe112b8" committed_config { opid_index: -1 OBSOLETE_local: false peers { permanent_uuid: "a5808eb9365d4f4b857c8d7dcf018188" member_type: VOTER last_known_addr { host: "127.24.203.129" port: 34295 } health_report { overall_health: UNKNOWN } } peers { permanent_uuid: "381968ca29a146149db6810e6fe112b8" member_type: VOTER last_known_addr { host: "127.24.203.130" port: 32775 } health_report { overall_health: HEALTHY } } peers { permanent_uuid: "a6a3705d07b441a695cd58e4a5ce47d4" member_type: VOTER last_known_addr { host: "127.24.203.131" port: 43973 } health_report { overall_health: UNKNOWN } } }
I20260812 08:03:33.027747 29104 raft_consensus.cc:3060] T 88b7b6049e7645179b945647e4d5d1cd P a6a3705d07b441a695cd58e4a5ce47d4 [term 1 FOLLOWER]: Advancing to term 2
I20260812 08:03:33.029088 29104 raft_consensus.cc:1275] T 88b7b6049e7645179b945647e4d5d1cd P a6a3705d07b441a695cd58e4a5ce47d4 [term 2 FOLLOWER]: Refusing update from remote peer 381968ca29a146149db6810e6fe112b8: Log matching property violated. Preceding OpId in replica: term: 1 index: 2. Preceding OpId from leader: term: 2 index: 3. (index mismatch)
I20260812 08:03:33.029515 29200 consensus_queue.cc:1048] T 88b7b6049e7645179b945647e4d5d1cd P 381968ca29a146149db6810e6fe112b8 [LEADER]: Connected to new peer: Peer: permanent_uuid: "a6a3705d07b441a695cd58e4a5ce47d4" member_type: VOTER last_known_addr { host: "127.24.203.131" port: 43973 }, Status: LMP_MISMATCH, Last received: 0.0, Next index: 3, Last known committed idx: 2, Time since last communication: 0.000s
I20260812 08:03:33.032591 28823 raft_consensus.cc:1275] T 88b7b6049e7645179b945647e4d5d1cd P a5808eb9365d4f4b857c8d7dcf018188 [term 2 FOLLOWER]: Refusing update from remote peer 381968ca29a146149db6810e6fe112b8: Log matching property violated. Preceding OpId in replica: term: 1 index: 2. Preceding OpId from leader: term: 2 index: 3. (index mismatch)
I20260812 08:03:33.033067 29263 consensus_queue.cc:1048] T 88b7b6049e7645179b945647e4d5d1cd P 381968ca29a146149db6810e6fe112b8 [LEADER]: Connected to new peer: Peer: permanent_uuid: "a5808eb9365d4f4b857c8d7dcf018188" member_type: VOTER last_known_addr { host: "127.24.203.129" port: 34295 }, Status: LMP_MISMATCH, Last received: 0.0, Next index: 3, Last known committed idx: 2, Time since last communication: 0.000s
I20260812 08:03:33.057804 28950 tablet_service.cc:2072] Received LeaderStepDown RPC: tablet_id: "88b7b6049e7645179b945647e4d5d1cd"
dest_uuid: "381968ca29a146149db6810e6fe112b8"
 from {username='slave'} at 127.0.0.1:32892
I20260812 08:03:33.057941 28950 raft_consensus.cc:591] T 88b7b6049e7645179b945647e4d5d1cd P 381968ca29a146149db6810e6fe112b8 [term 2 LEADER]: Received request to step down
I20260812 08:03:33.057976 28950 raft_consensus.cc:3055] T 88b7b6049e7645179b945647e4d5d1cd P 381968ca29a146149db6810e6fe112b8 [term 2 LEADER]: Stepping down as leader of term 2
I20260812 08:03:33.058001 28950 raft_consensus.cc:740] T 88b7b6049e7645179b945647e4d5d1cd P 381968ca29a146149db6810e6fe112b8 [term 2 LEADER]: Becoming Follower/Learner. State: Replica: 381968ca29a146149db6810e6fe112b8, State: Running, Role: LEADER
I20260812 08:03:33.058156 28950 consensus_queue.cc:260] T 88b7b6049e7645179b945647e4d5d1cd P 381968ca29a146149db6810e6fe112b8 [NON_LEADER]: Queue going to NON_LEADER mode. State: All replicated index: 0, Majority replicated index: 3, Committed index: 3, Last appended: 2.3, Last appended by leader: 3, Current term: 2, Majority size: -1, State: 0, Mode: NON_LEADER, active raft config: opid_index: -1 OBSOLETE_local: false peers { permanent_uuid: "a5808eb9365d4f4b857c8d7dcf018188" member_type: VOTER last_known_addr { host: "127.24.203.129" port: 34295 } } peers { permanent_uuid: "381968ca29a146149db6810e6fe112b8" member_type: VOTER last_known_addr { host: "127.24.203.130" port: 32775 } } peers { permanent_uuid: "a6a3705d07b441a695cd58e4a5ce47d4" member_type: VOTER last_known_addr { host: "127.24.203.131" port: 43973 } }
I20260812 08:03:33.058314 28950 raft_consensus.cc:3060] T 88b7b6049e7645179b945647e4d5d1cd P 381968ca29a146149db6810e6fe112b8 [term 2 FOLLOWER]: Advancing to term 3
I20260812 08:03:33.231985 29201 raft_consensus.cc:493] T 88b7b6049e7645179b945647e4d5d1cd P a6a3705d07b441a695cd58e4a5ce47d4 [term 2 FOLLOWER]: Starting pre-election (detected failure of leader 381968ca29a146149db6810e6fe112b8)
I20260812 08:03:33.232197 29201 raft_consensus.cc:515] T 88b7b6049e7645179b945647e4d5d1cd P a6a3705d07b441a695cd58e4a5ce47d4 [term 2 FOLLOWER]: Starting pre-election with config: opid_index: -1 OBSOLETE_local: false peers { permanent_uuid: "a5808eb9365d4f4b857c8d7dcf018188" member_type: VOTER last_known_addr { host: "127.24.203.129" port: 34295 } } peers { permanent_uuid: "381968ca29a146149db6810e6fe112b8" member_type: VOTER last_known_addr { host: "127.24.203.130" port: 32775 } } peers { permanent_uuid: "a6a3705d07b441a695cd58e4a5ce47d4" member_type: VOTER last_known_addr { host: "127.24.203.131" port: 43973 } }
I20260812 08:03:33.232681 29201 leader_election.cc:290] T 88b7b6049e7645179b945647e4d5d1cd P a6a3705d07b441a695cd58e4a5ce47d4 [CANDIDATE]: Term 3 pre-election: Requested pre-vote from peers a5808eb9365d4f4b857c8d7dcf018188 (127.24.203.129:34295), 381968ca29a146149db6810e6fe112b8 (127.24.203.130:32775)
I20260812 08:03:33.233013 28823 tablet_service.cc:1917] Received RequestConsensusVote() RPC: tablet_id: "88b7b6049e7645179b945647e4d5d1cd" candidate_uuid: "a6a3705d07b441a695cd58e4a5ce47d4" candidate_term: 3 candidate_status { last_received { term: 2 index: 3 } } ignore_live_leader: false dest_uuid: "a5808eb9365d4f4b857c8d7dcf018188" is_pre_election: true
I20260812 08:03:33.233160 28950 tablet_service.cc:1917] Received RequestConsensusVote() RPC: tablet_id: "88b7b6049e7645179b945647e4d5d1cd" candidate_uuid: "a6a3705d07b441a695cd58e4a5ce47d4" candidate_term: 3 candidate_status { last_received { term: 2 index: 3 } } ignore_live_leader: false dest_uuid: "381968ca29a146149db6810e6fe112b8" is_pre_election: true
I20260812 08:03:33.233333 28950 raft_consensus.cc:2468] T 88b7b6049e7645179b945647e4d5d1cd P 381968ca29a146149db6810e6fe112b8 [term 3 FOLLOWER]: Leader pre-election vote request: Granting yes vote for candidate a6a3705d07b441a695cd58e4a5ce47d4 in term 3.
I20260812 08:03:33.233639 29038 leader_election.cc:304] T 88b7b6049e7645179b945647e4d5d1cd P a6a3705d07b441a695cd58e4a5ce47d4 [CANDIDATE]: Term 3 pre-election: Election decided. Result: candidate won. Election summary: received 3 responses out of 3 voters: 2 yes votes; 1 no votes. yes voters: 381968ca29a146149db6810e6fe112b8, a6a3705d07b441a695cd58e4a5ce47d4; no voters: a5808eb9365d4f4b857c8d7dcf018188
I20260812 08:03:33.233819 29201 raft_consensus.cc:2804] T 88b7b6049e7645179b945647e4d5d1cd P a6a3705d07b441a695cd58e4a5ce47d4 [term 2 FOLLOWER]: Leader pre-election won for term 3
I20260812 08:03:33.233886 29201 raft_consensus.cc:493] T 88b7b6049e7645179b945647e4d5d1cd P a6a3705d07b441a695cd58e4a5ce47d4 [term 2 FOLLOWER]: Starting leader election (detected failure of leader 381968ca29a146149db6810e6fe112b8)
I20260812 08:03:33.233940 29201 raft_consensus.cc:3060] T 88b7b6049e7645179b945647e4d5d1cd P a6a3705d07b441a695cd58e4a5ce47d4 [term 2 FOLLOWER]: Advancing to term 3
I20260812 08:03:33.234398 29258 raft_consensus.cc:493] T 88b7b6049e7645179b945647e4d5d1cd P a5808eb9365d4f4b857c8d7dcf018188 [term 2 FOLLOWER]: Starting pre-election (detected failure of leader 381968ca29a146149db6810e6fe112b8)
I20260812 08:03:33.234524 29258 raft_consensus.cc:515] T 88b7b6049e7645179b945647e4d5d1cd P a5808eb9365d4f4b857c8d7dcf018188 [term 2 FOLLOWER]: Starting pre-election with config: opid_index: -1 OBSOLETE_local: false peers { permanent_uuid: "a5808eb9365d4f4b857c8d7dcf018188" member_type: VOTER last_known_addr { host: "127.24.203.129" port: 34295 } } peers { permanent_uuid: "381968ca29a146149db6810e6fe112b8" member_type: VOTER last_known_addr { host: "127.24.203.130" port: 32775 } } peers { permanent_uuid: "a6a3705d07b441a695cd58e4a5ce47d4" member_type: VOTER last_known_addr { host: "127.24.203.131" port: 43973 } }
I20260812 08:03:33.234952 29258 leader_election.cc:290] T 88b7b6049e7645179b945647e4d5d1cd P a5808eb9365d4f4b857c8d7dcf018188 [CANDIDATE]: Term 3 pre-election: Requested pre-vote from peers 381968ca29a146149db6810e6fe112b8 (127.24.203.130:32775), a6a3705d07b441a695cd58e4a5ce47d4 (127.24.203.131:43973)
I20260812 08:03:33.235003 29201 raft_consensus.cc:515] T 88b7b6049e7645179b945647e4d5d1cd P a6a3705d07b441a695cd58e4a5ce47d4 [term 3 FOLLOWER]: Starting leader election with config: opid_index: -1 OBSOLETE_local: false peers { permanent_uuid: "a5808eb9365d4f4b857c8d7dcf018188" member_type: VOTER last_known_addr { host: "127.24.203.129" port: 34295 } } peers { permanent_uuid: "381968ca29a146149db6810e6fe112b8" member_type: VOTER last_known_addr { host: "127.24.203.130" port: 32775 } } peers { permanent_uuid: "a6a3705d07b441a695cd58e4a5ce47d4" member_type: VOTER last_known_addr { host: "127.24.203.131" port: 43973 } }
I20260812 08:03:33.235277 28950 tablet_service.cc:1917] Received RequestConsensusVote() RPC: tablet_id: "88b7b6049e7645179b945647e4d5d1cd" candidate_uuid: "a5808eb9365d4f4b857c8d7dcf018188" candidate_term: 3 candidate_status { last_received { term: 2 index: 3 } } ignore_live_leader: false dest_uuid: "381968ca29a146149db6810e6fe112b8" is_pre_election: true
I20260812 08:03:33.235320 29104 tablet_service.cc:1917] Received RequestConsensusVote() RPC: tablet_id: "88b7b6049e7645179b945647e4d5d1cd" candidate_uuid: "a5808eb9365d4f4b857c8d7dcf018188" candidate_term: 3 candidate_status { last_received { term: 2 index: 3 } } ignore_live_leader: false dest_uuid: "a6a3705d07b441a695cd58e4a5ce47d4" is_pre_election: true
I20260812 08:03:33.235391 28950 raft_consensus.cc:2468] T 88b7b6049e7645179b945647e4d5d1cd P 381968ca29a146149db6810e6fe112b8 [term 3 FOLLOWER]: Leader pre-election vote request: Granting yes vote for candidate a5808eb9365d4f4b857c8d7dcf018188 in term 3.
I20260812 08:03:33.235412 29201 leader_election.cc:290] T 88b7b6049e7645179b945647e4d5d1cd P a6a3705d07b441a695cd58e4a5ce47d4 [CANDIDATE]: Term 3 election: Requested vote from peers a5808eb9365d4f4b857c8d7dcf018188 (127.24.203.129:34295), 381968ca29a146149db6810e6fe112b8 (127.24.203.130:32775)
I20260812 08:03:33.235502 29104 raft_consensus.cc:2393] T 88b7b6049e7645179b945647e4d5d1cd P a6a3705d07b441a695cd58e4a5ce47d4 [term 3 FOLLOWER]: Leader pre-election vote request: Denying vote to candidate a5808eb9365d4f4b857c8d7dcf018188 in current term 3: Already voted for candidate a6a3705d07b441a695cd58e4a5ce47d4 in this term.
I20260812 08:03:33.235723 28757 leader_election.cc:304] T 88b7b6049e7645179b945647e4d5d1cd P a5808eb9365d4f4b857c8d7dcf018188 [CANDIDATE]: Term 3 pre-election: Election decided. Result: candidate won. Election summary: received 2 responses out of 3 voters: 2 yes votes; 0 no votes. yes voters: 381968ca29a146149db6810e6fe112b8, a5808eb9365d4f4b857c8d7dcf018188; no voters: 
I20260812 08:03:33.235834 28950 tablet_service.cc:1917] Received RequestConsensusVote() RPC: tablet_id: "88b7b6049e7645179b945647e4d5d1cd" candidate_uuid: "a6a3705d07b441a695cd58e4a5ce47d4" candidate_term: 3 candidate_status { last_received { term: 2 index: 3 } } ignore_live_leader: false dest_uuid: "381968ca29a146149db6810e6fe112b8"
I20260812 08:03:33.235872 29258 raft_consensus.cc:2804] T 88b7b6049e7645179b945647e4d5d1cd P a5808eb9365d4f4b857c8d7dcf018188 [term 2 FOLLOWER]: Leader pre-election won for term 3
