I20260812 08:03:55.917798  9396 tablet_service.cc:1511] Processing CreateTablet for tablet f68e38404b284b41953f7708a16f14bb (DEFAULT_TABLE table=test-workload [id=4d37e198ad424e0fa3906b65a467d0f5]), partition=RANGE (key) PARTITION UNBOUNDED
I20260812 08:03:55.918784  9547 data_dirs.cc:400] Could only allocate 1 dirs of requested 3 for tablet f68e38404b284b41953f7708a16f14bb. 1 dirs total, 0 dirs full, 0 dirs failed
I20260812 08:03:55.918792  9692 data_dirs.cc:400] Could only allocate 1 dirs of requested 3 for tablet f68e38404b284b41953f7708a16f14bb. 1 dirs total, 0 dirs full, 0 dirs failed
I20260812 08:03:55.918792  9396 data_dirs.cc:400] Could only allocate 1 dirs of requested 3 for tablet f68e38404b284b41953f7708a16f14bb. 1 dirs total, 0 dirs full, 0 dirs failed
I20260812 08:03:55.924088  9795 tablet_bootstrap.cc:492] T f68e38404b284b41953f7708a16f14bb P df4ff0118b444bdab72081de89befc12: Bootstrap starting.
I20260812 08:03:55.925187  9796 tablet_bootstrap.cc:492] T f68e38404b284b41953f7708a16f14bb P 3d719ac391f1475b85520c84adbe901c: Bootstrap starting.
I20260812 08:03:55.925621  9797 tablet_bootstrap.cc:492] T f68e38404b284b41953f7708a16f14bb P 679539382e2a40a9b78ac2ac3b3b00bb: Bootstrap starting.
I20260812 08:03:55.926559  9795 tablet_bootstrap.cc:654] T f68e38404b284b41953f7708a16f14bb P df4ff0118b444bdab72081de89befc12: Neither blocks nor log segments found. Creating new log.
I20260812 08:03:55.927304  9795 log.cc:826] T f68e38404b284b41953f7708a16f14bb P df4ff0118b444bdab72081de89befc12: Log is configured to *not* fsync() on all Append() calls
I20260812 08:03:55.927575  9797 tablet_bootstrap.cc:654] T f68e38404b284b41953f7708a16f14bb P 679539382e2a40a9b78ac2ac3b3b00bb: Neither blocks nor log segments found. Creating new log.
I20260812 08:03:55.928342  9797 log.cc:826] T f68e38404b284b41953f7708a16f14bb P 679539382e2a40a9b78ac2ac3b3b00bb: Log is configured to *not* fsync() on all Append() calls
I20260812 08:03:55.929455  9795 tablet_bootstrap.cc:492] T f68e38404b284b41953f7708a16f14bb P df4ff0118b444bdab72081de89befc12: No bootstrap required, opened a new log
I20260812 08:03:55.929685  9795 ts_tablet_manager.cc:1403] T f68e38404b284b41953f7708a16f14bb P df4ff0118b444bdab72081de89befc12: Time spent bootstrapping tablet: real 0.006s	user 0.004s	sys 0.000s
I20260812 08:03:55.930995  9796 tablet_bootstrap.cc:654] T f68e38404b284b41953f7708a16f14bb P 3d719ac391f1475b85520c84adbe901c: Neither blocks nor log segments found. Creating new log.
I20260812 08:03:55.931833  9796 log.cc:826] T f68e38404b284b41953f7708a16f14bb P 3d719ac391f1475b85520c84adbe901c: Log is configured to *not* fsync() on all Append() calls
I20260812 08:03:55.933120  9795 raft_consensus.cc:359] T f68e38404b284b41953f7708a16f14bb P df4ff0118b444bdab72081de89befc12 [term 0 FOLLOWER]: Replica starting. Triggering 0 pending ops. Active config: opid_index: -1 OBSOLETE_local: false peers { permanent_uuid: "3d719ac391f1475b85520c84adbe901c" member_type: VOTER last_known_addr { host: "127.8.255.65" port: 41129 } } peers { permanent_uuid: "df4ff0118b444bdab72081de89befc12" member_type: VOTER last_known_addr { host: "127.8.255.66" port: 41943 } } peers { permanent_uuid: "679539382e2a40a9b78ac2ac3b3b00bb" member_type: VOTER last_known_addr { host: "127.8.255.67" port: 33225 } }
I20260812 08:03:55.933367  9795 raft_consensus.cc:740] T f68e38404b284b41953f7708a16f14bb P df4ff0118b444bdab72081de89befc12 [term 0 FOLLOWER]: Becoming Follower/Learner. State: Replica: df4ff0118b444bdab72081de89befc12, State: Initialized, Role: FOLLOWER
I20260812 08:03:55.933612  9796 tablet_bootstrap.cc:492] T f68e38404b284b41953f7708a16f14bb P 3d719ac391f1475b85520c84adbe901c: No bootstrap required, opened a new log
I20260812 08:03:55.933625  9797 tablet_bootstrap.cc:492] T f68e38404b284b41953f7708a16f14bb P 679539382e2a40a9b78ac2ac3b3b00bb: No bootstrap required, opened a new log
I20260812 08:03:55.933729  9795 consensus_queue.cc:260] T f68e38404b284b41953f7708a16f14bb P df4ff0118b444bdab72081de89befc12 [NON_LEADER]: Queue going to NON_LEADER mode. State: All replicated index: 0, Majority replicated index: 0, Committed index: 0, Last appended: 0.0, Last appended by leader: 0, Current term: 0, Majority size: -1, State: 0, Mode: NON_LEADER, active raft config: opid_index: -1 OBSOLETE_local: false peers { permanent_uuid: "3d719ac391f1475b85520c84adbe901c" member_type: VOTER last_known_addr { host: "127.8.255.65" port: 41129 } } peers { permanent_uuid: "df4ff0118b444bdab72081de89befc12" member_type: VOTER last_known_addr { host: "127.8.255.66" port: 41943 } } peers { permanent_uuid: "679539382e2a40a9b78ac2ac3b3b00bb" member_type: VOTER last_known_addr { host: "127.8.255.67" port: 33225 } }
I20260812 08:03:55.933821  9797 ts_tablet_manager.cc:1403] T f68e38404b284b41953f7708a16f14bb P 679539382e2a40a9b78ac2ac3b3b00bb: Time spent bootstrapping tablet: real 0.008s	user 0.004s	sys 0.000s
I20260812 08:03:55.933820  9796 ts_tablet_manager.cc:1403] T f68e38404b284b41953f7708a16f14bb P 3d719ac391f1475b85520c84adbe901c: Time spent bootstrapping tablet: real 0.009s	user 0.004s	sys 0.000s
I20260812 08:03:55.934484  9620 heartbeater.cc:499] Master 127.8.255.126:39265 was elected leader, sending a full tablet report...
I20260812 08:03:55.934661  9795 ts_tablet_manager.cc:1434] T f68e38404b284b41953f7708a16f14bb P df4ff0118b444bdab72081de89befc12: Time spent starting tablet: real 0.005s	user 0.005s	sys 0.000s
I20260812 08:03:55.936910  9797 raft_consensus.cc:359] T f68e38404b284b41953f7708a16f14bb P 679539382e2a40a9b78ac2ac3b3b00bb [term 0 FOLLOWER]: Replica starting. Triggering 0 pending ops. Active config: opid_index: -1 OBSOLETE_local: false peers { permanent_uuid: "3d719ac391f1475b85520c84adbe901c" member_type: VOTER last_known_addr { host: "127.8.255.65" port: 41129 } } peers { permanent_uuid: "df4ff0118b444bdab72081de89befc12" member_type: VOTER last_known_addr { host: "127.8.255.66" port: 41943 } } peers { permanent_uuid: "679539382e2a40a9b78ac2ac3b3b00bb" member_type: VOTER last_known_addr { host: "127.8.255.67" port: 33225 } }
I20260812 08:03:55.937145  9797 raft_consensus.cc:740] T f68e38404b284b41953f7708a16f14bb P 679539382e2a40a9b78ac2ac3b3b00bb [term 0 FOLLOWER]: Becoming Follower/Learner. State: Replica: 679539382e2a40a9b78ac2ac3b3b00bb, State: Initialized, Role: FOLLOWER
I20260812 08:03:55.937453  9797 consensus_queue.cc:260] T f68e38404b284b41953f7708a16f14bb P 679539382e2a40a9b78ac2ac3b3b00bb [NON_LEADER]: Queue going to NON_LEADER mode. State: All replicated index: 0, Majority replicated index: 0, Committed index: 0, Last appended: 0.0, Last appended by leader: 0, Current term: 0, Majority size: -1, State: 0, Mode: NON_LEADER, active raft config: opid_index: -1 OBSOLETE_local: false peers { permanent_uuid: "3d719ac391f1475b85520c84adbe901c" member_type: VOTER last_known_addr { host: "127.8.255.65" port: 41129 } } peers { permanent_uuid: "df4ff0118b444bdab72081de89befc12" member_type: VOTER last_known_addr { host: "127.8.255.66" port: 41943 } } peers { permanent_uuid: "679539382e2a40a9b78ac2ac3b3b00bb" member_type: VOTER last_known_addr { host: "127.8.255.67" port: 33225 } }
I20260812 08:03:55.937521  9796 raft_consensus.cc:359] T f68e38404b284b41953f7708a16f14bb P 3d719ac391f1475b85520c84adbe901c [term 0 FOLLOWER]: Replica starting. Triggering 0 pending ops. Active config: opid_index: -1 OBSOLETE_local: false peers { permanent_uuid: "3d719ac391f1475b85520c84adbe901c" member_type: VOTER last_known_addr { host: "127.8.255.65" port: 41129 } } peers { permanent_uuid: "df4ff0118b444bdab72081de89befc12" member_type: VOTER last_known_addr { host: "127.8.255.66" port: 41943 } } peers { permanent_uuid: "679539382e2a40a9b78ac2ac3b3b00bb" member_type: VOTER last_known_addr { host: "127.8.255.67" port: 33225 } }
I20260812 08:03:55.937754  9796 raft_consensus.cc:740] T f68e38404b284b41953f7708a16f14bb P 3d719ac391f1475b85520c84adbe901c [term 0 FOLLOWER]: Becoming Follower/Learner. State: Replica: 3d719ac391f1475b85520c84adbe901c, State: Initialized, Role: FOLLOWER
I20260812 08:03:55.938025  9796 consensus_queue.cc:260] T f68e38404b284b41953f7708a16f14bb P 3d719ac391f1475b85520c84adbe901c [NON_LEADER]: Queue going to NON_LEADER mode. State: All replicated index: 0, Majority replicated index: 0, Committed index: 0, Last appended: 0.0, Last appended by leader: 0, Current term: 0, Majority size: -1, State: 0, Mode: NON_LEADER, active raft config: opid_index: -1 OBSOLETE_local: false peers { permanent_uuid: "3d719ac391f1475b85520c84adbe901c" member_type: VOTER last_known_addr { host: "127.8.255.65" port: 41129 } } peers { permanent_uuid: "df4ff0118b444bdab72081de89befc12" member_type: VOTER last_known_addr { host: "127.8.255.66" port: 41943 } } peers { permanent_uuid: "679539382e2a40a9b78ac2ac3b3b00bb" member_type: VOTER last_known_addr { host: "127.8.255.67" port: 33225 } }
I20260812 08:03:55.938400  9797 ts_tablet_manager.cc:1434] T f68e38404b284b41953f7708a16f14bb P 679539382e2a40a9b78ac2ac3b3b00bb: Time spent starting tablet: real 0.005s	user 0.005s	sys 0.000s
I20260812 08:03:55.939138  9796 ts_tablet_manager.cc:1434] T f68e38404b284b41953f7708a16f14bb P 3d719ac391f1475b85520c84adbe901c: Time spent starting tablet: real 0.005s	user 0.005s	sys 0.000s
I20260812 08:03:55.939146  9771 heartbeater.cc:499] Master 127.8.255.126:39265 was elected leader, sending a full tablet report...
I20260812 08:03:55.939343  9471 heartbeater.cc:499] Master 127.8.255.126:39265 was elected leader, sending a full tablet report...
W20260812 08:03:55.979899  9472 tablet.cc:2406] T f68e38404b284b41953f7708a16f14bb P 3d719ac391f1475b85520c84adbe901c: Can't schedule compaction. Clean time has not been advanced past its initial value.
W20260812 08:03:56.082435  9806 flags.cc:432] Enabled unsafe flag: --openssl_security_level_override=0
W20260812 08:03:56.082722  9806 flags.cc:432] Enabled unsafe flag: --never_fsync=true
W20260812 08:03:56.104265  9772 tablet.cc:2406] T f68e38404b284b41953f7708a16f14bb P 679539382e2a40a9b78ac2ac3b3b00bb: Can't schedule compaction. Clean time has not been advanced past its initial value.
I20260812 08:03:56.109367  9396 tablet_service.cc:1558] Processing DeleteTablet for tablet f68e38404b284b41953f7708a16f14bb with delete_type TABLET_DATA_TOMBSTONED (Deleting for kudu-ts-cli-test) from {username='slave'} at 127.0.0.1:36172
I20260812 08:03:56.110208  9822 tablet_replica.cc:333] T f68e38404b284b41953f7708a16f14bb P 3d719ac391f1475b85520c84adbe901c: stopping tablet replica
I20260812 08:03:56.110610  9822 raft_consensus.cc:2243] T f68e38404b284b41953f7708a16f14bb P 3d719ac391f1475b85520c84adbe901c [term 0 FOLLOWER]: Raft consensus shutting down.
I20260812 08:03:56.110929  9822 raft_consensus.cc:2272] T f68e38404b284b41953f7708a16f14bb P 3d719ac391f1475b85520c84adbe901c [term 0 FOLLOWER]: Raft consensus is shut down!
I20260812 08:03:56.112116  9822 ts_tablet_manager.cc:1916] T f68e38404b284b41953f7708a16f14bb P 3d719ac391f1475b85520c84adbe901c: Deleting tablet data with delete state TABLET_DATA_TOMBSTONED
I20260812 08:03:56.114635  9822 ts_tablet_manager.cc:1929] T f68e38404b284b41953f7708a16f14bb P 3d719ac391f1475b85520c84adbe901c: tablet deleted with delete type TABLET_DATA_TOMBSTONED: last-logged OpId 0.0
I20260812 08:03:56.114761  9822 log.cc:1199] T f68e38404b284b41953f7708a16f14bb P 3d719ac391f1475b85520c84adbe901c: Deleting WAL directory at /tmp/dist-test-taskZmK_K8/test-tmp/kudu-ts-cli-test.0.KuduTsCliTest.TestDeleteTablet.1786521835026650-9213-0/minicluster-data/ts-0/wal/wals/f68e38404b284b41953f7708a16f14bb
I20260812 08:03:56.129257  9213 external_mini_cluster.cc:1664] Killing /tmp/dist-test-taskZmK_K8/build/debug/bin/kudu with pid 9327
I20260812 08:03:56.140341  9213 external_mini_cluster.cc:1664] Killing /tmp/dist-test-taskZmK_K8/build/debug/bin/kudu with pid 9474
I20260812 08:03:56.151209  9213 external_mini_cluster.cc:1664] Killing /tmp/dist-test-taskZmK_K8/build/debug/bin/kudu with pid 9623
I20260812 08:03:56.160202  9213 external_mini_cluster.cc:1664] Killing /tmp/dist-test-taskZmK_K8/build/debug/bin/kudu with pid 9223
2026-08-12T08:03:56Z chronyd exiting
[       OK ] KuduTsCliTest.TestDeleteTablet (1149 ms)
[ RUN      ] KuduTsCliTest.TestDumpTablet
2026-08-12T08:03:56Z chronyd version 4.6.1 starting (+CMDMON +NTP +REFCLOCK +RTC -PRIVDROP -SCFILTER -SIGND +ASYNCDNS -NTS -SECHASH -IPV6 +DEBUG)
2026-08-12T08:03:56Z Disabled control of system clock
I20260812 08:03:56.196930  9213 external_mini_cluster.cc:1372] Running /tmp/dist-test-taskZmK_K8/build/debug/bin/kudu
/tmp/dist-test-taskZmK_K8/build/debug/bin/kudu
--fs_wal_dir=/tmp/dist-test-taskZmK_K8/test-tmp/kudu-ts-cli-test.0.KuduTsCliTest.TestDumpTablet.1786521835026650-9213-0/minicluster-data/master-0/wal
--fs_data_dirs=/tmp/dist-test-taskZmK_K8/test-tmp/kudu-ts-cli-test.0.KuduTsCliTest.TestDumpTablet.1786521835026650-9213-0/minicluster-data/master-0/data
--block_manager=log
--webserver_interface=localhost
--never_fsync
--enable_minidumps=false
--redact=none
--metrics_log_interval_ms=1000
--log_dir=/tmp/dist-test-taskZmK_K8/test-tmp/kudu-ts-cli-test.0.KuduTsCliTest.TestDumpTablet.1786521835026650-9213-0/minicluster-data/master-0/logs
--server_dump_info_path=/tmp/dist-test-taskZmK_K8/test-tmp/kudu-ts-cli-test.0.KuduTsCliTest.TestDumpTablet.1786521835026650-9213-0/minicluster-data/master-0/data/info.pb
--server_dump_info_format=pb
--rpc_server_allow_ephemeral_ports
--unlock_experimental_flags
--unlock_unsafe_flags
--logtostderr
--logbuflevel=-1
--ipki_server_key_size=768
--openssl_security_level_override=0
master
run
--ipki_ca_key_size=768
--tsk_num_rsa_bits=512
--rpc_bind_addresses=127.8.255.126:39793
--webserver_interface=127.8.255.126
--webserver_port=0
--builtin_ntp_servers=127.8.255.84:43393
--builtin_ntp_poll_interval_ms=100
--ntp_initial_sync_wait_secs=10
--time_source=builtin
--rpc_reuseport=true
--master_addresses=127.8.255.126:39793 with env {}
W20260812 08:03:56.311993  9826 flags.cc:432] Enabled unsafe flag: --openssl_security_level_override=0
W20260812 08:03:56.312238  9826 flags.cc:432] Enabled unsafe flag: --rpc_server_allow_ephemeral_ports=true
W20260812 08:03:56.312279  9826 flags.cc:432] Enabled unsafe flag: --never_fsync=true
W20260812 08:03:56.315760  9826 flags.cc:432] Enabled experimental flag: --ipki_ca_key_size=768
W20260812 08:03:56.315841  9826 flags.cc:432] Enabled experimental flag: --ipki_server_key_size=768
W20260812 08:03:56.315862  9826 flags.cc:432] Enabled experimental flag: --tsk_num_rsa_bits=512
W20260812 08:03:56.315881  9826 flags.cc:432] Enabled experimental flag: --rpc_reuseport=true
I20260812 08:03:56.319792  9826 master_runner.cc:387] Master server non-default flags:
--log_dir=/tmp/dist-test-taskZmK_K8/test-tmp/kudu-ts-cli-test.0.KuduTsCliTest.TestDumpTablet.1786521835026650-9213-0/minicluster-data/master-0/logs
--logbuflevel=-1
--logtostderr=true
--builtin_ntp_poll_interval_ms=100
--builtin_ntp_servers=127.8.255.84:43393
--ntp_initial_sync_wait_secs=10
--time_source=builtin
--fs_data_dirs=/tmp/dist-test-taskZmK_K8/test-tmp/kudu-ts-cli-test.0.KuduTsCliTest.TestDumpTablet.1786521835026650-9213-0/minicluster-data/master-0/data
--fs_wal_dir=/tmp/dist-test-taskZmK_K8/test-tmp/kudu-ts-cli-test.0.KuduTsCliTest.TestDumpTablet.1786521835026650-9213-0/minicluster-data/master-0/wal
--ipki_ca_key_size=768
--master_addresses=127.8.255.126:39793
--ipki_server_key_size=768
--openssl_security_level_override=0
--tsk_num_rsa_bits=512
--rpc_bind_addresses=127.8.255.126:39793
--rpc_reuseport=true
--rpc_server_allow_ephemeral_ports=true
--metrics_log_interval_ms=1000
--server_dump_info_format=pb
--server_dump_info_path=/tmp/dist-test-taskZmK_K8/test-tmp/kudu-ts-cli-test.0.KuduTsCliTest.TestDumpTablet.1786521835026650-9213-0/minicluster-data/master-0/data/info.pb
--webserver_interface=127.8.255.126
--webserver_port=0
--never_fsync=true
--heap_profile_path=/tmp/kudu.9826
--redact=none
--unlock_experimental_flags=true
--unlock_unsafe_flags=true
--enable_minidumps=false

Master server version:
kudu 1.19.0-SNAPSHOT
revision 70c51312f1186a8ae9f46647160b7730123f7601-dirty
build type DEBUG
built by None at 12 Aug 2026 06:06:26 UTC on 39be9dd7121a
I20260812 08:03:56.321019  9826 env_posix.cc:2285] Not raising this process' open files per process limit of 1048576; it is already as high as it can go
I20260812 08:03:56.322119  9826 file_cache.cc:504] Constructed file cache file cache with capacity 419430
W20260812 08:03:56.328104  9835 instance_detector.cc:116] could not retrieve Azure instance metadata: Network error: curl error: HTTP response code said error: The requested URL returned error: 404
W20260812 08:03:56.328105  9834 instance_detector.cc:116] could not retrieve AWS instance metadata: Network error: curl error: HTTP response code said error: The requested URL returned error: 404
W20260812 08:03:56.328104  9837 instance_detector.cc:116] could not retrieve OpenStack instance metadata: Network error: curl error: HTTP response code said error: The requested URL returned error: 404
I20260812 08:03:56.328503  9826 server_base.cc:1061] running on GCE node
I20260812 08:03:56.329036  9826 hybrid_clock.cc:584] initializing the hybrid clock with 'builtin' time source
I20260812 08:03:56.330013  9826 hybrid_clock.cc:630] waiting up to --ntp_initial_sync_wait_secs=10 seconds for the clock to synchronize
I20260812 08:03:56.331200  9826 hybrid_clock.cc:648] HybridClock initialized: now 1786521836331188 us; error 26 us; skew 500 ppm
I20260812 08:03:56.333117  9826 webserver.cc:533] Webserver started at http://127.8.255.126:36847/ using document root <none> and password file <none>
I20260812 08:03:56.333706  9826 fs_manager.cc:362] Metadata directory not provided
I20260812 08:03:56.333791  9826 fs_manager.cc:368] Using write-ahead log directory (fs_wal_dir) as metadata directory
I20260812 08:03:56.334025  9826 server_base.cc:909] This appears to be a new deployment of Kudu; creating new FS layout
I20260812 08:03:56.335600  9826 fs_manager.cc:1068] Generated new instance metadata in path /tmp/dist-test-taskZmK_K8/test-tmp/kudu-ts-cli-test.0.KuduTsCliTest.TestDumpTablet.1786521835026650-9213-0/minicluster-data/master-0/data/instance:
uuid: "225205cb487b41adbe31378569797647"
format_stamp: "Formatted at 2026-08-12 08:03:56 on dist-test-slave-fd7l"
I20260812 08:03:56.336105  9826 fs_manager.cc:1068] Generated new instance metadata in path /tmp/dist-test-taskZmK_K8/test-tmp/kudu-ts-cli-test.0.KuduTsCliTest.TestDumpTablet.1786521835026650-9213-0/minicluster-data/master-0/wal/instance:
uuid: "225205cb487b41adbe31378569797647"
format_stamp: "Formatted at 2026-08-12 08:03:56 on dist-test-slave-fd7l"
I20260812 08:03:56.339615  9826 fs_manager.cc:696] Time spent creating directory manager: real 0.003s	user 0.006s	sys 0.000s
I20260812 08:03:56.341949  9844 log_block_manager.cc:4127] Time spent loading block containers with low live blocks: real 0.000s	user 0.000s	sys 0.000s
I20260812 08:03:56.343140  9826 fs_manager.cc:730] Time spent opening block manager: real 0.002s	user 0.001s	sys 0.000s
I20260812 08:03:56.343286  9826 fs_manager.cc:647] Opened local filesystem: /tmp/dist-test-taskZmK_K8/test-tmp/kudu-ts-cli-test.0.KuduTsCliTest.TestDumpTablet.1786521835026650-9213-0/minicluster-data/master-0/data,/tmp/dist-test-taskZmK_K8/test-tmp/kudu-ts-cli-test.0.KuduTsCliTest.TestDumpTablet.1786521835026650-9213-0/minicluster-data/master-0/wal
uuid: "225205cb487b41adbe31378569797647"
format_stamp: "Formatted at 2026-08-12 08:03:56 on dist-test-slave-fd7l"
I20260812 08:03:56.343394  9826 fs_report.cc:389] FS layout report
--------------------
wal directory: /tmp/dist-test-taskZmK_K8/test-tmp/kudu-ts-cli-test.0.KuduTsCliTest.TestDumpTablet.1786521835026650-9213-0/minicluster-data/master-0/wal
metadata directory: /tmp/dist-test-taskZmK_K8/test-tmp/kudu-ts-cli-test.0.KuduTsCliTest.TestDumpTablet.1786521835026650-9213-0/minicluster-data/master-0/wal
1 data directories: /tmp/dist-test-taskZmK_K8/test-tmp/kudu-ts-cli-test.0.KuduTsCliTest.TestDumpTablet.1786521835026650-9213-0/minicluster-data/master-0/data/data
Total live blocks: 0
Total live bytes: 0
Total live bytes (after alignment): 0
Total number of LBM containers: 0 (0 full)
Did not check for missing blocks
Did not check for orphaned blocks
Total full LBM containers with extra space: 0 (0 repaired)
Total full LBM container extra space in bytes: 0 (0 repaired)
Total incomplete LBM containers: 0 (0 repaired)
Total LBM partial records: 0 (0 repaired)
Total corrupted LBM metadata records in RocksDB: 0 (0 repaired)
I20260812 08:03:56.357161  9826 rpc_server.cc:225] running with OpenSSL 1.1.1  11 Sep 2018
I20260812 08:03:56.357959  9826 env_posix.cc:2285] Not raising this process' running threads per effective uid limit of 18446744073709551615; it is already as high as it can go
I20260812 08:03:56.358197  9826 kserver.cc:163] Server-wide thread pool size limit: 3276
I20260812 08:03:56.366583  9826 rpc_server.cc:307] RPC server started. Bound to: 127.8.255.126:39793
I20260812 08:03:56.366583  9902 acceptor_pool.cc:272] collecting diagnostics on the listening RPC socket 127.8.255.126:39793 every 8 connection(s)
I20260812 08:03:56.367682  9826 server_base.cc:1193] Dumped server information to /tmp/dist-test-taskZmK_K8/test-tmp/kudu-ts-cli-test.0.KuduTsCliTest.TestDumpTablet.1786521835026650-9213-0/minicluster-data/master-0/data/info.pb
I20260812 08:03:56.370666  9903 data_dirs.cc:400] Could only allocate 1 dirs of requested 3 for tablet 00000000000000000000000000000000. 1 dirs total, 0 dirs full, 0 dirs failed
I20260812 08:03:56.373435  9213 external_mini_cluster.cc:1434] Started /tmp/dist-test-taskZmK_K8/build/debug/bin/kudu as pid 9826
I20260812 08:03:56.373543  9213 external_mini_cluster.cc:1448] Reading /tmp/dist-test-taskZmK_K8/test-tmp/kudu-ts-cli-test.0.KuduTsCliTest.TestDumpTablet.1786521835026650-9213-0/minicluster-data/master-0/wal/instance
I20260812 08:03:56.376430  9903 tablet_bootstrap.cc:492] T 00000000000000000000000000000000 P 225205cb487b41adbe31378569797647: Bootstrap starting.
I20260812 08:03:56.378715  9903 tablet_bootstrap.cc:654] T 00000000000000000000000000000000 P 225205cb487b41adbe31378569797647: Neither blocks nor log segments found. Creating new log.
I20260812 08:03:56.379457  9903 log.cc:826] T 00000000000000000000000000000000 P 225205cb487b41adbe31378569797647: Log is configured to *not* fsync() on all Append() calls
I20260812 08:03:56.381498  9903 tablet_bootstrap.cc:492] T 00000000000000000000000000000000 P 225205cb487b41adbe31378569797647: No bootstrap required, opened a new log
I20260812 08:03:56.384218  9903 raft_consensus.cc:359] T 00000000000000000000000000000000 P 225205cb487b41adbe31378569797647 [term 0 FOLLOWER]: Replica starting. Triggering 0 pending ops. Active config: opid_index: -1 OBSOLETE_local: true peers { permanent_uuid: "225205cb487b41adbe31378569797647" member_type: VOTER last_known_addr { host: "127.8.255.126" port: 39793 } }
I20260812 08:03:56.384393  9903 raft_consensus.cc:385] T 00000000000000000000000000000000 P 225205cb487b41adbe31378569797647 [term 0 FOLLOWER]: Consensus starting up: Expiring failure detector timer to make a prompt election more likely
I20260812 08:03:56.384438  9903 raft_consensus.cc:740] T 00000000000000000000000000000000 P 225205cb487b41adbe31378569797647 [term 0 FOLLOWER]: Becoming Follower/Learner. State: Replica: 225205cb487b41adbe31378569797647, State: Initialized, Role: FOLLOWER
I20260812 08:03:56.384887  9903 consensus_queue.cc:260] T 00000000000000000000000000000000 P 225205cb487b41adbe31378569797647 [NON_LEADER]: Queue going to NON_LEADER mode. State: All replicated index: 0, Majority replicated index: 0, Committed index: 0, Last appended: 0.0, Last appended by leader: 0, Current term: 0, Majority size: -1, State: 0, Mode: NON_LEADER, active raft config: opid_index: -1 OBSOLETE_local: true peers { permanent_uuid: "225205cb487b41adbe31378569797647" member_type: VOTER last_known_addr { host: "127.8.255.126" port: 39793 } }
I20260812 08:03:56.385010  9903 raft_consensus.cc:399] T 00000000000000000000000000000000 P 225205cb487b41adbe31378569797647 [term 0 FOLLOWER]: Only one voter in the Raft config. Triggering election immediately
I20260812 08:03:56.385056  9903 raft_consensus.cc:493] T 00000000000000000000000000000000 P 225205cb487b41adbe31378569797647 [term 0 FOLLOWER]: Starting leader election (initial election of a single-replica configuration)
I20260812 08:03:56.385134  9903 raft_consensus.cc:3060] T 00000000000000000000000000000000 P 225205cb487b41adbe31378569797647 [term 0 FOLLOWER]: Advancing to term 1
I20260812 08:03:56.385960  9903 raft_consensus.cc:515] T 00000000000000000000000000000000 P 225205cb487b41adbe31378569797647 [term 1 FOLLOWER]: Starting leader election with config: opid_index: -1 OBSOLETE_local: true peers { permanent_uuid: "225205cb487b41adbe31378569797647" member_type: VOTER last_known_addr { host: "127.8.255.126" port: 39793 } }
I20260812 08:03:56.386253  9903 leader_election.cc:304] T 00000000000000000000000000000000 P 225205cb487b41adbe31378569797647 [CANDIDATE]: Term 1 election: Election decided. Result: candidate won. Election summary: received 1 responses out of 1 voters: 1 yes votes; 0 no votes. yes voters: 225205cb487b41adbe31378569797647; no voters: 
I20260812 08:03:56.386507  9903 leader_election.cc:290] T 00000000000000000000000000000000 P 225205cb487b41adbe31378569797647 [CANDIDATE]: Term 1 election: Requested vote from peers 
I20260812 08:03:56.386652  9908 raft_consensus.cc:2804] T 00000000000000000000000000000000 P 225205cb487b41adbe31378569797647 [term 1 FOLLOWER]: Leader election won for term 1
I20260812 08:03:56.386914  9908 raft_consensus.cc:697] T 00000000000000000000000000000000 P 225205cb487b41adbe31378569797647 [term 1 LEADER]: Becoming Leader. State: Replica: 225205cb487b41adbe31378569797647, State: Running, Role: LEADER
I20260812 08:03:56.387197  9908 consensus_queue.cc:237] T 00000000000000000000000000000000 P 225205cb487b41adbe31378569797647 [LEADER]: Queue going to LEADER mode. State: All replicated index: 0, Majority replicated index: 0, Committed index: 0, Last appended: 0.0, Last appended by leader: 0, Current term: 1, Majority size: 1, State: 0, Mode: LEADER, active raft config: opid_index: -1 OBSOLETE_local: true peers { permanent_uuid: "225205cb487b41adbe31378569797647" member_type: VOTER last_known_addr { host: "127.8.255.126" port: 39793 } }
I20260812 08:03:56.387704  9903 sys_catalog.cc:565] T 00000000000000000000000000000000 P 225205cb487b41adbe31378569797647 [sys.catalog]: configured and running, proceeding with master startup.
I20260812 08:03:56.388909  9910 sys_catalog.cc:455] T 00000000000000000000000000000000 P 225205cb487b41adbe31378569797647 [sys.catalog]: SysCatalogTable state changed. Reason: New leader 225205cb487b41adbe31378569797647. Latest consensus state: current_term: 1 leader_uuid: "225205cb487b41adbe31378569797647" committed_config { opid_index: -1 OBSOLETE_local: true peers { permanent_uuid: "225205cb487b41adbe31378569797647" member_type: VOTER last_known_addr { host: "127.8.255.126" port: 39793 } } }
I20260812 08:03:56.389065  9910 sys_catalog.cc:458] T 00000000000000000000000000000000 P 225205cb487b41adbe31378569797647 [sys.catalog]: This master's current role is: LEADER
I20260812 08:03:56.389315  9909 sys_catalog.cc:455] T 00000000000000000000000000000000 P 225205cb487b41adbe31378569797647 [sys.catalog]: SysCatalogTable state changed. Reason: RaftConsensus started. Latest consensus state: current_term: 1 leader_uuid: "225205cb487b41adbe31378569797647" committed_config { opid_index: -1 OBSOLETE_local: true peers { permanent_uuid: "225205cb487b41adbe31378569797647" member_type: VOTER last_known_addr { host: "127.8.255.126" port: 39793 } } }
I20260812 08:03:56.389392  9909 sys_catalog.cc:458] T 00000000000000000000000000000000 P 225205cb487b41adbe31378569797647 [sys.catalog]: This master's current role is: LEADER
I20260812 08:03:56.390022  9918 catalog_manager.cc:1511] Loading table and tablet metadata into memory...
I20260812 08:03:56.392807  9918 catalog_manager.cc:1520] Initializing Kudu cluster ID...
I20260812 08:03:56.397827  9918 catalog_manager.cc:1383] Generated new cluster ID: a23c49969b8a417fa31d7345835b7583
I20260812 08:03:56.397909  9918 catalog_manager.cc:1531] Initializing Kudu internal certificate authority...
I20260812 08:03:56.408888  9918 catalog_manager.cc:1406] Generated new certificate authority record
I20260812 08:03:56.410030  9918 catalog_manager.cc:1540] Loading token signing keys...
I20260812 08:03:56.419878  9918 catalog_manager.cc:6092] T 00000000000000000000000000000000 P 225205cb487b41adbe31378569797647: Generated new TSK 0
I20260812 08:03:56.420621  9918 catalog_manager.cc:1550] Initializing in-progress tserver states...
I20260812 08:03:56.426342  9213 external_mini_cluster.cc:1372] Running /tmp/dist-test-taskZmK_K8/build/debug/bin/kudu
/tmp/dist-test-taskZmK_K8/build/debug/bin/kudu
--fs_wal_dir=/tmp/dist-test-taskZmK_K8/test-tmp/kudu-ts-cli-test.0.KuduTsCliTest.TestDumpTablet.1786521835026650-9213-0/minicluster-data/ts-0/wal
--fs_data_dirs=/tmp/dist-test-taskZmK_K8/test-tmp/kudu-ts-cli-test.0.KuduTsCliTest.TestDumpTablet.1786521835026650-9213-0/minicluster-data/ts-0/data
--block_manager=log
--webserver_interface=localhost
--never_fsync
--enable_minidumps=false
--redact=none
--metrics_log_interval_ms=1000
--log_dir=/tmp/dist-test-taskZmK_K8/test-tmp/kudu-ts-cli-test.0.KuduTsCliTest.TestDumpTablet.1786521835026650-9213-0/minicluster-data/ts-0/logs
--server_dump_info_path=/tmp/dist-test-taskZmK_K8/test-tmp/kudu-ts-cli-test.0.KuduTsCliTest.TestDumpTablet.1786521835026650-9213-0/minicluster-data/ts-0/data/info.pb
--server_dump_info_format=pb
--rpc_server_allow_ephemeral_ports
--unlock_experimental_flags
--unlock_unsafe_flags
--logtostderr
--logbuflevel=-1
--ipki_server_key_size=768
--openssl_security_level_override=0
tserver
run
--rpc_bind_addresses=127.8.255.65:0
--local_ip_for_outbound_sockets=127.8.255.65
--webserver_interface=127.8.255.65
--webserver_port=0
--tserver_master_addrs=127.8.255.126:39793
--builtin_ntp_servers=127.8.255.84:43393
--builtin_ntp_poll_interval_ms=100
--ntp_initial_sync_wait_secs=10
--time_source=builtin with env {}
W20260812 08:03:56.537036  9929 flags.cc:432] Enabled unsafe flag: --openssl_security_level_override=0
W20260812 08:03:56.537302  9929 flags.cc:432] Enabled unsafe flag: --rpc_server_allow_ephemeral_ports=true
W20260812 08:03:56.537395  9929 flags.cc:432] Enabled unsafe flag: --never_fsync=true
W20260812 08:03:56.540838  9929 flags.cc:432] Enabled experimental flag: --ipki_server_key_size=768
W20260812 08:03:56.540998  9929 flags.cc:432] Enabled experimental flag: --local_ip_for_outbound_sockets=127.8.255.65
I20260812 08:03:56.545006  9929 tablet_server_runner.cc:78] Tablet server non-default flags:
--log_dir=/tmp/dist-test-taskZmK_K8/test-tmp/kudu-ts-cli-test.0.KuduTsCliTest.TestDumpTablet.1786521835026650-9213-0/minicluster-data/ts-0/logs
--logbuflevel=-1
--logtostderr=true
--builtin_ntp_poll_interval_ms=100
--builtin_ntp_servers=127.8.255.84:43393
--ntp_initial_sync_wait_secs=10
--time_source=builtin
--fs_data_dirs=/tmp/dist-test-taskZmK_K8/test-tmp/kudu-ts-cli-test.0.KuduTsCliTest.TestDumpTablet.1786521835026650-9213-0/minicluster-data/ts-0/data
--fs_wal_dir=/tmp/dist-test-taskZmK_K8/test-tmp/kudu-ts-cli-test.0.KuduTsCliTest.TestDumpTablet.1786521835026650-9213-0/minicluster-data/ts-0/wal
--ipki_server_key_size=768
--openssl_security_level_override=0
--rpc_bind_addresses=127.8.255.65:0
--rpc_server_allow_ephemeral_ports=true
--metrics_log_interval_ms=1000
--server_dump_info_format=pb
--server_dump_info_path=/tmp/dist-test-taskZmK_K8/test-tmp/kudu-ts-cli-test.0.KuduTsCliTest.TestDumpTablet.1786521835026650-9213-0/minicluster-data/ts-0/data/info.pb
--webserver_interface=127.8.255.65
--webserver_port=0
--tserver_master_addrs=127.8.255.126:39793
--never_fsync=true
--heap_profile_path=/tmp/kudu.9929
--redact=none
--unlock_experimental_flags=true
--unlock_unsafe_flags=true
--enable_minidumps=false
--local_ip_for_outbound_sockets=127.8.255.65

Tablet server version:
kudu 1.19.0-SNAPSHOT
revision 70c51312f1186a8ae9f46647160b7730123f7601-dirty
build type DEBUG
built by None at 12 Aug 2026 06:06:26 UTC on 39be9dd7121a
I20260812 08:03:56.546152  9929 env_posix.cc:2285] Not raising this process' open files per process limit of 1048576; it is already as high as it can go
I20260812 08:03:56.547353  9929 file_cache.cc:504] Constructed file cache file cache with capacity 419430
W20260812 08:03:56.554019  9937 instance_detector.cc:116] could not retrieve OpenStack instance metadata: Network error: curl error: HTTP response code said error: The requested URL returned error: 404
W20260812 08:03:56.554046  9934 instance_detector.cc:116] could not retrieve AWS instance metadata: Network error: curl error: HTTP response code said error: The requested URL returned error: 404
W20260812 08:03:56.554085  9935 instance_detector.cc:116] could not retrieve Azure instance metadata: Network error: curl error: HTTP response code said error: The requested URL returned error: 404
I20260812 08:03:56.554278  9929 server_base.cc:1061] running on GCE node
I20260812 08:03:56.554752  9929 hybrid_clock.cc:584] initializing the hybrid clock with 'builtin' time source
I20260812 08:03:56.555346  9929 hybrid_clock.cc:630] waiting up to --ntp_initial_sync_wait_secs=10 seconds for the clock to synchronize
I20260812 08:03:56.556595  9929 hybrid_clock.cc:648] HybridClock initialized: now 1786521836556580 us; error 29 us; skew 500 ppm
I20260812 08:03:56.558393  9929 webserver.cc:533] Webserver started at http://127.8.255.65:40059/ using document root <none> and password file <none>
I20260812 08:03:56.559001  9929 fs_manager.cc:362] Metadata directory not provided
I20260812 08:03:56.559092  9929 fs_manager.cc:368] Using write-ahead log directory (fs_wal_dir) as metadata directory
I20260812 08:03:56.559324  9929 server_base.cc:909] This appears to be a new deployment of Kudu; creating new FS layout
I20260812 08:03:56.560984  9929 fs_manager.cc:1068] Generated new instance metadata in path /tmp/dist-test-taskZmK_K8/test-tmp/kudu-ts-cli-test.0.KuduTsCliTest.TestDumpTablet.1786521835026650-9213-0/minicluster-data/ts-0/data/instance:
uuid: "da72db4822934147a3a9dfb39cab8e18"
format_stamp: "Formatted at 2026-08-12 08:03:56 on dist-test-slave-fd7l"
I20260812 08:03:56.561484  9929 fs_manager.cc:1068] Generated new instance metadata in path /tmp/dist-test-taskZmK_K8/test-tmp/kudu-ts-cli-test.0.KuduTsCliTest.TestDumpTablet.1786521835026650-9213-0/minicluster-data/ts-0/wal/instance:
uuid: "da72db4822934147a3a9dfb39cab8e18"
format_stamp: "Formatted at 2026-08-12 08:03:56 on dist-test-slave-fd7l"
I20260812 08:03:56.564895  9929 fs_manager.cc:696] Time spent creating directory manager: real 0.003s	user 0.003s	sys 0.001s
I20260812 08:03:56.567073  9945 log_block_manager.cc:4127] Time spent loading block containers with low live blocks: real 0.000s	user 0.000s	sys 0.000s
I20260812 08:03:56.568104  9929 fs_manager.cc:730] Time spent opening block manager: real 0.002s	user 0.002s	sys 0.000s
I20260812 08:03:56.568245  9929 fs_manager.cc:647] Opened local filesystem: /tmp/dist-test-taskZmK_K8/test-tmp/kudu-ts-cli-test.0.KuduTsCliTest.TestDumpTablet.1786521835026650-9213-0/minicluster-data/ts-0/data,/tmp/dist-test-taskZmK_K8/test-tmp/kudu-ts-cli-test.0.KuduTsCliTest.TestDumpTablet.1786521835026650-9213-0/minicluster-data/ts-0/wal
uuid: "da72db4822934147a3a9dfb39cab8e18"
format_stamp: "Formatted at 2026-08-12 08:03:56 on dist-test-slave-fd7l"
I20260812 08:03:56.568356  9929 fs_report.cc:389] FS layout report
--------------------
wal directory: /tmp/dist-test-taskZmK_K8/test-tmp/kudu-ts-cli-test.0.KuduTsCliTest.TestDumpTablet.1786521835026650-9213-0/minicluster-data/ts-0/wal
metadata directory: /tmp/dist-test-taskZmK_K8/test-tmp/kudu-ts-cli-test.0.KuduTsCliTest.TestDumpTablet.1786521835026650-9213-0/minicluster-data/ts-0/wal
1 data directories: /tmp/dist-test-taskZmK_K8/test-tmp/kudu-ts-cli-test.0.KuduTsCliTest.TestDumpTablet.1786521835026650-9213-0/minicluster-data/ts-0/data/data
Total live blocks: 0
Total live bytes: 0
Total live bytes (after alignment): 0
Total number of LBM containers: 0 (0 full)
Did not check for missing blocks
Did not check for orphaned blocks
Total full LBM containers with extra space: 0 (0 repaired)
Total full LBM container extra space in bytes: 0 (0 repaired)
Total incomplete LBM containers: 0 (0 repaired)
Total LBM partial records: 0 (0 repaired)
Total corrupted LBM metadata records in RocksDB: 0 (0 repaired)
I20260812 08:03:56.605018  9929 rpc_server.cc:225] running with OpenSSL 1.1.1  11 Sep 2018
I20260812 08:03:56.605779  9929 env_posix.cc:2285] Not raising this process' running threads per effective uid limit of 18446744073709551615; it is already as high as it can go
I20260812 08:03:56.605994  9929 kserver.cc:163] Server-wide thread pool size limit: 3276
I20260812 08:03:56.606621  9929 txn_system_client.cc:432] TxnSystemClient initialization is disabled...
I20260812 08:03:56.607688  9929 ts_tablet_manager.cc:585] Loaded tablet metadata (0 total tablets, 0 live tablets)
I20260812 08:03:56.607764  9929 ts_tablet_manager.cc:531] Time spent load tablet metadata: real 0.000s	user 0.000s	sys 0.000s
I20260812 08:03:56.607836  9929 ts_tablet_manager.cc:616] Registered 0 tablets
I20260812 08:03:56.607882  9929 ts_tablet_manager.cc:595] Time spent register tablets: real 0.000s	user 0.000s	sys 0.000s
I20260812 08:03:56.617731  9929 rpc_server.cc:307] RPC server started. Bound to: 127.8.255.65:43857
I20260812 08:03:56.617820 10075 acceptor_pool.cc:272] collecting diagnostics on the listening RPC socket 127.8.255.65:43857 every 8 connection(s)
I20260812 08:03:56.619037  9929 server_base.cc:1193] Dumped server information to /tmp/dist-test-taskZmK_K8/test-tmp/kudu-ts-cli-test.0.KuduTsCliTest.TestDumpTablet.1786521835026650-9213-0/minicluster-data/ts-0/data/info.pb
I20260812 08:03:56.623723  9213 external_mini_cluster.cc:1434] Started /tmp/dist-test-taskZmK_K8/build/debug/bin/kudu as pid 9929
I20260812 08:03:56.623814  9213 external_mini_cluster.cc:1448] Reading /tmp/dist-test-taskZmK_K8/test-tmp/kudu-ts-cli-test.0.KuduTsCliTest.TestDumpTablet.1786521835026650-9213-0/minicluster-data/ts-0/wal/instance
I20260812 08:03:56.626097  9213 external_mini_cluster.cc:1372] Running /tmp/dist-test-taskZmK_K8/build/debug/bin/kudu
/tmp/dist-test-taskZmK_K8/build/debug/bin/kudu
--fs_wal_dir=/tmp/dist-test-taskZmK_K8/test-tmp/kudu-ts-cli-test.0.KuduTsCliTest.TestDumpTablet.1786521835026650-9213-0/minicluster-data/ts-1/wal
--fs_data_dirs=/tmp/dist-test-taskZmK_K8/test-tmp/kudu-ts-cli-test.0.KuduTsCliTest.TestDumpTablet.1786521835026650-9213-0/minicluster-data/ts-1/data
--block_manager=log
--webserver_interface=localhost
--never_fsync
--enable_minidumps=false
--redact=none
--metrics_log_interval_ms=1000
--log_dir=/tmp/dist-test-taskZmK_K8/test-tmp/kudu-ts-cli-test.0.KuduTsCliTest.TestDumpTablet.1786521835026650-9213-0/minicluster-data/ts-1/logs
--server_dump_info_path=/tmp/dist-test-taskZmK_K8/test-tmp/kudu-ts-cli-test.0.KuduTsCliTest.TestDumpTablet.1786521835026650-9213-0/minicluster-data/ts-1/data/info.pb
--server_dump_info_format=pb
--rpc_server_allow_ephemeral_ports
--unlock_experimental_flags
--unlock_unsafe_flags
--logtostderr
--logbuflevel=-1
--ipki_server_key_size=768
--openssl_security_level_override=0
tserver
run
--rpc_bind_addresses=127.8.255.66:0
--local_ip_for_outbound_sockets=127.8.255.66
--webserver_interface=127.8.255.66
--webserver_port=0
--tserver_master_addrs=127.8.255.126:39793
--builtin_ntp_servers=127.8.255.84:43393
--builtin_ntp_poll_interval_ms=100
--ntp_initial_sync_wait_secs=10
--time_source=builtin with env {}
I20260812 08:03:56.629500 10076 heartbeater.cc:344] Connected to a master server at 127.8.255.126:39793
I20260812 08:03:56.629818 10076 heartbeater.cc:461] Registering TS with master...
I20260812 08:03:56.630456 10076 heartbeater.cc:507] Master 127.8.255.126:39793 requested a full tablet report, sending...
I20260812 08:03:56.632333  9863 ts_manager.cc:194] Registered new tserver with Master: da72db4822934147a3a9dfb39cab8e18 (127.8.255.65:43857)
I20260812 08:03:56.634140  9863 master_service.cc:502] Signed X509 certificate for tserver {username='slave'} at 127.8.255.65:54207
W20260812 08:03:56.735402 10079 flags.cc:432] Enabled unsafe flag: --openssl_security_level_override=0
W20260812 08:03:56.735641 10079 flags.cc:432] Enabled unsafe flag: --rpc_server_allow_ephemeral_ports=true
W20260812 08:03:56.735687 10079 flags.cc:432] Enabled unsafe flag: --never_fsync=true
W20260812 08:03:56.739056 10079 flags.cc:432] Enabled experimental flag: --ipki_server_key_size=768
W20260812 08:03:56.739171 10079 flags.cc:432] Enabled experimental flag: --local_ip_for_outbound_sockets=127.8.255.66
I20260812 08:03:56.743142 10079 tablet_server_runner.cc:78] Tablet server non-default flags:
--log_dir=/tmp/dist-test-taskZmK_K8/test-tmp/kudu-ts-cli-test.0.KuduTsCliTest.TestDumpTablet.1786521835026650-9213-0/minicluster-data/ts-1/logs
--logbuflevel=-1
--logtostderr=true
--builtin_ntp_poll_interval_ms=100
--builtin_ntp_servers=127.8.255.84:43393
--ntp_initial_sync_wait_secs=10
--time_source=builtin
--fs_data_dirs=/tmp/dist-test-taskZmK_K8/test-tmp/kudu-ts-cli-test.0.KuduTsCliTest.TestDumpTablet.1786521835026650-9213-0/minicluster-data/ts-1/data
--fs_wal_dir=/tmp/dist-test-taskZmK_K8/test-tmp/kudu-ts-cli-test.0.KuduTsCliTest.TestDumpTablet.1786521835026650-9213-0/minicluster-data/ts-1/wal
--ipki_server_key_size=768
--openssl_security_level_override=0
--rpc_bind_addresses=127.8.255.66:0
--rpc_server_allow_ephemeral_ports=true
--metrics_log_interval_ms=1000
--server_dump_info_format=pb
--server_dump_info_path=/tmp/dist-test-taskZmK_K8/test-tmp/kudu-ts-cli-test.0.KuduTsCliTest.TestDumpTablet.1786521835026650-9213-0/minicluster-data/ts-1/data/info.pb
--webserver_interface=127.8.255.66
--webserver_port=0
--tserver_master_addrs=127.8.255.126:39793
--never_fsync=true
--heap_profile_path=/tmp/kudu.10079
--redact=none
--unlock_experimental_flags=true
--unlock_unsafe_flags=true
--enable_minidumps=false
--local_ip_for_outbound_sockets=127.8.255.66

Tablet server version:
kudu 1.19.0-SNAPSHOT
revision 70c51312f1186a8ae9f46647160b7730123f7601-dirty
build type DEBUG
built by None at 12 Aug 2026 06:06:26 UTC on 39be9dd7121a
I20260812 08:03:56.744244 10079 env_posix.cc:2285] Not raising this process' open files per process limit of 1048576; it is already as high as it can go
I20260812 08:03:56.745419 10079 file_cache.cc:504] Constructed file cache file cache with capacity 419430
I20260812 08:03:56.752264 10079 server_base.cc:1061] running on GCE node
W20260812 08:03:56.752175 10085 instance_detector.cc:116] could not retrieve Azure instance metadata: Network error: curl error: HTTP response code said error: The requested URL returned error: 404
W20260812 08:03:56.752197 10087 instance_detector.cc:116] could not retrieve OpenStack instance metadata: Network error: curl error: HTTP response code said error: The requested URL returned error: 404
W20260812 08:03:56.752175 10084 instance_detector.cc:116] could not retrieve AWS instance metadata: Network error: curl error: HTTP response code said error: The requested URL returned error: 404
I20260812 08:03:56.752887 10079 hybrid_clock.cc:584] initializing the hybrid clock with 'builtin' time source
I20260812 08:03:56.753544 10079 hybrid_clock.cc:630] waiting up to --ntp_initial_sync_wait_secs=10 seconds for the clock to synchronize
I20260812 08:03:56.754716 10079 hybrid_clock.cc:648] HybridClock initialized: now 1786521836754702 us; error 36 us; skew 500 ppm
I20260812 08:03:56.756793 10079 webserver.cc:533] Webserver started at http://127.8.255.66:43333/ using document root <none> and password file <none>
I20260812 08:03:56.757402 10079 fs_manager.cc:362] Metadata directory not provided
I20260812 08:03:56.757459 10079 fs_manager.cc:368] Using write-ahead log directory (fs_wal_dir) as metadata directory
I20260812 08:03:56.757683 10079 server_base.cc:909] This appears to be a new deployment of Kudu; creating new FS layout
I20260812 08:03:56.759294 10079 fs_manager.cc:1068] Generated new instance metadata in path /tmp/dist-test-taskZmK_K8/test-tmp/kudu-ts-cli-test.0.KuduTsCliTest.TestDumpTablet.1786521835026650-9213-0/minicluster-data/ts-1/data/instance:
uuid: "0550911f5e9b4218aaafec8a17f08d78"
format_stamp: "Formatted at 2026-08-12 08:03:56 on dist-test-slave-fd7l"
I20260812 08:03:56.759795 10079 fs_manager.cc:1068] Generated new instance metadata in path /tmp/dist-test-taskZmK_K8/test-tmp/kudu-ts-cli-test.0.KuduTsCliTest.TestDumpTablet.1786521835026650-9213-0/minicluster-data/ts-1/wal/instance:
uuid: "0550911f5e9b4218aaafec8a17f08d78"
format_stamp: "Formatted at 2026-08-12 08:03:56 on dist-test-slave-fd7l"
I20260812 08:03:56.763310 10079 fs_manager.cc:696] Time spent creating directory manager: real 0.003s	user 0.006s	sys 0.000s
I20260812 08:03:56.765707 10093 log_block_manager.cc:4127] Time spent loading block containers with low live blocks: real 0.000s	user 0.000s	sys 0.000s
I20260812 08:03:56.766841 10079 fs_manager.cc:730] Time spent opening block manager: real 0.002s	user 0.001s	sys 0.000s
I20260812 08:03:56.766963 10079 fs_manager.cc:647] Opened local filesystem: /tmp/dist-test-taskZmK_K8/test-tmp/kudu-ts-cli-test.0.KuduTsCliTest.TestDumpTablet.1786521835026650-9213-0/minicluster-data/ts-1/data,/tmp/dist-test-taskZmK_K8/test-tmp/kudu-ts-cli-test.0.KuduTsCliTest.TestDumpTablet.1786521835026650-9213-0/minicluster-data/ts-1/wal
uuid: "0550911f5e9b4218aaafec8a17f08d78"
format_stamp: "Formatted at 2026-08-12 08:03:56 on dist-test-slave-fd7l"
I20260812 08:03:56.767068 10079 fs_report.cc:389] FS layout report
--------------------
wal directory: /tmp/dist-test-taskZmK_K8/test-tmp/kudu-ts-cli-test.0.KuduTsCliTest.TestDumpTablet.1786521835026650-9213-0/minicluster-data/ts-1/wal
metadata directory: /tmp/dist-test-taskZmK_K8/test-tmp/kudu-ts-cli-test.0.KuduTsCliTest.TestDumpTablet.1786521835026650-9213-0/minicluster-data/ts-1/wal
1 data directories: /tmp/dist-test-taskZmK_K8/test-tmp/kudu-ts-cli-test.0.KuduTsCliTest.TestDumpTablet.1786521835026650-9213-0/minicluster-data/ts-1/data/data
Total live blocks: 0
Total live bytes: 0
Total live bytes (after alignment): 0
Total number of LBM containers: 0 (0 full)
Did not check for missing blocks
Did not check for orphaned blocks
Total full LBM containers with extra space: 0 (0 repaired)
Total full LBM container extra space in bytes: 0 (0 repaired)
Total incomplete LBM containers: 0 (0 repaired)
Total LBM partial records: 0 (0 repaired)
Total corrupted LBM metadata records in RocksDB: 0 (0 repaired)
I20260812 08:03:56.784264 10079 rpc_server.cc:225] running with OpenSSL 1.1.1  11 Sep 2018
I20260812 08:03:56.785190 10079 env_posix.cc:2285] Not raising this process' running threads per effective uid limit of 18446744073709551615; it is already as high as it can go
I20260812 08:03:56.785466 10079 kserver.cc:163] Server-wide thread pool size limit: 3276
I20260812 08:03:56.786206 10079 txn_system_client.cc:432] TxnSystemClient initialization is disabled...
I20260812 08:03:56.787457 10079 ts_tablet_manager.cc:585] Loaded tablet metadata (0 total tablets, 0 live tablets)
I20260812 08:03:56.787518 10079 ts_tablet_manager.cc:531] Time spent load tablet metadata: real 0.000s	user 0.000s	sys 0.000s
I20260812 08:03:56.787602 10079 ts_tablet_manager.cc:616] Registered 0 tablets
I20260812 08:03:56.787657 10079 ts_tablet_manager.cc:595] Time spent register tablets: real 0.000s	user 0.000s	sys 0.000s
I20260812 08:03:56.799319 10079 rpc_server.cc:307] RPC server started. Bound to: 127.8.255.66:34173
I20260812 08:03:56.799336 10224 acceptor_pool.cc:272] collecting diagnostics on the listening RPC socket 127.8.255.66:34173 every 8 connection(s)
I20260812 08:03:56.800488 10079 server_base.cc:1193] Dumped server information to /tmp/dist-test-taskZmK_K8/test-tmp/kudu-ts-cli-test.0.KuduTsCliTest.TestDumpTablet.1786521835026650-9213-0/minicluster-data/ts-1/data/info.pb
I20260812 08:03:56.803418  9213 external_mini_cluster.cc:1434] Started /tmp/dist-test-taskZmK_K8/build/debug/bin/kudu as pid 10079
I20260812 08:03:56.803550  9213 external_mini_cluster.cc:1448] Reading /tmp/dist-test-taskZmK_K8/test-tmp/kudu-ts-cli-test.0.KuduTsCliTest.TestDumpTablet.1786521835026650-9213-0/minicluster-data/ts-1/wal/instance
I20260812 08:03:56.806170  9213 external_mini_cluster.cc:1372] Running /tmp/dist-test-taskZmK_K8/build/debug/bin/kudu
/tmp/dist-test-taskZmK_K8/build/debug/bin/kudu
--fs_wal_dir=/tmp/dist-test-taskZmK_K8/test-tmp/kudu-ts-cli-test.0.KuduTsCliTest.TestDumpTablet.1786521835026650-9213-0/minicluster-data/ts-2/wal
--fs_data_dirs=/tmp/dist-test-taskZmK_K8/test-tmp/kudu-ts-cli-test.0.KuduTsCliTest.TestDumpTablet.1786521835026650-9213-0/minicluster-data/ts-2/data
--block_manager=log
--webserver_interface=localhost
--never_fsync
--enable_minidumps=false
--redact=none
--metrics_log_interval_ms=1000
--log_dir=/tmp/dist-test-taskZmK_K8/test-tmp/kudu-ts-cli-test.0.KuduTsCliTest.TestDumpTablet.1786521835026650-9213-0/minicluster-data/ts-2/logs
--server_dump_info_path=/tmp/dist-test-taskZmK_K8/test-tmp/kudu-ts-cli-test.0.KuduTsCliTest.TestDumpTablet.1786521835026650-9213-0/minicluster-data/ts-2/data/info.pb
--server_dump_info_format=pb
--rpc_server_allow_ephemeral_ports
--unlock_experimental_flags
--unlock_unsafe_flags
--logtostderr
--logbuflevel=-1
--ipki_server_key_size=768
--openssl_security_level_override=0
tserver
run
--rpc_bind_addresses=127.8.255.67:0
--local_ip_for_outbound_sockets=127.8.255.67
--webserver_interface=127.8.255.67
--webserver_port=0
--tserver_master_addrs=127.8.255.126:39793
--builtin_ntp_servers=127.8.255.84:43393
--builtin_ntp_poll_interval_ms=100
--ntp_initial_sync_wait_secs=10
--time_source=builtin with env {}
