I20260812 08:03:14.868872 16057 consensus_queue.cc:237] T 1bf56e146e48461b9f73468027ab2982 P 118a2c8683454c66b351622207c79d07 [LEADER]: Queue going to LEADER mode. State: All replicated index: 0, Majority replicated index: 0, Committed index: 0, Last appended: 0.0, Last appended by leader: 0, Current term: 1, Majority size: 1, State: 0, Mode: LEADER, active raft config: opid_index: -1 OBSOLETE_local: true peers { permanent_uuid: "118a2c8683454c66b351622207c79d07" member_type: VOTER last_known_addr { host: "127.0.0.1" port: 35045 } }
I20260812 08:03:14.868957 16052 ts_tablet_manager.cc:1434] T 1bf56e146e48461b9f73468027ab2982 P 118a2c8683454c66b351622207c79d07: Time spent starting tablet: real 0.002s	user 0.000s	sys 0.002s
I20260812 08:03:14.869104 16052 tablet_bootstrap.cc:492] T 3def0b461f9647589cfc86526f3b01c5 P 118a2c8683454c66b351622207c79d07: Bootstrap starting.
I20260812 08:03:14.869907 15807 catalog_manager.cc:5719] T 1bf56e146e48461b9f73468027ab2982 P 118a2c8683454c66b351622207c79d07 reported cstate change: term changed from 0 to 1, leader changed from <none> to 118a2c8683454c66b351622207c79d07 (127.0.0.1). New cstate: current_term: 1 leader_uuid: "118a2c8683454c66b351622207c79d07" committed_config { opid_index: -1 OBSOLETE_local: true peers { permanent_uuid: "118a2c8683454c66b351622207c79d07" member_type: VOTER last_known_addr { host: "127.0.0.1" port: 35045 } health_report { overall_health: HEALTHY } } }
I20260812 08:03:14.870141 16052 tablet_bootstrap.cc:654] T 3def0b461f9647589cfc86526f3b01c5 P 118a2c8683454c66b351622207c79d07: Neither blocks nor log segments found. Creating new log.
I20260812 08:03:14.871222 16052 tablet_bootstrap.cc:492] T 3def0b461f9647589cfc86526f3b01c5 P 118a2c8683454c66b351622207c79d07: No bootstrap required, opened a new log
I20260812 08:03:14.871297 16052 ts_tablet_manager.cc:1403] T 3def0b461f9647589cfc86526f3b01c5 P 118a2c8683454c66b351622207c79d07: Time spent bootstrapping tablet: real 0.002s	user 0.000s	sys 0.002s
I20260812 08:03:14.871692 16052 raft_consensus.cc:359] T 3def0b461f9647589cfc86526f3b01c5 P 118a2c8683454c66b351622207c79d07 [term 0 FOLLOWER]: Replica starting. Triggering 0 pending ops. Active config: opid_index: -1 OBSOLETE_local: true peers { permanent_uuid: "118a2c8683454c66b351622207c79d07" member_type: VOTER last_known_addr { host: "127.0.0.1" port: 35045 } }
I20260812 08:03:14.871811 16052 raft_consensus.cc:385] T 3def0b461f9647589cfc86526f3b01c5 P 118a2c8683454c66b351622207c79d07 [term 0 FOLLOWER]: Consensus starting up: Expiring failure detector timer to make a prompt election more likely
I20260812 08:03:14.871850 16052 raft_consensus.cc:740] T 3def0b461f9647589cfc86526f3b01c5 P 118a2c8683454c66b351622207c79d07 [term 0 FOLLOWER]: Becoming Follower/Learner. State: Replica: 118a2c8683454c66b351622207c79d07, State: Initialized, Role: FOLLOWER
I20260812 08:03:14.871965 16052 consensus_queue.cc:260] T 3def0b461f9647589cfc86526f3b01c5 P 118a2c8683454c66b351622207c79d07 [NON_LEADER]: Queue going to NON_LEADER mode. State: All replicated index: 0, Majority replicated index: 0, Committed index: 0, Last appended: 0.0, Last appended by leader: 0, Current term: 0, Majority size: -1, State: 0, Mode: NON_LEADER, active raft config: opid_index: -1 OBSOLETE_local: true peers { permanent_uuid: "118a2c8683454c66b351622207c79d07" member_type: VOTER last_known_addr { host: "127.0.0.1" port: 35045 } }
I20260812 08:03:14.872041 16052 raft_consensus.cc:399] T 3def0b461f9647589cfc86526f3b01c5 P 118a2c8683454c66b351622207c79d07 [term 0 FOLLOWER]: Only one voter in the Raft config. Triggering election immediately
I20260812 08:03:14.872079 16052 raft_consensus.cc:493] T 3def0b461f9647589cfc86526f3b01c5 P 118a2c8683454c66b351622207c79d07 [term 0 FOLLOWER]: Starting leader election (initial election of a single-replica configuration)
I20260812 08:03:14.872124 16052 raft_consensus.cc:3060] T 3def0b461f9647589cfc86526f3b01c5 P 118a2c8683454c66b351622207c79d07 [term 0 FOLLOWER]: Advancing to term 1
I20260812 08:03:14.872732 16052 raft_consensus.cc:515] T 3def0b461f9647589cfc86526f3b01c5 P 118a2c8683454c66b351622207c79d07 [term 1 FOLLOWER]: Starting leader election with config: opid_index: -1 OBSOLETE_local: true peers { permanent_uuid: "118a2c8683454c66b351622207c79d07" member_type: VOTER last_known_addr { host: "127.0.0.1" port: 35045 } }
I20260812 08:03:14.872840 16052 leader_election.cc:304] T 3def0b461f9647589cfc86526f3b01c5 P 118a2c8683454c66b351622207c79d07 [CANDIDATE]: Term 1 election: Election decided. Result: candidate won. Election summary: received 1 responses out of 1 voters: 1 yes votes; 0 no votes. yes voters: 118a2c8683454c66b351622207c79d07; no voters: 
I20260812 08:03:14.872926 16052 leader_election.cc:290] T 3def0b461f9647589cfc86526f3b01c5 P 118a2c8683454c66b351622207c79d07 [CANDIDATE]: Term 1 election: Requested vote from peers 
I20260812 08:03:14.872984 16056 raft_consensus.cc:2804] T 3def0b461f9647589cfc86526f3b01c5 P 118a2c8683454c66b351622207c79d07 [term 1 FOLLOWER]: Leader election won for term 1
I20260812 08:03:14.873068 16056 raft_consensus.cc:697] T 3def0b461f9647589cfc86526f3b01c5 P 118a2c8683454c66b351622207c79d07 [term 1 LEADER]: Becoming Leader. State: Replica: 118a2c8683454c66b351622207c79d07, State: Running, Role: LEADER
I20260812 08:03:14.873198 16052 ts_tablet_manager.cc:1434] T 3def0b461f9647589cfc86526f3b01c5 P 118a2c8683454c66b351622207c79d07: Time spent starting tablet: real 0.002s	user 0.000s	sys 0.002s
I20260812 08:03:14.873171 16056 consensus_queue.cc:237] T 3def0b461f9647589cfc86526f3b01c5 P 118a2c8683454c66b351622207c79d07 [LEADER]: Queue going to LEADER mode. State: All replicated index: 0, Majority replicated index: 0, Committed index: 0, Last appended: 0.0, Last appended by leader: 0, Current term: 1, Majority size: 1, State: 0, Mode: LEADER, active raft config: opid_index: -1 OBSOLETE_local: true peers { permanent_uuid: "118a2c8683454c66b351622207c79d07" member_type: VOTER last_known_addr { host: "127.0.0.1" port: 35045 } }
I20260812 08:03:14.873392 16052 tablet_bootstrap.cc:492] T 08426754f480417c960d570672a108a1 P 118a2c8683454c66b351622207c79d07: Bootstrap starting.
I20260812 08:03:14.874312 16052 tablet_bootstrap.cc:654] T 08426754f480417c960d570672a108a1 P 118a2c8683454c66b351622207c79d07: Neither blocks nor log segments found. Creating new log.
I20260812 08:03:14.874421 15807 catalog_manager.cc:5719] T 3def0b461f9647589cfc86526f3b01c5 P 118a2c8683454c66b351622207c79d07 reported cstate change: term changed from 0 to 1, leader changed from <none> to 118a2c8683454c66b351622207c79d07 (127.0.0.1). New cstate: current_term: 1 leader_uuid: "118a2c8683454c66b351622207c79d07" committed_config { opid_index: -1 OBSOLETE_local: true peers { permanent_uuid: "118a2c8683454c66b351622207c79d07" member_type: VOTER last_known_addr { host: "127.0.0.1" port: 35045 } health_report { overall_health: HEALTHY } } }
I20260812 08:03:14.875427 16052 tablet_bootstrap.cc:492] T 08426754f480417c960d570672a108a1 P 118a2c8683454c66b351622207c79d07: No bootstrap required, opened a new log
I20260812 08:03:14.875509 16052 ts_tablet_manager.cc:1403] T 08426754f480417c960d570672a108a1 P 118a2c8683454c66b351622207c79d07: Time spent bootstrapping tablet: real 0.002s	user 0.000s	sys 0.002s
I20260812 08:03:14.875954 16052 raft_consensus.cc:359] T 08426754f480417c960d570672a108a1 P 118a2c8683454c66b351622207c79d07 [term 0 FOLLOWER]: Replica starting. Triggering 0 pending ops. Active config: opid_index: -1 OBSOLETE_local: true peers { permanent_uuid: "118a2c8683454c66b351622207c79d07" member_type: VOTER last_known_addr { host: "127.0.0.1" port: 35045 } }
I20260812 08:03:14.876045 16052 raft_consensus.cc:385] T 08426754f480417c960d570672a108a1 P 118a2c8683454c66b351622207c79d07 [term 0 FOLLOWER]: Consensus starting up: Expiring failure detector timer to make a prompt election more likely
I20260812 08:03:14.876084 16052 raft_consensus.cc:740] T 08426754f480417c960d570672a108a1 P 118a2c8683454c66b351622207c79d07 [term 0 FOLLOWER]: Becoming Follower/Learner. State: Replica: 118a2c8683454c66b351622207c79d07, State: Initialized, Role: FOLLOWER
I20260812 08:03:14.876200 16052 consensus_queue.cc:260] T 08426754f480417c960d570672a108a1 P 118a2c8683454c66b351622207c79d07 [NON_LEADER]: Queue going to NON_LEADER mode. State: All replicated index: 0, Majority replicated index: 0, Committed index: 0, Last appended: 0.0, Last appended by leader: 0, Current term: 0, Majority size: -1, State: 0, Mode: NON_LEADER, active raft config: opid_index: -1 OBSOLETE_local: true peers { permanent_uuid: "118a2c8683454c66b351622207c79d07" member_type: VOTER last_known_addr { host: "127.0.0.1" port: 35045 } }
I20260812 08:03:14.876279 16052 raft_consensus.cc:399] T 08426754f480417c960d570672a108a1 P 118a2c8683454c66b351622207c79d07 [term 0 FOLLOWER]: Only one voter in the Raft config. Triggering election immediately
I20260812 08:03:14.876312 16052 raft_consensus.cc:493] T 08426754f480417c960d570672a108a1 P 118a2c8683454c66b351622207c79d07 [term 0 FOLLOWER]: Starting leader election (initial election of a single-replica configuration)
I20260812 08:03:14.876356 16052 raft_consensus.cc:3060] T 08426754f480417c960d570672a108a1 P 118a2c8683454c66b351622207c79d07 [term 0 FOLLOWER]: Advancing to term 1
I20260812 08:03:14.877012 16052 raft_consensus.cc:515] T 08426754f480417c960d570672a108a1 P 118a2c8683454c66b351622207c79d07 [term 1 FOLLOWER]: Starting leader election with config: opid_index: -1 OBSOLETE_local: true peers { permanent_uuid: "118a2c8683454c66b351622207c79d07" member_type: VOTER last_known_addr { host: "127.0.0.1" port: 35045 } }
I20260812 08:03:14.877142 16052 leader_election.cc:304] T 08426754f480417c960d570672a108a1 P 118a2c8683454c66b351622207c79d07 [CANDIDATE]: Term 1 election: Election decided. Result: candidate won. Election summary: received 1 responses out of 1 voters: 1 yes votes; 0 no votes. yes voters: 118a2c8683454c66b351622207c79d07; no voters: 
I20260812 08:03:14.877230 16052 leader_election.cc:290] T 08426754f480417c960d570672a108a1 P 118a2c8683454c66b351622207c79d07 [CANDIDATE]: Term 1 election: Requested vote from peers 
I20260812 08:03:14.877280 16054 raft_consensus.cc:2804] T 08426754f480417c960d570672a108a1 P 118a2c8683454c66b351622207c79d07 [term 1 FOLLOWER]: Leader election won for term 1
I20260812 08:03:14.877372 16054 raft_consensus.cc:697] T 08426754f480417c960d570672a108a1 P 118a2c8683454c66b351622207c79d07 [term 1 LEADER]: Becoming Leader. State: Replica: 118a2c8683454c66b351622207c79d07, State: Running, Role: LEADER
I20260812 08:03:14.877480 16054 consensus_queue.cc:237] T 08426754f480417c960d570672a108a1 P 118a2c8683454c66b351622207c79d07 [LEADER]: Queue going to LEADER mode. State: All replicated index: 0, Majority replicated index: 0, Committed index: 0, Last appended: 0.0, Last appended by leader: 0, Current term: 1, Majority size: 1, State: 0, Mode: LEADER, active raft config: opid_index: -1 OBSOLETE_local: true peers { permanent_uuid: "118a2c8683454c66b351622207c79d07" member_type: VOTER last_known_addr { host: "127.0.0.1" port: 35045 } }
I20260812 08:03:14.877475 16052 ts_tablet_manager.cc:1434] T 08426754f480417c960d570672a108a1 P 118a2c8683454c66b351622207c79d07: Time spent starting tablet: real 0.002s	user 0.002s	sys 0.000s
I20260812 08:03:14.878672 15807 catalog_manager.cc:5719] T 08426754f480417c960d570672a108a1 P 118a2c8683454c66b351622207c79d07 reported cstate change: term changed from 0 to 1, leader changed from <none> to 118a2c8683454c66b351622207c79d07 (127.0.0.1). New cstate: current_term: 1 leader_uuid: "118a2c8683454c66b351622207c79d07" committed_config { opid_index: -1 OBSOLETE_local: true peers { permanent_uuid: "118a2c8683454c66b351622207c79d07" member_type: VOTER last_known_addr { host: "127.0.0.1" port: 35045 } health_report { overall_health: HEALTHY } } }
Aug 12 08:03:14 dist-test-slave-1l3l krb5kdc[15750](info): TGS_REQ (2 etypes {17 16}) 127.0.0.1: ISSUE: authtime 1786521794, etypes {rep=17 tkt=17 ses=17}, alice@KRBTEST.COM for HTTP/127.0.0.1@KRBTEST.COM
I20260812 08:03:14.900246 16090 catalog_manager.cc:3579] Servicing AlterTable request from alice:
table { table_name: "test_table" } alter_schema_steps { type: ADD_COLUMN add_column { schema { name: "new_column" type: STRING is_nullable: true } } }
I20260812 08:03:14.906843 16096 tablet.cc:1724] T b49512e3c6d94483b53c590452a303ac P 118a2c8683454c66b351622207c79d07: Alter schema from (
    10:key INT32 NOT NULL,
    11:int_val INT32 NOT NULL,
    PRIMARY KEY (key)
) version 0 to (
    10:key INT32 NOT NULL,
    11:int_val INT32 NOT NULL,
    12:new_column STRING NULLABLE,
    PRIMARY KEY (key)
) version 1
I20260812 08:03:14.907298 16093 tablet.cc:1724] T 2eabb7d1085d4f5594b69dba875567ed P 118a2c8683454c66b351622207c79d07: Alter schema from (
    10:key INT32 NOT NULL,
    11:int_val INT32 NOT NULL,
    PRIMARY KEY (key)
) version 0 to (
    10:key INT32 NOT NULL,
    11:int_val INT32 NOT NULL,
    12:new_column STRING NULLABLE,
    PRIMARY KEY (key)
) version 1
I20260812 08:03:14.908164 16098 tablet.cc:1724] T 29c137cbf4f049049232751875195c1e P 118a2c8683454c66b351622207c79d07: Alter schema from (
    10:key INT32 NOT NULL,
    11:int_val INT32 NOT NULL,
    PRIMARY KEY (key)
) version 0 to (
    10:key INT32 NOT NULL,
    11:int_val INT32 NOT NULL,
    12:new_column STRING NULLABLE,
    PRIMARY KEY (key)
) version 1
I20260812 08:03:14.908290 16101 tablet.cc:1724] T dd91b8435cdb43a5aceda5f09ff5a182 P 118a2c8683454c66b351622207c79d07: Alter schema from (
    10:key INT32 NOT NULL,
    11:int_val INT32 NOT NULL,
    PRIMARY KEY (key)
) version 0 to (
    10:key INT32 NOT NULL,
    11:int_val INT32 NOT NULL,
    12:new_column STRING NULLABLE,
    PRIMARY KEY (key)
) version 1
I20260812 08:03:14.908648 16101 tablet.cc:1622] T dd91b8435cdb43a5aceda5f09ff5a182 P 118a2c8683454c66b351622207c79d07: MemRowSet was empty: no flush needed.
I20260812 08:03:14.908648 16093 tablet.cc:1622] T 2eabb7d1085d4f5594b69dba875567ed P 118a2c8683454c66b351622207c79d07: MemRowSet was empty: no flush needed.
I20260812 08:03:14.908648 16098 tablet.cc:1622] T 29c137cbf4f049049232751875195c1e P 118a2c8683454c66b351622207c79d07: MemRowSet was empty: no flush needed.
I20260812 08:03:14.908648 16096 tablet.cc:1622] T b49512e3c6d94483b53c590452a303ac P 118a2c8683454c66b351622207c79d07: MemRowSet was empty: no flush needed.
I20260812 08:03:14.911365 16101 tablet.cc:1724] T 7d7b79723aa144b5aab9d902b5fcf232 P 118a2c8683454c66b351622207c79d07: Alter schema from (
    10:key INT32 NOT NULL,
    11:int_val INT32 NOT NULL,
    PRIMARY KEY (key)
) version 0 to (
    10:key INT32 NOT NULL,
    11:int_val INT32 NOT NULL,
    12:new_column STRING NULLABLE,
    PRIMARY KEY (key)
) version 1
I20260812 08:03:14.911657 16101 tablet.cc:1622] T 7d7b79723aa144b5aab9d902b5fcf232 P 118a2c8683454c66b351622207c79d07: MemRowSet was empty: no flush needed.
I20260812 08:03:14.911784 16096 tablet.cc:1724] T 64430c7fecfb4e99b1fe7d3bb26b4a3c P 118a2c8683454c66b351622207c79d07: Alter schema from (
    10:key INT32 NOT NULL,
    11:int_val INT32 NOT NULL,
    PRIMARY KEY (key)
) version 0 to (
    10:key INT32 NOT NULL,
    11:int_val INT32 NOT NULL,
    12:new_column STRING NULLABLE,
    PRIMARY KEY (key)
) version 1
I20260812 08:03:14.912034 16093 tablet.cc:1724] T d8686354771844bca156fca5cc56e042 P 118a2c8683454c66b351622207c79d07: Alter schema from (
    10:key INT32 NOT NULL,
    11:int_val INT32 NOT NULL,
    PRIMARY KEY (key)
) version 0 to (
    10:key INT32 NOT NULL,
    11:int_val INT32 NOT NULL,
    12:new_column STRING NULLABLE,
    PRIMARY KEY (key)
) version 1
I20260812 08:03:14.912047 16096 tablet.cc:1622] T 64430c7fecfb4e99b1fe7d3bb26b4a3c P 118a2c8683454c66b351622207c79d07: MemRowSet was empty: no flush needed.
I20260812 08:03:14.912331 16093 tablet.cc:1622] T d8686354771844bca156fca5cc56e042 P 118a2c8683454c66b351622207c79d07: MemRowSet was empty: no flush needed.
I20260812 08:03:14.912744 16098 tablet.cc:1724] T 08426754f480417c960d570672a108a1 P 118a2c8683454c66b351622207c79d07: Alter schema from (
    10:key INT32 NOT NULL,
    11:int_val INT32 NOT NULL,
    PRIMARY KEY (key)
) version 0 to (
    10:key INT32 NOT NULL,
    11:int_val INT32 NOT NULL,
    12:new_column STRING NULLABLE,
    PRIMARY KEY (key)
) version 1
I20260812 08:03:14.913020 16098 tablet.cc:1622] T 08426754f480417c960d570672a108a1 P 118a2c8683454c66b351622207c79d07: MemRowSet was empty: no flush needed.
I20260812 08:03:14.913828 16096 tablet.cc:1724] T 3def0b461f9647589cfc86526f3b01c5 P 118a2c8683454c66b351622207c79d07: Alter schema from (
    10:key INT32 NOT NULL,
    11:int_val INT32 NOT NULL,
    PRIMARY KEY (key)
) version 0 to (
    10:key INT32 NOT NULL,
    11:int_val INT32 NOT NULL,
    12:new_column STRING NULLABLE,
    PRIMARY KEY (key)
) version 1
I20260812 08:03:14.914162 16096 tablet.cc:1622] T 3def0b461f9647589cfc86526f3b01c5 P 118a2c8683454c66b351622207c79d07: MemRowSet was empty: no flush needed.
I20260812 08:03:14.915107 16093 tablet.cc:1724] T 1bf56e146e48461b9f73468027ab2982 P 118a2c8683454c66b351622207c79d07: Alter schema from (
    10:key INT32 NOT NULL,
    11:int_val INT32 NOT NULL,
    PRIMARY KEY (key)
) version 0 to (
    10:key INT32 NOT NULL,
    11:int_val INT32 NOT NULL,
    12:new_column STRING NULLABLE,
    PRIMARY KEY (key)
) version 1
I20260812 08:03:14.915383 16093 tablet.cc:1622] T 1bf56e146e48461b9f73468027ab2982 P 118a2c8683454c66b351622207c79d07: MemRowSet was empty: no flush needed.
I20260812 08:03:14.919068 15807 catalog_manager.cc:6264] T 00000000000000000000000000000000 P 4411daf1d86c4607b1b42787fa90b117: test_table [id=9a51f668f2a849f98e2cf780bdbb6d67] alter complete (version 1)
I20260812 08:03:15.109481 14390 tablet_server.cc:179] TabletServer@127.0.0.1:0 shutting down...
I20260812 08:03:15.113164 14390 ts_tablet_manager.cc:1507] Shutting down tablet manager...
I20260812 08:03:15.113461 14390 tablet_replica.cc:333] T 3def0b461f9647589cfc86526f3b01c5 P 118a2c8683454c66b351622207c79d07: stopping tablet replica
I20260812 08:03:15.113626 14390 raft_consensus.cc:2243] T 3def0b461f9647589cfc86526f3b01c5 P 118a2c8683454c66b351622207c79d07 [term 1 LEADER]: Raft consensus shutting down.
I20260812 08:03:15.113785 14390 raft_consensus.cc:2272] T 3def0b461f9647589cfc86526f3b01c5 P 118a2c8683454c66b351622207c79d07 [term 1 FOLLOWER]: Raft consensus is shut down!
I20260812 08:03:15.114465 14390 tablet_replica.cc:333] T 1bf56e146e48461b9f73468027ab2982 P 118a2c8683454c66b351622207c79d07: stopping tablet replica
I20260812 08:03:15.114554 14390 raft_consensus.cc:2243] T 1bf56e146e48461b9f73468027ab2982 P 118a2c8683454c66b351622207c79d07 [term 1 LEADER]: Raft consensus shutting down.
I20260812 08:03:15.114792 14390 raft_consensus.cc:2272] T 1bf56e146e48461b9f73468027ab2982 P 118a2c8683454c66b351622207c79d07 [term 1 FOLLOWER]: Raft consensus is shut down!
I20260812 08:03:15.115355 14390 tablet_replica.cc:333] T b49512e3c6d94483b53c590452a303ac P 118a2c8683454c66b351622207c79d07: stopping tablet replica
I20260812 08:03:15.115438 14390 raft_consensus.cc:2243] T b49512e3c6d94483b53c590452a303ac P 118a2c8683454c66b351622207c79d07 [term 1 LEADER]: Raft consensus shutting down.
I20260812 08:03:15.115543 14390 raft_consensus.cc:2272] T b49512e3c6d94483b53c590452a303ac P 118a2c8683454c66b351622207c79d07 [term 1 FOLLOWER]: Raft consensus is shut down!
I20260812 08:03:15.116067 14390 tablet_replica.cc:333] T 64430c7fecfb4e99b1fe7d3bb26b4a3c P 118a2c8683454c66b351622207c79d07: stopping tablet replica
I20260812 08:03:15.116149 14390 raft_consensus.cc:2243] T 64430c7fecfb4e99b1fe7d3bb26b4a3c P 118a2c8683454c66b351622207c79d07 [term 1 LEADER]: Raft consensus shutting down.
I20260812 08:03:15.116247 14390 raft_consensus.cc:2272] T 64430c7fecfb4e99b1fe7d3bb26b4a3c P 118a2c8683454c66b351622207c79d07 [term 1 FOLLOWER]: Raft consensus is shut down!
I20260812 08:03:15.116732 14390 tablet_replica.cc:333] T dd91b8435cdb43a5aceda5f09ff5a182 P 118a2c8683454c66b351622207c79d07: stopping tablet replica
I20260812 08:03:15.116816 14390 raft_consensus.cc:2243] T dd91b8435cdb43a5aceda5f09ff5a182 P 118a2c8683454c66b351622207c79d07 [term 1 LEADER]: Raft consensus shutting down.
I20260812 08:03:15.116914 14390 raft_consensus.cc:2272] T dd91b8435cdb43a5aceda5f09ff5a182 P 118a2c8683454c66b351622207c79d07 [term 1 FOLLOWER]: Raft consensus is shut down!
I20260812 08:03:15.117398 14390 tablet_replica.cc:333] T 08426754f480417c960d570672a108a1 P 118a2c8683454c66b351622207c79d07: stopping tablet replica
I20260812 08:03:15.117476 14390 raft_consensus.cc:2243] T 08426754f480417c960d570672a108a1 P 118a2c8683454c66b351622207c79d07 [term 1 LEADER]: Raft consensus shutting down.
I20260812 08:03:15.117573 14390 raft_consensus.cc:2272] T 08426754f480417c960d570672a108a1 P 118a2c8683454c66b351622207c79d07 [term 1 FOLLOWER]: Raft consensus is shut down!
I20260812 08:03:15.118046 14390 tablet_replica.cc:333] T d8686354771844bca156fca5cc56e042 P 118a2c8683454c66b351622207c79d07: stopping tablet replica
I20260812 08:03:15.118119 14390 raft_consensus.cc:2243] T d8686354771844bca156fca5cc56e042 P 118a2c8683454c66b351622207c79d07 [term 1 LEADER]: Raft consensus shutting down.
I20260812 08:03:15.118212 14390 raft_consensus.cc:2272] T d8686354771844bca156fca5cc56e042 P 118a2c8683454c66b351622207c79d07 [term 1 FOLLOWER]: Raft consensus is shut down!
I20260812 08:03:15.118870 14390 tablet_replica.cc:333] T 29c137cbf4f049049232751875195c1e P 118a2c8683454c66b351622207c79d07: stopping tablet replica
I20260812 08:03:15.118966 14390 raft_consensus.cc:2243] T 29c137cbf4f049049232751875195c1e P 118a2c8683454c66b351622207c79d07 [term 1 LEADER]: Raft consensus shutting down.
I20260812 08:03:15.119069 14390 raft_consensus.cc:2272] T 29c137cbf4f049049232751875195c1e P 118a2c8683454c66b351622207c79d07 [term 1 FOLLOWER]: Raft consensus is shut down!
I20260812 08:03:15.119585 14390 tablet_replica.cc:333] T 2eabb7d1085d4f5594b69dba875567ed P 118a2c8683454c66b351622207c79d07: stopping tablet replica
I20260812 08:03:15.119655 14390 raft_consensus.cc:2243] T 2eabb7d1085d4f5594b69dba875567ed P 118a2c8683454c66b351622207c79d07 [term 1 LEADER]: Raft consensus shutting down.
I20260812 08:03:15.119766 14390 raft_consensus.cc:2272] T 2eabb7d1085d4f5594b69dba875567ed P 118a2c8683454c66b351622207c79d07 [term 1 FOLLOWER]: Raft consensus is shut down!
I20260812 08:03:15.120231 14390 tablet_replica.cc:333] T 7d7b79723aa144b5aab9d902b5fcf232 P 118a2c8683454c66b351622207c79d07: stopping tablet replica
I20260812 08:03:15.120297 14390 raft_consensus.cc:2243] T 7d7b79723aa144b5aab9d902b5fcf232 P 118a2c8683454c66b351622207c79d07 [term 1 LEADER]: Raft consensus shutting down.
I20260812 08:03:15.120371 14390 raft_consensus.cc:2272] T 7d7b79723aa144b5aab9d902b5fcf232 P 118a2c8683454c66b351622207c79d07 [term 1 FOLLOWER]: Raft consensus is shut down!
I20260812 08:03:15.134568 14390 tablet_server.cc:196] TabletServer@127.0.0.1:0 shutdown complete.
I20260812 08:03:15.137604 14390 master.cc:562] Master@127.0.0.1:37097 shutting down...
I20260812 08:03:15.140866 14390 raft_consensus.cc:2243] T 00000000000000000000000000000000 P 4411daf1d86c4607b1b42787fa90b117 [term 1 LEADER]: Raft consensus shutting down.
I20260812 08:03:15.141036 14390 raft_consensus.cc:2272] T 00000000000000000000000000000000 P 4411daf1d86c4607b1b42787fa90b117 [term 1 FOLLOWER]: Raft consensus is shut down!
I20260812 08:03:15.141158 14390 tablet_replica.cc:333] T 00000000000000000000000000000000 P 4411daf1d86c4607b1b42787fa90b117: stopping tablet replica
I20260812 08:03:15.154161 14390 master.cc:584] Master@127.0.0.1:37097 shutdown complete.
[       OK ] SpnegoRestCatalogTest.TestAlterTableWithUser (2566 ms)
[ RUN      ] SpnegoRestCatalogTest.TestInvalidHeaders
Loading random data
Initializing database '/tmp/dist-test-tasknY_gmj/test-tmp/spnego_rest_catalog-test.0.SpnegoRestCatalogTest.TestInvalidHeaders.1786521782778047-14390-0/krb5kdc/principal' for realm 'KRBTEST.COM',
master key name 'K/M@KRBTEST.COM'
Aug 12 08:03:15 dist-test-slave-1l3l krb5kdc[16104](info): setting up network...
krb5kdc: setsockopt(10,IPV6_V6ONLY,1) worked
Aug 12 08:03:15 dist-test-slave-1l3l krb5kdc[16104](info): set up 2 sockets
Aug 12 08:03:15 dist-test-slave-1l3l krb5kdc[16104](info): commencing operation
krb5kdc: starting...
W20260812 08:03:17.192516 14390 mini_kdc.cc:121] Time spent starting KDC: real 2.031s	user 0.005s	sys 0.006s
WARNING: no policy specified for HTTP/127.0.0.1@KRBTEST.COM; defaulting to no policy
Authenticating as principal slave/admin@KRBTEST.COM with password.
Principal "HTTP/127.0.0.1@KRBTEST.COM" created.
Authenticating as principal slave/admin@KRBTEST.COM with password.
Entry for principal HTTP/127.0.0.1 with kvno 2, encryption type aes256-cts-hmac-sha1-96 added to keytab WRFILE:/tmp/dist-test-tasknY_gmj/test-tmp/spnego_rest_catalog-test.0.SpnegoRestCatalogTest.TestInvalidHeaders.1786521782778047-14390-0/krb5kdc/spnego.dedicated.keytab.
Entry for principal HTTP/127.0.0.1 with kvno 2, encryption type aes128-cts-hmac-sha1-96 added to keytab WRFILE:/tmp/dist-test-tasknY_gmj/test-tmp/spnego_rest_catalog-test.0.SpnegoRestCatalogTest.TestInvalidHeaders.1786521782778047-14390-0/krb5kdc/spnego.dedicated.keytab.
WARNING: no policy specified for alice@KRBTEST.COM; defaulting to no policy
Authenticating as principal slave/admin@KRBTEST.COM with password.
Principal "alice@KRBTEST.COM" created.
I20260812 08:03:17.244025 14390 internal_mini_cluster.cc:156] Creating distributed mini masters. Addrs: 127.0.0.1:38695
I20260812 08:03:17.244506 14390 file_cache.cc:504] Constructed file cache file cache with capacity 419430
W20260812 08:03:17.246351 16116 instance_detector.cc:116] could not retrieve AWS instance metadata: Network error: curl error: HTTP response code said error: The requested URL returned error: 404
W20260812 08:03:17.246311 16124 instance_detector.cc:116] could not retrieve OpenStack instance metadata: Network error: curl error: HTTP response code said error: The requested URL returned error: 404
W20260812 08:03:17.246492 16119 instance_detector.cc:116] could not retrieve Azure instance metadata: Network error: curl error: HTTP response code said error: The requested URL returned error: 404
I20260812 08:03:17.246637 14390 server_base.cc:1061] running on GCE node
I20260812 08:03:17.246802 14390 hybrid_clock.cc:584] initializing the hybrid clock with 'system_unsync' time source
W20260812 08:03:17.246845 14390 system_unsync_time.cc:38] NTP support is disabled. Clock error bounds will not be accurate. This configuration is not suitable for distributed clusters.
I20260812 08:03:17.246865 14390 hybrid_clock.cc:648] HybridClock initialized: now 1786521797246865 us; error 0 us; skew 500 ppm
I20260812 08:03:17.247742 14390 webserver.cc:533] Webserver started at http://127.0.0.1:35003/ using document root <none> and password file <none>
I20260812 08:03:17.247916 14390 fs_manager.cc:362] Metadata directory not provided
I20260812 08:03:17.247963 14390 fs_manager.cc:368] Using write-ahead log directory (fs_wal_dir) as metadata directory
I20260812 08:03:17.248044 14390 server_base.cc:909] This appears to be a new deployment of Kudu; creating new FS layout
I20260812 08:03:17.248499 14390 fs_manager.cc:1068] Generated new instance metadata in path /tmp/dist-test-tasknY_gmj/test-tmp/spnego_rest_catalog-test.0.SpnegoRestCatalogTest.TestInvalidHeaders.1786521782778047-14390-0/minicluster-data/master-0-root/instance:
uuid: "43358f0f15cd4dfcbb2209b16f1aee05"
format_stamp: "Formatted at 2026-08-12 08:03:17 on dist-test-slave-1l3l"
I20260812 08:03:17.249996 14390 fs_manager.cc:696] Time spent creating directory manager: real 0.001s	user 0.002s	sys 0.000s
I20260812 08:03:17.250924 16129 log_block_manager.cc:4127] Time spent loading block containers with low live blocks: real 0.000s	user 0.000s	sys 0.000s
I20260812 08:03:17.251157 14390 fs_manager.cc:730] Time spent opening block manager: real 0.001s	user 0.001s	sys 0.000s
I20260812 08:03:17.251228 14390 fs_manager.cc:647] Opened local filesystem: /tmp/dist-test-tasknY_gmj/test-tmp/spnego_rest_catalog-test.0.SpnegoRestCatalogTest.TestInvalidHeaders.1786521782778047-14390-0/minicluster-data/master-0-root
uuid: "43358f0f15cd4dfcbb2209b16f1aee05"
format_stamp: "Formatted at 2026-08-12 08:03:17 on dist-test-slave-1l3l"
I20260812 08:03:17.251289 14390 fs_report.cc:389] FS layout report
--------------------
wal directory: /tmp/dist-test-tasknY_gmj/test-tmp/spnego_rest_catalog-test.0.SpnegoRestCatalogTest.TestInvalidHeaders.1786521782778047-14390-0/minicluster-data/master-0-root
metadata directory: /tmp/dist-test-tasknY_gmj/test-tmp/spnego_rest_catalog-test.0.SpnegoRestCatalogTest.TestInvalidHeaders.1786521782778047-14390-0/minicluster-data/master-0-root
1 data directories: /tmp/dist-test-tasknY_gmj/test-tmp/spnego_rest_catalog-test.0.SpnegoRestCatalogTest.TestInvalidHeaders.1786521782778047-14390-0/minicluster-data/master-0-root/data
Total live blocks: 0
Total live bytes: 0
Total live bytes (after alignment): 0
Total number of LBM containers: 0 (0 full)
Did not check for missing blocks
Did not check for orphaned blocks
Total full LBM containers with extra space: 0 (0 repaired)
Total full LBM container extra space in bytes: 0 (0 repaired)
Total incomplete LBM containers: 0 (0 repaired)
Total LBM partial records: 0 (0 repaired)
Total corrupted LBM metadata records in RocksDB: 0 (0 repaired)
I20260812 08:03:17.270655 14390 rpc_server.cc:225] running with OpenSSL 1.1.1  11 Sep 2018
I20260812 08:03:17.271080 14390 kserver.cc:163] Server-wide thread pool size limit: 3276
I20260812 08:03:17.276150 14390 rpc_server.cc:307] RPC server started. Bound to: 127.0.0.1:38695
I20260812 08:03:17.278077 16227 acceptor_pool.cc:272] collecting diagnostics on the listening RPC socket 127.0.0.1:38695 every 8 connection(s)
I20260812 08:03:17.278537 16229 data_dirs.cc:400] Could only allocate 1 dirs of requested 3 for tablet 00000000000000000000000000000000. 1 dirs total, 0 dirs full, 0 dirs failed
I20260812 08:03:17.280580 16229 tablet_bootstrap.cc:492] T 00000000000000000000000000000000 P 43358f0f15cd4dfcbb2209b16f1aee05: Bootstrap starting.
I20260812 08:03:17.281458 16229 tablet_bootstrap.cc:654] T 00000000000000000000000000000000 P 43358f0f15cd4dfcbb2209b16f1aee05: Neither blocks nor log segments found. Creating new log.
I20260812 08:03:17.282606 16229 tablet_bootstrap.cc:492] T 00000000000000000000000000000000 P 43358f0f15cd4dfcbb2209b16f1aee05: No bootstrap required, opened a new log
I20260812 08:03:17.283080 16229 raft_consensus.cc:359] T 00000000000000000000000000000000 P 43358f0f15cd4dfcbb2209b16f1aee05 [term 0 FOLLOWER]: Replica starting. Triggering 0 pending ops. Active config: opid_index: -1 OBSOLETE_local: true peers { permanent_uuid: "43358f0f15cd4dfcbb2209b16f1aee05" member_type: VOTER }
I20260812 08:03:17.283167 16229 raft_consensus.cc:385] T 00000000000000000000000000000000 P 43358f0f15cd4dfcbb2209b16f1aee05 [term 0 FOLLOWER]: Consensus starting up: Expiring failure detector timer to make a prompt election more likely
I20260812 08:03:17.283200 16229 raft_consensus.cc:740] T 00000000000000000000000000000000 P 43358f0f15cd4dfcbb2209b16f1aee05 [term 0 FOLLOWER]: Becoming Follower/Learner. State: Replica: 43358f0f15cd4dfcbb2209b16f1aee05, State: Initialized, Role: FOLLOWER
I20260812 08:03:17.283357 16229 consensus_queue.cc:260] T 00000000000000000000000000000000 P 43358f0f15cd4dfcbb2209b16f1aee05 [NON_LEADER]: Queue going to NON_LEADER mode. State: All replicated index: 0, Majority replicated index: 0, Committed index: 0, Last appended: 0.0, Last appended by leader: 0, Current term: 0, Majority size: -1, State: 0, Mode: NON_LEADER, active raft config: opid_index: -1 OBSOLETE_local: true peers { permanent_uuid: "43358f0f15cd4dfcbb2209b16f1aee05" member_type: VOTER }
I20260812 08:03:17.283429 16229 raft_consensus.cc:399] T 00000000000000000000000000000000 P 43358f0f15cd4dfcbb2209b16f1aee05 [term 0 FOLLOWER]: Only one voter in the Raft config. Triggering election immediately
I20260812 08:03:17.283468 16229 raft_consensus.cc:493] T 00000000000000000000000000000000 P 43358f0f15cd4dfcbb2209b16f1aee05 [term 0 FOLLOWER]: Starting leader election (initial election of a single-replica configuration)
I20260812 08:03:17.283519 16229 raft_consensus.cc:3060] T 00000000000000000000000000000000 P 43358f0f15cd4dfcbb2209b16f1aee05 [term 0 FOLLOWER]: Advancing to term 1
I20260812 08:03:17.284281 16229 raft_consensus.cc:515] T 00000000000000000000000000000000 P 43358f0f15cd4dfcbb2209b16f1aee05 [term 1 FOLLOWER]: Starting leader election with config: opid_index: -1 OBSOLETE_local: true peers { permanent_uuid: "43358f0f15cd4dfcbb2209b16f1aee05" member_type: VOTER }
I20260812 08:03:17.284411 16229 leader_election.cc:304] T 00000000000000000000000000000000 P 43358f0f15cd4dfcbb2209b16f1aee05 [CANDIDATE]: Term 1 election: Election decided. Result: candidate won. Election summary: received 1 responses out of 1 voters: 1 yes votes; 0 no votes. yes voters: 43358f0f15cd4dfcbb2209b16f1aee05; no voters: 
I20260812 08:03:17.284593 16229 leader_election.cc:290] T 00000000000000000000000000000000 P 43358f0f15cd4dfcbb2209b16f1aee05 [CANDIDATE]: Term 1 election: Requested vote from peers 
I20260812 08:03:17.284715 16234 raft_consensus.cc:2804] T 00000000000000000000000000000000 P 43358f0f15cd4dfcbb2209b16f1aee05 [term 1 FOLLOWER]: Leader election won for term 1
I20260812 08:03:17.284895 16234 raft_consensus.cc:697] T 00000000000000000000000000000000 P 43358f0f15cd4dfcbb2209b16f1aee05 [term 1 LEADER]: Becoming Leader. State: Replica: 43358f0f15cd4dfcbb2209b16f1aee05, State: Running, Role: LEADER
I20260812 08:03:17.285034 16229 sys_catalog.cc:565] T 00000000000000000000000000000000 P 43358f0f15cd4dfcbb2209b16f1aee05 [sys.catalog]: configured and running, proceeding with master startup.
I20260812 08:03:17.285058 16234 consensus_queue.cc:237] T 00000000000000000000000000000000 P 43358f0f15cd4dfcbb2209b16f1aee05 [LEADER]: Queue going to LEADER mode. State: All replicated index: 0, Majority replicated index: 0, Committed index: 0, Last appended: 0.0, Last appended by leader: 0, Current term: 1, Majority size: 1, State: 0, Mode: LEADER, active raft config: opid_index: -1 OBSOLETE_local: true peers { permanent_uuid: "43358f0f15cd4dfcbb2209b16f1aee05" member_type: VOTER }
I20260812 08:03:17.285498 16237 sys_catalog.cc:455] T 00000000000000000000000000000000 P 43358f0f15cd4dfcbb2209b16f1aee05 [sys.catalog]: SysCatalogTable state changed. Reason: New leader 43358f0f15cd4dfcbb2209b16f1aee05. Latest consensus state: current_term: 1 leader_uuid: "43358f0f15cd4dfcbb2209b16f1aee05" committed_config { opid_index: -1 OBSOLETE_local: true peers { permanent_uuid: "43358f0f15cd4dfcbb2209b16f1aee05" member_type: VOTER } }
I20260812 08:03:17.285527 16235 sys_catalog.cc:455] T 00000000000000000000000000000000 P 43358f0f15cd4dfcbb2209b16f1aee05 [sys.catalog]: SysCatalogTable state changed. Reason: RaftConsensus started. Latest consensus state: current_term: 1 leader_uuid: "43358f0f15cd4dfcbb2209b16f1aee05" committed_config { opid_index: -1 OBSOLETE_local: true peers { permanent_uuid: "43358f0f15cd4dfcbb2209b16f1aee05" member_type: VOTER } }
I20260812 08:03:17.285593 16237 sys_catalog.cc:458] T 00000000000000000000000000000000 P 43358f0f15cd4dfcbb2209b16f1aee05 [sys.catalog]: This master's current role is: LEADER
I20260812 08:03:17.285610 16235 sys_catalog.cc:458] T 00000000000000000000000000000000 P 43358f0f15cd4dfcbb2209b16f1aee05 [sys.catalog]: This master's current role is: LEADER
I20260812 08:03:17.285916 16241 catalog_manager.cc:1511] Loading table and tablet metadata into memory...
I20260812 08:03:17.286768 16241 catalog_manager.cc:1520] Initializing Kudu cluster ID...
I20260812 08:03:17.286916 14390 internal_mini_cluster.cc:184] Waiting to initialize catalog manager on master 0
I20260812 08:03:17.288506 16241 catalog_manager.cc:1383] Generated new cluster ID: 31c8abb5596e481b8f00d05865253ad8
I20260812 08:03:17.288563 16241 catalog_manager.cc:1531] Initializing Kudu internal certificate authority...
I20260812 08:03:17.296700 16241 catalog_manager.cc:1406] Generated new certificate authority record
I20260812 08:03:17.297230 16241 catalog_manager.cc:1540] Loading token signing keys...
I20260812 08:03:17.303193 16241 catalog_manager.cc:6092] T 00000000000000000000000000000000 P 43358f0f15cd4dfcbb2209b16f1aee05: Generated new TSK 0
I20260812 08:03:17.303356 16241 catalog_manager.cc:1550] Initializing in-progress tserver states...
I20260812 08:03:17.319433 14390 file_cache.cc:504] Constructed file cache file cache with capacity 419430
W20260812 08:03:17.321458 16256 instance_detector.cc:116] could not retrieve AWS instance metadata: Network error: curl error: HTTP response code said error: The requested URL returned error: 404
W20260812 08:03:17.321607 16257 instance_detector.cc:116] could not retrieve Azure instance metadata: Network error: curl error: HTTP response code said error: The requested URL returned error: 404
I20260812 08:03:17.321602 14390 server_base.cc:1061] running on GCE node
W20260812 08:03:17.321614 16261 instance_detector.cc:116] could not retrieve OpenStack instance metadata: Network error: curl error: HTTP response code said error: The requested URL returned error: 404
I20260812 08:03:17.322011 14390 hybrid_clock.cc:584] initializing the hybrid clock with 'system_unsync' time source
W20260812 08:03:17.322054 14390 system_unsync_time.cc:38] NTP support is disabled. Clock error bounds will not be accurate. This configuration is not suitable for distributed clusters.
I20260812 08:03:17.322068 14390 hybrid_clock.cc:648] HybridClock initialized: now 1786521797322068 us; error 0 us; skew 500 ppm
I20260812 08:03:17.322971 14390 webserver.cc:533] Webserver started at http://127.0.0.1:39351/ using document root <none> and password file <none>
I20260812 08:03:17.323103 14390 fs_manager.cc:362] Metadata directory not provided
I20260812 08:03:17.323146 14390 fs_manager.cc:368] Using write-ahead log directory (fs_wal_dir) as metadata directory
I20260812 08:03:17.323201 14390 server_base.cc:909] This appears to be a new deployment of Kudu; creating new FS layout
I20260812 08:03:17.323567 14390 fs_manager.cc:1068] Generated new instance metadata in path /tmp/dist-test-tasknY_gmj/test-tmp/spnego_rest_catalog-test.0.SpnegoRestCatalogTest.TestInvalidHeaders.1786521782778047-14390-0/minicluster-data/ts-0-root/instance:
uuid: "b2667615f5e2490584f171bc15cd007f"
format_stamp: "Formatted at 2026-08-12 08:03:17 on dist-test-slave-1l3l"
I20260812 08:03:17.325073 14390 fs_manager.cc:696] Time spent creating directory manager: real 0.001s	user 0.000s	sys 0.001s
I20260812 08:03:17.325940 16268 log_block_manager.cc:4127] Time spent loading block containers with low live blocks: real 0.000s	user 0.000s	sys 0.000s
I20260812 08:03:17.326182 14390 fs_manager.cc:730] Time spent opening block manager: real 0.001s	user 0.000s	sys 0.001s
I20260812 08:03:17.326249 14390 fs_manager.cc:647] Opened local filesystem: /tmp/dist-test-tasknY_gmj/test-tmp/spnego_rest_catalog-test.0.SpnegoRestCatalogTest.TestInvalidHeaders.1786521782778047-14390-0/minicluster-data/ts-0-root
uuid: "b2667615f5e2490584f171bc15cd007f"
format_stamp: "Formatted at 2026-08-12 08:03:17 on dist-test-slave-1l3l"
I20260812 08:03:17.326318 14390 fs_report.cc:389] FS layout report
--------------------
wal directory: /tmp/dist-test-tasknY_gmj/test-tmp/spnego_rest_catalog-test.0.SpnegoRestCatalogTest.TestInvalidHeaders.1786521782778047-14390-0/minicluster-data/ts-0-root
metadata directory: /tmp/dist-test-tasknY_gmj/test-tmp/spnego_rest_catalog-test.0.SpnegoRestCatalogTest.TestInvalidHeaders.1786521782778047-14390-0/minicluster-data/ts-0-root
1 data directories: /tmp/dist-test-tasknY_gmj/test-tmp/spnego_rest_catalog-test.0.SpnegoRestCatalogTest.TestInvalidHeaders.1786521782778047-14390-0/minicluster-data/ts-0-root/data
Total live blocks: 0
Total live bytes: 0
Total live bytes (after alignment): 0
Total number of LBM containers: 0 (0 full)
Did not check for missing blocks
Did not check for orphaned blocks
Total full LBM containers with extra space: 0 (0 repaired)
Total full LBM container extra space in bytes: 0 (0 repaired)
Total incomplete LBM containers: 0 (0 repaired)
Total LBM partial records: 0 (0 repaired)
Total corrupted LBM metadata records in RocksDB: 0 (0 repaired)
I20260812 08:03:17.341341 14390 rpc_server.cc:225] running with OpenSSL 1.1.1  11 Sep 2018
I20260812 08:03:17.341804 14390 kserver.cc:163] Server-wide thread pool size limit: 3276
I20260812 08:03:17.342132 14390 txn_system_client.cc:432] TxnSystemClient initialization is disabled...
I20260812 08:03:17.342674 14390 ts_tablet_manager.cc:585] Loaded tablet metadata (0 total tablets, 0 live tablets)
I20260812 08:03:17.342715 14390 ts_tablet_manager.cc:531] Time spent load tablet metadata: real 0.000s	user 0.000s	sys 0.000s
I20260812 08:03:17.342762 14390 ts_tablet_manager.cc:616] Registered 0 tablets
I20260812 08:03:17.342790 14390 ts_tablet_manager.cc:595] Time spent register tablets: real 0.000s	user 0.000s	sys 0.000s
I20260812 08:03:17.347234 14390 rpc_server.cc:307] RPC server started. Bound to: 127.0.0.1:45107
I20260812 08:03:17.347283 16404 acceptor_pool.cc:272] collecting diagnostics on the listening RPC socket 127.0.0.1:45107 every 8 connection(s)
I20260812 08:03:17.355031 16407 heartbeater.cc:344] Connected to a master server at 127.0.0.1:38695
I20260812 08:03:17.355135 16407 heartbeater.cc:461] Registering TS with master...
I20260812 08:03:17.355353 16407 heartbeater.cc:507] Master 127.0.0.1:38695 requested a full tablet report, sending...
I20260812 08:03:17.356025 16157 ts_manager.cc:194] Registered new tserver with Master: b2667615f5e2490584f171bc15cd007f (127.0.0.1:45107)
I20260812 08:03:17.356482 14390 internal_mini_cluster.cc:371] 1 TS(s) registered with all masters after 0.008847863s
I20260812 08:03:17.356746 16157 master_service.cc:502] Signed X509 certificate for tserver {username='slave'} at 127.0.0.1:53180
I20260812 08:03:17.363374 16157 catalog_manager.cc:2283] Servicing CreateTable request from {username='slave'} at 127.0.0.1:53190:
name: "test_table"
schema {
  columns {
    name: "key"
    type: INT32
    is_key: true
    is_nullable: false
    encoding: AUTO_ENCODING
    compression: DEFAULT_COMPRESSION
    cfile_block_size: 0
    immutable: false
  }
  columns {
    name: "int_val"
    type: INT32
    is_key: false
    is_nullable: false
    encoding: AUTO_ENCODING
    compression: DEFAULT_COMPRESSION
    cfile_block_size: 0
    immutable: false
  }
}
num_replicas: 1
split_rows_range_bounds {
  rows: "\004\001d\000\000\000\004\001\310\000\000\000\004\001,\001\000\000\004\001\220\001\000\000\004\001\364\001\000\000\004\001X\002\000\000\004\001\274\002\000\000\004\001 \003\000\000\004\001\204\003\000\000""\004\001d\000\000\000\004\001\310\000\000\000\004\001,\001\000\000\004\001\220\001\000\000\004\001\364\001\000\000\004\001X\002\000\000\004\001\274\002\000\000\004\001 \003\000\000\004\001\204\003\000\000"
  indirect_data: """"
}
partition_schema {
  range_schema {
    columns {
      name: "key"
    }
  }
}
I20260812 08:03:17.374653 16317 tablet_service.cc:1511] Processing CreateTablet for tablet 4dbb0f159c7f4c30b3bc863b80e55d9b (DEFAULT_TABLE table=test_table [id=e96bbe672154424f9abfe21c88645894]), partition=RANGE (key) PARTITION VALUES < 100
I20260812 08:03:17.374734 16316 tablet_service.cc:1511] Processing CreateTablet for tablet 990a9d8d967f4f43bef080ab0d58472e (DEFAULT_TABLE table=test_table [id=e96bbe672154424f9abfe21c88645894]), partition=RANGE (key) PARTITION 100 <= VALUES < 200
I20260812 08:03:17.375026 16317 data_dirs.cc:400] Could only allocate 1 dirs of requested 3 for tablet 4dbb0f159c7f4c30b3bc863b80e55d9b. 1 dirs total, 0 dirs full, 0 dirs failed
I20260812 08:03:17.375180 16316 data_dirs.cc:400] Could only allocate 1 dirs of requested 3 for tablet 990a9d8d967f4f43bef080ab0d58472e. 1 dirs total, 0 dirs full, 0 dirs failed
I20260812 08:03:17.375192 16312 tablet_service.cc:1511] Processing CreateTablet for tablet ae809b6c71a34b2b9ae48cbc3a3b7453 (DEFAULT_TABLE table=test_table [id=e96bbe672154424f9abfe21c88645894]), partition=RANGE (key) PARTITION 200 <= VALUES < 300
I20260812 08:03:17.375401 16311 tablet_service.cc:1511] Processing CreateTablet for tablet df3c73baa19b48cab96d96560550d246 (DEFAULT_TABLE table=test_table [id=e96bbe672154424f9abfe21c88645894]), partition=RANGE (key) PARTITION 300 <= VALUES < 400
I20260812 08:03:17.375514 16312 data_dirs.cc:400] Could only allocate 1 dirs of requested 3 for tablet ae809b6c71a34b2b9ae48cbc3a3b7453. 1 dirs total, 0 dirs full, 0 dirs failed
I20260812 08:03:17.375761 16311 data_dirs.cc:400] Could only allocate 1 dirs of requested 3 for tablet df3c73baa19b48cab96d96560550d246. 1 dirs total, 0 dirs full, 0 dirs failed
I20260812 08:03:17.375701 16304 tablet_service.cc:1511] Processing CreateTablet for tablet 0eb4228971324a249cb1aca569dab56e (DEFAULT_TABLE table=test_table [id=e96bbe672154424f9abfe21c88645894]), partition=RANGE (key) PARTITION 800 <= VALUES < 900
I20260812 08:03:17.375957 16304 data_dirs.cc:400] Could only allocate 1 dirs of requested 3 for tablet 0eb4228971324a249cb1aca569dab56e. 1 dirs total, 0 dirs full, 0 dirs failed
I20260812 08:03:17.378208 16306 tablet_service.cc:1511] Processing CreateTablet for tablet d4c629e2b47e4676b5c97156fa7be288 (DEFAULT_TABLE table=test_table [id=e96bbe672154424f9abfe21c88645894]), partition=RANGE (key) PARTITION 700 <= VALUES < 800
I20260812 08:03:17.378489 16306 data_dirs.cc:400] Could only allocate 1 dirs of requested 3 for tablet d4c629e2b47e4676b5c97156fa7be288. 1 dirs total, 0 dirs full, 0 dirs failed
I20260812 08:03:17.379963 16310 tablet_service.cc:1511] Processing CreateTablet for tablet d9cbc342734b4a8d8480fbfb8be759c7 (DEFAULT_TABLE table=test_table [id=e96bbe672154424f9abfe21c88645894]), partition=RANGE (key) PARTITION 400 <= VALUES < 500
I20260812 08:03:17.380242 16307 tablet_service.cc:1511] Processing CreateTablet for tablet b8a604b4d1584eae9c30362d572ca23a (DEFAULT_TABLE table=test_table [id=e96bbe672154424f9abfe21c88645894]), partition=RANGE (key) PARTITION 600 <= VALUES < 700
I20260812 08:03:17.380337 16310 data_dirs.cc:400] Could only allocate 1 dirs of requested 3 for tablet d9cbc342734b4a8d8480fbfb8be759c7. 1 dirs total, 0 dirs full, 0 dirs failed
I20260812 08:03:17.380574 16307 data_dirs.cc:400] Could only allocate 1 dirs of requested 3 for tablet b8a604b4d1584eae9c30362d572ca23a. 1 dirs total, 0 dirs full, 0 dirs failed
I20260812 08:03:17.380630 16309 tablet_service.cc:1511] Processing CreateTablet for tablet f1760fd964454856b01016f10a4a6109 (DEFAULT_TABLE table=test_table [id=e96bbe672154424f9abfe21c88645894]), partition=RANGE (key) PARTITION 500 <= VALUES < 600
I20260812 08:03:17.380865 16309 data_dirs.cc:400] Could only allocate 1 dirs of requested 3 for tablet f1760fd964454856b01016f10a4a6109. 1 dirs total, 0 dirs full, 0 dirs failed
I20260812 08:03:17.375519 16303 tablet_service.cc:1511] Processing CreateTablet for tablet 55db6a4e33e84d92b8133d85ac715e94 (DEFAULT_TABLE table=test_table [id=e96bbe672154424f9abfe21c88645894]), partition=RANGE (key) PARTITION 900 <= VALUES
I20260812 08:03:17.382899 16303 data_dirs.cc:400] Could only allocate 1 dirs of requested 3 for tablet 55db6a4e33e84d92b8133d85ac715e94. 1 dirs total, 0 dirs full, 0 dirs failed
I20260812 08:03:17.384518 16428 tablet_bootstrap.cc:492] T 990a9d8d967f4f43bef080ab0d58472e P b2667615f5e2490584f171bc15cd007f: Bootstrap starting.
I20260812 08:03:17.385380 16428 tablet_bootstrap.cc:654] T 990a9d8d967f4f43bef080ab0d58472e P b2667615f5e2490584f171bc15cd007f: Neither blocks nor log segments found. Creating new log.
I20260812 08:03:17.386404 16428 tablet_bootstrap.cc:492] T 990a9d8d967f4f43bef080ab0d58472e P b2667615f5e2490584f171bc15cd007f: No bootstrap required, opened a new log
I20260812 08:03:17.386510 16428 ts_tablet_manager.cc:1403] T 990a9d8d967f4f43bef080ab0d58472e P b2667615f5e2490584f171bc15cd007f: Time spent bootstrapping tablet: real 0.002s	user 0.001s	sys 0.000s
I20260812 08:03:17.386970 16428 raft_consensus.cc:359] T 990a9d8d967f4f43bef080ab0d58472e P b2667615f5e2490584f171bc15cd007f [term 0 FOLLOWER]: Replica starting. Triggering 0 pending ops. Active config: opid_index: -1 OBSOLETE_local: true peers { permanent_uuid: "b2667615f5e2490584f171bc15cd007f" member_type: VOTER last_known_addr { host: "127.0.0.1" port: 45107 } }
I20260812 08:03:17.387068 16428 raft_consensus.cc:385] T 990a9d8d967f4f43bef080ab0d58472e P b2667615f5e2490584f171bc15cd007f [term 0 FOLLOWER]: Consensus starting up: Expiring failure detector timer to make a prompt election more likely
I20260812 08:03:17.387090 16428 raft_consensus.cc:740] T 990a9d8d967f4f43bef080ab0d58472e P b2667615f5e2490584f171bc15cd007f [term 0 FOLLOWER]: Becoming Follower/Learner. State: Replica: b2667615f5e2490584f171bc15cd007f, State: Initialized, Role: FOLLOWER
I20260812 08:03:17.387224 16428 consensus_queue.cc:260] T 990a9d8d967f4f43bef080ab0d58472e P b2667615f5e2490584f171bc15cd007f [NON_LEADER]: Queue going to NON_LEADER mode. State: All replicated index: 0, Majority replicated index: 0, Committed index: 0, Last appended: 0.0, Last appended by leader: 0, Current term: 0, Majority size: -1, State: 0, Mode: NON_LEADER, active raft config: opid_index: -1 OBSOLETE_local: true peers { permanent_uuid: "b2667615f5e2490584f171bc15cd007f" member_type: VOTER last_known_addr { host: "127.0.0.1" port: 45107 } }
I20260812 08:03:17.387293 16428 raft_consensus.cc:399] T 990a9d8d967f4f43bef080ab0d58472e P b2667615f5e2490584f171bc15cd007f [term 0 FOLLOWER]: Only one voter in the Raft config. Triggering election immediately
I20260812 08:03:17.387329 16428 raft_consensus.cc:493] T 990a9d8d967f4f43bef080ab0d58472e P b2667615f5e2490584f171bc15cd007f [term 0 FOLLOWER]: Starting leader election (initial election of a single-replica configuration)
