I20260812 08:00:43.543368 19440 ts_tablet_manager.cc:1434] T 1664ab4a2e8f45cbab734f896420726f P 5b2e3502bea344de805ddb4f3abb8a31: Time spent starting tablet: real 0.002s	user 0.000s	sys 0.001s
I20260812 08:00:43.543277 19449 raft_consensus.cc:3060] T f0cc38a3cdab496a963e29db4811fbba P 5b2e3502bea344de805ddb4f3abb8a31 [term 0 FOLLOWER]: Advancing to term 1
I20260812 08:00:43.543450 19313 leader_election.cc:304] T e4af18bb6f894ed68fbc7240de1207ec P 91aa370bd7a3455f99f5cbff41f76091 [CANDIDATE]: Term 1 pre-election: Election decided. Result: candidate won. Election summary: received 2 responses out of 3 voters: 2 yes votes; 0 no votes. yes voters: 5b2e3502bea344de805ddb4f3abb8a31, 91aa370bd7a3455f99f5cbff41f76091; no voters: 
I20260812 08:00:43.543594 19485 raft_consensus.cc:2804] T e4af18bb6f894ed68fbc7240de1207ec P 91aa370bd7a3455f99f5cbff41f76091 [term 0 FOLLOWER]: Leader pre-election won for term 1
I20260812 08:00:43.543637 19485 raft_consensus.cc:493] T e4af18bb6f894ed68fbc7240de1207ec P 91aa370bd7a3455f99f5cbff41f76091 [term 0 FOLLOWER]: Starting leader election (no leader contacted us within the election timeout)
I20260812 08:00:43.543670 19485 raft_consensus.cc:3060] T e4af18bb6f894ed68fbc7240de1207ec P 91aa370bd7a3455f99f5cbff41f76091 [term 0 FOLLOWER]: Advancing to term 1
I20260812 08:00:43.544209 19440 tablet_bootstrap.cc:492] T 880b3e98920147a5bd889dc57ac91816 P 5b2e3502bea344de805ddb4f3abb8a31: Bootstrap starting.
I20260812 08:00:43.544504 19449 raft_consensus.cc:515] T f0cc38a3cdab496a963e29db4811fbba P 5b2e3502bea344de805ddb4f3abb8a31 [term 1 FOLLOWER]: Starting leader election with config: opid_index: -1 OBSOLETE_local: false peers { permanent_uuid: "5b2e3502bea344de805ddb4f3abb8a31" member_type: VOTER last_known_addr { host: "127.16.38.129" port: 33927 } } peers { permanent_uuid: "e34687268b9543e9829ecf409c49db55" member_type: VOTER last_known_addr { host: "127.16.38.130" port: 39899 } } peers { permanent_uuid: "91aa370bd7a3455f99f5cbff41f76091" member_type: VOTER last_known_addr { host: "127.16.38.131" port: 34763 } }
I20260812 08:00:43.544550 19485 raft_consensus.cc:515] T e4af18bb6f894ed68fbc7240de1207ec P 91aa370bd7a3455f99f5cbff41f76091 [term 1 FOLLOWER]: Starting leader election with config: opid_index: -1 OBSOLETE_local: false peers { permanent_uuid: "5b2e3502bea344de805ddb4f3abb8a31" member_type: VOTER last_known_addr { host: "127.16.38.129" port: 33927 } } peers { permanent_uuid: "e34687268b9543e9829ecf409c49db55" member_type: VOTER last_known_addr { host: "127.16.38.130" port: 39899 } } peers { permanent_uuid: "91aa370bd7a3455f99f5cbff41f76091" member_type: VOTER last_known_addr { host: "127.16.38.131" port: 34763 } }
I20260812 08:00:43.544836 19449 leader_election.cc:290] T f0cc38a3cdab496a963e29db4811fbba P 5b2e3502bea344de805ddb4f3abb8a31 [CANDIDATE]: Term 1 election: Requested vote from peers e34687268b9543e9829ecf409c49db55 (127.16.38.130:39899), 91aa370bd7a3455f99f5cbff41f76091 (127.16.38.131:34763)
I20260812 08:00:43.544888 19485 leader_election.cc:290] T e4af18bb6f894ed68fbc7240de1207ec P 91aa370bd7a3455f99f5cbff41f76091 [CANDIDATE]: Term 1 election: Requested vote from peers 5b2e3502bea344de805ddb4f3abb8a31 (127.16.38.129:33927), e34687268b9543e9829ecf409c49db55 (127.16.38.130:39899)
I20260812 08:00:43.542479 19478 leader_election.cc:290] T e4af18bb6f894ed68fbc7240de1207ec P 91aa370bd7a3455f99f5cbff41f76091 [CANDIDATE]: Term 1 pre-election: Requested pre-vote from peers 5b2e3502bea344de805ddb4f3abb8a31 (127.16.38.129:33927), e34687268b9543e9829ecf409c49db55 (127.16.38.130:39899)
I20260812 08:00:43.545189 19237 tablet_service.cc:1917] Received RequestConsensusVote() RPC: tablet_id: "f0cc38a3cdab496a963e29db4811fbba" candidate_uuid: "5b2e3502bea344de805ddb4f3abb8a31" candidate_term: 1 candidate_status { last_received { term: 0 index: 0 } } ignore_live_leader: false dest_uuid: "e34687268b9543e9829ecf409c49db55"
I20260812 08:00:43.545378 19237 raft_consensus.cc:3060] T f0cc38a3cdab496a963e29db4811fbba P e34687268b9543e9829ecf409c49db55 [term 0 FOLLOWER]: Advancing to term 1
I20260812 08:00:43.545396 19121 tablet_service.cc:1917] Received RequestConsensusVote() RPC: tablet_id: "e4af18bb6f894ed68fbc7240de1207ec" candidate_uuid: "91aa370bd7a3455f99f5cbff41f76091" candidate_term: 1 candidate_status { last_received { term: 0 index: 0 } } ignore_live_leader: false dest_uuid: "5b2e3502bea344de805ddb4f3abb8a31"
I20260812 08:00:43.545501 19121 raft_consensus.cc:3060] T e4af18bb6f894ed68fbc7240de1207ec P 5b2e3502bea344de805ddb4f3abb8a31 [term 0 FOLLOWER]: Advancing to term 1
I20260812 08:00:43.543403 19441 raft_consensus.cc:385] T f6ceed42e8124ac39bb524a1267657ff P 91aa370bd7a3455f99f5cbff41f76091 [term 0 FOLLOWER]: Consensus starting up: Expiring failure detector timer to make a prompt election more likely
I20260812 08:00:43.545634 19441 raft_consensus.cc:740] T f6ceed42e8124ac39bb524a1267657ff P 91aa370bd7a3455f99f5cbff41f76091 [term 0 FOLLOWER]: Becoming Follower/Learner. State: Replica: 91aa370bd7a3455f99f5cbff41f76091, State: Initialized, Role: FOLLOWER
I20260812 08:00:43.545760 19440 tablet_bootstrap.cc:654] T 880b3e98920147a5bd889dc57ac91816 P 5b2e3502bea344de805ddb4f3abb8a31: Neither blocks nor log segments found. Creating new log.
I20260812 08:00:43.545883 19441 consensus_queue.cc:260] T f6ceed42e8124ac39bb524a1267657ff P 91aa370bd7a3455f99f5cbff41f76091 [NON_LEADER]: Queue going to NON_LEADER mode. State: All replicated index: 0, Majority replicated index: 0, Committed index: 0, Last appended: 0.0, Last appended by leader: 0, Current term: 0, Majority size: -1, State: 0, Mode: NON_LEADER, active raft config: opid_index: -1 OBSOLETE_local: false peers { permanent_uuid: "5b2e3502bea344de805ddb4f3abb8a31" member_type: VOTER last_known_addr { host: "127.16.38.129" port: 33927 } } peers { permanent_uuid: "e34687268b9543e9829ecf409c49db55" member_type: VOTER last_known_addr { host: "127.16.38.130" port: 39899 } } peers { permanent_uuid: "91aa370bd7a3455f99f5cbff41f76091" member_type: VOTER last_known_addr { host: "127.16.38.131" port: 34763 } }
I20260812 08:00:43.546341 19237 raft_consensus.cc:2468] T f0cc38a3cdab496a963e29db4811fbba P e34687268b9543e9829ecf409c49db55 [term 1 FOLLOWER]: Leader election vote request: Granting yes vote for candidate 5b2e3502bea344de805ddb4f3abb8a31 in term 1.
I20260812 08:00:43.546387 19121 raft_consensus.cc:2468] T e4af18bb6f894ed68fbc7240de1207ec P 5b2e3502bea344de805ddb4f3abb8a31 [term 1 FOLLOWER]: Leader election vote request: Granting yes vote for candidate 91aa370bd7a3455f99f5cbff41f76091 in term 1.
I20260812 08:00:43.545429 19451 tablet_bootstrap.cc:492] T 1ce0cb3877b54acb86561454b7a3bcd2 P e34687268b9543e9829ecf409c49db55: No bootstrap required, opened a new log
I20260812 08:00:43.543169 19660 raft_consensus.cc:493] T c2c426d104534ea1a85cd80eec069e6c P e34687268b9543e9829ecf409c49db55 [term 0 FOLLOWER]: Starting leader election (no leader contacted us within the election timeout)
I20260812 08:00:43.546631 19059 leader_election.cc:304] T f0cc38a3cdab496a963e29db4811fbba P 5b2e3502bea344de805ddb4f3abb8a31 [CANDIDATE]: Term 1 election: Election decided. Result: candidate won. Election summary: received 2 responses out of 3 voters: 2 yes votes; 0 no votes. yes voters: 5b2e3502bea344de805ddb4f3abb8a31, e34687268b9543e9829ecf409c49db55; no voters: 
I20260812 08:00:43.546645 19313 leader_election.cc:304] T e4af18bb6f894ed68fbc7240de1207ec P 91aa370bd7a3455f99f5cbff41f76091 [CANDIDATE]: Term 1 election: Election decided. Result: candidate won. Election summary: received 2 responses out of 3 voters: 2 yes votes; 0 no votes. yes voters: 5b2e3502bea344de805ddb4f3abb8a31, 91aa370bd7a3455f99f5cbff41f76091; no voters: 
I20260812 08:00:43.546712 19660 raft_consensus.cc:3060] T c2c426d104534ea1a85cd80eec069e6c P e34687268b9543e9829ecf409c49db55 [term 0 FOLLOWER]: Advancing to term 1
I20260812 08:00:43.546681 19451 ts_tablet_manager.cc:1403] T 1ce0cb3877b54acb86561454b7a3bcd2 P e34687268b9543e9829ecf409c49db55: Time spent bootstrapping tablet: real 0.013s	user 0.001s	sys 0.002s
I20260812 08:00:43.546876 19449 raft_consensus.cc:2804] T f0cc38a3cdab496a963e29db4811fbba P 5b2e3502bea344de805ddb4f3abb8a31 [term 1 FOLLOWER]: Leader election won for term 1
I20260812 08:00:43.546979 19449 raft_consensus.cc:697] T f0cc38a3cdab496a963e29db4811fbba P 5b2e3502bea344de805ddb4f3abb8a31 [term 1 LEADER]: Becoming Leader. State: Replica: 5b2e3502bea344de805ddb4f3abb8a31, State: Running, Role: LEADER
I20260812 08:00:43.547107 19449 consensus_queue.cc:237] T f0cc38a3cdab496a963e29db4811fbba P 5b2e3502bea344de805ddb4f3abb8a31 [LEADER]: Queue going to LEADER mode. State: All replicated index: 0, Majority replicated index: 0, Committed index: 0, Last appended: 0.0, Last appended by leader: 0, Current term: 1, Majority size: 2, State: 0, Mode: LEADER, active raft config: opid_index: -1 OBSOLETE_local: false peers { permanent_uuid: "5b2e3502bea344de805ddb4f3abb8a31" member_type: VOTER last_known_addr { host: "127.16.38.129" port: 33927 } } peers { permanent_uuid: "e34687268b9543e9829ecf409c49db55" member_type: VOTER last_known_addr { host: "127.16.38.130" port: 39899 } } peers { permanent_uuid: "91aa370bd7a3455f99f5cbff41f76091" member_type: VOTER last_known_addr { host: "127.16.38.131" port: 34763 } }
I20260812 08:00:43.547340 19451 raft_consensus.cc:359] T 1ce0cb3877b54acb86561454b7a3bcd2 P e34687268b9543e9829ecf409c49db55 [term 0 FOLLOWER]: Replica starting. Triggering 0 pending ops. Active config: opid_index: -1 OBSOLETE_local: false peers { permanent_uuid: "5b2e3502bea344de805ddb4f3abb8a31" member_type: VOTER last_known_addr { host: "127.16.38.129" port: 33927 } } peers { permanent_uuid: "e34687268b9543e9829ecf409c49db55" member_type: VOTER last_known_addr { host: "127.16.38.130" port: 39899 } } peers { permanent_uuid: "91aa370bd7a3455f99f5cbff41f76091" member_type: VOTER last_known_addr { host: "127.16.38.131" port: 34763 } }
I20260812 08:00:43.547437 19451 raft_consensus.cc:385] T 1ce0cb3877b54acb86561454b7a3bcd2 P e34687268b9543e9829ecf409c49db55 [term 0 FOLLOWER]: Consensus starting up: Expiring failure detector timer to make a prompt election more likely
I20260812 08:00:43.547468 19451 raft_consensus.cc:740] T 1ce0cb3877b54acb86561454b7a3bcd2 P e34687268b9543e9829ecf409c49db55 [term 0 FOLLOWER]: Becoming Follower/Learner. State: Replica: e34687268b9543e9829ecf409c49db55, State: Initialized, Role: FOLLOWER
I20260812 08:00:43.547559 19451 consensus_queue.cc:260] T 1ce0cb3877b54acb86561454b7a3bcd2 P e34687268b9543e9829ecf409c49db55 [NON_LEADER]: Queue going to NON_LEADER mode. State: All replicated index: 0, Majority replicated index: 0, Committed index: 0, Last appended: 0.0, Last appended by leader: 0, Current term: 0, Majority size: -1, State: 0, Mode: NON_LEADER, active raft config: opid_index: -1 OBSOLETE_local: false peers { permanent_uuid: "5b2e3502bea344de805ddb4f3abb8a31" member_type: VOTER last_known_addr { host: "127.16.38.129" port: 33927 } } peers { permanent_uuid: "e34687268b9543e9829ecf409c49db55" member_type: VOTER last_known_addr { host: "127.16.38.130" port: 39899 } } peers { permanent_uuid: "91aa370bd7a3455f99f5cbff41f76091" member_type: VOTER last_known_addr { host: "127.16.38.131" port: 34763 } }
I20260812 08:00:43.547708 19660 raft_consensus.cc:515] T c2c426d104534ea1a85cd80eec069e6c P e34687268b9543e9829ecf409c49db55 [term 1 FOLLOWER]: Starting leader election with config: opid_index: -1 OBSOLETE_local: false peers { permanent_uuid: "5b2e3502bea344de805ddb4f3abb8a31" member_type: VOTER last_known_addr { host: "127.16.38.129" port: 33927 } } peers { permanent_uuid: "e34687268b9543e9829ecf409c49db55" member_type: VOTER last_known_addr { host: "127.16.38.130" port: 39899 } } peers { permanent_uuid: "91aa370bd7a3455f99f5cbff41f76091" member_type: VOTER last_known_addr { host: "127.16.38.131" port: 34763 } }
I20260812 08:00:43.547861 19451 ts_tablet_manager.cc:1434] T 1ce0cb3877b54acb86561454b7a3bcd2 P e34687268b9543e9829ecf409c49db55: Time spent starting tablet: real 0.001s	user 0.001s	sys 0.000s
I20260812 08:00:43.548064 19660 leader_election.cc:290] T c2c426d104534ea1a85cd80eec069e6c P e34687268b9543e9829ecf409c49db55 [CANDIDATE]: Term 1 election: Requested vote from peers 5b2e3502bea344de805ddb4f3abb8a31 (127.16.38.129:33927), 91aa370bd7a3455f99f5cbff41f76091 (127.16.38.131:34763)
I20260812 08:00:43.548290 19478 raft_consensus.cc:2804] T e4af18bb6f894ed68fbc7240de1207ec P 91aa370bd7a3455f99f5cbff41f76091 [term 1 FOLLOWER]: Leader election won for term 1
I20260812 08:00:43.548377 19478 raft_consensus.cc:697] T e4af18bb6f894ed68fbc7240de1207ec P 91aa370bd7a3455f99f5cbff41f76091 [term 1 LEADER]: Becoming Leader. State: Replica: 91aa370bd7a3455f99f5cbff41f76091, State: Running, Role: LEADER
I20260812 08:00:43.548501 19478 consensus_queue.cc:237] T e4af18bb6f894ed68fbc7240de1207ec P 91aa370bd7a3455f99f5cbff41f76091 [LEADER]: Queue going to LEADER mode. State: All replicated index: 0, Majority replicated index: 0, Committed index: 0, Last appended: 0.0, Last appended by leader: 0, Current term: 1, Majority size: 2, State: 0, Mode: LEADER, active raft config: opid_index: -1 OBSOLETE_local: false peers { permanent_uuid: "5b2e3502bea344de805ddb4f3abb8a31" member_type: VOTER last_known_addr { host: "127.16.38.129" port: 33927 } } peers { permanent_uuid: "e34687268b9543e9829ecf409c49db55" member_type: VOTER last_known_addr { host: "127.16.38.130" port: 39899 } } peers { permanent_uuid: "91aa370bd7a3455f99f5cbff41f76091" member_type: VOTER last_known_addr { host: "127.16.38.131" port: 34763 } }
I20260812 08:00:43.548677 19121 tablet_service.cc:1917] Received RequestConsensusVote() RPC: tablet_id: "c2c426d104534ea1a85cd80eec069e6c" candidate_uuid: "e34687268b9543e9829ecf409c49db55" candidate_term: 1 candidate_status { last_received { term: 0 index: 0 } } ignore_live_leader: false dest_uuid: "5b2e3502bea344de805ddb4f3abb8a31"
I20260812 08:00:43.548790 19121 raft_consensus.cc:3060] T c2c426d104534ea1a85cd80eec069e6c P 5b2e3502bea344de805ddb4f3abb8a31 [term 0 FOLLOWER]: Advancing to term 1
I20260812 08:00:43.548976 19366 tablet_service.cc:1917] Received RequestConsensusVote() RPC: tablet_id: "c2c426d104534ea1a85cd80eec069e6c" candidate_uuid: "e34687268b9543e9829ecf409c49db55" candidate_term: 1 candidate_status { last_received { term: 0 index: 0 } } ignore_live_leader: false dest_uuid: "91aa370bd7a3455f99f5cbff41f76091" is_pre_election: true
I20260812 08:00:43.549079 19366 raft_consensus.cc:2468] T c2c426d104534ea1a85cd80eec069e6c P 91aa370bd7a3455f99f5cbff41f76091 [term 0 FOLLOWER]: Leader pre-election vote request: Granting yes vote for candidate e34687268b9543e9829ecf409c49db55 in term 0.
I20260812 08:00:43.549305 19363 tablet_service.cc:1917] Received RequestConsensusVote() RPC: tablet_id: "c2c426d104534ea1a85cd80eec069e6c" candidate_uuid: "e34687268b9543e9829ecf409c49db55" candidate_term: 1 candidate_status { last_received { term: 0 index: 0 } } ignore_live_leader: false dest_uuid: "91aa370bd7a3455f99f5cbff41f76091"
I20260812 08:00:43.549427 19363 raft_consensus.cc:3060] T c2c426d104534ea1a85cd80eec069e6c P 91aa370bd7a3455f99f5cbff41f76091 [term 0 FOLLOWER]: Advancing to term 1
I20260812 08:00:43.549809 19121 raft_consensus.cc:2468] T c2c426d104534ea1a85cd80eec069e6c P 5b2e3502bea344de805ddb4f3abb8a31 [term 1 FOLLOWER]: Leader election vote request: Granting yes vote for candidate e34687268b9543e9829ecf409c49db55 in term 1.
I20260812 08:00:43.550091 19180 leader_election.cc:304] T c2c426d104534ea1a85cd80eec069e6c P e34687268b9543e9829ecf409c49db55 [CANDIDATE]: Term 1 election: Election decided. Result: candidate won. Election summary: received 2 responses out of 3 voters: 2 yes votes; 0 no votes. yes voters: 5b2e3502bea344de805ddb4f3abb8a31, e34687268b9543e9829ecf409c49db55; no voters: 
I20260812 08:00:43.548789 19178 leader_election.cc:304] T 880b3e98920147a5bd889dc57ac91816 P e34687268b9543e9829ecf409c49db55 [CANDIDATE]: Term 1 election: Election decided. Result: candidate won. Election summary: received 3 responses out of 3 voters: 2 yes votes; 1 no votes. yes voters: 91aa370bd7a3455f99f5cbff41f76091, e34687268b9543e9829ecf409c49db55; no voters: 5b2e3502bea344de805ddb4f3abb8a31
I20260812 08:00:43.550418 19363 raft_consensus.cc:2468] T c2c426d104534ea1a85cd80eec069e6c P 91aa370bd7a3455f99f5cbff41f76091 [term 1 FOLLOWER]: Leader election vote request: Granting yes vote for candidate e34687268b9543e9829ecf409c49db55 in term 1.
I20260812 08:00:43.550625 19516 raft_consensus.cc:2804] T c2c426d104534ea1a85cd80eec069e6c P e34687268b9543e9829ecf409c49db55 [term 1 FOLLOWER]: Leader election won for term 1
I20260812 08:00:43.550648 19660 raft_consensus.cc:2804] T 880b3e98920147a5bd889dc57ac91816 P e34687268b9543e9829ecf409c49db55 [term 1 FOLLOWER]: Leader election won for term 1
I20260812 08:00:43.550704 19516 raft_consensus.cc:697] T c2c426d104534ea1a85cd80eec069e6c P e34687268b9543e9829ecf409c49db55 [term 1 LEADER]: Becoming Leader. State: Replica: e34687268b9543e9829ecf409c49db55, State: Running, Role: LEADER
I20260812 08:00:43.550724 18956 catalog_manager.cc:5719] T e4af18bb6f894ed68fbc7240de1207ec P 91aa370bd7a3455f99f5cbff41f76091 reported cstate change: term changed from 0 to 1, leader changed from <none> to 91aa370bd7a3455f99f5cbff41f76091 (127.16.38.131). New cstate: current_term: 1 leader_uuid: "91aa370bd7a3455f99f5cbff41f76091" committed_config { opid_index: -1 OBSOLETE_local: false peers { permanent_uuid: "5b2e3502bea344de805ddb4f3abb8a31" member_type: VOTER last_known_addr { host: "127.16.38.129" port: 33927 } health_report { overall_health: UNKNOWN } } peers { permanent_uuid: "e34687268b9543e9829ecf409c49db55" member_type: VOTER last_known_addr { host: "127.16.38.130" port: 39899 } health_report { overall_health: UNKNOWN } } peers { permanent_uuid: "91aa370bd7a3455f99f5cbff41f76091" member_type: VOTER last_known_addr { host: "127.16.38.131" port: 34763 } health_report { overall_health: HEALTHY } } }
I20260812 08:00:43.550729 19660 raft_consensus.cc:697] T 880b3e98920147a5bd889dc57ac91816 P e34687268b9543e9829ecf409c49db55 [term 1 LEADER]: Becoming Leader. State: Replica: e34687268b9543e9829ecf409c49db55, State: Running, Role: LEADER
I20260812 08:00:43.550905 19237 tablet_service.cc:1917] Received RequestConsensusVote() RPC: tablet_id: "e4af18bb6f894ed68fbc7240de1207ec" candidate_uuid: "91aa370bd7a3455f99f5cbff41f76091" candidate_term: 1 candidate_status { last_received { term: 0 index: 0 } } ignore_live_leader: false dest_uuid: "e34687268b9543e9829ecf409c49db55" is_pre_election: true
I20260812 08:00:43.550995 19237 raft_consensus.cc:2468] T e4af18bb6f894ed68fbc7240de1207ec P e34687268b9543e9829ecf409c49db55 [term 0 FOLLOWER]: Leader pre-election vote request: Granting yes vote for candidate 91aa370bd7a3455f99f5cbff41f76091 in term 0.
I20260812 08:00:43.550977 19660 consensus_queue.cc:237] T 880b3e98920147a5bd889dc57ac91816 P e34687268b9543e9829ecf409c49db55 [LEADER]: Queue going to LEADER mode. State: All replicated index: 0, Majority replicated index: 0, Committed index: 0, Last appended: 0.0, Last appended by leader: 0, Current term: 1, Majority size: 2, State: 0, Mode: LEADER, active raft config: opid_index: -1 OBSOLETE_local: false peers { permanent_uuid: "5b2e3502bea344de805ddb4f3abb8a31" member_type: VOTER last_known_addr { host: "127.16.38.129" port: 33927 } } peers { permanent_uuid: "e34687268b9543e9829ecf409c49db55" member_type: VOTER last_known_addr { host: "127.16.38.130" port: 39899 } } peers { permanent_uuid: "91aa370bd7a3455f99f5cbff41f76091" member_type: VOTER last_known_addr { host: "127.16.38.131" port: 34763 } }
I20260812 08:00:43.550711 19239 tablet_service.cc:1917] Received RequestConsensusVote() RPC: tablet_id: "e4af18bb6f894ed68fbc7240de1207ec" candidate_uuid: "91aa370bd7a3455f99f5cbff41f76091" candidate_term: 1 candidate_status { last_received { term: 0 index: 0 } } ignore_live_leader: false dest_uuid: "e34687268b9543e9829ecf409c49db55"
I20260812 08:00:43.551214 19239 raft_consensus.cc:3060] T e4af18bb6f894ed68fbc7240de1207ec P e34687268b9543e9829ecf409c49db55 [term 0 FOLLOWER]: Advancing to term 1
I20260812 08:00:43.551420 18955 catalog_manager.cc:5719] T f0cc38a3cdab496a963e29db4811fbba P 5b2e3502bea344de805ddb4f3abb8a31 reported cstate change: term changed from 0 to 1, leader changed from <none> to 5b2e3502bea344de805ddb4f3abb8a31 (127.16.38.129). New cstate: current_term: 1 leader_uuid: "5b2e3502bea344de805ddb4f3abb8a31" committed_config { opid_index: -1 OBSOLETE_local: false peers { permanent_uuid: "5b2e3502bea344de805ddb4f3abb8a31" member_type: VOTER last_known_addr { host: "127.16.38.129" port: 33927 } health_report { overall_health: HEALTHY } } peers { permanent_uuid: "e34687268b9543e9829ecf409c49db55" member_type: VOTER last_known_addr { host: "127.16.38.130" port: 39899 } health_report { overall_health: UNKNOWN } } peers { permanent_uuid: "91aa370bd7a3455f99f5cbff41f76091" member_type: VOTER last_known_addr { host: "127.16.38.131" port: 34763 } health_report { overall_health: UNKNOWN } } }
I20260812 08:00:43.551661 19441 ts_tablet_manager.cc:1434] T f6ceed42e8124ac39bb524a1267657ff P 91aa370bd7a3455f99f5cbff41f76091: Time spent starting tablet: real 0.010s	user 0.000s	sys 0.002s
I20260812 08:00:43.551925 19441 tablet_bootstrap.cc:492] T 769bba249197476ca93c636e2ed04b2c P 91aa370bd7a3455f99f5cbff41f76091: Bootstrap starting.
I20260812 08:00:43.552198 19239 raft_consensus.cc:2468] T e4af18bb6f894ed68fbc7240de1207ec P e34687268b9543e9829ecf409c49db55 [term 1 FOLLOWER]: Leader election vote request: Granting yes vote for candidate 91aa370bd7a3455f99f5cbff41f76091 in term 1.
I20260812 08:00:43.548062 19451 tablet_bootstrap.cc:492] T 369e12dff61f4096b09ed94e01787163 P e34687268b9543e9829ecf409c49db55: Bootstrap starting.
I20260812 08:00:43.552248 19440 tablet_bootstrap.cc:492] T 880b3e98920147a5bd889dc57ac91816 P 5b2e3502bea344de805ddb4f3abb8a31: No bootstrap required, opened a new log
I20260812 08:00:43.552362 19440 ts_tablet_manager.cc:1403] T 880b3e98920147a5bd889dc57ac91816 P 5b2e3502bea344de805ddb4f3abb8a31: Time spent bootstrapping tablet: real 0.008s	user 0.003s	sys 0.000s
I20260812 08:00:43.552855 19440 raft_consensus.cc:359] T 880b3e98920147a5bd889dc57ac91816 P 5b2e3502bea344de805ddb4f3abb8a31 [term 0 FOLLOWER]: Replica starting. Triggering 0 pending ops. Active config: opid_index: -1 OBSOLETE_local: false peers { permanent_uuid: "5b2e3502bea344de805ddb4f3abb8a31" member_type: VOTER last_known_addr { host: "127.16.38.129" port: 33927 } } peers { permanent_uuid: "e34687268b9543e9829ecf409c49db55" member_type: VOTER last_known_addr { host: "127.16.38.130" port: 39899 } } peers { permanent_uuid: "91aa370bd7a3455f99f5cbff41f76091" member_type: VOTER last_known_addr { host: "127.16.38.131" port: 34763 } }
I20260812 08:00:43.552966 19440 raft_consensus.cc:385] T 880b3e98920147a5bd889dc57ac91816 P 5b2e3502bea344de805ddb4f3abb8a31 [term 0 FOLLOWER]: Consensus starting up: Expiring failure detector timer to make a prompt election more likely
I20260812 08:00:43.553042 19440 raft_consensus.cc:740] T 880b3e98920147a5bd889dc57ac91816 P 5b2e3502bea344de805ddb4f3abb8a31 [term 0 FOLLOWER]: Becoming Follower/Learner. State: Replica: 5b2e3502bea344de805ddb4f3abb8a31, State: Initialized, Role: FOLLOWER
I20260812 08:00:43.553294 19440 consensus_queue.cc:260] T 880b3e98920147a5bd889dc57ac91816 P 5b2e3502bea344de805ddb4f3abb8a31 [NON_LEADER]: Queue going to NON_LEADER mode. State: All replicated index: 0, Majority replicated index: 0, Committed index: 0, Last appended: 0.0, Last appended by leader: 0, Current term: 0, Majority size: -1, State: 0, Mode: NON_LEADER, active raft config: opid_index: -1 OBSOLETE_local: false peers { permanent_uuid: "5b2e3502bea344de805ddb4f3abb8a31" member_type: VOTER last_known_addr { host: "127.16.38.129" port: 33927 } } peers { permanent_uuid: "e34687268b9543e9829ecf409c49db55" member_type: VOTER last_known_addr { host: "127.16.38.130" port: 39899 } } peers { permanent_uuid: "91aa370bd7a3455f99f5cbff41f76091" member_type: VOTER last_known_addr { host: "127.16.38.131" port: 34763 } }
I20260812 08:00:43.553395 19365 tablet_service.cc:1917] Received RequestConsensusVote() RPC: tablet_id: "f0cc38a3cdab496a963e29db4811fbba" candidate_uuid: "5b2e3502bea344de805ddb4f3abb8a31" candidate_term: 1 candidate_status { last_received { term: 0 index: 0 } } ignore_live_leader: false dest_uuid: "91aa370bd7a3455f99f5cbff41f76091"
I20260812 08:00:43.553489 19365 raft_consensus.cc:3060] T f0cc38a3cdab496a963e29db4811fbba P 91aa370bd7a3455f99f5cbff41f76091 [term 0 FOLLOWER]: Advancing to term 1
I20260812 08:00:43.553696 19440 ts_tablet_manager.cc:1434] T 880b3e98920147a5bd889dc57ac91816 P 5b2e3502bea344de805ddb4f3abb8a31: Time spent starting tablet: real 0.001s	user 0.001s	sys 0.000s
I20260812 08:00:43.550832 19516 consensus_queue.cc:237] T c2c426d104534ea1a85cd80eec069e6c P e34687268b9543e9829ecf409c49db55 [LEADER]: Queue going to LEADER mode. State: All replicated index: 0, Majority replicated index: 0, Committed index: 0, Last appended: 0.0, Last appended by leader: 0, Current term: 1, Majority size: 2, State: 0, Mode: LEADER, active raft config: opid_index: -1 OBSOLETE_local: false peers { permanent_uuid: "5b2e3502bea344de805ddb4f3abb8a31" member_type: VOTER last_known_addr { host: "127.16.38.129" port: 33927 } } peers { permanent_uuid: "e34687268b9543e9829ecf409c49db55" member_type: VOTER last_known_addr { host: "127.16.38.130" port: 39899 } } peers { permanent_uuid: "91aa370bd7a3455f99f5cbff41f76091" member_type: VOTER last_known_addr { host: "127.16.38.131" port: 34763 } }
I20260812 08:00:43.553886 19440 tablet_bootstrap.cc:492] T efa252856fb04df3b3f9b6cf8f6b27aa P 5b2e3502bea344de805ddb4f3abb8a31: Bootstrap starting.
I20260812 08:00:43.554540 19365 raft_consensus.cc:2468] T f0cc38a3cdab496a963e29db4811fbba P 91aa370bd7a3455f99f5cbff41f76091 [term 1 FOLLOWER]: Leader election vote request: Granting yes vote for candidate 5b2e3502bea344de805ddb4f3abb8a31 in term 1.
I20260812 08:00:43.555263 19440 tablet_bootstrap.cc:654] T efa252856fb04df3b3f9b6cf8f6b27aa P 5b2e3502bea344de805ddb4f3abb8a31: Neither blocks nor log segments found. Creating new log.
I20260812 08:00:43.555610 19451 tablet_bootstrap.cc:654] T 369e12dff61f4096b09ed94e01787163 P e34687268b9543e9829ecf409c49db55: Neither blocks nor log segments found. Creating new log.
I20260812 08:00:43.553354 19441 tablet_bootstrap.cc:654] T 769bba249197476ca93c636e2ed04b2c P 91aa370bd7a3455f99f5cbff41f76091: Neither blocks nor log segments found. Creating new log.
I20260812 08:00:43.556519 18956 catalog_manager.cc:5719] T 880b3e98920147a5bd889dc57ac91816 P e34687268b9543e9829ecf409c49db55 reported cstate change: term changed from 0 to 1, leader changed from <none> to e34687268b9543e9829ecf409c49db55 (127.16.38.130). New cstate: current_term: 1 leader_uuid: "e34687268b9543e9829ecf409c49db55" committed_config { opid_index: -1 OBSOLETE_local: false peers { permanent_uuid: "5b2e3502bea344de805ddb4f3abb8a31" member_type: VOTER last_known_addr { host: "127.16.38.129" port: 33927 } health_report { overall_health: UNKNOWN } } peers { permanent_uuid: "e34687268b9543e9829ecf409c49db55" member_type: VOTER last_known_addr { host: "127.16.38.130" port: 39899 } health_report { overall_health: HEALTHY } } peers { permanent_uuid: "91aa370bd7a3455f99f5cbff41f76091" member_type: VOTER last_known_addr { host: "127.16.38.131" port: 34763 } health_report { overall_health: UNKNOWN } } }
I20260812 08:00:43.556788 18956 catalog_manager.cc:5719] T c2c426d104534ea1a85cd80eec069e6c P e34687268b9543e9829ecf409c49db55 reported cstate change: term changed from 0 to 1, leader changed from <none> to e34687268b9543e9829ecf409c49db55 (127.16.38.130). New cstate: current_term: 1 leader_uuid: "e34687268b9543e9829ecf409c49db55" committed_config { opid_index: -1 OBSOLETE_local: false peers { permanent_uuid: "5b2e3502bea344de805ddb4f3abb8a31" member_type: VOTER last_known_addr { host: "127.16.38.129" port: 33927 } health_report { overall_health: UNKNOWN } } peers { permanent_uuid: "e34687268b9543e9829ecf409c49db55" member_type: VOTER last_known_addr { host: "127.16.38.130" port: 39899 } health_report { overall_health: HEALTHY } } peers { permanent_uuid: "91aa370bd7a3455f99f5cbff41f76091" member_type: VOTER last_known_addr { host: "127.16.38.131" port: 34763 } health_report { overall_health: UNKNOWN } } }
I20260812 08:00:43.556972 19561 raft_consensus.cc:493] T 6973cc94969341bba75199266fe74029 P 5b2e3502bea344de805ddb4f3abb8a31 [term 0 FOLLOWER]: Starting pre-election (no leader contacted us within the election timeout)
I20260812 08:00:43.557063 19561 raft_consensus.cc:515] T 6973cc94969341bba75199266fe74029 P 5b2e3502bea344de805ddb4f3abb8a31 [term 0 FOLLOWER]: Starting pre-election with config: opid_index: -1 OBSOLETE_local: false peers { permanent_uuid: "5b2e3502bea344de805ddb4f3abb8a31" member_type: VOTER last_known_addr { host: "127.16.38.129" port: 33927 } } peers { permanent_uuid: "e34687268b9543e9829ecf409c49db55" member_type: VOTER last_known_addr { host: "127.16.38.130" port: 39899 } } peers { permanent_uuid: "91aa370bd7a3455f99f5cbff41f76091" member_type: VOTER last_known_addr { host: "127.16.38.131" port: 34763 } }
I20260812 08:00:43.557443 19561 leader_election.cc:290] T 6973cc94969341bba75199266fe74029 P 5b2e3502bea344de805ddb4f3abb8a31 [CANDIDATE]: Term 1 pre-election: Requested pre-vote from peers e34687268b9543e9829ecf409c49db55 (127.16.38.130:39899), 91aa370bd7a3455f99f5cbff41f76091 (127.16.38.131:34763)
I20260812 08:00:43.557744 19239 tablet_service.cc:1917] Received RequestConsensusVote() RPC: tablet_id: "6973cc94969341bba75199266fe74029" candidate_uuid: "5b2e3502bea344de805ddb4f3abb8a31" candidate_term: 1 candidate_status { last_received { term: 0 index: 0 } } ignore_live_leader: false dest_uuid: "e34687268b9543e9829ecf409c49db55" is_pre_election: true
I20260812 08:00:43.557857 19239 raft_consensus.cc:2468] T 6973cc94969341bba75199266fe74029 P e34687268b9543e9829ecf409c49db55 [term 0 FOLLOWER]: Leader pre-election vote request: Granting yes vote for candidate 5b2e3502bea344de805ddb4f3abb8a31 in term 0.
I20260812 08:00:43.558424 19440 tablet_bootstrap.cc:492] T efa252856fb04df3b3f9b6cf8f6b27aa P 5b2e3502bea344de805ddb4f3abb8a31: No bootstrap required, opened a new log
I20260812 08:00:43.558511 19440 ts_tablet_manager.cc:1403] T efa252856fb04df3b3f9b6cf8f6b27aa P 5b2e3502bea344de805ddb4f3abb8a31: Time spent bootstrapping tablet: real 0.005s	user 0.002s	sys 0.000s
I20260812 08:00:43.558884 19365 tablet_service.cc:1917] Received RequestConsensusVote() RPC: tablet_id: "6973cc94969341bba75199266fe74029" candidate_uuid: "5b2e3502bea344de805ddb4f3abb8a31" candidate_term: 1 candidate_status { last_received { term: 0 index: 0 } } ignore_live_leader: false dest_uuid: "91aa370bd7a3455f99f5cbff41f76091" is_pre_election: true
I20260812 08:00:43.558992 19365 raft_consensus.cc:2468] T 6973cc94969341bba75199266fe74029 P 91aa370bd7a3455f99f5cbff41f76091 [term 0 FOLLOWER]: Leader pre-election vote request: Granting yes vote for candidate 5b2e3502bea344de805ddb4f3abb8a31 in term 0.
I20260812 08:00:43.559262 19055 leader_election.cc:304] T 6973cc94969341bba75199266fe74029 P 5b2e3502bea344de805ddb4f3abb8a31 [CANDIDATE]: Term 1 pre-election: Election decided. Result: candidate won. Election summary: received 2 responses out of 3 voters: 2 yes votes; 0 no votes. yes voters: 5b2e3502bea344de805ddb4f3abb8a31, 91aa370bd7a3455f99f5cbff41f76091; no voters: 
I20260812 08:00:43.559377 19440 raft_consensus.cc:359] T efa252856fb04df3b3f9b6cf8f6b27aa P 5b2e3502bea344de805ddb4f3abb8a31 [term 0 FOLLOWER]: Replica starting. Triggering 0 pending ops. Active config: opid_index: -1 OBSOLETE_local: false peers { permanent_uuid: "5b2e3502bea344de805ddb4f3abb8a31" member_type: VOTER last_known_addr { host: "127.16.38.129" port: 33927 } } peers { permanent_uuid: "e34687268b9543e9829ecf409c49db55" member_type: VOTER last_known_addr { host: "127.16.38.130" port: 39899 } } peers { permanent_uuid: "91aa370bd7a3455f99f5cbff41f76091" member_type: VOTER last_known_addr { host: "127.16.38.131" port: 34763 } }
I20260812 08:00:43.559482 19440 raft_consensus.cc:385] T efa252856fb04df3b3f9b6cf8f6b27aa P 5b2e3502bea344de805ddb4f3abb8a31 [term 0 FOLLOWER]: Consensus starting up: Expiring failure detector timer to make a prompt election more likely
I20260812 08:00:43.559525 19440 raft_consensus.cc:740] T efa252856fb04df3b3f9b6cf8f6b27aa P 5b2e3502bea344de805ddb4f3abb8a31 [term 0 FOLLOWER]: Becoming Follower/Learner. State: Replica: 5b2e3502bea344de805ddb4f3abb8a31, State: Initialized, Role: FOLLOWER
I20260812 08:00:43.559638 19561 raft_consensus.cc:2804] T 6973cc94969341bba75199266fe74029 P 5b2e3502bea344de805ddb4f3abb8a31 [term 0 FOLLOWER]: Leader pre-election won for term 1
I20260812 08:00:43.559696 19440 consensus_queue.cc:260] T efa252856fb04df3b3f9b6cf8f6b27aa P 5b2e3502bea344de805ddb4f3abb8a31 [NON_LEADER]: Queue going to NON_LEADER mode. State: All replicated index: 0, Majority replicated index: 0, Committed index: 0, Last appended: 0.0, Last appended by leader: 0, Current term: 0, Majority size: -1, State: 0, Mode: NON_LEADER, active raft config: opid_index: -1 OBSOLETE_local: false peers { permanent_uuid: "5b2e3502bea344de805ddb4f3abb8a31" member_type: VOTER last_known_addr { host: "127.16.38.129" port: 33927 } } peers { permanent_uuid: "e34687268b9543e9829ecf409c49db55" member_type: VOTER last_known_addr { host: "127.16.38.130" port: 39899 } } peers { permanent_uuid: "91aa370bd7a3455f99f5cbff41f76091" member_type: VOTER last_known_addr { host: "127.16.38.131" port: 34763 } }
I20260812 08:00:43.559697 19561 raft_consensus.cc:493] T 6973cc94969341bba75199266fe74029 P 5b2e3502bea344de805ddb4f3abb8a31 [term 0 FOLLOWER]: Starting leader election (no leader contacted us within the election timeout)
I20260812 08:00:43.559893 19561 raft_consensus.cc:3060] T 6973cc94969341bba75199266fe74029 P 5b2e3502bea344de805ddb4f3abb8a31 [term 0 FOLLOWER]: Advancing to term 1
I20260812 08:00:43.560086 19440 ts_tablet_manager.cc:1434] T efa252856fb04df3b3f9b6cf8f6b27aa P 5b2e3502bea344de805ddb4f3abb8a31: Time spent starting tablet: real 0.002s	user 0.001s	sys 0.000s
I20260812 08:00:43.560276 19440 tablet_bootstrap.cc:492] T f6ceed42e8124ac39bb524a1267657ff P 5b2e3502bea344de805ddb4f3abb8a31: Bootstrap starting.
I20260812 08:00:43.560847 19561 raft_consensus.cc:515] T 6973cc94969341bba75199266fe74029 P 5b2e3502bea344de805ddb4f3abb8a31 [term 1 FOLLOWER]: Starting leader election with config: opid_index: -1 OBSOLETE_local: false peers { permanent_uuid: "5b2e3502bea344de805ddb4f3abb8a31" member_type: VOTER last_known_addr { host: "127.16.38.129" port: 33927 } } peers { permanent_uuid: "e34687268b9543e9829ecf409c49db55" member_type: VOTER last_known_addr { host: "127.16.38.130" port: 39899 } } peers { permanent_uuid: "91aa370bd7a3455f99f5cbff41f76091" member_type: VOTER last_known_addr { host: "127.16.38.131" port: 34763 } }
I20260812 08:00:43.561205 19561 leader_election.cc:290] T 6973cc94969341bba75199266fe74029 P 5b2e3502bea344de805ddb4f3abb8a31 [CANDIDATE]: Term 1 election: Requested vote from peers e34687268b9543e9829ecf409c49db55 (127.16.38.130:39899), 91aa370bd7a3455f99f5cbff41f76091 (127.16.38.131:34763)
I20260812 08:00:43.561386 19440 tablet_bootstrap.cc:654] T f6ceed42e8124ac39bb524a1267657ff P 5b2e3502bea344de805ddb4f3abb8a31: Neither blocks nor log segments found. Creating new log.
I20260812 08:00:43.561578 19239 tablet_service.cc:1917] Received RequestConsensusVote() RPC: tablet_id: "6973cc94969341bba75199266fe74029" candidate_uuid: "5b2e3502bea344de805ddb4f3abb8a31" candidate_term: 1 candidate_status { last_received { term: 0 index: 0 } } ignore_live_leader: false dest_uuid: "e34687268b9543e9829ecf409c49db55"
I20260812 08:00:43.561646 19365 tablet_service.cc:1917] Received RequestConsensusVote() RPC: tablet_id: "6973cc94969341bba75199266fe74029" candidate_uuid: "5b2e3502bea344de805ddb4f3abb8a31" candidate_term: 1 candidate_status { last_received { term: 0 index: 0 } } ignore_live_leader: false dest_uuid: "91aa370bd7a3455f99f5cbff41f76091"
I20260812 08:00:43.561683 19239 raft_consensus.cc:3060] T 6973cc94969341bba75199266fe74029 P e34687268b9543e9829ecf409c49db55 [term 0 FOLLOWER]: Advancing to term 1
I20260812 08:00:43.561744 19365 raft_consensus.cc:3060] T 6973cc94969341bba75199266fe74029 P 91aa370bd7a3455f99f5cbff41f76091 [term 0 FOLLOWER]: Advancing to term 1
I20260812 08:00:43.562543 19451 tablet_bootstrap.cc:492] T 369e12dff61f4096b09ed94e01787163 P e34687268b9543e9829ecf409c49db55: No bootstrap required, opened a new log
I20260812 08:00:43.562647 19365 raft_consensus.cc:2468] T 6973cc94969341bba75199266fe74029 P 91aa370bd7a3455f99f5cbff41f76091 [term 1 FOLLOWER]: Leader election vote request: Granting yes vote for candidate 5b2e3502bea344de805ddb4f3abb8a31 in term 1.
I20260812 08:00:43.562637 19239 raft_consensus.cc:2468] T 6973cc94969341bba75199266fe74029 P e34687268b9543e9829ecf409c49db55 [term 1 FOLLOWER]: Leader election vote request: Granting yes vote for candidate 5b2e3502bea344de805ddb4f3abb8a31 in term 1.
I20260812 08:00:43.562634 19451 ts_tablet_manager.cc:1403] T 369e12dff61f4096b09ed94e01787163 P e34687268b9543e9829ecf409c49db55: Time spent bootstrapping tablet: real 0.015s	user 0.000s	sys 0.002s
I20260812 08:00:43.563086 19059 leader_election.cc:304] T 6973cc94969341bba75199266fe74029 P 5b2e3502bea344de805ddb4f3abb8a31 [CANDIDATE]: Term 1 election: Election decided. Result: candidate won. Election summary: received 2 responses out of 3 voters: 2 yes votes; 0 no votes. yes voters: 5b2e3502bea344de805ddb4f3abb8a31, e34687268b9543e9829ecf409c49db55; no voters: 
I20260812 08:00:43.563329 19451 raft_consensus.cc:359] T 369e12dff61f4096b09ed94e01787163 P e34687268b9543e9829ecf409c49db55 [term 0 FOLLOWER]: Replica starting. Triggering 0 pending ops. Active config: opid_index: -1 OBSOLETE_local: false peers { permanent_uuid: "5b2e3502bea344de805ddb4f3abb8a31" member_type: VOTER last_known_addr { host: "127.16.38.129" port: 33927 } } peers { permanent_uuid: "e34687268b9543e9829ecf409c49db55" member_type: VOTER last_known_addr { host: "127.16.38.130" port: 39899 } } peers { permanent_uuid: "91aa370bd7a3455f99f5cbff41f76091" member_type: VOTER last_known_addr { host: "127.16.38.131" port: 34763 } }
I20260812 08:00:43.563426 19441 tablet_bootstrap.cc:492] T 769bba249197476ca93c636e2ed04b2c P 91aa370bd7a3455f99f5cbff41f76091: No bootstrap required, opened a new log
I20260812 08:00:43.563452 19451 raft_consensus.cc:385] T 369e12dff61f4096b09ed94e01787163 P e34687268b9543e9829ecf409c49db55 [term 0 FOLLOWER]: Consensus starting up: Expiring failure detector timer to make a prompt election more likely
I20260812 08:00:43.563476 19561 raft_consensus.cc:2804] T 6973cc94969341bba75199266fe74029 P 5b2e3502bea344de805ddb4f3abb8a31 [term 1 FOLLOWER]: Leader election won for term 1
I20260812 08:00:43.563505 19441 ts_tablet_manager.cc:1403] T 769bba249197476ca93c636e2ed04b2c P 91aa370bd7a3455f99f5cbff41f76091: Time spent bootstrapping tablet: real 0.012s	user 0.000s	sys 0.002s
I20260812 08:00:43.563583 19561 raft_consensus.cc:697] T 6973cc94969341bba75199266fe74029 P 5b2e3502bea344de805ddb4f3abb8a31 [term 1 LEADER]: Becoming Leader. State: Replica: 5b2e3502bea344de805ddb4f3abb8a31, State: Running, Role: LEADER
I20260812 08:00:43.563484 19451 raft_consensus.cc:740] T 369e12dff61f4096b09ed94e01787163 P e34687268b9543e9829ecf409c49db55 [term 0 FOLLOWER]: Becoming Follower/Learner. State: Replica: e34687268b9543e9829ecf409c49db55, State: Initialized, Role: FOLLOWER
I20260812 08:00:43.563723 19561 consensus_queue.cc:237] T 6973cc94969341bba75199266fe74029 P 5b2e3502bea344de805ddb4f3abb8a31 [LEADER]: Queue going to LEADER mode. State: All replicated index: 0, Majority replicated index: 0, Committed index: 0, Last appended: 0.0, Last appended by leader: 0, Current term: 1, Majority size: 2, State: 0, Mode: LEADER, active raft config: opid_index: -1 OBSOLETE_local: false peers { permanent_uuid: "5b2e3502bea344de805ddb4f3abb8a31" member_type: VOTER last_known_addr { host: "127.16.38.129" port: 33927 } } peers { permanent_uuid: "e34687268b9543e9829ecf409c49db55" member_type: VOTER last_known_addr { host: "127.16.38.130" port: 39899 } } peers { permanent_uuid: "91aa370bd7a3455f99f5cbff41f76091" member_type: VOTER last_known_addr { host: "127.16.38.131" port: 34763 } }
I20260812 08:00:43.563764 19451 consensus_queue.cc:260] T 369e12dff61f4096b09ed94e01787163 P e34687268b9543e9829ecf409c49db55 [NON_LEADER]: Queue going to NON_LEADER mode. State: All replicated index: 0, Majority replicated index: 0, Committed index: 0, Last appended: 0.0, Last appended by leader: 0, Current term: 0, Majority size: -1, State: 0, Mode: NON_LEADER, active raft config: opid_index: -1 OBSOLETE_local: false peers { permanent_uuid: "5b2e3502bea344de805ddb4f3abb8a31" member_type: VOTER last_known_addr { host: "127.16.38.129" port: 33927 } } peers { permanent_uuid: "e34687268b9543e9829ecf409c49db55" member_type: VOTER last_known_addr { host: "127.16.38.130" port: 39899 } } peers { permanent_uuid: "91aa370bd7a3455f99f5cbff41f76091" member_type: VOTER last_known_addr { host: "127.16.38.131" port: 34763 } }
I20260812 08:00:43.564008 19441 raft_consensus.cc:359] T 769bba249197476ca93c636e2ed04b2c P 91aa370bd7a3455f99f5cbff41f76091 [term 0 FOLLOWER]: Replica starting. Triggering 0 pending ops. Active config: opid_index: -1 OBSOLETE_local: false peers { permanent_uuid: "5b2e3502bea344de805ddb4f3abb8a31" member_type: VOTER last_known_addr { host: "127.16.38.129" port: 33927 } } peers { permanent_uuid: "e34687268b9543e9829ecf409c49db55" member_type: VOTER last_known_addr { host: "127.16.38.130" port: 39899 } } peers { permanent_uuid: "91aa370bd7a3455f99f5cbff41f76091" member_type: VOTER last_known_addr { host: "127.16.38.131" port: 34763 } }
I20260812 08:00:43.564165 19441 raft_consensus.cc:385] T 769bba249197476ca93c636e2ed04b2c P 91aa370bd7a3455f99f5cbff41f76091 [term 0 FOLLOWER]: Consensus starting up: Expiring failure detector timer to make a prompt election more likely
I20260812 08:00:43.564201 19441 raft_consensus.cc:740] T 769bba249197476ca93c636e2ed04b2c P 91aa370bd7a3455f99f5cbff41f76091 [term 0 FOLLOWER]: Becoming Follower/Learner. State: Replica: 91aa370bd7a3455f99f5cbff41f76091, State: Initialized, Role: FOLLOWER
I20260812 08:00:43.564330 19441 consensus_queue.cc:260] T 769bba249197476ca93c636e2ed04b2c P 91aa370bd7a3455f99f5cbff41f76091 [NON_LEADER]: Queue going to NON_LEADER mode. State: All replicated index: 0, Majority replicated index: 0, Committed index: 0, Last appended: 0.0, Last appended by leader: 0, Current term: 0, Majority size: -1, State: 0, Mode: NON_LEADER, active raft config: opid_index: -1 OBSOLETE_local: false peers { permanent_uuid: "5b2e3502bea344de805ddb4f3abb8a31" member_type: VOTER last_known_addr { host: "127.16.38.129" port: 33927 } } peers { permanent_uuid: "e34687268b9543e9829ecf409c49db55" member_type: VOTER last_known_addr { host: "127.16.38.130" port: 39899 } } peers { permanent_uuid: "91aa370bd7a3455f99f5cbff41f76091" member_type: VOTER last_known_addr { host: "127.16.38.131" port: 34763 } }
I20260812 08:00:43.563592 19440 tablet_bootstrap.cc:492] T f6ceed42e8124ac39bb524a1267657ff P 5b2e3502bea344de805ddb4f3abb8a31: No bootstrap required, opened a new log
I20260812 08:00:43.564693 19441 ts_tablet_manager.cc:1434] T 769bba249197476ca93c636e2ed04b2c P 91aa370bd7a3455f99f5cbff41f76091: Time spent starting tablet: real 0.001s	user 0.000s	sys 0.001s
I20260812 08:00:43.564718 19440 ts_tablet_manager.cc:1403] T f6ceed42e8124ac39bb524a1267657ff P 5b2e3502bea344de805ddb4f3abb8a31: Time spent bootstrapping tablet: real 0.004s	user 0.000s	sys 0.002s
I20260812 08:00:43.565267 19440 raft_consensus.cc:359] T f6ceed42e8124ac39bb524a1267657ff P 5b2e3502bea344de805ddb4f3abb8a31 [term 0 FOLLOWER]: Replica starting. Triggering 0 pending ops. Active config: opid_index: -1 OBSOLETE_local: false peers { permanent_uuid: "5b2e3502bea344de805ddb4f3abb8a31" member_type: VOTER last_known_addr { host: "127.16.38.129" port: 33927 } } peers { permanent_uuid: "e34687268b9543e9829ecf409c49db55" member_type: VOTER last_known_addr { host: "127.16.38.130" port: 39899 } } peers { permanent_uuid: "91aa370bd7a3455f99f5cbff41f76091" member_type: VOTER last_known_addr { host: "127.16.38.131" port: 34763 } }
I20260812 08:00:43.565414 19440 raft_consensus.cc:385] T f6ceed42e8124ac39bb524a1267657ff P 5b2e3502bea344de805ddb4f3abb8a31 [term 0 FOLLOWER]: Consensus starting up: Expiring failure detector timer to make a prompt election more likely
I20260812 08:00:43.565474 19440 raft_consensus.cc:740] T f6ceed42e8124ac39bb524a1267657ff P 5b2e3502bea344de805ddb4f3abb8a31 [term 0 FOLLOWER]: Becoming Follower/Learner. State: Replica: 5b2e3502bea344de805ddb4f3abb8a31, State: Initialized, Role: FOLLOWER
I20260812 08:00:43.565588 19440 consensus_queue.cc:260] T f6ceed42e8124ac39bb524a1267657ff P 5b2e3502bea344de805ddb4f3abb8a31 [NON_LEADER]: Queue going to NON_LEADER mode. State: All replicated index: 0, Majority replicated index: 0, Committed index: 0, Last appended: 0.0, Last appended by leader: 0, Current term: 0, Majority size: -1, State: 0, Mode: NON_LEADER, active raft config: opid_index: -1 OBSOLETE_local: false peers { permanent_uuid: "5b2e3502bea344de805ddb4f3abb8a31" member_type: VOTER last_known_addr { host: "127.16.38.129" port: 33927 } } peers { permanent_uuid: "e34687268b9543e9829ecf409c49db55" member_type: VOTER last_known_addr { host: "127.16.38.130" port: 39899 } } peers { permanent_uuid: "91aa370bd7a3455f99f5cbff41f76091" member_type: VOTER last_known_addr { host: "127.16.38.131" port: 34763 } }
I20260812 08:00:43.565980 19440 ts_tablet_manager.cc:1434] T f6ceed42e8124ac39bb524a1267657ff P 5b2e3502bea344de805ddb4f3abb8a31: Time spent starting tablet: real 0.001s	user 0.000s	sys 0.001s
I20260812 08:00:43.566283 19440 tablet_bootstrap.cc:492] T 769bba249197476ca93c636e2ed04b2c P 5b2e3502bea344de805ddb4f3abb8a31: Bootstrap starting.
I20260812 08:00:43.566283 19441 tablet_bootstrap.cc:492] T c3f9f22b0b5b4f30a210776dae485474 P 91aa370bd7a3455f99f5cbff41f76091: Bootstrap starting.
I20260812 08:00:43.566278 18957 catalog_manager.cc:5719] T 6973cc94969341bba75199266fe74029 P 5b2e3502bea344de805ddb4f3abb8a31 reported cstate change: term changed from 0 to 1, leader changed from <none> to 5b2e3502bea344de805ddb4f3abb8a31 (127.16.38.129). New cstate: current_term: 1 leader_uuid: "5b2e3502bea344de805ddb4f3abb8a31" committed_config { opid_index: -1 OBSOLETE_local: false peers { permanent_uuid: "5b2e3502bea344de805ddb4f3abb8a31" member_type: VOTER last_known_addr { host: "127.16.38.129" port: 33927 } health_report { overall_health: HEALTHY } } peers { permanent_uuid: "e34687268b9543e9829ecf409c49db55" member_type: VOTER last_known_addr { host: "127.16.38.130" port: 39899 } health_report { overall_health: UNKNOWN } } peers { permanent_uuid: "91aa370bd7a3455f99f5cbff41f76091" member_type: VOTER last_known_addr { host: "127.16.38.131" port: 34763 } health_report { overall_health: UNKNOWN } } }
I20260812 08:00:43.567452 19516 raft_consensus.cc:493] T 193c7636df2a496aaa670ee95e07ec3b P e34687268b9543e9829ecf409c49db55 [term 0 FOLLOWER]: Starting pre-election (no leader contacted us within the election timeout)
I20260812 08:00:43.567555 19516 raft_consensus.cc:515] T 193c7636df2a496aaa670ee95e07ec3b P e34687268b9543e9829ecf409c49db55 [term 0 FOLLOWER]: Starting pre-election with config: opid_index: -1 OBSOLETE_local: false peers { permanent_uuid: "5b2e3502bea344de805ddb4f3abb8a31" member_type: VOTER last_known_addr { host: "127.16.38.129" port: 33927 } } peers { permanent_uuid: "e34687268b9543e9829ecf409c49db55" member_type: VOTER last_known_addr { host: "127.16.38.130" port: 39899 } } peers { permanent_uuid: "91aa370bd7a3455f99f5cbff41f76091" member_type: VOTER last_known_addr { host: "127.16.38.131" port: 34763 } }
I20260812 08:00:43.567754 19441 tablet_bootstrap.cc:654] T c3f9f22b0b5b4f30a210776dae485474 P 91aa370bd7a3455f99f5cbff41f76091: Neither blocks nor log segments found. Creating new log.
I20260812 08:00:43.567777 19440 tablet_bootstrap.cc:654] T 769bba249197476ca93c636e2ed04b2c P 5b2e3502bea344de805ddb4f3abb8a31: Neither blocks nor log segments found. Creating new log.
I20260812 08:00:43.567931 19516 leader_election.cc:290] T 193c7636df2a496aaa670ee95e07ec3b P e34687268b9543e9829ecf409c49db55 [CANDIDATE]: Term 1 pre-election: Requested pre-vote from peers 5b2e3502bea344de805ddb4f3abb8a31 (127.16.38.129:33927), 91aa370bd7a3455f99f5cbff41f76091 (127.16.38.131:34763)
I20260812 08:00:43.568176 19121 tablet_service.cc:1917] Received RequestConsensusVote() RPC: tablet_id: "193c7636df2a496aaa670ee95e07ec3b" candidate_uuid: "e34687268b9543e9829ecf409c49db55" candidate_term: 1 candidate_status { last_received { term: 0 index: 0 } } ignore_live_leader: false dest_uuid: "5b2e3502bea344de805ddb4f3abb8a31" is_pre_election: true
I20260812 08:00:43.568307 19121 raft_consensus.cc:2468] T 193c7636df2a496aaa670ee95e07ec3b P 5b2e3502bea344de805ddb4f3abb8a31 [term 0 FOLLOWER]: Leader pre-election vote request: Granting yes vote for candidate e34687268b9543e9829ecf409c49db55 in term 0.
I20260812 08:00:43.568599 19180 leader_election.cc:304] T 193c7636df2a496aaa670ee95e07ec3b P e34687268b9543e9829ecf409c49db55 [CANDIDATE]: Term 1 pre-election: Election decided. Result: candidate won. Election summary: received 2 responses out of 3 voters: 2 yes votes; 0 no votes. yes voters: 5b2e3502bea344de805ddb4f3abb8a31, e34687268b9543e9829ecf409c49db55; no voters: 
I20260812 08:00:43.568900 19516 raft_consensus.cc:2804] T 193c7636df2a496aaa670ee95e07ec3b P e34687268b9543e9829ecf409c49db55 [term 0 FOLLOWER]: Leader pre-election won for term 1
