I20260812 08:01:35.583156 18922 sys_catalog.cc:565] T 00000000000000000000000000000000 P 45d308d2a08f43d4ad60b7794fd474ae [sys.catalog]: configured and running, proceeding with master startup.
I20260812 08:01:35.583228 18926 consensus_queue.cc:237] T 00000000000000000000000000000000 P 45d308d2a08f43d4ad60b7794fd474ae [LEADER]: Queue going to LEADER mode. State: All replicated index: 0, Majority replicated index: 0, Committed index: 0, Last appended: 0.0, Last appended by leader: 0, Current term: 1, Majority size: 1, State: 0, Mode: LEADER, active raft config: opid_index: -1 OBSOLETE_local: true peers { permanent_uuid: "45d308d2a08f43d4ad60b7794fd474ae" member_type: VOTER }
I20260812 08:01:35.583707 18927 sys_catalog.cc:455] T 00000000000000000000000000000000 P 45d308d2a08f43d4ad60b7794fd474ae [sys.catalog]: SysCatalogTable state changed. Reason: RaftConsensus started. Latest consensus state: current_term: 1 leader_uuid: "45d308d2a08f43d4ad60b7794fd474ae" committed_config { opid_index: -1 OBSOLETE_local: true peers { permanent_uuid: "45d308d2a08f43d4ad60b7794fd474ae" member_type: VOTER } }
I20260812 08:01:35.583762 18929 sys_catalog.cc:455] T 00000000000000000000000000000000 P 45d308d2a08f43d4ad60b7794fd474ae [sys.catalog]: SysCatalogTable state changed. Reason: New leader 45d308d2a08f43d4ad60b7794fd474ae. Latest consensus state: current_term: 1 leader_uuid: "45d308d2a08f43d4ad60b7794fd474ae" committed_config { opid_index: -1 OBSOLETE_local: true peers { permanent_uuid: "45d308d2a08f43d4ad60b7794fd474ae" member_type: VOTER } }
I20260812 08:01:35.583897 18929 sys_catalog.cc:458] T 00000000000000000000000000000000 P 45d308d2a08f43d4ad60b7794fd474ae [sys.catalog]: This master's current role is: LEADER
I20260812 08:01:35.584373 18927 sys_catalog.cc:458] T 00000000000000000000000000000000 P 45d308d2a08f43d4ad60b7794fd474ae [sys.catalog]: This master's current role is: LEADER
I20260812 08:01:35.584618 18937 catalog_manager.cc:1511] Loading table and tablet metadata into memory...
I20260812 08:01:35.585470 18937 catalog_manager.cc:1520] Initializing Kudu cluster ID...
I20260812 08:01:35.585685 13835 internal_mini_cluster.cc:184] Waiting to initialize catalog manager on master 0
I20260812 08:01:35.587263 18937 catalog_manager.cc:1383] Generated new cluster ID: f99e806c88614911ab9f8411752e26e8
I20260812 08:01:35.587328 18937 catalog_manager.cc:1531] Initializing Kudu internal certificate authority...
I20260812 08:01:35.602536 18937 catalog_manager.cc:1406] Generated new certificate authority record
I20260812 08:01:35.603118 18937 catalog_manager.cc:1540] Loading token signing keys...
I20260812 08:01:35.611374 18937 catalog_manager.cc:6092] T 00000000000000000000000000000000 P 45d308d2a08f43d4ad60b7794fd474ae: Generated new TSK 0
I20260812 08:01:35.611558 18937 catalog_manager.cc:1550] Initializing in-progress tserver states...
I20260812 08:01:35.617884 13835 file_cache.cc:504] Constructed file cache file cache with capacity 419430
W20260812 08:01:35.619836 18953 instance_detector.cc:116] could not retrieve OpenStack instance metadata: Network error: curl error: HTTP response code said error: The requested URL returned error: 404
W20260812 08:01:35.619940 18950 instance_detector.cc:116] could not retrieve AWS instance metadata: Network error: curl error: HTTP response code said error: The requested URL returned error: 404
I20260812 08:01:35.619984 13835 server_base.cc:1061] running on GCE node
W20260812 08:01:35.619850 18951 instance_detector.cc:116] could not retrieve Azure instance metadata: Network error: curl error: HTTP response code said error: The requested URL returned error: 404
I20260812 08:01:35.620332 13835 hybrid_clock.cc:584] initializing the hybrid clock with 'system_unsync' time source
W20260812 08:01:35.620376 13835 system_unsync_time.cc:38] NTP support is disabled. Clock error bounds will not be accurate. This configuration is not suitable for distributed clusters.
I20260812 08:01:35.620393 13835 hybrid_clock.cc:648] HybridClock initialized: now 1786521695620392 us; error 0 us; skew 500 ppm
I20260812 08:01:35.621217 13835 webserver.cc:533] Webserver started at http://127.13.130.193:44735/ using document root <none> and password file <none>
I20260812 08:01:35.621349 13835 fs_manager.cc:362] Metadata directory not provided
I20260812 08:01:35.621392 13835 fs_manager.cc:368] Using write-ahead log directory (fs_wal_dir) as metadata directory
I20260812 08:01:35.621441 13835 server_base.cc:909] This appears to be a new deployment of Kudu; creating new FS layout
I20260812 08:01:35.621806 13835 fs_manager.cc:1068] Generated new instance metadata in path /tmp/dist-test-taskTfGnoN/test-tmp/txn_participant-itest.0.TxnParticipantITest.TestProxyTabletNotFound.1786521568400843-13835-0/minicluster-data/ts-0-root/instance:
uuid: "3bc5c62ef87c4d9580b08ff9085c06f5"
format_stamp: "Formatted at 2026-08-12 08:01:35 on dist-test-slave-cbbz"
I20260812 08:01:35.623306 13835 fs_manager.cc:696] Time spent creating directory manager: real 0.001s	user 0.001s	sys 0.001s
I20260812 08:01:35.624213 18959 log_block_manager.cc:4127] Time spent loading block containers with low live blocks: real 0.000s	user 0.000s	sys 0.000s
I20260812 08:01:35.624465 13835 fs_manager.cc:730] Time spent opening block manager: real 0.001s	user 0.001s	sys 0.000s
I20260812 08:01:35.624527 13835 fs_manager.cc:647] Opened local filesystem: /tmp/dist-test-taskTfGnoN/test-tmp/txn_participant-itest.0.TxnParticipantITest.TestProxyTabletNotFound.1786521568400843-13835-0/minicluster-data/ts-0-root
uuid: "3bc5c62ef87c4d9580b08ff9085c06f5"
format_stamp: "Formatted at 2026-08-12 08:01:35 on dist-test-slave-cbbz"
I20260812 08:01:35.624621 13835 fs_report.cc:389] FS layout report
--------------------
wal directory: /tmp/dist-test-taskTfGnoN/test-tmp/txn_participant-itest.0.TxnParticipantITest.TestProxyTabletNotFound.1786521568400843-13835-0/minicluster-data/ts-0-root
metadata directory: /tmp/dist-test-taskTfGnoN/test-tmp/txn_participant-itest.0.TxnParticipantITest.TestProxyTabletNotFound.1786521568400843-13835-0/minicluster-data/ts-0-root
1 data directories: /tmp/dist-test-taskTfGnoN/test-tmp/txn_participant-itest.0.TxnParticipantITest.TestProxyTabletNotFound.1786521568400843-13835-0/minicluster-data/ts-0-root/data
Total live blocks: 0
Total live bytes: 0
Total live bytes (after alignment): 0
Total number of LBM containers: 0 (0 full)
Did not check for missing blocks
Did not check for orphaned blocks
Total full LBM containers with extra space: 0 (0 repaired)
Total full LBM container extra space in bytes: 0 (0 repaired)
Total incomplete LBM containers: 0 (0 repaired)
Total LBM partial records: 0 (0 repaired)
Total corrupted LBM metadata records in RocksDB: 0 (0 repaired)
I20260812 08:01:35.634845 13835 rpc_server.cc:225] running with OpenSSL 1.1.1  11 Sep 2018
I20260812 08:01:35.635201 13835 kserver.cc:163] Server-wide thread pool size limit: 3276
I20260812 08:01:35.635499 13835 txn_system_client.cc:432] TxnSystemClient initialization is disabled...
I20260812 08:01:35.635946 13835 ts_tablet_manager.cc:585] Loaded tablet metadata (0 total tablets, 0 live tablets)
I20260812 08:01:35.635983 13835 ts_tablet_manager.cc:531] Time spent load tablet metadata: real 0.000s	user 0.000s	sys 0.000s
I20260812 08:01:35.636041 13835 ts_tablet_manager.cc:616] Registered 0 tablets
I20260812 08:01:35.636081 13835 ts_tablet_manager.cc:595] Time spent register tablets: real 0.000s	user 0.000s	sys 0.000s
I20260812 08:01:35.640504 13835 rpc_server.cc:307] RPC server started. Bound to: 127.13.130.193:38485
I20260812 08:01:35.640540 19030 acceptor_pool.cc:272] collecting diagnostics on the listening RPC socket 127.13.130.193:38485 every 8 connection(s)
I20260812 08:01:35.641445 13835 file_cache.cc:504] Constructed file cache file cache with capacity 419430
W20260812 08:01:35.643324 19036 instance_detector.cc:116] could not retrieve Azure instance metadata: Network error: curl error: HTTP response code said error: The requested URL returned error: 404
W20260812 08:01:35.643366 19035 instance_detector.cc:116] could not retrieve AWS instance metadata: Network error: curl error: HTTP response code said error: The requested URL returned error: 404
W20260812 08:01:35.643399 19038 instance_detector.cc:116] could not retrieve OpenStack instance metadata: Network error: curl error: HTTP response code said error: The requested URL returned error: 404
I20260812 08:01:35.643563 13835 server_base.cc:1061] running on GCE node
I20260812 08:01:35.643849 13835 hybrid_clock.cc:584] initializing the hybrid clock with 'system_unsync' time source
W20260812 08:01:35.643913 13835 system_unsync_time.cc:38] NTP support is disabled. Clock error bounds will not be accurate. This configuration is not suitable for distributed clusters.
I20260812 08:01:35.643947 13835 hybrid_clock.cc:648] HybridClock initialized: now 1786521695643945 us; error 0 us; skew 500 ppm
I20260812 08:01:35.645007 13835 webserver.cc:533] Webserver started at http://127.13.130.194:43235/ using document root <none> and password file <none>
I20260812 08:01:35.645210 13835 fs_manager.cc:362] Metadata directory not provided
I20260812 08:01:35.645275 13835 fs_manager.cc:368] Using write-ahead log directory (fs_wal_dir) as metadata directory
I20260812 08:01:35.645362 13835 server_base.cc:909] This appears to be a new deployment of Kudu; creating new FS layout
I20260812 08:01:35.645823 13835 fs_manager.cc:1068] Generated new instance metadata in path /tmp/dist-test-taskTfGnoN/test-tmp/txn_participant-itest.0.TxnParticipantITest.TestProxyTabletNotFound.1786521568400843-13835-0/minicluster-data/ts-1-root/instance:
uuid: "f49a059a508449a1aabe2b15c52236c7"
format_stamp: "Formatted at 2026-08-12 08:01:35 on dist-test-slave-cbbz"
I20260812 08:01:35.645967 19031 heartbeater.cc:344] Connected to a master server at 127.13.130.254:40729
I20260812 08:01:35.646088 19031 heartbeater.cc:461] Registering TS with master...
I20260812 08:01:35.646322 19031 heartbeater.cc:507] Master 127.13.130.254:40729 requested a full tablet report, sending...
I20260812 08:01:35.647020 18884 ts_manager.cc:194] Registered new tserver with Master: 3bc5c62ef87c4d9580b08ff9085c06f5 (127.13.130.193:38485)
I20260812 08:01:35.647709 13835 fs_manager.cc:696] Time spent creating directory manager: real 0.002s	user 0.000s	sys 0.002s
I20260812 08:01:35.648010 18884 master_service.cc:502] Signed X509 certificate for tserver {username='slave'} at 127.0.0.1:47632
I20260812 08:01:35.649075 19045 log_block_manager.cc:4127] Time spent loading block containers with low live blocks: real 0.000s	user 0.000s	sys 0.000s
I20260812 08:01:35.649314 13835 fs_manager.cc:730] Time spent opening block manager: real 0.001s	user 0.001s	sys 0.000s
I20260812 08:01:35.649376 13835 fs_manager.cc:647] Opened local filesystem: /tmp/dist-test-taskTfGnoN/test-tmp/txn_participant-itest.0.TxnParticipantITest.TestProxyTabletNotFound.1786521568400843-13835-0/minicluster-data/ts-1-root
uuid: "f49a059a508449a1aabe2b15c52236c7"
format_stamp: "Formatted at 2026-08-12 08:01:35 on dist-test-slave-cbbz"
I20260812 08:01:35.649462 13835 fs_report.cc:389] FS layout report
--------------------
wal directory: /tmp/dist-test-taskTfGnoN/test-tmp/txn_participant-itest.0.TxnParticipantITest.TestProxyTabletNotFound.1786521568400843-13835-0/minicluster-data/ts-1-root
metadata directory: /tmp/dist-test-taskTfGnoN/test-tmp/txn_participant-itest.0.TxnParticipantITest.TestProxyTabletNotFound.1786521568400843-13835-0/minicluster-data/ts-1-root
1 data directories: /tmp/dist-test-taskTfGnoN/test-tmp/txn_participant-itest.0.TxnParticipantITest.TestProxyTabletNotFound.1786521568400843-13835-0/minicluster-data/ts-1-root/data
Total live blocks: 0
Total live bytes: 0
Total live bytes (after alignment): 0
Total number of LBM containers: 0 (0 full)
Did not check for missing blocks
Did not check for orphaned blocks
Total full LBM containers with extra space: 0 (0 repaired)
Total full LBM container extra space in bytes: 0 (0 repaired)
Total incomplete LBM containers: 0 (0 repaired)
Total LBM partial records: 0 (0 repaired)
Total corrupted LBM metadata records in RocksDB: 0 (0 repaired)
I20260812 08:01:35.661870 13835 rpc_server.cc:225] running with OpenSSL 1.1.1  11 Sep 2018
I20260812 08:01:35.662245 13835 kserver.cc:163] Server-wide thread pool size limit: 3276
I20260812 08:01:35.662554 13835 txn_system_client.cc:432] TxnSystemClient initialization is disabled...
I20260812 08:01:35.663012 13835 ts_tablet_manager.cc:585] Loaded tablet metadata (0 total tablets, 0 live tablets)
I20260812 08:01:35.663071 13835 ts_tablet_manager.cc:531] Time spent load tablet metadata: real 0.000s	user 0.000s	sys 0.000s
I20260812 08:01:35.663127 13835 ts_tablet_manager.cc:616] Registered 0 tablets
I20260812 08:01:35.663177 13835 ts_tablet_manager.cc:595] Time spent register tablets: real 0.000s	user 0.000s	sys 0.000s
I20260812 08:01:35.667227 13835 rpc_server.cc:307] RPC server started. Bound to: 127.13.130.194:46463
I20260812 08:01:35.667294 19123 acceptor_pool.cc:272] collecting diagnostics on the listening RPC socket 127.13.130.194:46463 every 8 connection(s)
I20260812 08:01:35.668025 13835 file_cache.cc:504] Constructed file cache file cache with capacity 419430
W20260812 08:01:35.669929 19129 instance_detector.cc:116] could not retrieve AWS instance metadata: Network error: curl error: HTTP response code said error: The requested URL returned error: 404
W20260812 08:01:35.670105 19130 instance_detector.cc:116] could not retrieve Azure instance metadata: Network error: curl error: HTTP response code said error: The requested URL returned error: 404
I20260812 08:01:35.670269 13835 server_base.cc:1061] running on GCE node
W20260812 08:01:35.670619 19132 instance_detector.cc:116] could not retrieve OpenStack instance metadata: Network error: curl error: HTTP response code said error: The requested URL returned error: 404
I20260812 08:01:35.670869 13835 hybrid_clock.cc:584] initializing the hybrid clock with 'system_unsync' time source
W20260812 08:01:35.670923 13835 system_unsync_time.cc:38] NTP support is disabled. Clock error bounds will not be accurate. This configuration is not suitable for distributed clusters.
I20260812 08:01:35.670946 13835 hybrid_clock.cc:648] HybridClock initialized: now 1786521695670946 us; error 0 us; skew 500 ppm
I20260812 08:01:35.672227 13835 webserver.cc:533] Webserver started at http://127.13.130.195:36515/ using document root <none> and password file <none>
I20260812 08:01:35.672408 13835 fs_manager.cc:362] Metadata directory not provided
I20260812 08:01:35.672495 13835 fs_manager.cc:368] Using write-ahead log directory (fs_wal_dir) as metadata directory
I20260812 08:01:35.672577 13835 server_base.cc:909] This appears to be a new deployment of Kudu; creating new FS layout
I20260812 08:01:35.672716 19124 heartbeater.cc:344] Connected to a master server at 127.13.130.254:40729
I20260812 08:01:35.672818 19124 heartbeater.cc:461] Registering TS with master...
I20260812 08:01:35.673035 19124 heartbeater.cc:507] Master 127.13.130.254:40729 requested a full tablet report, sending...
I20260812 08:01:35.673061 13835 fs_manager.cc:1068] Generated new instance metadata in path /tmp/dist-test-taskTfGnoN/test-tmp/txn_participant-itest.0.TxnParticipantITest.TestProxyTabletNotFound.1786521568400843-13835-0/minicluster-data/ts-2-root/instance:
uuid: "0e012f831ff24c2d8a3c308b4aa776c7"
format_stamp: "Formatted at 2026-08-12 08:01:35 on dist-test-slave-cbbz"
I20260812 08:01:35.673723 18884 ts_manager.cc:194] Registered new tserver with Master: f49a059a508449a1aabe2b15c52236c7 (127.13.130.194:46463)
I20260812 08:01:35.674314 18884 master_service.cc:502] Signed X509 certificate for tserver {username='slave'} at 127.0.0.1:47644
I20260812 08:01:35.674645 13835 fs_manager.cc:696] Time spent creating directory manager: real 0.001s	user 0.000s	sys 0.002s
I20260812 08:01:35.675735 19138 log_block_manager.cc:4127] Time spent loading block containers with low live blocks: real 0.000s	user 0.000s	sys 0.000s
I20260812 08:01:35.675967 13835 fs_manager.cc:730] Time spent opening block manager: real 0.001s	user 0.000s	sys 0.001s
I20260812 08:01:35.676028 13835 fs_manager.cc:647] Opened local filesystem: /tmp/dist-test-taskTfGnoN/test-tmp/txn_participant-itest.0.TxnParticipantITest.TestProxyTabletNotFound.1786521568400843-13835-0/minicluster-data/ts-2-root
uuid: "0e012f831ff24c2d8a3c308b4aa776c7"
format_stamp: "Formatted at 2026-08-12 08:01:35 on dist-test-slave-cbbz"
I20260812 08:01:35.676115 13835 fs_report.cc:389] FS layout report
--------------------
wal directory: /tmp/dist-test-taskTfGnoN/test-tmp/txn_participant-itest.0.TxnParticipantITest.TestProxyTabletNotFound.1786521568400843-13835-0/minicluster-data/ts-2-root
metadata directory: /tmp/dist-test-taskTfGnoN/test-tmp/txn_participant-itest.0.TxnParticipantITest.TestProxyTabletNotFound.1786521568400843-13835-0/minicluster-data/ts-2-root
1 data directories: /tmp/dist-test-taskTfGnoN/test-tmp/txn_participant-itest.0.TxnParticipantITest.TestProxyTabletNotFound.1786521568400843-13835-0/minicluster-data/ts-2-root/data
Total live blocks: 0
Total live bytes: 0
Total live bytes (after alignment): 0
Total number of LBM containers: 0 (0 full)
Did not check for missing blocks
Did not check for orphaned blocks
Total full LBM containers with extra space: 0 (0 repaired)
Total full LBM container extra space in bytes: 0 (0 repaired)
Total incomplete LBM containers: 0 (0 repaired)
Total LBM partial records: 0 (0 repaired)
Total corrupted LBM metadata records in RocksDB: 0 (0 repaired)
I20260812 08:01:35.702725 13835 rpc_server.cc:225] running with OpenSSL 1.1.1  11 Sep 2018
I20260812 08:01:35.703258 13835 kserver.cc:163] Server-wide thread pool size limit: 3276
I20260812 08:01:35.703619 13835 txn_system_client.cc:432] TxnSystemClient initialization is disabled...
I20260812 08:01:35.704159 13835 ts_tablet_manager.cc:585] Loaded tablet metadata (0 total tablets, 0 live tablets)
I20260812 08:01:35.704226 13835 ts_tablet_manager.cc:531] Time spent load tablet metadata: real 0.000s	user 0.000s	sys 0.000s
I20260812 08:01:35.704288 13835 ts_tablet_manager.cc:616] Registered 0 tablets
I20260812 08:01:35.704339 13835 ts_tablet_manager.cc:595] Time spent register tablets: real 0.000s	user 0.000s	sys 0.000s
I20260812 08:01:35.709002 13835 rpc_server.cc:307] RPC server started. Bound to: 127.13.130.195:45607
I20260812 08:01:35.709038 19211 acceptor_pool.cc:272] collecting diagnostics on the listening RPC socket 127.13.130.195:45607 every 8 connection(s)
I20260812 08:01:35.713884 19212 heartbeater.cc:344] Connected to a master server at 127.13.130.254:40729
I20260812 08:01:35.713985 19212 heartbeater.cc:461] Registering TS with master...
I20260812 08:01:35.714249 19212 heartbeater.cc:507] Master 127.13.130.254:40729 requested a full tablet report, sending...
I20260812 08:01:35.715001 18884 ts_manager.cc:194] Registered new tserver with Master: 0e012f831ff24c2d8a3c308b4aa776c7 (127.13.130.195:45607)
I20260812 08:01:35.715116 13835 internal_mini_cluster.cc:371] 3 TS(s) registered with all masters after 0.005658026s
I20260812 08:01:35.715755 18884 master_service.cc:502] Signed X509 certificate for tserver {username='slave'} at 127.0.0.1:47648
I20260812 08:01:35.722976 18884 catalog_manager.cc:2283] Servicing CreateTable request from {username='slave'} at 127.0.0.1:47652:
name: "test-workload"
schema {
  columns {
    name: "key"
    type: INT32
    is_key: true
    is_nullable: false
    encoding: AUTO_ENCODING
    compression: DEFAULT_COMPRESSION
    cfile_block_size: 0
    immutable: false
  }
  columns {
    name: "int_val"
    type: INT32
    is_key: false
    is_nullable: false
    encoding: AUTO_ENCODING
    compression: DEFAULT_COMPRESSION
    cfile_block_size: 0
    immutable: false
  }
  columns {
    name: "string_val"
    type: STRING
    is_key: false
    is_nullable: true
    encoding: AUTO_ENCODING
    compression: DEFAULT_COMPRESSION
    cfile_block_size: 0
    immutable: false
  }
}
num_replicas: 3
split_rows_range_bounds {
}
partition_schema {
  range_schema {
    columns {
      name: "key"
    }
  }
}
W20260812 08:01:35.723438 18884 catalog_manager.cc:7099] The number of live tablet servers is not enough to re-replicate a tablet replica of the newly created table test-workload in case of a server failure: 4 tablet servers would be needed, 3 are available. Consider bringing up more tablet servers.
I20260812 08:01:35.733253 19081 tablet_service.cc:1511] Processing CreateTablet for tablet 9927e75034d145a59a9ec4f5d5196f5f (DEFAULT_TABLE table=test-workload [id=52f39865307b4adb81cfa0ea65ebba2c]), partition=RANGE (key) PARTITION UNBOUNDED
I20260812 08:01:35.733268 19169 tablet_service.cc:1511] Processing CreateTablet for tablet 9927e75034d145a59a9ec4f5d5196f5f (DEFAULT_TABLE table=test-workload [id=52f39865307b4adb81cfa0ea65ebba2c]), partition=RANGE (key) PARTITION UNBOUNDED
I20260812 08:01:35.733584 19081 data_dirs.cc:400] Could only allocate 1 dirs of requested 3 for tablet 9927e75034d145a59a9ec4f5d5196f5f. 1 dirs total, 0 dirs full, 0 dirs failed
I20260812 08:01:35.733593 19169 data_dirs.cc:400] Could only allocate 1 dirs of requested 3 for tablet 9927e75034d145a59a9ec4f5d5196f5f. 1 dirs total, 0 dirs full, 0 dirs failed
I20260812 08:01:35.736013 19230 tablet_bootstrap.cc:492] T 9927e75034d145a59a9ec4f5d5196f5f P f49a059a508449a1aabe2b15c52236c7: Bootstrap starting.
I20260812 08:01:35.736120 18991 tablet_service.cc:1511] Processing CreateTablet for tablet 9927e75034d145a59a9ec4f5d5196f5f (DEFAULT_TABLE table=test-workload [id=52f39865307b4adb81cfa0ea65ebba2c]), partition=RANGE (key) PARTITION UNBOUNDED
I20260812 08:01:35.736421 18991 data_dirs.cc:400] Could only allocate 1 dirs of requested 3 for tablet 9927e75034d145a59a9ec4f5d5196f5f. 1 dirs total, 0 dirs full, 0 dirs failed
I20260812 08:01:35.736475 19229 tablet_bootstrap.cc:492] T 9927e75034d145a59a9ec4f5d5196f5f P 0e012f831ff24c2d8a3c308b4aa776c7: Bootstrap starting.
I20260812 08:01:35.737099 19230 tablet_bootstrap.cc:654] T 9927e75034d145a59a9ec4f5d5196f5f P f49a059a508449a1aabe2b15c52236c7: Neither blocks nor log segments found. Creating new log.
I20260812 08:01:35.737506 19229 tablet_bootstrap.cc:654] T 9927e75034d145a59a9ec4f5d5196f5f P 0e012f831ff24c2d8a3c308b4aa776c7: Neither blocks nor log segments found. Creating new log.
I20260812 08:01:35.738343 19230 tablet_bootstrap.cc:492] T 9927e75034d145a59a9ec4f5d5196f5f P f49a059a508449a1aabe2b15c52236c7: No bootstrap required, opened a new log
I20260812 08:01:35.738435 19230 ts_tablet_manager.cc:1403] T 9927e75034d145a59a9ec4f5d5196f5f P f49a059a508449a1aabe2b15c52236c7: Time spent bootstrapping tablet: real 0.002s	user 0.002s	sys 0.000s
I20260812 08:01:35.738545 19233 tablet_bootstrap.cc:492] T 9927e75034d145a59a9ec4f5d5196f5f P 3bc5c62ef87c4d9580b08ff9085c06f5: Bootstrap starting.
I20260812 08:01:35.738605 19229 tablet_bootstrap.cc:492] T 9927e75034d145a59a9ec4f5d5196f5f P 0e012f831ff24c2d8a3c308b4aa776c7: No bootstrap required, opened a new log
I20260812 08:01:35.738696 19229 ts_tablet_manager.cc:1403] T 9927e75034d145a59a9ec4f5d5196f5f P 0e012f831ff24c2d8a3c308b4aa776c7: Time spent bootstrapping tablet: real 0.002s	user 0.002s	sys 0.000s
I20260812 08:01:35.738906 19230 raft_consensus.cc:359] T 9927e75034d145a59a9ec4f5d5196f5f P f49a059a508449a1aabe2b15c52236c7 [term 0 FOLLOWER]: Replica starting. Triggering 0 pending ops. Active config: opid_index: -1 OBSOLETE_local: false peers { permanent_uuid: "f49a059a508449a1aabe2b15c52236c7" member_type: VOTER last_known_addr { host: "127.13.130.194" port: 46463 } } peers { permanent_uuid: "0e012f831ff24c2d8a3c308b4aa776c7" member_type: VOTER last_known_addr { host: "127.13.130.195" port: 45607 } } peers { permanent_uuid: "3bc5c62ef87c4d9580b08ff9085c06f5" member_type: VOTER last_known_addr { host: "127.13.130.193" port: 38485 } }
I20260812 08:01:35.739013 19230 raft_consensus.cc:385] T 9927e75034d145a59a9ec4f5d5196f5f P f49a059a508449a1aabe2b15c52236c7 [term 0 FOLLOWER]: Consensus starting up: Expiring failure detector timer to make a prompt election more likely
I20260812 08:01:35.739048 19230 raft_consensus.cc:740] T 9927e75034d145a59a9ec4f5d5196f5f P f49a059a508449a1aabe2b15c52236c7 [term 0 FOLLOWER]: Becoming Follower/Learner. State: Replica: f49a059a508449a1aabe2b15c52236c7, State: Initialized, Role: FOLLOWER
I20260812 08:01:35.739076 19229 raft_consensus.cc:359] T 9927e75034d145a59a9ec4f5d5196f5f P 0e012f831ff24c2d8a3c308b4aa776c7 [term 0 FOLLOWER]: Replica starting. Triggering 0 pending ops. Active config: opid_index: -1 OBSOLETE_local: false peers { permanent_uuid: "f49a059a508449a1aabe2b15c52236c7" member_type: VOTER last_known_addr { host: "127.13.130.194" port: 46463 } } peers { permanent_uuid: "0e012f831ff24c2d8a3c308b4aa776c7" member_type: VOTER last_known_addr { host: "127.13.130.195" port: 45607 } } peers { permanent_uuid: "3bc5c62ef87c4d9580b08ff9085c06f5" member_type: VOTER last_known_addr { host: "127.13.130.193" port: 38485 } }
I20260812 08:01:35.739174 19229 raft_consensus.cc:385] T 9927e75034d145a59a9ec4f5d5196f5f P 0e012f831ff24c2d8a3c308b4aa776c7 [term 0 FOLLOWER]: Consensus starting up: Expiring failure detector timer to make a prompt election more likely
I20260812 08:01:35.739205 19229 raft_consensus.cc:740] T 9927e75034d145a59a9ec4f5d5196f5f P 0e012f831ff24c2d8a3c308b4aa776c7 [term 0 FOLLOWER]: Becoming Follower/Learner. State: Replica: 0e012f831ff24c2d8a3c308b4aa776c7, State: Initialized, Role: FOLLOWER
I20260812 08:01:35.739225 19230 consensus_queue.cc:260] T 9927e75034d145a59a9ec4f5d5196f5f P f49a059a508449a1aabe2b15c52236c7 [NON_LEADER]: Queue going to NON_LEADER mode. State: All replicated index: 0, Majority replicated index: 0, Committed index: 0, Last appended: 0.0, Last appended by leader: 0, Current term: 0, Majority size: -1, State: 0, Mode: NON_LEADER, active raft config: opid_index: -1 OBSOLETE_local: false peers { permanent_uuid: "f49a059a508449a1aabe2b15c52236c7" member_type: VOTER last_known_addr { host: "127.13.130.194" port: 46463 } } peers { permanent_uuid: "0e012f831ff24c2d8a3c308b4aa776c7" member_type: VOTER last_known_addr { host: "127.13.130.195" port: 45607 } } peers { permanent_uuid: "3bc5c62ef87c4d9580b08ff9085c06f5" member_type: VOTER last_known_addr { host: "127.13.130.193" port: 38485 } }
I20260812 08:01:35.739341 19229 consensus_queue.cc:260] T 9927e75034d145a59a9ec4f5d5196f5f P 0e012f831ff24c2d8a3c308b4aa776c7 [NON_LEADER]: Queue going to NON_LEADER mode. State: All replicated index: 0, Majority replicated index: 0, Committed index: 0, Last appended: 0.0, Last appended by leader: 0, Current term: 0, Majority size: -1, State: 0, Mode: NON_LEADER, active raft config: opid_index: -1 OBSOLETE_local: false peers { permanent_uuid: "f49a059a508449a1aabe2b15c52236c7" member_type: VOTER last_known_addr { host: "127.13.130.194" port: 46463 } } peers { permanent_uuid: "0e012f831ff24c2d8a3c308b4aa776c7" member_type: VOTER last_known_addr { host: "127.13.130.195" port: 45607 } } peers { permanent_uuid: "3bc5c62ef87c4d9580b08ff9085c06f5" member_type: VOTER last_known_addr { host: "127.13.130.193" port: 38485 } }
I20260812 08:01:35.739596 19230 ts_tablet_manager.cc:1434] T 9927e75034d145a59a9ec4f5d5196f5f P f49a059a508449a1aabe2b15c52236c7: Time spent starting tablet: real 0.001s	user 0.002s	sys 0.000s
I20260812 08:01:35.739673 19233 tablet_bootstrap.cc:654] T 9927e75034d145a59a9ec4f5d5196f5f P 3bc5c62ef87c4d9580b08ff9085c06f5: Neither blocks nor log segments found. Creating new log.
I20260812 08:01:35.739766 19124 heartbeater.cc:499] Master 127.13.130.254:40729 was elected leader, sending a full tablet report...
I20260812 08:01:35.739980 19212 heartbeater.cc:499] Master 127.13.130.254:40729 was elected leader, sending a full tablet report...
I20260812 08:01:35.739679 19229 ts_tablet_manager.cc:1434] T 9927e75034d145a59a9ec4f5d5196f5f P 0e012f831ff24c2d8a3c308b4aa776c7: Time spent starting tablet: real 0.001s	user 0.001s	sys 0.000s
I20260812 08:01:35.740872 19233 tablet_bootstrap.cc:492] T 9927e75034d145a59a9ec4f5d5196f5f P 3bc5c62ef87c4d9580b08ff9085c06f5: No bootstrap required, opened a new log
I20260812 08:01:35.741003 19233 ts_tablet_manager.cc:1403] T 9927e75034d145a59a9ec4f5d5196f5f P 3bc5c62ef87c4d9580b08ff9085c06f5: Time spent bootstrapping tablet: real 0.003s	user 0.002s	sys 0.000s
I20260812 08:01:35.741384 19233 raft_consensus.cc:359] T 9927e75034d145a59a9ec4f5d5196f5f P 3bc5c62ef87c4d9580b08ff9085c06f5 [term 0 FOLLOWER]: Replica starting. Triggering 0 pending ops. Active config: opid_index: -1 OBSOLETE_local: false peers { permanent_uuid: "f49a059a508449a1aabe2b15c52236c7" member_type: VOTER last_known_addr { host: "127.13.130.194" port: 46463 } } peers { permanent_uuid: "0e012f831ff24c2d8a3c308b4aa776c7" member_type: VOTER last_known_addr { host: "127.13.130.195" port: 45607 } } peers { permanent_uuid: "3bc5c62ef87c4d9580b08ff9085c06f5" member_type: VOTER last_known_addr { host: "127.13.130.193" port: 38485 } }
I20260812 08:01:35.741487 19233 raft_consensus.cc:385] T 9927e75034d145a59a9ec4f5d5196f5f P 3bc5c62ef87c4d9580b08ff9085c06f5 [term 0 FOLLOWER]: Consensus starting up: Expiring failure detector timer to make a prompt election more likely
I20260812 08:01:35.741686 19233 raft_consensus.cc:740] T 9927e75034d145a59a9ec4f5d5196f5f P 3bc5c62ef87c4d9580b08ff9085c06f5 [term 0 FOLLOWER]: Becoming Follower/Learner. State: Replica: 3bc5c62ef87c4d9580b08ff9085c06f5, State: Initialized, Role: FOLLOWER
I20260812 08:01:35.741858 19233 consensus_queue.cc:260] T 9927e75034d145a59a9ec4f5d5196f5f P 3bc5c62ef87c4d9580b08ff9085c06f5 [NON_LEADER]: Queue going to NON_LEADER mode. State: All replicated index: 0, Majority replicated index: 0, Committed index: 0, Last appended: 0.0, Last appended by leader: 0, Current term: 0, Majority size: -1, State: 0, Mode: NON_LEADER, active raft config: opid_index: -1 OBSOLETE_local: false peers { permanent_uuid: "f49a059a508449a1aabe2b15c52236c7" member_type: VOTER last_known_addr { host: "127.13.130.194" port: 46463 } } peers { permanent_uuid: "0e012f831ff24c2d8a3c308b4aa776c7" member_type: VOTER last_known_addr { host: "127.13.130.195" port: 45607 } } peers { permanent_uuid: "3bc5c62ef87c4d9580b08ff9085c06f5" member_type: VOTER last_known_addr { host: "127.13.130.193" port: 38485 } }
I20260812 08:01:35.742237 19233 ts_tablet_manager.cc:1434] T 9927e75034d145a59a9ec4f5d5196f5f P 3bc5c62ef87c4d9580b08ff9085c06f5: Time spent starting tablet: real 0.001s	user 0.001s	sys 0.000s
I20260812 08:01:35.742367 19031 heartbeater.cc:499] Master 127.13.130.254:40729 was elected leader, sending a full tablet report...
I20260812 08:01:35.852725 19234 raft_consensus.cc:493] T 9927e75034d145a59a9ec4f5d5196f5f P f49a059a508449a1aabe2b15c52236c7 [term 0 FOLLOWER]: Starting pre-election (no leader contacted us within the election timeout)
I20260812 08:01:35.852859 19234 raft_consensus.cc:515] T 9927e75034d145a59a9ec4f5d5196f5f P f49a059a508449a1aabe2b15c52236c7 [term 0 FOLLOWER]: Starting pre-election with config: opid_index: -1 OBSOLETE_local: false peers { permanent_uuid: "f49a059a508449a1aabe2b15c52236c7" member_type: VOTER last_known_addr { host: "127.13.130.194" port: 46463 } } peers { permanent_uuid: "0e012f831ff24c2d8a3c308b4aa776c7" member_type: VOTER last_known_addr { host: "127.13.130.195" port: 45607 } } peers { permanent_uuid: "3bc5c62ef87c4d9580b08ff9085c06f5" member_type: VOTER last_known_addr { host: "127.13.130.193" port: 38485 } }
I20260812 08:01:35.853463 19234 leader_election.cc:290] T 9927e75034d145a59a9ec4f5d5196f5f P f49a059a508449a1aabe2b15c52236c7 [CANDIDATE]: Term 1 pre-election: Requested pre-vote from peers 0e012f831ff24c2d8a3c308b4aa776c7 (127.13.130.195:45607), 3bc5c62ef87c4d9580b08ff9085c06f5 (127.13.130.193:38485)
I20260812 08:01:35.857419 19179 tablet_service.cc:1917] Received RequestConsensusVote() RPC: tablet_id: "9927e75034d145a59a9ec4f5d5196f5f" candidate_uuid: "f49a059a508449a1aabe2b15c52236c7" candidate_term: 1 candidate_status { last_received { term: 0 index: 0 } } ignore_live_leader: false dest_uuid: "0e012f831ff24c2d8a3c308b4aa776c7" is_pre_election: true
I20260812 08:01:35.857414 19003 tablet_service.cc:1917] Received RequestConsensusVote() RPC: tablet_id: "9927e75034d145a59a9ec4f5d5196f5f" candidate_uuid: "f49a059a508449a1aabe2b15c52236c7" candidate_term: 1 candidate_status { last_received { term: 0 index: 0 } } ignore_live_leader: false dest_uuid: "3bc5c62ef87c4d9580b08ff9085c06f5" is_pre_election: true
I20260812 08:01:35.857607 19179 raft_consensus.cc:2468] T 9927e75034d145a59a9ec4f5d5196f5f P 0e012f831ff24c2d8a3c308b4aa776c7 [term 0 FOLLOWER]: Leader pre-election vote request: Granting yes vote for candidate f49a059a508449a1aabe2b15c52236c7 in term 0.
I20260812 08:01:35.857631 19003 raft_consensus.cc:2468] T 9927e75034d145a59a9ec4f5d5196f5f P 3bc5c62ef87c4d9580b08ff9085c06f5 [term 0 FOLLOWER]: Leader pre-election vote request: Granting yes vote for candidate f49a059a508449a1aabe2b15c52236c7 in term 0.
I20260812 08:01:35.858017 19050 leader_election.cc:304] T 9927e75034d145a59a9ec4f5d5196f5f P f49a059a508449a1aabe2b15c52236c7 [CANDIDATE]: Term 1 pre-election: Election decided. Result: candidate won. Election summary: received 2 responses out of 3 voters: 2 yes votes; 0 no votes. yes voters: 0e012f831ff24c2d8a3c308b4aa776c7, f49a059a508449a1aabe2b15c52236c7; no voters: 
I20260812 08:01:35.858217 19234 raft_consensus.cc:2804] T 9927e75034d145a59a9ec4f5d5196f5f P f49a059a508449a1aabe2b15c52236c7 [term 0 FOLLOWER]: Leader pre-election won for term 1
I20260812 08:01:35.858282 19234 raft_consensus.cc:493] T 9927e75034d145a59a9ec4f5d5196f5f P f49a059a508449a1aabe2b15c52236c7 [term 0 FOLLOWER]: Starting leader election (no leader contacted us within the election timeout)
I20260812 08:01:35.858332 19234 raft_consensus.cc:3060] T 9927e75034d145a59a9ec4f5d5196f5f P f49a059a508449a1aabe2b15c52236c7 [term 0 FOLLOWER]: Advancing to term 1
I20260812 08:01:35.859170 19234 raft_consensus.cc:515] T 9927e75034d145a59a9ec4f5d5196f5f P f49a059a508449a1aabe2b15c52236c7 [term 1 FOLLOWER]: Starting leader election with config: opid_index: -1 OBSOLETE_local: false peers { permanent_uuid: "f49a059a508449a1aabe2b15c52236c7" member_type: VOTER last_known_addr { host: "127.13.130.194" port: 46463 } } peers { permanent_uuid: "0e012f831ff24c2d8a3c308b4aa776c7" member_type: VOTER last_known_addr { host: "127.13.130.195" port: 45607 } } peers { permanent_uuid: "3bc5c62ef87c4d9580b08ff9085c06f5" member_type: VOTER last_known_addr { host: "127.13.130.193" port: 38485 } }
I20260812 08:01:35.859534 19234 leader_election.cc:290] T 9927e75034d145a59a9ec4f5d5196f5f P f49a059a508449a1aabe2b15c52236c7 [CANDIDATE]: Term 1 election: Requested vote from peers 0e012f831ff24c2d8a3c308b4aa776c7 (127.13.130.195:45607), 3bc5c62ef87c4d9580b08ff9085c06f5 (127.13.130.193:38485)
I20260812 08:01:35.859830 19179 tablet_service.cc:1917] Received RequestConsensusVote() RPC: tablet_id: "9927e75034d145a59a9ec4f5d5196f5f" candidate_uuid: "f49a059a508449a1aabe2b15c52236c7" candidate_term: 1 candidate_status { last_received { term: 0 index: 0 } } ignore_live_leader: false dest_uuid: "0e012f831ff24c2d8a3c308b4aa776c7"
I20260812 08:01:35.859931 19179 raft_consensus.cc:3060] T 9927e75034d145a59a9ec4f5d5196f5f P 0e012f831ff24c2d8a3c308b4aa776c7 [term 0 FOLLOWER]: Advancing to term 1
I20260812 08:01:35.859884 19003 tablet_service.cc:1917] Received RequestConsensusVote() RPC: tablet_id: "9927e75034d145a59a9ec4f5d5196f5f" candidate_uuid: "f49a059a508449a1aabe2b15c52236c7" candidate_term: 1 candidate_status { last_received { term: 0 index: 0 } } ignore_live_leader: false dest_uuid: "3bc5c62ef87c4d9580b08ff9085c06f5"
I20260812 08:01:35.860010 19003 raft_consensus.cc:3060] T 9927e75034d145a59a9ec4f5d5196f5f P 3bc5c62ef87c4d9580b08ff9085c06f5 [term 0 FOLLOWER]: Advancing to term 1
I20260812 08:01:35.860769 19179 raft_consensus.cc:2468] T 9927e75034d145a59a9ec4f5d5196f5f P 0e012f831ff24c2d8a3c308b4aa776c7 [term 1 FOLLOWER]: Leader election vote request: Granting yes vote for candidate f49a059a508449a1aabe2b15c52236c7 in term 1.
I20260812 08:01:35.860917 19003 raft_consensus.cc:2468] T 9927e75034d145a59a9ec4f5d5196f5f P 3bc5c62ef87c4d9580b08ff9085c06f5 [term 1 FOLLOWER]: Leader election vote request: Granting yes vote for candidate f49a059a508449a1aabe2b15c52236c7 in term 1.
I20260812 08:01:35.861089 19050 leader_election.cc:304] T 9927e75034d145a59a9ec4f5d5196f5f P f49a059a508449a1aabe2b15c52236c7 [CANDIDATE]: Term 1 election: Election decided. Result: candidate won. Election summary: received 2 responses out of 3 voters: 2 yes votes; 0 no votes. yes voters: 0e012f831ff24c2d8a3c308b4aa776c7, f49a059a508449a1aabe2b15c52236c7; no voters: 
I20260812 08:01:35.861304 19234 raft_consensus.cc:2804] T 9927e75034d145a59a9ec4f5d5196f5f P f49a059a508449a1aabe2b15c52236c7 [term 1 FOLLOWER]: Leader election won for term 1
I20260812 08:01:35.861498 19234 raft_consensus.cc:697] T 9927e75034d145a59a9ec4f5d5196f5f P f49a059a508449a1aabe2b15c52236c7 [term 1 LEADER]: Becoming Leader. State: Replica: f49a059a508449a1aabe2b15c52236c7, State: Running, Role: LEADER
I20260812 08:01:35.861689 19234 consensus_queue.cc:237] T 9927e75034d145a59a9ec4f5d5196f5f P f49a059a508449a1aabe2b15c52236c7 [LEADER]: Queue going to LEADER mode. State: All replicated index: 0, Majority replicated index: 0, Committed index: 0, Last appended: 0.0, Last appended by leader: 0, Current term: 1, Majority size: 2, State: 0, Mode: LEADER, active raft config: opid_index: -1 OBSOLETE_local: false peers { permanent_uuid: "f49a059a508449a1aabe2b15c52236c7" member_type: VOTER last_known_addr { host: "127.13.130.194" port: 46463 } } peers { permanent_uuid: "0e012f831ff24c2d8a3c308b4aa776c7" member_type: VOTER last_known_addr { host: "127.13.130.195" port: 45607 } } peers { permanent_uuid: "3bc5c62ef87c4d9580b08ff9085c06f5" member_type: VOTER last_known_addr { host: "127.13.130.193" port: 38485 } }
I20260812 08:01:35.863401 18884 catalog_manager.cc:5719] T 9927e75034d145a59a9ec4f5d5196f5f P f49a059a508449a1aabe2b15c52236c7 reported cstate change: term changed from 0 to 1, leader changed from <none> to f49a059a508449a1aabe2b15c52236c7 (127.13.130.194). New cstate: current_term: 1 leader_uuid: "f49a059a508449a1aabe2b15c52236c7" committed_config { opid_index: -1 OBSOLETE_local: false peers { permanent_uuid: "f49a059a508449a1aabe2b15c52236c7" member_type: VOTER last_known_addr { host: "127.13.130.194" port: 46463 } health_report { overall_health: HEALTHY } } peers { permanent_uuid: "0e012f831ff24c2d8a3c308b4aa776c7" member_type: VOTER last_known_addr { host: "127.13.130.195" port: 45607 } health_report { overall_health: UNKNOWN } } peers { permanent_uuid: "3bc5c62ef87c4d9580b08ff9085c06f5" member_type: VOTER last_known_addr { host: "127.13.130.193" port: 38485 } health_report { overall_health: UNKNOWN } } }
I20260812 08:01:35.909114 19179 raft_consensus.cc:1275] T 9927e75034d145a59a9ec4f5d5196f5f P 0e012f831ff24c2d8a3c308b4aa776c7 [term 1 FOLLOWER]: Refusing update from remote peer f49a059a508449a1aabe2b15c52236c7: Log matching property violated. Preceding OpId in replica: term: 0 index: 0. Preceding OpId from leader: term: 1 index: 2. (index mismatch)
I20260812 08:01:35.909209 19003 raft_consensus.cc:1275] T 9927e75034d145a59a9ec4f5d5196f5f P 3bc5c62ef87c4d9580b08ff9085c06f5 [term 1 FOLLOWER]: Refusing update from remote peer f49a059a508449a1aabe2b15c52236c7: Log matching property violated. Preceding OpId in replica: term: 0 index: 0. Preceding OpId from leader: term: 1 index: 2. (index mismatch)
I20260812 08:01:35.909641 19239 consensus_queue.cc:1048] T 9927e75034d145a59a9ec4f5d5196f5f P f49a059a508449a1aabe2b15c52236c7 [LEADER]: Connected to new peer: Peer: permanent_uuid: "0e012f831ff24c2d8a3c308b4aa776c7" member_type: VOTER last_known_addr { host: "127.13.130.195" port: 45607 }, Status: LMP_MISMATCH, Last received: 0.0, Next index: 1, Last known committed idx: 0, Time since last communication: 0.000s
I20260812 08:01:35.909808 19234 consensus_queue.cc:1048] T 9927e75034d145a59a9ec4f5d5196f5f P f49a059a508449a1aabe2b15c52236c7 [LEADER]: Connected to new peer: Peer: permanent_uuid: "3bc5c62ef87c4d9580b08ff9085c06f5" member_type: VOTER last_known_addr { host: "127.13.130.193" port: 38485 }, Status: LMP_MISMATCH, Last received: 0.0, Next index: 1, Last known committed idx: 0, Time since last communication: 0.000s
I20260812 08:01:45.909723 13835 tablet_server.cc:179] TabletServer@127.13.130.193:0 shutting down...
I20260812 08:01:45.913765 13835 ts_tablet_manager.cc:1507] Shutting down tablet manager...
I20260812 08:01:45.913964 13835 tablet_replica.cc:333] T 9927e75034d145a59a9ec4f5d5196f5f P 3bc5c62ef87c4d9580b08ff9085c06f5: stopping tablet replica
I20260812 08:01:45.914079 13835 raft_consensus.cc:2243] T 9927e75034d145a59a9ec4f5d5196f5f P 3bc5c62ef87c4d9580b08ff9085c06f5 [term 1 FOLLOWER]: Raft consensus shutting down.
I20260812 08:01:45.914232 13835 raft_consensus.cc:2272] T 9927e75034d145a59a9ec4f5d5196f5f P 3bc5c62ef87c4d9580b08ff9085c06f5 [term 1 FOLLOWER]: Raft consensus is shut down!
I20260812 08:01:45.930609 13835 tablet_server.cc:196] TabletServer@127.13.130.193:0 shutdown complete.
I20260812 08:01:45.932701 13835 tablet_server.cc:179] TabletServer@127.13.130.194:0 shutting down...
I20260812 08:01:45.937505 13835 ts_tablet_manager.cc:1507] Shutting down tablet manager...
I20260812 08:01:45.937711 13835 tablet_replica.cc:333] T 9927e75034d145a59a9ec4f5d5196f5f P f49a059a508449a1aabe2b15c52236c7: stopping tablet replica
I20260812 08:01:45.937830 13835 raft_consensus.cc:2243] T 9927e75034d145a59a9ec4f5d5196f5f P f49a059a508449a1aabe2b15c52236c7 [term 1 LEADER]: Raft consensus shutting down.
I20260812 08:01:45.938073 13835 raft_consensus.cc:2272] T 9927e75034d145a59a9ec4f5d5196f5f P f49a059a508449a1aabe2b15c52236c7 [term 1 FOLLOWER]: Raft consensus is shut down!
I20260812 08:01:45.944226 13835 tablet_server.cc:196] TabletServer@127.13.130.194:0 shutdown complete.
I20260812 08:01:45.945927 13835 tablet_server.cc:179] TabletServer@127.13.130.195:0 shutting down...
I20260812 08:01:45.949708 13835 ts_tablet_manager.cc:1507] Shutting down tablet manager...
I20260812 08:01:45.949888 13835 tablet_replica.cc:333] T 9927e75034d145a59a9ec4f5d5196f5f P 0e012f831ff24c2d8a3c308b4aa776c7: stopping tablet replica
I20260812 08:01:45.950003 13835 raft_consensus.cc:2243] T 9927e75034d145a59a9ec4f5d5196f5f P 0e012f831ff24c2d8a3c308b4aa776c7 [term 1 FOLLOWER]: Raft consensus shutting down.
I20260812 08:01:45.950135 13835 raft_consensus.cc:2272] T 9927e75034d145a59a9ec4f5d5196f5f P 0e012f831ff24c2d8a3c308b4aa776c7 [term 1 FOLLOWER]: Raft consensus is shut down!
I20260812 08:01:45.965667 13835 tablet_server.cc:196] TabletServer@127.13.130.195:0 shutdown complete.
I20260812 08:01:45.967526 13835 master.cc:562] Master@127.13.130.254:40729 shutting down...
I20260812 08:01:45.971294 13835 raft_consensus.cc:2243] T 00000000000000000000000000000000 P 45d308d2a08f43d4ad60b7794fd474ae [term 1 LEADER]: Raft consensus shutting down.
I20260812 08:01:45.971460 13835 raft_consensus.cc:2272] T 00000000000000000000000000000000 P 45d308d2a08f43d4ad60b7794fd474ae [term 1 FOLLOWER]: Raft consensus is shut down!
I20260812 08:01:45.971539 13835 tablet_replica.cc:333] T 00000000000000000000000000000000 P 45d308d2a08f43d4ad60b7794fd474ae: stopping tablet replica
I20260812 08:01:45.983958 13835 master.cc:584] Master@127.13.130.254:40729 shutdown complete.
[       OK ] TxnParticipantITest.TestProxyTabletNotFound (10455 ms)
[ RUN      ] TxnParticipantITest.TestTxnSystemClientGetMetadata
I20260812 08:01:45.993032 13835 internal_mini_cluster.cc:156] Creating distributed mini masters. Addrs: 127.13.130.254:34023
I20260812 08:01:45.993422 13835 file_cache.cc:504] Constructed file cache file cache with capacity 419430
W20260812 08:01:45.995194 19300 instance_detector.cc:116] could not retrieve AWS instance metadata: Network error: curl error: HTTP response code said error: The requested URL returned error: 404
W20260812 08:01:45.995321 19301 instance_detector.cc:116] could not retrieve Azure instance metadata: Network error: curl error: HTTP response code said error: The requested URL returned error: 404
W20260812 08:01:45.995461 19303 instance_detector.cc:116] could not retrieve OpenStack instance metadata: Network error: curl error: HTTP response code said error: The requested URL returned error: 404
I20260812 08:01:45.995611 13835 server_base.cc:1061] running on GCE node
I20260812 08:01:45.995765 13835 hybrid_clock.cc:584] initializing the hybrid clock with 'system_unsync' time source
W20260812 08:01:45.995798 13835 system_unsync_time.cc:38] NTP support is disabled. Clock error bounds will not be accurate. This configuration is not suitable for distributed clusters.
I20260812 08:01:45.995844 13835 hybrid_clock.cc:648] HybridClock initialized: now 1786521705995843 us; error 0 us; skew 500 ppm
I20260812 08:01:45.996676 13835 webserver.cc:533] Webserver started at http://127.13.130.254:40917/ using document root <none> and password file <none>
I20260812 08:01:45.996851 13835 fs_manager.cc:362] Metadata directory not provided
I20260812 08:01:45.996901 13835 fs_manager.cc:368] Using write-ahead log directory (fs_wal_dir) as metadata directory
I20260812 08:01:45.996999 13835 server_base.cc:909] This appears to be a new deployment of Kudu; creating new FS layout
I20260812 08:01:45.997404 13835 fs_manager.cc:1068] Generated new instance metadata in path /tmp/dist-test-taskTfGnoN/test-tmp/txn_participant-itest.0.TxnParticipantITest.TestTxnSystemClientGetMetadata.1786521568400843-13835-0/minicluster-data/master-0-root/instance:
uuid: "03e46f56a7dd4a99936a4838f18be29a"
format_stamp: "Formatted at 2026-08-12 08:01:45 on dist-test-slave-cbbz"
I20260812 08:01:45.998842 13835 fs_manager.cc:696] Time spent creating directory manager: real 0.001s	user 0.001s	sys 0.001s
I20260812 08:01:45.999733 19308 log_block_manager.cc:4127] Time spent loading block containers with low live blocks: real 0.000s	user 0.000s	sys 0.000s
I20260812 08:01:45.999991 13835 fs_manager.cc:730] Time spent opening block manager: real 0.001s	user 0.001s	sys 0.000s
I20260812 08:01:46.000079 13835 fs_manager.cc:647] Opened local filesystem: /tmp/dist-test-taskTfGnoN/test-tmp/txn_participant-itest.0.TxnParticipantITest.TestTxnSystemClientGetMetadata.1786521568400843-13835-0/minicluster-data/master-0-root
uuid: "03e46f56a7dd4a99936a4838f18be29a"
format_stamp: "Formatted at 2026-08-12 08:01:45 on dist-test-slave-cbbz"
I20260812 08:01:46.000180 13835 fs_report.cc:389] FS layout report
--------------------
wal directory: /tmp/dist-test-taskTfGnoN/test-tmp/txn_participant-itest.0.TxnParticipantITest.TestTxnSystemClientGetMetadata.1786521568400843-13835-0/minicluster-data/master-0-root
metadata directory: /tmp/dist-test-taskTfGnoN/test-tmp/txn_participant-itest.0.TxnParticipantITest.TestTxnSystemClientGetMetadata.1786521568400843-13835-0/minicluster-data/master-0-root
1 data directories: /tmp/dist-test-taskTfGnoN/test-tmp/txn_participant-itest.0.TxnParticipantITest.TestTxnSystemClientGetMetadata.1786521568400843-13835-0/minicluster-data/master-0-root/data
Total live blocks: 0
Total live bytes: 0
Total live bytes (after alignment): 0
Total number of LBM containers: 0 (0 full)
Did not check for missing blocks
Did not check for orphaned blocks
Total full LBM containers with extra space: 0 (0 repaired)
Total full LBM container extra space in bytes: 0 (0 repaired)
Total incomplete LBM containers: 0 (0 repaired)
Total LBM partial records: 0 (0 repaired)
Total corrupted LBM metadata records in RocksDB: 0 (0 repaired)
I20260812 08:01:46.009747 13835 rpc_server.cc:225] running with OpenSSL 1.1.1  11 Sep 2018
I20260812 08:01:46.010129 13835 kserver.cc:163] Server-wide thread pool size limit: 3276
I20260812 08:01:46.014585 13835 rpc_server.cc:307] RPC server started. Bound to: 127.13.130.254:34023
I20260812 08:01:46.023032 19372 acceptor_pool.cc:272] collecting diagnostics on the listening RPC socket 127.13.130.254:34023 every 8 connection(s)
I20260812 08:01:46.023509 19373 data_dirs.cc:400] Could only allocate 1 dirs of requested 3 for tablet 00000000000000000000000000000000. 1 dirs total, 0 dirs full, 0 dirs failed
I20260812 08:01:46.025346 19373 tablet_bootstrap.cc:492] T 00000000000000000000000000000000 P 03e46f56a7dd4a99936a4838f18be29a: Bootstrap starting.
I20260812 08:01:46.026222 19373 tablet_bootstrap.cc:654] T 00000000000000000000000000000000 P 03e46f56a7dd4a99936a4838f18be29a: Neither blocks nor log segments found. Creating new log.
I20260812 08:01:46.027254 19373 tablet_bootstrap.cc:492] T 00000000000000000000000000000000 P 03e46f56a7dd4a99936a4838f18be29a: No bootstrap required, opened a new log
I20260812 08:01:46.027657 19373 raft_consensus.cc:359] T 00000000000000000000000000000000 P 03e46f56a7dd4a99936a4838f18be29a [term 0 FOLLOWER]: Replica starting. Triggering 0 pending ops. Active config: opid_index: -1 OBSOLETE_local: true peers { permanent_uuid: "03e46f56a7dd4a99936a4838f18be29a" member_type: VOTER }
I20260812 08:01:46.027767 19373 raft_consensus.cc:385] T 00000000000000000000000000000000 P 03e46f56a7dd4a99936a4838f18be29a [term 0 FOLLOWER]: Consensus starting up: Expiring failure detector timer to make a prompt election more likely
I20260812 08:01:46.027817 19373 raft_consensus.cc:740] T 00000000000000000000000000000000 P 03e46f56a7dd4a99936a4838f18be29a [term 0 FOLLOWER]: Becoming Follower/Learner. State: Replica: 03e46f56a7dd4a99936a4838f18be29a, State: Initialized, Role: FOLLOWER
