I20260812 08:02:20.064860 32557 leader_election.cc:290] T d2ab3a1bb47f4e858bf0dd2e40b44105 P 0840e7f68ebf4baf96e981c07741e690 [CANDIDATE]: Term 3 pre-election: Requested pre-vote from peers 9b586cd430394c76bf1bbd393b13fe47 (127.31.78.194:44249), fd5ada6f42b3492ea417c2e9c9d04e05 (127.31.78.195:41709)
I20260812 08:02:20.065161 32303 tablet_service.cc:1917] Received RequestConsensusVote() RPC: tablet_id: "d2ab3a1bb47f4e858bf0dd2e40b44105" candidate_uuid: "0840e7f68ebf4baf96e981c07741e690" candidate_term: 3 candidate_status { last_received { term: 2 index: 2 } } ignore_live_leader: false dest_uuid: "9b586cd430394c76bf1bbd393b13fe47" is_pre_election: true
I20260812 08:02:20.065187 32401 tablet_service.cc:1917] Received RequestConsensusVote() RPC: tablet_id: "d2ab3a1bb47f4e858bf0dd2e40b44105" candidate_uuid: "0840e7f68ebf4baf96e981c07741e690" candidate_term: 3 candidate_status { last_received { term: 2 index: 2 } } ignore_live_leader: false dest_uuid: "fd5ada6f42b3492ea417c2e9c9d04e05" is_pre_election: true
I20260812 08:02:20.065680 32169 leader_election.cc:304] T d2ab3a1bb47f4e858bf0dd2e40b44105 P 0840e7f68ebf4baf96e981c07741e690 [CANDIDATE]: Term 3 pre-election: Election decided. Result: candidate lost. Election summary: received 3 responses out of 3 voters: 1 yes votes; 2 no votes. yes voters: 0840e7f68ebf4baf96e981c07741e690; no voters: 9b586cd430394c76bf1bbd393b13fe47, fd5ada6f42b3492ea417c2e9c9d04e05
I20260812 08:02:20.065948 32557 raft_consensus.cc:2749] T d2ab3a1bb47f4e858bf0dd2e40b44105 P 0840e7f68ebf4baf96e981c07741e690 [term 2 FOLLOWER]: Leader pre-election lost for term 3. Reason: could not achieve majority
I20260812 08:02:20.065960 32473 raft_consensus.cc:493] T 1a3bec632ec9405ea768e209cfe986cf P fd5ada6f42b3492ea417c2e9c9d04e05 [term 1 FOLLOWER]: Starting pre-election (detected failure of leader 9b586cd430394c76bf1bbd393b13fe47)
I20260812 08:02:20.066063 32473 raft_consensus.cc:515] T 1a3bec632ec9405ea768e209cfe986cf P fd5ada6f42b3492ea417c2e9c9d04e05 [term 1 FOLLOWER]: Starting pre-election with config: opid_index: -1 OBSOLETE_local: false peers { permanent_uuid: "0840e7f68ebf4baf96e981c07741e690" member_type: VOTER last_known_addr { host: "127.31.78.193" port: 46753 } } peers { permanent_uuid: "9b586cd430394c76bf1bbd393b13fe47" member_type: VOTER last_known_addr { host: "127.31.78.194" port: 44249 } } peers { permanent_uuid: "fd5ada6f42b3492ea417c2e9c9d04e05" member_type: VOTER last_known_addr { host: "127.31.78.195" port: 41709 } }
I20260812 08:02:20.066371 32473 leader_election.cc:290] T 1a3bec632ec9405ea768e209cfe986cf P fd5ada6f42b3492ea417c2e9c9d04e05 [CANDIDATE]: Term 2 pre-election: Requested pre-vote from peers 0840e7f68ebf4baf96e981c07741e690 (127.31.78.193:46753), 9b586cd430394c76bf1bbd393b13fe47 (127.31.78.194:44249)
I20260812 08:02:20.066679 32213 tablet_service.cc:1917] Received RequestConsensusVote() RPC: tablet_id: "1a3bec632ec9405ea768e209cfe986cf" candidate_uuid: "fd5ada6f42b3492ea417c2e9c9d04e05" candidate_term: 2 candidate_status { last_received { term: 1 index: 1 } } ignore_live_leader: false dest_uuid: "0840e7f68ebf4baf96e981c07741e690" is_pre_election: true
I20260812 08:02:20.066677 32303 tablet_service.cc:1917] Received RequestConsensusVote() RPC: tablet_id: "1a3bec632ec9405ea768e209cfe986cf" candidate_uuid: "fd5ada6f42b3492ea417c2e9c9d04e05" candidate_term: 2 candidate_status { last_received { term: 1 index: 1 } } ignore_live_leader: false dest_uuid: "9b586cd430394c76bf1bbd393b13fe47" is_pre_election: true
I20260812 08:02:20.067065 32358 leader_election.cc:304] T 1a3bec632ec9405ea768e209cfe986cf P fd5ada6f42b3492ea417c2e9c9d04e05 [CANDIDATE]: Term 2 pre-election: Election decided. Result: candidate lost. Election summary: received 3 responses out of 3 voters: 1 yes votes; 2 no votes. yes voters: fd5ada6f42b3492ea417c2e9c9d04e05; no voters: 0840e7f68ebf4baf96e981c07741e690, 9b586cd430394c76bf1bbd393b13fe47
I20260812 08:02:20.067222 32473 raft_consensus.cc:2749] T 1a3bec632ec9405ea768e209cfe986cf P fd5ada6f42b3492ea417c2e9c9d04e05 [term 1 FOLLOWER]: Leader pre-election lost for term 2. Reason: could not achieve majority
I20260812 08:02:20.070272 32473 raft_consensus.cc:493] T f75aae6618584b3086a6d72a530fce44 P fd5ada6f42b3492ea417c2e9c9d04e05 [term 1 FOLLOWER]: Starting pre-election (detected failure of leader 9b586cd430394c76bf1bbd393b13fe47)
I20260812 08:02:20.070372 32473 raft_consensus.cc:515] T f75aae6618584b3086a6d72a530fce44 P fd5ada6f42b3492ea417c2e9c9d04e05 [term 1 FOLLOWER]: Starting pre-election with config: opid_index: -1 OBSOLETE_local: false peers { permanent_uuid: "0840e7f68ebf4baf96e981c07741e690" member_type: VOTER last_known_addr { host: "127.31.78.193" port: 46753 } } peers { permanent_uuid: "9b586cd430394c76bf1bbd393b13fe47" member_type: VOTER last_known_addr { host: "127.31.78.194" port: 44249 } } peers { permanent_uuid: "fd5ada6f42b3492ea417c2e9c9d04e05" member_type: VOTER last_known_addr { host: "127.31.78.195" port: 41709 } }
I20260812 08:02:20.071434 32473 leader_election.cc:290] T f75aae6618584b3086a6d72a530fce44 P fd5ada6f42b3492ea417c2e9c9d04e05 [CANDIDATE]: Term 2 pre-election: Requested pre-vote from peers 0840e7f68ebf4baf96e981c07741e690 (127.31.78.193:46753), 9b586cd430394c76bf1bbd393b13fe47 (127.31.78.194:44249)
I20260812 08:02:20.071830 32303 tablet_service.cc:1917] Received RequestConsensusVote() RPC: tablet_id: "f75aae6618584b3086a6d72a530fce44" candidate_uuid: "fd5ada6f42b3492ea417c2e9c9d04e05" candidate_term: 2 candidate_status { last_received { term: 1 index: 1 } } ignore_live_leader: false dest_uuid: "9b586cd430394c76bf1bbd393b13fe47" is_pre_election: true
I20260812 08:02:20.072106 32214 tablet_service.cc:1917] Received RequestConsensusVote() RPC: tablet_id: "f75aae6618584b3086a6d72a530fce44" candidate_uuid: "fd5ada6f42b3492ea417c2e9c9d04e05" candidate_term: 2 candidate_status { last_received { term: 1 index: 1 } } ignore_live_leader: false dest_uuid: "0840e7f68ebf4baf96e981c07741e690" is_pre_election: true
I20260812 08:02:20.072458 32360 leader_election.cc:304] T f75aae6618584b3086a6d72a530fce44 P fd5ada6f42b3492ea417c2e9c9d04e05 [CANDIDATE]: Term 2 pre-election: Election decided. Result: candidate lost. Election summary: received 3 responses out of 3 voters: 1 yes votes; 2 no votes. yes voters: fd5ada6f42b3492ea417c2e9c9d04e05; no voters: 0840e7f68ebf4baf96e981c07741e690, 9b586cd430394c76bf1bbd393b13fe47
I20260812 08:02:20.072618 32473 raft_consensus.cc:2749] T f75aae6618584b3086a6d72a530fce44 P fd5ada6f42b3492ea417c2e9c9d04e05 [term 1 FOLLOWER]: Leader pre-election lost for term 2. Reason: could not achieve majority
I20260812 08:02:20.081718 32557 raft_consensus.cc:493] T 0ca3a250e7654b9caedc3d7467415460 P 0840e7f68ebf4baf96e981c07741e690 [term 1 FOLLOWER]: Starting pre-election (detected failure of leader 9b586cd430394c76bf1bbd393b13fe47)
I20260812 08:02:20.081877 32557 raft_consensus.cc:515] T 0ca3a250e7654b9caedc3d7467415460 P 0840e7f68ebf4baf96e981c07741e690 [term 1 FOLLOWER]: Starting pre-election with config: opid_index: -1 OBSOLETE_local: false peers { permanent_uuid: "0840e7f68ebf4baf96e981c07741e690" member_type: VOTER last_known_addr { host: "127.31.78.193" port: 46753 } } peers { permanent_uuid: "9b586cd430394c76bf1bbd393b13fe47" member_type: VOTER last_known_addr { host: "127.31.78.194" port: 44249 } } peers { permanent_uuid: "fd5ada6f42b3492ea417c2e9c9d04e05" member_type: VOTER last_known_addr { host: "127.31.78.195" port: 41709 } }
I20260812 08:02:20.082304 32557 leader_election.cc:290] T 0ca3a250e7654b9caedc3d7467415460 P 0840e7f68ebf4baf96e981c07741e690 [CANDIDATE]: Term 2 pre-election: Requested pre-vote from peers 9b586cd430394c76bf1bbd393b13fe47 (127.31.78.194:44249), fd5ada6f42b3492ea417c2e9c9d04e05 (127.31.78.195:41709)
I20260812 08:02:20.082582 32303 tablet_service.cc:1917] Received RequestConsensusVote() RPC: tablet_id: "0ca3a250e7654b9caedc3d7467415460" candidate_uuid: "0840e7f68ebf4baf96e981c07741e690" candidate_term: 2 candidate_status { last_received { term: 1 index: 1 } } ignore_live_leader: false dest_uuid: "9b586cd430394c76bf1bbd393b13fe47" is_pre_election: true
I20260812 08:02:20.082602 32401 tablet_service.cc:1917] Received RequestConsensusVote() RPC: tablet_id: "0ca3a250e7654b9caedc3d7467415460" candidate_uuid: "0840e7f68ebf4baf96e981c07741e690" candidate_term: 2 candidate_status { last_received { term: 1 index: 1 } } ignore_live_leader: false dest_uuid: "fd5ada6f42b3492ea417c2e9c9d04e05" is_pre_election: true
I20260812 08:02:20.082949 32169 leader_election.cc:304] T 0ca3a250e7654b9caedc3d7467415460 P 0840e7f68ebf4baf96e981c07741e690 [CANDIDATE]: Term 2 pre-election: Election decided. Result: candidate lost. Election summary: received 3 responses out of 3 voters: 1 yes votes; 2 no votes. yes voters: 0840e7f68ebf4baf96e981c07741e690; no voters: 9b586cd430394c76bf1bbd393b13fe47, fd5ada6f42b3492ea417c2e9c9d04e05
I20260812 08:02:20.083154 32557 raft_consensus.cc:2749] T 0ca3a250e7654b9caedc3d7467415460 P 0840e7f68ebf4baf96e981c07741e690 [term 1 FOLLOWER]: Leader pre-election lost for term 2. Reason: could not achieve majority
I20260812 08:02:20.088570 32557 raft_consensus.cc:493] T ec2bafd59e924ba9affe6404fb3ac392 P 0840e7f68ebf4baf96e981c07741e690 [term 1 FOLLOWER]: Starting pre-election (detected failure of leader 9b586cd430394c76bf1bbd393b13fe47)
I20260812 08:02:20.088693 32557 raft_consensus.cc:515] T ec2bafd59e924ba9affe6404fb3ac392 P 0840e7f68ebf4baf96e981c07741e690 [term 1 FOLLOWER]: Starting pre-election with config: opid_index: -1 OBSOLETE_local: false peers { permanent_uuid: "0840e7f68ebf4baf96e981c07741e690" member_type: VOTER last_known_addr { host: "127.31.78.193" port: 46753 } } peers { permanent_uuid: "9b586cd430394c76bf1bbd393b13fe47" member_type: VOTER last_known_addr { host: "127.31.78.194" port: 44249 } } peers { permanent_uuid: "fd5ada6f42b3492ea417c2e9c9d04e05" member_type: VOTER last_known_addr { host: "127.31.78.195" port: 41709 } }
I20260812 08:02:20.089107 32557 leader_election.cc:290] T ec2bafd59e924ba9affe6404fb3ac392 P 0840e7f68ebf4baf96e981c07741e690 [CANDIDATE]: Term 2 pre-election: Requested pre-vote from peers 9b586cd430394c76bf1bbd393b13fe47 (127.31.78.194:44249), fd5ada6f42b3492ea417c2e9c9d04e05 (127.31.78.195:41709)
I20260812 08:02:20.089390 32303 tablet_service.cc:1917] Received RequestConsensusVote() RPC: tablet_id: "ec2bafd59e924ba9affe6404fb3ac392" candidate_uuid: "0840e7f68ebf4baf96e981c07741e690" candidate_term: 2 candidate_status { last_received { term: 1 index: 1 } } ignore_live_leader: false dest_uuid: "9b586cd430394c76bf1bbd393b13fe47" is_pre_election: true
I20260812 08:02:20.089390 32401 tablet_service.cc:1917] Received RequestConsensusVote() RPC: tablet_id: "ec2bafd59e924ba9affe6404fb3ac392" candidate_uuid: "0840e7f68ebf4baf96e981c07741e690" candidate_term: 2 candidate_status { last_received { term: 1 index: 1 } } ignore_live_leader: false dest_uuid: "fd5ada6f42b3492ea417c2e9c9d04e05" is_pre_election: true
I20260812 08:02:20.089902 32169 leader_election.cc:304] T ec2bafd59e924ba9affe6404fb3ac392 P 0840e7f68ebf4baf96e981c07741e690 [CANDIDATE]: Term 2 pre-election: Election decided. Result: candidate lost. Election summary: received 3 responses out of 3 voters: 1 yes votes; 2 no votes. yes voters: 0840e7f68ebf4baf96e981c07741e690; no voters: 9b586cd430394c76bf1bbd393b13fe47, fd5ada6f42b3492ea417c2e9c9d04e05
I20260812 08:02:20.090092 32557 raft_consensus.cc:2749] T ec2bafd59e924ba9affe6404fb3ac392 P 0840e7f68ebf4baf96e981c07741e690 [term 1 FOLLOWER]: Leader pre-election lost for term 2. Reason: could not achieve majority
I20260812 08:02:20.104538 32473 raft_consensus.cc:493] T d2ab3a1bb47f4e858bf0dd2e40b44105 P fd5ada6f42b3492ea417c2e9c9d04e05 [term 2 FOLLOWER]: Starting pre-election (detected failure of leader 9b586cd430394c76bf1bbd393b13fe47)
I20260812 08:02:20.104645 32473 raft_consensus.cc:515] T d2ab3a1bb47f4e858bf0dd2e40b44105 P fd5ada6f42b3492ea417c2e9c9d04e05 [term 2 FOLLOWER]: Starting pre-election with config: opid_index: -1 OBSOLETE_local: false peers { permanent_uuid: "0840e7f68ebf4baf96e981c07741e690" member_type: VOTER last_known_addr { host: "127.31.78.193" port: 46753 } } peers { permanent_uuid: "9b586cd430394c76bf1bbd393b13fe47" member_type: VOTER last_known_addr { host: "127.31.78.194" port: 44249 } } peers { permanent_uuid: "fd5ada6f42b3492ea417c2e9c9d04e05" member_type: VOTER last_known_addr { host: "127.31.78.195" port: 41709 } }
I20260812 08:02:20.105005 32473 leader_election.cc:290] T d2ab3a1bb47f4e858bf0dd2e40b44105 P fd5ada6f42b3492ea417c2e9c9d04e05 [CANDIDATE]: Term 3 pre-election: Requested pre-vote from peers 0840e7f68ebf4baf96e981c07741e690 (127.31.78.193:46753), 9b586cd430394c76bf1bbd393b13fe47 (127.31.78.194:44249)
I20260812 08:02:20.105322 32303 tablet_service.cc:1917] Received RequestConsensusVote() RPC: tablet_id: "d2ab3a1bb47f4e858bf0dd2e40b44105" candidate_uuid: "fd5ada6f42b3492ea417c2e9c9d04e05" candidate_term: 3 candidate_status { last_received { term: 2 index: 2 } } ignore_live_leader: false dest_uuid: "9b586cd430394c76bf1bbd393b13fe47" is_pre_election: true
I20260812 08:02:20.105319 32214 tablet_service.cc:1917] Received RequestConsensusVote() RPC: tablet_id: "d2ab3a1bb47f4e858bf0dd2e40b44105" candidate_uuid: "fd5ada6f42b3492ea417c2e9c9d04e05" candidate_term: 3 candidate_status { last_received { term: 2 index: 2 } } ignore_live_leader: false dest_uuid: "0840e7f68ebf4baf96e981c07741e690" is_pre_election: true
I20260812 08:02:20.105700 32557 raft_consensus.cc:493] T f75aae6618584b3086a6d72a530fce44 P 0840e7f68ebf4baf96e981c07741e690 [term 1 FOLLOWER]: Starting pre-election (detected failure of leader 9b586cd430394c76bf1bbd393b13fe47)
I20260812 08:02:20.105744 32360 leader_election.cc:304] T d2ab3a1bb47f4e858bf0dd2e40b44105 P fd5ada6f42b3492ea417c2e9c9d04e05 [CANDIDATE]: Term 3 pre-election: Election decided. Result: candidate lost. Election summary: received 3 responses out of 3 voters: 1 yes votes; 2 no votes. yes voters: fd5ada6f42b3492ea417c2e9c9d04e05; no voters: 0840e7f68ebf4baf96e981c07741e690, 9b586cd430394c76bf1bbd393b13fe47
I20260812 08:02:20.105810 32557 raft_consensus.cc:515] T f75aae6618584b3086a6d72a530fce44 P 0840e7f68ebf4baf96e981c07741e690 [term 1 FOLLOWER]: Starting pre-election with config: opid_index: -1 OBSOLETE_local: false peers { permanent_uuid: "0840e7f68ebf4baf96e981c07741e690" member_type: VOTER last_known_addr { host: "127.31.78.193" port: 46753 } } peers { permanent_uuid: "9b586cd430394c76bf1bbd393b13fe47" member_type: VOTER last_known_addr { host: "127.31.78.194" port: 44249 } } peers { permanent_uuid: "fd5ada6f42b3492ea417c2e9c9d04e05" member_type: VOTER last_known_addr { host: "127.31.78.195" port: 41709 } }
I20260812 08:02:20.105926 32473 raft_consensus.cc:2749] T d2ab3a1bb47f4e858bf0dd2e40b44105 P fd5ada6f42b3492ea417c2e9c9d04e05 [term 2 FOLLOWER]: Leader pre-election lost for term 3. Reason: could not achieve majority
I20260812 08:02:20.106360 32557 leader_election.cc:290] T f75aae6618584b3086a6d72a530fce44 P 0840e7f68ebf4baf96e981c07741e690 [CANDIDATE]: Term 2 pre-election: Requested pre-vote from peers 9b586cd430394c76bf1bbd393b13fe47 (127.31.78.194:44249), fd5ada6f42b3492ea417c2e9c9d04e05 (127.31.78.195:41709)
I20260812 08:02:20.106459 32303 tablet_service.cc:1917] Received RequestConsensusVote() RPC: tablet_id: "f75aae6618584b3086a6d72a530fce44" candidate_uuid: "0840e7f68ebf4baf96e981c07741e690" candidate_term: 2 candidate_status { last_received { term: 1 index: 1 } } ignore_live_leader: false dest_uuid: "9b586cd430394c76bf1bbd393b13fe47" is_pre_election: true
I20260812 08:02:20.106482 32401 tablet_service.cc:1917] Received RequestConsensusVote() RPC: tablet_id: "f75aae6618584b3086a6d72a530fce44" candidate_uuid: "0840e7f68ebf4baf96e981c07741e690" candidate_term: 2 candidate_status { last_received { term: 1 index: 1 } } ignore_live_leader: false dest_uuid: "fd5ada6f42b3492ea417c2e9c9d04e05" is_pre_election: true
I20260812 08:02:20.107049 32171 leader_election.cc:304] T f75aae6618584b3086a6d72a530fce44 P 0840e7f68ebf4baf96e981c07741e690 [CANDIDATE]: Term 2 pre-election: Election decided. Result: candidate lost. Election summary: received 3 responses out of 3 voters: 1 yes votes; 2 no votes. yes voters: 0840e7f68ebf4baf96e981c07741e690; no voters: 9b586cd430394c76bf1bbd393b13fe47, fd5ada6f42b3492ea417c2e9c9d04e05
I20260812 08:02:20.107252 32557 raft_consensus.cc:2749] T f75aae6618584b3086a6d72a530fce44 P 0840e7f68ebf4baf96e981c07741e690 [term 1 FOLLOWER]: Leader pre-election lost for term 2. Reason: could not achieve majority
I20260812 08:02:20.126893 32557 raft_consensus.cc:493] T 1a3bec632ec9405ea768e209cfe986cf P 0840e7f68ebf4baf96e981c07741e690 [term 1 FOLLOWER]: Starting pre-election (detected failure of leader 9b586cd430394c76bf1bbd393b13fe47)
I20260812 08:02:20.126999 32557 raft_consensus.cc:515] T 1a3bec632ec9405ea768e209cfe986cf P 0840e7f68ebf4baf96e981c07741e690 [term 1 FOLLOWER]: Starting pre-election with config: opid_index: -1 OBSOLETE_local: false peers { permanent_uuid: "0840e7f68ebf4baf96e981c07741e690" member_type: VOTER last_known_addr { host: "127.31.78.193" port: 46753 } } peers { permanent_uuid: "9b586cd430394c76bf1bbd393b13fe47" member_type: VOTER last_known_addr { host: "127.31.78.194" port: 44249 } } peers { permanent_uuid: "fd5ada6f42b3492ea417c2e9c9d04e05" member_type: VOTER last_known_addr { host: "127.31.78.195" port: 41709 } }
I20260812 08:02:20.127483 32557 leader_election.cc:290] T 1a3bec632ec9405ea768e209cfe986cf P 0840e7f68ebf4baf96e981c07741e690 [CANDIDATE]: Term 2 pre-election: Requested pre-vote from peers 9b586cd430394c76bf1bbd393b13fe47 (127.31.78.194:44249), fd5ada6f42b3492ea417c2e9c9d04e05 (127.31.78.195:41709)
I20260812 08:02:20.127789 32303 tablet_service.cc:1917] Received RequestConsensusVote() RPC: tablet_id: "1a3bec632ec9405ea768e209cfe986cf" candidate_uuid: "0840e7f68ebf4baf96e981c07741e690" candidate_term: 2 candidate_status { last_received { term: 1 index: 1 } } ignore_live_leader: false dest_uuid: "9b586cd430394c76bf1bbd393b13fe47" is_pre_election: true
I20260812 08:02:20.127882 32401 tablet_service.cc:1917] Received RequestConsensusVote() RPC: tablet_id: "1a3bec632ec9405ea768e209cfe986cf" candidate_uuid: "0840e7f68ebf4baf96e981c07741e690" candidate_term: 2 candidate_status { last_received { term: 1 index: 1 } } ignore_live_leader: false dest_uuid: "fd5ada6f42b3492ea417c2e9c9d04e05" is_pre_election: true
I20260812 08:02:20.128345 32171 leader_election.cc:304] T 1a3bec632ec9405ea768e209cfe986cf P 0840e7f68ebf4baf96e981c07741e690 [CANDIDATE]: Term 2 pre-election: Election decided. Result: candidate lost. Election summary: received 3 responses out of 3 voters: 1 yes votes; 2 no votes. yes voters: 0840e7f68ebf4baf96e981c07741e690; no voters: 9b586cd430394c76bf1bbd393b13fe47, fd5ada6f42b3492ea417c2e9c9d04e05
I20260812 08:02:20.128506 32557 raft_consensus.cc:2749] T 1a3bec632ec9405ea768e209cfe986cf P 0840e7f68ebf4baf96e981c07741e690 [term 1 FOLLOWER]: Leader pre-election lost for term 2. Reason: could not achieve majority
I20260812 08:02:20.137411 32473 raft_consensus.cc:493] T eb88eb52b8a34e72aadeb73b8a22cbfe P fd5ada6f42b3492ea417c2e9c9d04e05 [term 1 FOLLOWER]: Starting pre-election (detected failure of leader 9b586cd430394c76bf1bbd393b13fe47)
I20260812 08:02:20.137534 32473 raft_consensus.cc:515] T eb88eb52b8a34e72aadeb73b8a22cbfe P fd5ada6f42b3492ea417c2e9c9d04e05 [term 1 FOLLOWER]: Starting pre-election with config: opid_index: -1 OBSOLETE_local: false peers { permanent_uuid: "9b586cd430394c76bf1bbd393b13fe47" member_type: VOTER last_known_addr { host: "127.31.78.194" port: 44249 } } peers { permanent_uuid: "0840e7f68ebf4baf96e981c07741e690" member_type: VOTER last_known_addr { host: "127.31.78.193" port: 46753 } } peers { permanent_uuid: "fd5ada6f42b3492ea417c2e9c9d04e05" member_type: VOTER last_known_addr { host: "127.31.78.195" port: 41709 } }
I20260812 08:02:20.137960 32473 leader_election.cc:290] T eb88eb52b8a34e72aadeb73b8a22cbfe P fd5ada6f42b3492ea417c2e9c9d04e05 [CANDIDATE]: Term 2 pre-election: Requested pre-vote from peers 9b586cd430394c76bf1bbd393b13fe47 (127.31.78.194:44249), 0840e7f68ebf4baf96e981c07741e690 (127.31.78.193:46753)
I20260812 08:02:20.138211 32303 tablet_service.cc:1917] Received RequestConsensusVote() RPC: tablet_id: "eb88eb52b8a34e72aadeb73b8a22cbfe" candidate_uuid: "fd5ada6f42b3492ea417c2e9c9d04e05" candidate_term: 2 candidate_status { last_received { term: 1 index: 1 } } ignore_live_leader: false dest_uuid: "9b586cd430394c76bf1bbd393b13fe47" is_pre_election: true
I20260812 08:02:20.138314 32214 tablet_service.cc:1917] Received RequestConsensusVote() RPC: tablet_id: "eb88eb52b8a34e72aadeb73b8a22cbfe" candidate_uuid: "fd5ada6f42b3492ea417c2e9c9d04e05" candidate_term: 2 candidate_status { last_received { term: 1 index: 1 } } ignore_live_leader: false dest_uuid: "0840e7f68ebf4baf96e981c07741e690" is_pre_election: true
I20260812 08:02:20.138672 32360 leader_election.cc:304] T eb88eb52b8a34e72aadeb73b8a22cbfe P fd5ada6f42b3492ea417c2e9c9d04e05 [CANDIDATE]: Term 2 pre-election: Election decided. Result: candidate lost. Election summary: received 3 responses out of 3 voters: 1 yes votes; 2 no votes. yes voters: fd5ada6f42b3492ea417c2e9c9d04e05; no voters: 0840e7f68ebf4baf96e981c07741e690, 9b586cd430394c76bf1bbd393b13fe47
I20260812 08:02:20.138835 32473 raft_consensus.cc:2749] T eb88eb52b8a34e72aadeb73b8a22cbfe P fd5ada6f42b3492ea417c2e9c9d04e05 [term 1 FOLLOWER]: Leader pre-election lost for term 2. Reason: could not achieve majority
I20260812 08:02:20.165360 32554 raft_consensus.cc:493] T 8fe0e63250434023ab98110d242ee3cb P 9b586cd430394c76bf1bbd393b13fe47 [term 3 FOLLOWER]: Starting pre-election (detected failure of leader fd5ada6f42b3492ea417c2e9c9d04e05)
I20260812 08:02:20.165506 32554 raft_consensus.cc:515] T 8fe0e63250434023ab98110d242ee3cb P 9b586cd430394c76bf1bbd393b13fe47 [term 3 FOLLOWER]: Starting pre-election with config: opid_index: -1 OBSOLETE_local: false peers { permanent_uuid: "0840e7f68ebf4baf96e981c07741e690" member_type: VOTER last_known_addr { host: "127.31.78.193" port: 46753 } } peers { permanent_uuid: "9b586cd430394c76bf1bbd393b13fe47" member_type: VOTER last_known_addr { host: "127.31.78.194" port: 44249 } } peers { permanent_uuid: "fd5ada6f42b3492ea417c2e9c9d04e05" member_type: VOTER last_known_addr { host: "127.31.78.195" port: 41709 } }
I20260812 08:02:20.166019 32554 leader_election.cc:290] T 8fe0e63250434023ab98110d242ee3cb P 9b586cd430394c76bf1bbd393b13fe47 [CANDIDATE]: Term 4 pre-election: Requested pre-vote from peers 0840e7f68ebf4baf96e981c07741e690 (127.31.78.193:46753), fd5ada6f42b3492ea417c2e9c9d04e05 (127.31.78.195:41709)
I20260812 08:02:20.166378 32401 tablet_service.cc:1917] Received RequestConsensusVote() RPC: tablet_id: "8fe0e63250434023ab98110d242ee3cb" candidate_uuid: "9b586cd430394c76bf1bbd393b13fe47" candidate_term: 4 candidate_status { last_received { term: 3 index: 2 } } ignore_live_leader: false dest_uuid: "fd5ada6f42b3492ea417c2e9c9d04e05" is_pre_election: true
I20260812 08:02:20.166378 32214 tablet_service.cc:1917] Received RequestConsensusVote() RPC: tablet_id: "8fe0e63250434023ab98110d242ee3cb" candidate_uuid: "9b586cd430394c76bf1bbd393b13fe47" candidate_term: 4 candidate_status { last_received { term: 3 index: 2 } } ignore_live_leader: false dest_uuid: "0840e7f68ebf4baf96e981c07741e690" is_pre_election: true
I20260812 08:02:20.166872 32262 leader_election.cc:304] T 8fe0e63250434023ab98110d242ee3cb P 9b586cd430394c76bf1bbd393b13fe47 [CANDIDATE]: Term 4 pre-election: Election decided. Result: candidate lost. Election summary: received 3 responses out of 3 voters: 1 yes votes; 2 no votes. yes voters: 9b586cd430394c76bf1bbd393b13fe47; no voters: 0840e7f68ebf4baf96e981c07741e690, fd5ada6f42b3492ea417c2e9c9d04e05
I20260812 08:02:20.167035 32554 raft_consensus.cc:2749] T 8fe0e63250434023ab98110d242ee3cb P 9b586cd430394c76bf1bbd393b13fe47 [term 3 FOLLOWER]: Leader pre-election lost for term 4. Reason: could not achieve majority
I20260812 08:02:20.171572 32473 raft_consensus.cc:493] T ec2bafd59e924ba9affe6404fb3ac392 P fd5ada6f42b3492ea417c2e9c9d04e05 [term 1 FOLLOWER]: Starting pre-election (detected failure of leader 9b586cd430394c76bf1bbd393b13fe47)
I20260812 08:02:20.171710 32473 raft_consensus.cc:515] T ec2bafd59e924ba9affe6404fb3ac392 P fd5ada6f42b3492ea417c2e9c9d04e05 [term 1 FOLLOWER]: Starting pre-election with config: opid_index: -1 OBSOLETE_local: false peers { permanent_uuid: "0840e7f68ebf4baf96e981c07741e690" member_type: VOTER last_known_addr { host: "127.31.78.193" port: 46753 } } peers { permanent_uuid: "9b586cd430394c76bf1bbd393b13fe47" member_type: VOTER last_known_addr { host: "127.31.78.194" port: 44249 } } peers { permanent_uuid: "fd5ada6f42b3492ea417c2e9c9d04e05" member_type: VOTER last_known_addr { host: "127.31.78.195" port: 41709 } }
I20260812 08:02:20.172127 32473 leader_election.cc:290] T ec2bafd59e924ba9affe6404fb3ac392 P fd5ada6f42b3492ea417c2e9c9d04e05 [CANDIDATE]: Term 2 pre-election: Requested pre-vote from peers 0840e7f68ebf4baf96e981c07741e690 (127.31.78.193:46753), 9b586cd430394c76bf1bbd393b13fe47 (127.31.78.194:44249)
I20260812 08:02:20.172456 32303 tablet_service.cc:1917] Received RequestConsensusVote() RPC: tablet_id: "ec2bafd59e924ba9affe6404fb3ac392" candidate_uuid: "fd5ada6f42b3492ea417c2e9c9d04e05" candidate_term: 2 candidate_status { last_received { term: 1 index: 1 } } ignore_live_leader: false dest_uuid: "9b586cd430394c76bf1bbd393b13fe47" is_pre_election: true
I20260812 08:02:20.172477 32213 tablet_service.cc:1917] Received RequestConsensusVote() RPC: tablet_id: "ec2bafd59e924ba9affe6404fb3ac392" candidate_uuid: "fd5ada6f42b3492ea417c2e9c9d04e05" candidate_term: 2 candidate_status { last_received { term: 1 index: 1 } } ignore_live_leader: false dest_uuid: "0840e7f68ebf4baf96e981c07741e690" is_pre_election: true
I20260812 08:02:20.172842 32358 leader_election.cc:304] T ec2bafd59e924ba9affe6404fb3ac392 P fd5ada6f42b3492ea417c2e9c9d04e05 [CANDIDATE]: Term 2 pre-election: Election decided. Result: candidate lost. Election summary: received 3 responses out of 3 voters: 1 yes votes; 2 no votes. yes voters: fd5ada6f42b3492ea417c2e9c9d04e05; no voters: 0840e7f68ebf4baf96e981c07741e690, 9b586cd430394c76bf1bbd393b13fe47
I20260812 08:02:20.173033 32473 raft_consensus.cc:2749] T ec2bafd59e924ba9affe6404fb3ac392 P fd5ada6f42b3492ea417c2e9c9d04e05 [term 1 FOLLOWER]: Leader pre-election lost for term 2. Reason: could not achieve majority
I20260812 08:02:20.189941 32557 raft_consensus.cc:493] T 8fe0e63250434023ab98110d242ee3cb P 0840e7f68ebf4baf96e981c07741e690 [term 3 FOLLOWER]: Starting pre-election (detected failure of leader fd5ada6f42b3492ea417c2e9c9d04e05)
I20260812 08:02:20.190059 32557 raft_consensus.cc:515] T 8fe0e63250434023ab98110d242ee3cb P 0840e7f68ebf4baf96e981c07741e690 [term 3 FOLLOWER]: Starting pre-election with config: opid_index: -1 OBSOLETE_local: false peers { permanent_uuid: "0840e7f68ebf4baf96e981c07741e690" member_type: VOTER last_known_addr { host: "127.31.78.193" port: 46753 } } peers { permanent_uuid: "9b586cd430394c76bf1bbd393b13fe47" member_type: VOTER last_known_addr { host: "127.31.78.194" port: 44249 } } peers { permanent_uuid: "fd5ada6f42b3492ea417c2e9c9d04e05" member_type: VOTER last_known_addr { host: "127.31.78.195" port: 41709 } }
I20260812 08:02:20.190455 32557 leader_election.cc:290] T 8fe0e63250434023ab98110d242ee3cb P 0840e7f68ebf4baf96e981c07741e690 [CANDIDATE]: Term 4 pre-election: Requested pre-vote from peers 9b586cd430394c76bf1bbd393b13fe47 (127.31.78.194:44249), fd5ada6f42b3492ea417c2e9c9d04e05 (127.31.78.195:41709)
I20260812 08:02:20.190780 32303 tablet_service.cc:1917] Received RequestConsensusVote() RPC: tablet_id: "8fe0e63250434023ab98110d242ee3cb" candidate_uuid: "0840e7f68ebf4baf96e981c07741e690" candidate_term: 4 candidate_status { last_received { term: 3 index: 2 } } ignore_live_leader: false dest_uuid: "9b586cd430394c76bf1bbd393b13fe47" is_pre_election: true
I20260812 08:02:20.190800 32401 tablet_service.cc:1917] Received RequestConsensusVote() RPC: tablet_id: "8fe0e63250434023ab98110d242ee3cb" candidate_uuid: "0840e7f68ebf4baf96e981c07741e690" candidate_term: 4 candidate_status { last_received { term: 3 index: 2 } } ignore_live_leader: false dest_uuid: "fd5ada6f42b3492ea417c2e9c9d04e05" is_pre_election: true
I20260812 08:02:20.191210 32171 leader_election.cc:304] T 8fe0e63250434023ab98110d242ee3cb P 0840e7f68ebf4baf96e981c07741e690 [CANDIDATE]: Term 4 pre-election: Election decided. Result: candidate lost. Election summary: received 3 responses out of 3 voters: 1 yes votes; 2 no votes. yes voters: 0840e7f68ebf4baf96e981c07741e690; no voters: 9b586cd430394c76bf1bbd393b13fe47, fd5ada6f42b3492ea417c2e9c9d04e05
I20260812 08:02:20.191437 32557 raft_consensus.cc:2749] T 8fe0e63250434023ab98110d242ee3cb P 0840e7f68ebf4baf96e981c07741e690 [term 3 FOLLOWER]: Leader pre-election lost for term 4. Reason: could not achieve majority
I20260812 08:02:20.197724 32557 raft_consensus.cc:493] T dbff1fd4838444419fc7637794441374 P 0840e7f68ebf4baf96e981c07741e690 [term 2 FOLLOWER]: Starting pre-election (detected failure of leader 9b586cd430394c76bf1bbd393b13fe47)
I20260812 08:02:20.197803 32557 raft_consensus.cc:515] T dbff1fd4838444419fc7637794441374 P 0840e7f68ebf4baf96e981c07741e690 [term 2 FOLLOWER]: Starting pre-election with config: opid_index: -1 OBSOLETE_local: false peers { permanent_uuid: "0840e7f68ebf4baf96e981c07741e690" member_type: VOTER last_known_addr { host: "127.31.78.193" port: 46753 } } peers { permanent_uuid: "9b586cd430394c76bf1bbd393b13fe47" member_type: VOTER last_known_addr { host: "127.31.78.194" port: 44249 } } peers { permanent_uuid: "fd5ada6f42b3492ea417c2e9c9d04e05" member_type: VOTER last_known_addr { host: "127.31.78.195" port: 41709 } }
I20260812 08:02:20.198251 32557 leader_election.cc:290] T dbff1fd4838444419fc7637794441374 P 0840e7f68ebf4baf96e981c07741e690 [CANDIDATE]: Term 3 pre-election: Requested pre-vote from peers 9b586cd430394c76bf1bbd393b13fe47 (127.31.78.194:44249), fd5ada6f42b3492ea417c2e9c9d04e05 (127.31.78.195:41709)
I20260812 08:02:20.198493 32303 tablet_service.cc:1917] Received RequestConsensusVote() RPC: tablet_id: "dbff1fd4838444419fc7637794441374" candidate_uuid: "0840e7f68ebf4baf96e981c07741e690" candidate_term: 3 candidate_status { last_received { term: 2 index: 2 } } ignore_live_leader: false dest_uuid: "9b586cd430394c76bf1bbd393b13fe47" is_pre_election: true
I20260812 08:02:20.198576 32401 tablet_service.cc:1917] Received RequestConsensusVote() RPC: tablet_id: "dbff1fd4838444419fc7637794441374" candidate_uuid: "0840e7f68ebf4baf96e981c07741e690" candidate_term: 3 candidate_status { last_received { term: 2 index: 2 } } ignore_live_leader: false dest_uuid: "fd5ada6f42b3492ea417c2e9c9d04e05" is_pre_election: true
I20260812 08:02:20.198998 32169 leader_election.cc:304] T dbff1fd4838444419fc7637794441374 P 0840e7f68ebf4baf96e981c07741e690 [CANDIDATE]: Term 3 pre-election: Election decided. Result: candidate lost. Election summary: received 3 responses out of 3 voters: 1 yes votes; 2 no votes. yes voters: 0840e7f68ebf4baf96e981c07741e690; no voters: 9b586cd430394c76bf1bbd393b13fe47, fd5ada6f42b3492ea417c2e9c9d04e05
I20260812 08:02:20.199218 32557 raft_consensus.cc:2749] T dbff1fd4838444419fc7637794441374 P 0840e7f68ebf4baf96e981c07741e690 [term 2 FOLLOWER]: Leader pre-election lost for term 3. Reason: could not achieve majority
I20260812 08:02:20.263065 32473 raft_consensus.cc:493] T 1a3bec632ec9405ea768e209cfe986cf P fd5ada6f42b3492ea417c2e9c9d04e05 [term 1 FOLLOWER]: Starting pre-election (detected failure of leader 9b586cd430394c76bf1bbd393b13fe47)
I20260812 08:02:20.263201 32473 raft_consensus.cc:515] T 1a3bec632ec9405ea768e209cfe986cf P fd5ada6f42b3492ea417c2e9c9d04e05 [term 1 FOLLOWER]: Starting pre-election with config: opid_index: -1 OBSOLETE_local: false peers { permanent_uuid: "0840e7f68ebf4baf96e981c07741e690" member_type: VOTER last_known_addr { host: "127.31.78.193" port: 46753 } } peers { permanent_uuid: "9b586cd430394c76bf1bbd393b13fe47" member_type: VOTER last_known_addr { host: "127.31.78.194" port: 44249 } } peers { permanent_uuid: "fd5ada6f42b3492ea417c2e9c9d04e05" member_type: VOTER last_known_addr { host: "127.31.78.195" port: 41709 } }
I20260812 08:02:20.263710 32473 leader_election.cc:290] T 1a3bec632ec9405ea768e209cfe986cf P fd5ada6f42b3492ea417c2e9c9d04e05 [CANDIDATE]: Term 2 pre-election: Requested pre-vote from peers 0840e7f68ebf4baf96e981c07741e690 (127.31.78.193:46753), 9b586cd430394c76bf1bbd393b13fe47 (127.31.78.194:44249)
I20260812 08:02:20.264039 32213 tablet_service.cc:1917] Received RequestConsensusVote() RPC: tablet_id: "1a3bec632ec9405ea768e209cfe986cf" candidate_uuid: "fd5ada6f42b3492ea417c2e9c9d04e05" candidate_term: 2 candidate_status { last_received { term: 1 index: 1 } } ignore_live_leader: false dest_uuid: "0840e7f68ebf4baf96e981c07741e690" is_pre_election: true
I20260812 08:02:20.264079 32303 tablet_service.cc:1917] Received RequestConsensusVote() RPC: tablet_id: "1a3bec632ec9405ea768e209cfe986cf" candidate_uuid: "fd5ada6f42b3492ea417c2e9c9d04e05" candidate_term: 2 candidate_status { last_received { term: 1 index: 1 } } ignore_live_leader: false dest_uuid: "9b586cd430394c76bf1bbd393b13fe47" is_pre_election: true
I20260812 08:02:20.264501 32358 leader_election.cc:304] T 1a3bec632ec9405ea768e209cfe986cf P fd5ada6f42b3492ea417c2e9c9d04e05 [CANDIDATE]: Term 2 pre-election: Election decided. Result: candidate lost. Election summary: received 3 responses out of 3 voters: 1 yes votes; 2 no votes. yes voters: fd5ada6f42b3492ea417c2e9c9d04e05; no voters: 0840e7f68ebf4baf96e981c07741e690, 9b586cd430394c76bf1bbd393b13fe47
I20260812 08:02:20.264681 32473 raft_consensus.cc:2749] T 1a3bec632ec9405ea768e209cfe986cf P fd5ada6f42b3492ea417c2e9c9d04e05 [term 1 FOLLOWER]: Leader pre-election lost for term 2. Reason: could not achieve majority
I20260812 08:02:20.273504 32557 raft_consensus.cc:493] T d2ab3a1bb47f4e858bf0dd2e40b44105 P 0840e7f68ebf4baf96e981c07741e690 [term 2 FOLLOWER]: Starting pre-election (detected failure of leader 9b586cd430394c76bf1bbd393b13fe47)
I20260812 08:02:20.273588 32557 raft_consensus.cc:515] T d2ab3a1bb47f4e858bf0dd2e40b44105 P 0840e7f68ebf4baf96e981c07741e690 [term 2 FOLLOWER]: Starting pre-election with config: opid_index: -1 OBSOLETE_local: false peers { permanent_uuid: "0840e7f68ebf4baf96e981c07741e690" member_type: VOTER last_known_addr { host: "127.31.78.193" port: 46753 } } peers { permanent_uuid: "9b586cd430394c76bf1bbd393b13fe47" member_type: VOTER last_known_addr { host: "127.31.78.194" port: 44249 } } peers { permanent_uuid: "fd5ada6f42b3492ea417c2e9c9d04e05" member_type: VOTER last_known_addr { host: "127.31.78.195" port: 41709 } }
I20260812 08:02:20.274039 32557 leader_election.cc:290] T d2ab3a1bb47f4e858bf0dd2e40b44105 P 0840e7f68ebf4baf96e981c07741e690 [CANDIDATE]: Term 3 pre-election: Requested pre-vote from peers 9b586cd430394c76bf1bbd393b13fe47 (127.31.78.194:44249), fd5ada6f42b3492ea417c2e9c9d04e05 (127.31.78.195:41709)
I20260812 08:02:20.274276 32303 tablet_service.cc:1917] Received RequestConsensusVote() RPC: tablet_id: "d2ab3a1bb47f4e858bf0dd2e40b44105" candidate_uuid: "0840e7f68ebf4baf96e981c07741e690" candidate_term: 3 candidate_status { last_received { term: 2 index: 2 } } ignore_live_leader: false dest_uuid: "9b586cd430394c76bf1bbd393b13fe47" is_pre_election: true
I20260812 08:02:20.274397 32401 tablet_service.cc:1917] Received RequestConsensusVote() RPC: tablet_id: "d2ab3a1bb47f4e858bf0dd2e40b44105" candidate_uuid: "0840e7f68ebf4baf96e981c07741e690" candidate_term: 3 candidate_status { last_received { term: 2 index: 2 } } ignore_live_leader: false dest_uuid: "fd5ada6f42b3492ea417c2e9c9d04e05" is_pre_election: true
I20260812 08:02:20.274777 32171 leader_election.cc:304] T d2ab3a1bb47f4e858bf0dd2e40b44105 P 0840e7f68ebf4baf96e981c07741e690 [CANDIDATE]: Term 3 pre-election: Election decided. Result: candidate lost. Election summary: received 3 responses out of 3 voters: 1 yes votes; 2 no votes. yes voters: 0840e7f68ebf4baf96e981c07741e690; no voters: 9b586cd430394c76bf1bbd393b13fe47, fd5ada6f42b3492ea417c2e9c9d04e05
I20260812 08:02:20.274986 32557 raft_consensus.cc:2749] T d2ab3a1bb47f4e858bf0dd2e40b44105 P 0840e7f68ebf4baf96e981c07741e690 [term 2 FOLLOWER]: Leader pre-election lost for term 3. Reason: could not achieve majority
I20260812 08:02:20.277277 32557 raft_consensus.cc:493] T ec2bafd59e924ba9affe6404fb3ac392 P 0840e7f68ebf4baf96e981c07741e690 [term 1 FOLLOWER]: Starting pre-election (detected failure of leader 9b586cd430394c76bf1bbd393b13fe47)
I20260812 08:02:20.277376 32557 raft_consensus.cc:515] T ec2bafd59e924ba9affe6404fb3ac392 P 0840e7f68ebf4baf96e981c07741e690 [term 1 FOLLOWER]: Starting pre-election with config: opid_index: -1 OBSOLETE_local: false peers { permanent_uuid: "0840e7f68ebf4baf96e981c07741e690" member_type: VOTER last_known_addr { host: "127.31.78.193" port: 46753 } } peers { permanent_uuid: "9b586cd430394c76bf1bbd393b13fe47" member_type: VOTER last_known_addr { host: "127.31.78.194" port: 44249 } } peers { permanent_uuid: "fd5ada6f42b3492ea417c2e9c9d04e05" member_type: VOTER last_known_addr { host: "127.31.78.195" port: 41709 } }
I20260812 08:02:20.277745 32557 leader_election.cc:290] T ec2bafd59e924ba9affe6404fb3ac392 P 0840e7f68ebf4baf96e981c07741e690 [CANDIDATE]: Term 2 pre-election: Requested pre-vote from peers 9b586cd430394c76bf1bbd393b13fe47 (127.31.78.194:44249), fd5ada6f42b3492ea417c2e9c9d04e05 (127.31.78.195:41709)
I20260812 08:02:20.278050 32401 tablet_service.cc:1917] Received RequestConsensusVote() RPC: tablet_id: "ec2bafd59e924ba9affe6404fb3ac392" candidate_uuid: "0840e7f68ebf4baf96e981c07741e690" candidate_term: 2 candidate_status { last_received { term: 1 index: 1 } } ignore_live_leader: false dest_uuid: "fd5ada6f42b3492ea417c2e9c9d04e05" is_pre_election: true
I20260812 08:02:20.278064 32303 tablet_service.cc:1917] Received RequestConsensusVote() RPC: tablet_id: "ec2bafd59e924ba9affe6404fb3ac392" candidate_uuid: "0840e7f68ebf4baf96e981c07741e690" candidate_term: 2 candidate_status { last_received { term: 1 index: 1 } } ignore_live_leader: false dest_uuid: "9b586cd430394c76bf1bbd393b13fe47" is_pre_election: true
I20260812 08:02:20.278213 32401 raft_consensus.cc:2468] T ec2bafd59e924ba9affe6404fb3ac392 P fd5ada6f42b3492ea417c2e9c9d04e05 [term 1 FOLLOWER]: Leader pre-election vote request: Granting yes vote for candidate 0840e7f68ebf4baf96e981c07741e690 in term 1.
I20260812 08:02:20.278468 32171 leader_election.cc:304] T ec2bafd59e924ba9affe6404fb3ac392 P 0840e7f68ebf4baf96e981c07741e690 [CANDIDATE]: Term 2 pre-election: Election decided. Result: candidate won. Election summary: received 3 responses out of 3 voters: 2 yes votes; 1 no votes. yes voters: 0840e7f68ebf4baf96e981c07741e690, fd5ada6f42b3492ea417c2e9c9d04e05; no voters: 9b586cd430394c76bf1bbd393b13fe47
I20260812 08:02:20.278633 32557 raft_consensus.cc:2804] T ec2bafd59e924ba9affe6404fb3ac392 P 0840e7f68ebf4baf96e981c07741e690 [term 1 FOLLOWER]: Leader pre-election won for term 2
I20260812 08:02:20.278698 32557 raft_consensus.cc:493] T ec2bafd59e924ba9affe6404fb3ac392 P 0840e7f68ebf4baf96e981c07741e690 [term 1 FOLLOWER]: Starting leader election (detected failure of leader 9b586cd430394c76bf1bbd393b13fe47)
I20260812 08:02:20.278769 32557 raft_consensus.cc:3060] T ec2bafd59e924ba9affe6404fb3ac392 P 0840e7f68ebf4baf96e981c07741e690 [term 1 FOLLOWER]: Advancing to term 2
I20260812 08:02:20.279868 32557 raft_consensus.cc:515] T ec2bafd59e924ba9affe6404fb3ac392 P 0840e7f68ebf4baf96e981c07741e690 [term 2 FOLLOWER]: Starting leader election with config: opid_index: -1 OBSOLETE_local: false peers { permanent_uuid: "0840e7f68ebf4baf96e981c07741e690" member_type: VOTER last_known_addr { host: "127.31.78.193" port: 46753 } } peers { permanent_uuid: "9b586cd430394c76bf1bbd393b13fe47" member_type: VOTER last_known_addr { host: "127.31.78.194" port: 44249 } } peers { permanent_uuid: "fd5ada6f42b3492ea417c2e9c9d04e05" member_type: VOTER last_known_addr { host: "127.31.78.195" port: 41709 } }
I20260812 08:02:20.280207 32557 leader_election.cc:290] T ec2bafd59e924ba9affe6404fb3ac392 P 0840e7f68ebf4baf96e981c07741e690 [CANDIDATE]: Term 2 election: Requested vote from peers 9b586cd430394c76bf1bbd393b13fe47 (127.31.78.194:44249), fd5ada6f42b3492ea417c2e9c9d04e05 (127.31.78.195:41709)
I20260812 08:02:20.280494 32303 tablet_service.cc:1917] Received RequestConsensusVote() RPC: tablet_id: "ec2bafd59e924ba9affe6404fb3ac392" candidate_uuid: "0840e7f68ebf4baf96e981c07741e690" candidate_term: 2 candidate_status { last_received { term: 1 index: 1 } } ignore_live_leader: false dest_uuid: "9b586cd430394c76bf1bbd393b13fe47"
I20260812 08:02:20.280499 32401 tablet_service.cc:1917] Received RequestConsensusVote() RPC: tablet_id: "ec2bafd59e924ba9affe6404fb3ac392" candidate_uuid: "0840e7f68ebf4baf96e981c07741e690" candidate_term: 2 candidate_status { last_received { term: 1 index: 1 } } ignore_live_leader: false dest_uuid: "fd5ada6f42b3492ea417c2e9c9d04e05"
I20260812 08:02:20.280652 32401 raft_consensus.cc:3060] T ec2bafd59e924ba9affe6404fb3ac392 P fd5ada6f42b3492ea417c2e9c9d04e05 [term 1 FOLLOWER]: Advancing to term 2
I20260812 08:02:20.281466 32401 raft_consensus.cc:2468] T ec2bafd59e924ba9affe6404fb3ac392 P fd5ada6f42b3492ea417c2e9c9d04e05 [term 2 FOLLOWER]: Leader election vote request: Granting yes vote for candidate 0840e7f68ebf4baf96e981c07741e690 in term 2.
I20260812 08:02:20.281762 32171 leader_election.cc:304] T ec2bafd59e924ba9affe6404fb3ac392 P 0840e7f68ebf4baf96e981c07741e690 [CANDIDATE]: Term 2 election: Election decided. Result: candidate won. Election summary: received 3 responses out of 3 voters: 2 yes votes; 1 no votes. yes voters: 0840e7f68ebf4baf96e981c07741e690, fd5ada6f42b3492ea417c2e9c9d04e05; no voters: 9b586cd430394c76bf1bbd393b13fe47
I20260812 08:02:20.281991 32557 raft_consensus.cc:2804] T ec2bafd59e924ba9affe6404fb3ac392 P 0840e7f68ebf4baf96e981c07741e690 [term 2 FOLLOWER]: Leader election won for term 2
I20260812 08:02:20.282107 32557 raft_consensus.cc:697] T ec2bafd59e924ba9affe6404fb3ac392 P 0840e7f68ebf4baf96e981c07741e690 [term 2 LEADER]: Becoming Leader. State: Replica: 0840e7f68ebf4baf96e981c07741e690, State: Running, Role: LEADER
I20260812 08:02:20.282261 32557 consensus_queue.cc:237] T ec2bafd59e924ba9affe6404fb3ac392 P 0840e7f68ebf4baf96e981c07741e690 [LEADER]: Queue going to LEADER mode. State: All replicated index: 0, Majority replicated index: 1, Committed index: 1, Last appended: 1.1, Last appended by leader: 1, Current term: 2, Majority size: 2, State: 0, Mode: LEADER, active raft config: opid_index: -1 OBSOLETE_local: false peers { permanent_uuid: "0840e7f68ebf4baf96e981c07741e690" member_type: VOTER last_known_addr { host: "127.31.78.193" port: 46753 } } peers { permanent_uuid: "9b586cd430394c76bf1bbd393b13fe47" member_type: VOTER last_known_addr { host: "127.31.78.194" port: 44249 } } peers { permanent_uuid: "fd5ada6f42b3492ea417c2e9c9d04e05" member_type: VOTER last_known_addr { host: "127.31.78.195" port: 41709 } }
I20260812 08:02:20.283794 32089 catalog_manager.cc:5719] T ec2bafd59e924ba9affe6404fb3ac392 P 0840e7f68ebf4baf96e981c07741e690 reported cstate change: term changed from 1 to 2, leader changed from 9b586cd430394c76bf1bbd393b13fe47 (127.31.78.194) to 0840e7f68ebf4baf96e981c07741e690 (127.31.78.193). New cstate: current_term: 2 leader_uuid: "0840e7f68ebf4baf96e981c07741e690" committed_config { opid_index: -1 OBSOLETE_local: false peers { permanent_uuid: "0840e7f68ebf4baf96e981c07741e690" member_type: VOTER last_known_addr { host: "127.31.78.193" port: 46753 } health_report { overall_health: HEALTHY } } peers { permanent_uuid: "9b586cd430394c76bf1bbd393b13fe47" member_type: VOTER last_known_addr { host: "127.31.78.194" port: 44249 } health_report { overall_health: UNKNOWN } } peers { permanent_uuid: "fd5ada6f42b3492ea417c2e9c9d04e05" member_type: VOTER last_known_addr { host: "127.31.78.195" port: 41709 } health_report { overall_health: UNKNOWN } } }
I20260812 08:02:20.285663 32401 raft_consensus.cc:1240] T ec2bafd59e924ba9affe6404fb3ac392 P fd5ada6f42b3492ea417c2e9c9d04e05 [term 2 FOLLOWER]: Rejecting Update request from peer 9b586cd430394c76bf1bbd393b13fe47 for earlier term 1. Current term is 2. Ops: []
I20260812 08:02:20.286046 32505 consensus_queue.cc:1059] T ec2bafd59e924ba9affe6404fb3ac392 P 9b586cd430394c76bf1bbd393b13fe47 [LEADER]: Peer responded invalid term: Peer: permanent_uuid: "fd5ada6f42b3492ea417c2e9c9d04e05" member_type: VOTER last_known_addr { host: "127.31.78.195" port: 41709 }, Status: INVALID_TERM, Last received: 1.1, Next index: 2, Last known committed idx: 1, Time since last communication: 0.000s
I20260812 08:02:20.287194 32213 raft_consensus.cc:1240] T ec2bafd59e924ba9affe6404fb3ac392 P 0840e7f68ebf4baf96e981c07741e690 [term 2 LEADER]: Rejecting Update request from peer 9b586cd430394c76bf1bbd393b13fe47 for earlier term 1. Current term is 2. Ops: []
I20260812 08:02:20.287575 32505 consensus_queue.cc:1059] T ec2bafd59e924ba9affe6404fb3ac392 P 9b586cd430394c76bf1bbd393b13fe47 [LEADER]: Peer responded invalid term: Peer: permanent_uuid: "0840e7f68ebf4baf96e981c07741e690" member_type: VOTER last_known_addr { host: "127.31.78.193" port: 46753 }, Status: INVALID_TERM, Last received: 1.1, Next index: 2, Last known committed idx: 1, Time since last communication: 0.000s
I20260812 08:02:20.287685 32505 consensus_queue.cc:1243] T ec2bafd59e924ba9affe6404fb3ac392 P 9b586cd430394c76bf1bbd393b13fe47 [LEADER]: Peer 0840e7f68ebf4baf96e981c07741e690 log is divergent from this leader: its last log entry 2.2 is not in this leader's log and it has not received anything from this leader yet. Falling back to committed index 1
I20260812 08:02:20.299817 32473 raft_consensus.cc:493] T f75aae6618584b3086a6d72a530fce44 P fd5ada6f42b3492ea417c2e9c9d04e05 [term 1 FOLLOWER]: Starting pre-election (detected failure of leader 9b586cd430394c76bf1bbd393b13fe47)
I20260812 08:02:20.299932 32473 raft_consensus.cc:515] T f75aae6618584b3086a6d72a530fce44 P fd5ada6f42b3492ea417c2e9c9d04e05 [term 1 FOLLOWER]: Starting pre-election with config: opid_index: -1 OBSOLETE_local: false peers { permanent_uuid: "0840e7f68ebf4baf96e981c07741e690" member_type: VOTER last_known_addr { host: "127.31.78.193" port: 46753 } } peers { permanent_uuid: "9b586cd430394c76bf1bbd393b13fe47" member_type: VOTER last_known_addr { host: "127.31.78.194" port: 44249 } } peers { permanent_uuid: "fd5ada6f42b3492ea417c2e9c9d04e05" member_type: VOTER last_known_addr { host: "127.31.78.195" port: 41709 } }
I20260812 08:02:20.300361 32473 leader_election.cc:290] T f75aae6618584b3086a6d72a530fce44 P fd5ada6f42b3492ea417c2e9c9d04e05 [CANDIDATE]: Term 2 pre-election: Requested pre-vote from peers 0840e7f68ebf4baf96e981c07741e690 (127.31.78.193:46753), 9b586cd430394c76bf1bbd393b13fe47 (127.31.78.194:44249)
I20260812 08:02:20.300673 32213 tablet_service.cc:1917] Received RequestConsensusVote() RPC: tablet_id: "f75aae6618584b3086a6d72a530fce44" candidate_uuid: "fd5ada6f42b3492ea417c2e9c9d04e05" candidate_term: 2 candidate_status { last_received { term: 1 index: 1 } } ignore_live_leader: false dest_uuid: "0840e7f68ebf4baf96e981c07741e690" is_pre_election: true
I20260812 08:02:20.300714 32303 tablet_service.cc:1917] Received RequestConsensusVote() RPC: tablet_id: "f75aae6618584b3086a6d72a530fce44" candidate_uuid: "fd5ada6f42b3492ea417c2e9c9d04e05" candidate_term: 2 candidate_status { last_received { term: 1 index: 1 } } ignore_live_leader: false dest_uuid: "9b586cd430394c76bf1bbd393b13fe47" is_pre_election: true
I20260812 08:02:20.301061 32358 leader_election.cc:304] T f75aae6618584b3086a6d72a530fce44 P fd5ada6f42b3492ea417c2e9c9d04e05 [CANDIDATE]: Term 2 pre-election: Election decided. Result: candidate lost. Election summary: received 3 responses out of 3 voters: 1 yes votes; 2 no votes. yes voters: fd5ada6f42b3492ea417c2e9c9d04e05; no voters: 0840e7f68ebf4baf96e981c07741e690, 9b586cd430394c76bf1bbd393b13fe47
I20260812 08:02:20.301247 32473 raft_consensus.cc:2749] T f75aae6618584b3086a6d72a530fce44 P fd5ada6f42b3492ea417c2e9c9d04e05 [term 1 FOLLOWER]: Leader pre-election lost for term 2. Reason: could not achieve majority
I20260812 08:02:20.311201 32505 raft_consensus.cc:493] T 45da56f51e59473eb00ae5640b31c357 P 9b586cd430394c76bf1bbd393b13fe47 [term 1 FOLLOWER]: Starting pre-election (detected failure of leader fd5ada6f42b3492ea417c2e9c9d04e05)
I20260812 08:02:20.311323 32505 raft_consensus.cc:515] T 45da56f51e59473eb00ae5640b31c357 P 9b586cd430394c76bf1bbd393b13fe47 [term 1 FOLLOWER]: Starting pre-election with config: opid_index: -1 OBSOLETE_local: false peers { permanent_uuid: "0840e7f68ebf4baf96e981c07741e690" member_type: VOTER last_known_addr { host: "127.31.78.193" port: 46753 } } peers { permanent_uuid: "9b586cd430394c76bf1bbd393b13fe47" member_type: VOTER last_known_addr { host: "127.31.78.194" port: 44249 } } peers { permanent_uuid: "fd5ada6f42b3492ea417c2e9c9d04e05" member_type: VOTER last_known_addr { host: "127.31.78.195" port: 41709 } }
I20260812 08:02:20.311775 32505 leader_election.cc:290] T 45da56f51e59473eb00ae5640b31c357 P 9b586cd430394c76bf1bbd393b13fe47 [CANDIDATE]: Term 2 pre-election: Requested pre-vote from peers 0840e7f68ebf4baf96e981c07741e690 (127.31.78.193:46753), fd5ada6f42b3492ea417c2e9c9d04e05 (127.31.78.195:41709)
I20260812 08:02:20.312047 32213 tablet_service.cc:1917] Received RequestConsensusVote() RPC: tablet_id: "45da56f51e59473eb00ae5640b31c357" candidate_uuid: "9b586cd430394c76bf1bbd393b13fe47" candidate_term: 2 candidate_status { last_received { term: 1 index: 1 } } ignore_live_leader: false dest_uuid: "0840e7f68ebf4baf96e981c07741e690" is_pre_election: true
