I20260812 08:02:38.709080 25852 tablet_service.cc:1917] Received RequestConsensusVote() RPC: tablet_id: "0de4e182ca0244e2a79858c0c88ef818" candidate_uuid: "bf287883c1d448f5bc227cdfbcba7bce" candidate_term: 1 candidate_status { last_received { term: 0 index: 0 } } ignore_live_leader: false dest_uuid: "fa3dd72862264b38b2e7f4bb24aada96" is_pre_election: true
W20260812 08:02:38.709440 25455 leader_election.cc:343] T 0de4e182ca0244e2a79858c0c88ef818 P bf287883c1d448f5bc227cdfbcba7bce [CANDIDATE]: Term 1 pre-election: Tablet error from VoteRequest() call to peer fa3dd72862264b38b2e7f4bb24aada96 (127.24.6.67:37053): Illegal state: must be running to vote when last-logged opid is not known
I20260812 08:02:38.709806 26271 leader_election.cc:290] T 0de4e182ca0244e2a79858c0c88ef818 P bf287883c1d448f5bc227cdfbcba7bce [CANDIDATE]: Term 1 pre-election: Requested pre-vote from peers 7d6721f980114176b68bc5fd89b050d9 (127.24.6.65:46781), fa3dd72862264b38b2e7f4bb24aada96 (127.24.6.67:37053)
I20260812 08:02:38.711334 25552 tablet_service.cc:1511] Processing CreateTablet for tablet 029e8f9febee4414ae57330b03d5fc2f (DEFAULT_TABLE table=default.Table_34c28a32839c4f099d4181c877d4aeaa [id=cfd8b46476c74116a5fd07ee04fd8b7f]), partition=RANGE (key) PARTITION UNBOUNDED
I20260812 08:02:38.711572 25552 data_dirs.cc:400] Could only allocate 1 dirs of requested 3 for tablet 029e8f9febee4414ae57330b03d5fc2f. 1 dirs total, 0 dirs full, 0 dirs failed
I20260812 08:02:38.711936 25329 tablet_service.cc:1917] Received RequestConsensusVote() RPC: tablet_id: "0de4e182ca0244e2a79858c0c88ef818" candidate_uuid: "bf287883c1d448f5bc227cdfbcba7bce" candidate_term: 1 candidate_status { last_received { term: 0 index: 0 } } ignore_live_leader: false dest_uuid: "7d6721f980114176b68bc5fd89b050d9" is_pre_election: true
I20260812 08:02:38.712114 25545 tablet_service.cc:1511] Processing CreateTablet for tablet c1e51d6cf141451a97929314f4663630 (DEFAULT_TABLE table=default.Table_ed3f2871fadf449085d3f40ad45d47a6 [id=cf06a923af944240bd4fbeb57fa9fda5]), partition=RANGE (key) PARTITION UNBOUNDED
I20260812 08:02:38.712381 25545 data_dirs.cc:400] Could only allocate 1 dirs of requested 3 for tablet c1e51d6cf141451a97929314f4663630. 1 dirs total, 0 dirs full, 0 dirs failed
I20260812 08:02:38.712579 26076 tablet_replica.cc:333] T 54bf595b06c84a0dba43a13e16c513e6 P bf287883c1d448f5bc227cdfbcba7bce: stopping tablet replica
I20260812 08:02:38.712697 26076 raft_consensus.cc:2243] T 54bf595b06c84a0dba43a13e16c513e6 P bf287883c1d448f5bc227cdfbcba7bce [term 1 LEADER]: Raft consensus shutting down.
I20260812 08:02:38.712744 24669 catalog_manager.cc:6006] T 00000000000000000000000000000000 P 07241ceadc6f4a13b71f89d56c944be0: Sending DeleteTablet for 3 replicas of tablet 4ab2655da9a1491d827646dd8e537430
I20260812 08:02:38.712868 26076 raft_consensus.cc:2272] T 54bf595b06c84a0dba43a13e16c513e6 P bf287883c1d448f5bc227cdfbcba7bce [term 1 FOLLOWER]: Raft consensus is shut down!
I20260812 08:02:38.713012 24669 catalog_manager.cc:6807] ReplaceTablet: tablet 4ab2655da9a1491d827646dd8e537430 deleted and replaced by tablet b7fd9a0a88ef412bb9e495c926d490c1
I20260812 08:02:38.714008 26076 ts_tablet_manager.cc:1916] T 54bf595b06c84a0dba43a13e16c513e6 P bf287883c1d448f5bc227cdfbcba7bce: Deleting tablet data with delete state TABLET_DATA_DELETED
I20260812 08:02:38.714151 26417 consensus_queue.cc:1048] T b717925c5acd4143aa556a44d8102630 P 7d6721f980114176b68bc5fd89b050d9 [LEADER]: Connected to new peer: Peer: permanent_uuid: "bf287883c1d448f5bc227cdfbcba7bce" member_type: VOTER last_known_addr { host: "127.24.6.66" port: 41917 }, Status: LMP_MISMATCH, Last received: 0.0, Next index: 1, Last known committed idx: 0, Time since last communication: 0.000s
I20260812 08:02:38.715759 26076 ts_tablet_manager.cc:1929] T 54bf595b06c84a0dba43a13e16c513e6 P bf287883c1d448f5bc227cdfbcba7bce: tablet deleted with delete type TABLET_DATA_DELETED: last-logged OpId 1.3
I20260812 08:02:38.715816 26076 log.cc:1199] T 54bf595b06c84a0dba43a13e16c513e6 P bf287883c1d448f5bc227cdfbcba7bce: Deleting WAL directory at /tmp/dist-test-taskUXeNCr/test-tmp/master-stress-test.1.CatalogManagerConfigurations_MasterStressTest.Test_1.1786521756157063-24601-0/minicluster-data/ts-1/wal/wals/54bf595b06c84a0dba43a13e16c513e6
W20260812 08:02:38.715982 25459 leader_election.cc:343] T 0de4e182ca0244e2a79858c0c88ef818 P bf287883c1d448f5bc227cdfbcba7bce [CANDIDATE]: Term 1 pre-election: Tablet error from VoteRequest() call to peer 7d6721f980114176b68bc5fd89b050d9 (127.24.6.65:46781): Illegal state: must be running to vote when last-logged opid is not known
I20260812 08:02:38.716032 26076 ts_tablet_manager.cc:1950] T 54bf595b06c84a0dba43a13e16c513e6 P bf287883c1d448f5bc227cdfbcba7bce: Deleting consensus metadata
I20260812 08:02:38.716048 25459 leader_election.cc:304] T 0de4e182ca0244e2a79858c0c88ef818 P bf287883c1d448f5bc227cdfbcba7bce [CANDIDATE]: Term 1 pre-election: Election decided. Result: candidate lost. Election summary: received 3 responses out of 3 voters: 1 yes votes; 2 no votes. yes voters: bf287883c1d448f5bc227cdfbcba7bce; no voters: 7d6721f980114176b68bc5fd89b050d9, fa3dd72862264b38b2e7f4bb24aada96
I20260812 08:02:38.716552 26097 raft_consensus.cc:2749] T 0de4e182ca0244e2a79858c0c88ef818 P bf287883c1d448f5bc227cdfbcba7bce [term 0 FOLLOWER]: Leader pre-election lost for term 1. Reason: could not achieve majority
I20260812 08:02:38.718497 25545 tablet_service.cc:1558] Processing DeleteTablet for tablet 4ab2655da9a1491d827646dd8e537430 with delete_type TABLET_DATA_DELETED (replaced by tablet b7fd9a0a88ef412bb9e495c926d490c1) from {username='slave'} at 127.0.0.1:32870
I20260812 08:02:38.719060 24657 catalog_manager.cc:5050] TS 7d6721f980114176b68bc5fd89b050d9 (127.24.6.65:46781): tablet 54bf595b06c84a0dba43a13e16c513e6 (table default.Table_eee511355e4041188a49075b3eb084bc [id=e5e6e83bef4e4c91855dd29565e15a31]) successfully deleted
I20260812 08:02:38.719254 26076 tablet_replica.cc:333] T 89f8b5b5bc0540b2b1ea933c85303bcc P bf287883c1d448f5bc227cdfbcba7bce: stopping tablet replica
I20260812 08:02:38.719244 25814 tablet_service.cc:1558] Processing DeleteTablet for tablet 4ab2655da9a1491d827646dd8e537430 with delete_type TABLET_DATA_DELETED (replaced by tablet b7fd9a0a88ef412bb9e495c926d490c1) from {username='slave'} at 127.0.0.1:44216
I20260812 08:02:38.719364 26076 raft_consensus.cc:2243] T 89f8b5b5bc0540b2b1ea933c85303bcc P bf287883c1d448f5bc227cdfbcba7bce [term 0 FOLLOWER]: Raft consensus shutting down.
I20260812 08:02:38.719396 26072 tablet_replica.cc:333] T 4ab2655da9a1491d827646dd8e537430 P fa3dd72862264b38b2e7f4bb24aada96: stopping tablet replica
I20260812 08:02:38.719467 26076 raft_consensus.cc:2272] T 89f8b5b5bc0540b2b1ea933c85303bcc P bf287883c1d448f5bc227cdfbcba7bce [term 0 FOLLOWER]: Raft consensus is shut down!
I20260812 08:02:38.719498 26072 raft_consensus.cc:2243] T 4ab2655da9a1491d827646dd8e537430 P fa3dd72862264b38b2e7f4bb24aada96 [term 1 FOLLOWER]: Raft consensus shutting down.
I20260812 08:02:38.719622 26072 raft_consensus.cc:2272] T 4ab2655da9a1491d827646dd8e537430 P fa3dd72862264b38b2e7f4bb24aada96 [term 1 FOLLOWER]: Raft consensus is shut down!
I20260812 08:02:38.719736 25281 tablet_service.cc:1558] Processing DeleteTablet for tablet 4ab2655da9a1491d827646dd8e537430 with delete_type TABLET_DATA_DELETED (replaced by tablet b7fd9a0a88ef412bb9e495c926d490c1) from {username='slave'} at 127.0.0.1:55254
I20260812 08:02:38.719830 24651 catalog_manager.cc:5050] TS bf287883c1d448f5bc227cdfbcba7bce (127.24.6.66:41917): tablet 54bf595b06c84a0dba43a13e16c513e6 (table default.Table_eee511355e4041188a49075b3eb084bc [id=e5e6e83bef4e4c91855dd29565e15a31]) successfully deleted
I20260812 08:02:38.720103 26084 tablet_replica.cc:333] T 4ab2655da9a1491d827646dd8e537430 P 7d6721f980114176b68bc5fd89b050d9: stopping tablet replica
I20260812 08:02:38.720232 26084 raft_consensus.cc:2243] T 4ab2655da9a1491d827646dd8e537430 P 7d6721f980114176b68bc5fd89b050d9 [term 1 LEADER]: Raft consensus shutting down.
I20260812 08:02:38.720388 26076 ts_tablet_manager.cc:1916] T 89f8b5b5bc0540b2b1ea933c85303bcc P bf287883c1d448f5bc227cdfbcba7bce: Deleting tablet data with delete state TABLET_DATA_DELETED
I20260812 08:02:38.720436 26084 raft_consensus.cc:2272] T 4ab2655da9a1491d827646dd8e537430 P 7d6721f980114176b68bc5fd89b050d9 [term 1 FOLLOWER]: Raft consensus is shut down!
I20260812 08:02:38.721010 26084 ts_tablet_manager.cc:1916] T 4ab2655da9a1491d827646dd8e537430 P 7d6721f980114176b68bc5fd89b050d9: Deleting tablet data with delete state TABLET_DATA_DELETED
I20260812 08:02:38.721028 24667 catalog_manager.cc:6006] T 00000000000000000000000000000000 P 07241ceadc6f4a13b71f89d56c944be0: Sending DeleteTablet for 3 replicas of tablet af3b009353224ee5b28c92d8ebb8bb97
I20260812 08:02:38.721529 25814 tablet_service.cc:1558] Processing DeleteTablet for tablet af3b009353224ee5b28c92d8ebb8bb97 with delete_type TABLET_DATA_DELETED (Table deleted at 2026-08-12 08:02:38 UTC) from {username='slave'} at 127.0.0.1:44216
I20260812 08:02:38.722297 25545 tablet_service.cc:1558] Processing DeleteTablet for tablet af3b009353224ee5b28c92d8ebb8bb97 with delete_type TABLET_DATA_DELETED (Table deleted at 2026-08-12 08:02:38 UTC) from {username='slave'} at 127.0.0.1:32870
I20260812 08:02:38.723225 26084 ts_tablet_manager.cc:1929] T 4ab2655da9a1491d827646dd8e537430 P 7d6721f980114176b68bc5fd89b050d9: tablet deleted with delete type TABLET_DATA_DELETED: last-logged OpId 1.2
I20260812 08:02:38.723304 26084 log.cc:1199] T 4ab2655da9a1491d827646dd8e537430 P 7d6721f980114176b68bc5fd89b050d9: Deleting WAL directory at /tmp/dist-test-taskUXeNCr/test-tmp/master-stress-test.1.CatalogManagerConfigurations_MasterStressTest.Test_1.1786521756157063-24601-0/minicluster-data/ts-0/wal/wals/4ab2655da9a1491d827646dd8e537430
I20260812 08:02:38.723385 24690 catalog_manager.cc:5719] T 93b5e1086e8f4e899070951ddef9e62d P bf287883c1d448f5bc227cdfbcba7bce reported cstate change: term changed from 0 to 1, leader changed from <none> to bf287883c1d448f5bc227cdfbcba7bce (127.24.6.66). New cstate: current_term: 1 leader_uuid: "bf287883c1d448f5bc227cdfbcba7bce" committed_config { opid_index: -1 OBSOLETE_local: false peers { permanent_uuid: "fa3dd72862264b38b2e7f4bb24aada96" member_type: VOTER last_known_addr { host: "127.24.6.67" port: 37053 } health_report { overall_health: UNKNOWN } } peers { permanent_uuid: "7d6721f980114176b68bc5fd89b050d9" member_type: VOTER last_known_addr { host: "127.24.6.65" port: 46781 } health_report { overall_health: UNKNOWN } } peers { permanent_uuid: "bf287883c1d448f5bc227cdfbcba7bce" member_type: VOTER last_known_addr { host: "127.24.6.66" port: 41917 } health_report { overall_health: HEALTHY } } }
I20260812 08:02:38.723567 26084 ts_tablet_manager.cc:1950] T 4ab2655da9a1491d827646dd8e537430 P 7d6721f980114176b68bc5fd89b050d9: Deleting consensus metadata
I20260812 08:02:38.723572 24690 catalog_manager.cc:5811] TS bf287883c1d448f5bc227cdfbcba7bce (127.24.6.66:41917) does not have the latest schema for tablet 93b5e1086e8f4e899070951ddef9e62d (table default.Table_8824b6a2e3d54df8ac12da62c9649f08 [id=43fda2909add4dc4916797cdd451c92c]). Expected version 1 got 0
I20260812 08:02:38.723770 26076 ts_tablet_manager.cc:1929] T 89f8b5b5bc0540b2b1ea933c85303bcc P bf287883c1d448f5bc227cdfbcba7bce: tablet deleted with delete type TABLET_DATA_DELETED: last-logged OpId 0.0
I20260812 08:02:38.723825 26076 log.cc:1199] T 89f8b5b5bc0540b2b1ea933c85303bcc P bf287883c1d448f5bc227cdfbcba7bce: Deleting WAL directory at /tmp/dist-test-taskUXeNCr/test-tmp/master-stress-test.1.CatalogManagerConfigurations_MasterStressTest.Test_1.1786521756157063-24601-0/minicluster-data/ts-1/wal/wals/89f8b5b5bc0540b2b1ea933c85303bcc
I20260812 08:02:38.723994 26076 ts_tablet_manager.cc:1950] T 89f8b5b5bc0540b2b1ea933c85303bcc P bf287883c1d448f5bc227cdfbcba7bce: Deleting consensus metadata
I20260812 08:02:38.724200 24657 catalog_manager.cc:5050] TS 7d6721f980114176b68bc5fd89b050d9 (127.24.6.65:46781): tablet 4ab2655da9a1491d827646dd8e537430 (table default.Table_aaebb935e8d44680930f9c6c85052074 [id=7652d49174374be9944b3770deaa0627]) successfully deleted
I20260812 08:02:38.725824 24675 catalog_manager.cc:2283] Servicing CreateTable request from {username='slave'} at 127.0.0.1:35620:
name: "default.Table_bb59ea2ad52e41b7b8be46722ef5764b"
schema {
  columns {
    name: "key"
    type: INT32
    is_key: true
    is_nullable: false
    encoding: AUTO_ENCODING
    compression: DEFAULT_COMPRESSION
    cfile_block_size: 0
    immutable: false
  }
}
split_rows_range_bounds {
}
partition_schema {
  range_schema {
    columns {
      name: "key"
    }
  }
}
I20260812 08:02:38.726017 24671 catalog_manager.cc:6006] T 00000000000000000000000000000000 P 07241ceadc6f4a13b71f89d56c944be0: Sending DeleteTablet for 3 replicas of tablet 3c089db2c37343e1b585ea535b71dac7
W20260812 08:02:38.726194 24675 catalog_manager.cc:7099] The number of live tablet servers is not enough to re-replicate a tablet replica of the newly created table default.Table_bb59ea2ad52e41b7b8be46722ef5764b in case of a server failure: 4 tablet servers would be needed, 3 are available. Consider bringing up more tablet servers.
I20260812 08:02:38.726737 25545 tablet_service.cc:1558] Processing DeleteTablet for tablet 3c089db2c37343e1b585ea535b71dac7 with delete_type TABLET_DATA_DELETED (Table deleted at 2026-08-12 08:02:38 UTC) from {username='slave'} at 127.0.0.1:32870
I20260812 08:02:38.727037 25281 tablet_service.cc:1558] Processing DeleteTablet for tablet 3c089db2c37343e1b585ea535b71dac7 with delete_type TABLET_DATA_DELETED (Table deleted at 2026-08-12 08:02:38 UTC) from {username='slave'} at 127.0.0.1:55254
I20260812 08:02:38.727595 26076 tablet_replica.cc:333] T 4ab2655da9a1491d827646dd8e537430 P bf287883c1d448f5bc227cdfbcba7bce: stopping tablet replica
I20260812 08:02:38.727710 24651 catalog_manager.cc:5050] TS bf287883c1d448f5bc227cdfbcba7bce (127.24.6.66:41917): tablet 89f8b5b5bc0540b2b1ea933c85303bcc (table default.Table_73108e574821417c9625762dc405b6f3 [id=d6380cf7911546ff8f4814ad2baed4d8]) successfully deleted
I20260812 08:02:38.727741 26076 raft_consensus.cc:2243] T 4ab2655da9a1491d827646dd8e537430 P bf287883c1d448f5bc227cdfbcba7bce [term 1 FOLLOWER]: Raft consensus shutting down.
I20260812 08:02:38.727855 26076 raft_consensus.cc:2272] T 4ab2655da9a1491d827646dd8e537430 P bf287883c1d448f5bc227cdfbcba7bce [term 1 FOLLOWER]: Raft consensus is shut down!
I20260812 08:02:38.728266 25814 tablet_service.cc:1558] Processing DeleteTablet for tablet 3c089db2c37343e1b585ea535b71dac7 with delete_type TABLET_DATA_DELETED (Table deleted at 2026-08-12 08:02:38 UTC) from {username='slave'} at 127.0.0.1:44216
I20260812 08:02:38.729159 26076 ts_tablet_manager.cc:1916] T 4ab2655da9a1491d827646dd8e537430 P bf287883c1d448f5bc227cdfbcba7bce: Deleting tablet data with delete state TABLET_DATA_DELETED
I20260812 08:02:38.731983 26072 ts_tablet_manager.cc:1916] T 4ab2655da9a1491d827646dd8e537430 P fa3dd72862264b38b2e7f4bb24aada96: Deleting tablet data with delete state TABLET_DATA_DELETED
W20260812 08:02:38.733036 24657 catalog_manager.cc:5030] TS 7d6721f980114176b68bc5fd89b050d9 (127.24.6.65:46781): delete failed for tablet 3c089db2c37343e1b585ea535b71dac7 because tablet deleting was already in progress. No further retry: Already present: State transition of tablet 3c089db2c37343e1b585ea535b71dac7 already in progress: creating tablet
I20260812 08:02:38.733458 25289 tablet_service.cc:1511] Processing CreateTablet for tablet c1e51d6cf141451a97929314f4663630 (DEFAULT_TABLE table=default.Table_ed3f2871fadf449085d3f40ad45d47a6 [id=cf06a923af944240bd4fbeb57fa9fda5]), partition=RANGE (key) PARTITION UNBOUNDED
I20260812 08:02:38.733757 25289 data_dirs.cc:400] Could only allocate 1 dirs of requested 3 for tablet c1e51d6cf141451a97929314f4663630. 1 dirs total, 0 dirs full, 0 dirs failed
I20260812 08:02:38.734157 26072 ts_tablet_manager.cc:1929] T 4ab2655da9a1491d827646dd8e537430 P fa3dd72862264b38b2e7f4bb24aada96: tablet deleted with delete type TABLET_DATA_DELETED: last-logged OpId 1.2
I20260812 08:02:38.734231 26072 log.cc:1199] T 4ab2655da9a1491d827646dd8e537430 P fa3dd72862264b38b2e7f4bb24aada96: Deleting WAL directory at /tmp/dist-test-taskUXeNCr/test-tmp/master-stress-test.1.CatalogManagerConfigurations_MasterStressTest.Test_1.1786521756157063-24601-0/minicluster-data/ts-2/wal/wals/4ab2655da9a1491d827646dd8e537430
I20260812 08:02:38.734460 26072 ts_tablet_manager.cc:1950] T 4ab2655da9a1491d827646dd8e537430 P fa3dd72862264b38b2e7f4bb24aada96: Deleting consensus metadata
I20260812 08:02:38.735128 24656 catalog_manager.cc:5050] TS fa3dd72862264b38b2e7f4bb24aada96 (127.24.6.67:37053): tablet 4ab2655da9a1491d827646dd8e537430 (table default.Table_aaebb935e8d44680930f9c6c85052074 [id=7652d49174374be9944b3770deaa0627]) successfully deleted
I20260812 08:02:38.735328 26271 raft_consensus.cc:493] T b9b503c76e064d4e9219b836da126283 P bf287883c1d448f5bc227cdfbcba7bce [term 0 FOLLOWER]: Starting pre-election (no leader contacted us within the election timeout)
I20260812 08:02:38.735414 26271 raft_consensus.cc:515] T b9b503c76e064d4e9219b836da126283 P bf287883c1d448f5bc227cdfbcba7bce [term 0 FOLLOWER]: Starting pre-election with config: opid_index: -1 OBSOLETE_local: false peers { permanent_uuid: "fa3dd72862264b38b2e7f4bb24aada96" member_type: VOTER last_known_addr { host: "127.24.6.67" port: 37053 } } peers { permanent_uuid: "7d6721f980114176b68bc5fd89b050d9" member_type: VOTER last_known_addr { host: "127.24.6.65" port: 46781 } } peers { permanent_uuid: "bf287883c1d448f5bc227cdfbcba7bce" member_type: VOTER last_known_addr { host: "127.24.6.66" port: 41917 } }
I20260812 08:02:38.735572 26072 tablet_replica.cc:333] T af3b009353224ee5b28c92d8ebb8bb97 P fa3dd72862264b38b2e7f4bb24aada96: stopping tablet replica
I20260812 08:02:38.735706 25545 tablet_service.cc:1558] Processing DeleteTablet for tablet af3b009353224ee5b28c92d8ebb8bb97 with delete_type TABLET_DATA_DELETED (Table deleted at 2026-08-12 08:02:38 UTC) from {username='slave'} at 127.0.0.1:32870
I20260812 08:02:38.735812 26271 leader_election.cc:290] T b9b503c76e064d4e9219b836da126283 P bf287883c1d448f5bc227cdfbcba7bce [CANDIDATE]: Term 1 pre-election: Requested pre-vote from peers fa3dd72862264b38b2e7f4bb24aada96 (127.24.6.67:37053), 7d6721f980114176b68bc5fd89b050d9 (127.24.6.65:46781)
I20260812 08:02:38.736184 25329 tablet_service.cc:1917] Received RequestConsensusVote() RPC: tablet_id: "b9b503c76e064d4e9219b836da126283" candidate_uuid: "bf287883c1d448f5bc227cdfbcba7bce" candidate_term: 1 candidate_status { last_received { term: 0 index: 0 } } ignore_live_leader: false dest_uuid: "7d6721f980114176b68bc5fd89b050d9" is_pre_election: true
I20260812 08:02:38.736196 25852 tablet_service.cc:1917] Received RequestConsensusVote() RPC: tablet_id: "b9b503c76e064d4e9219b836da126283" candidate_uuid: "bf287883c1d448f5bc227cdfbcba7bce" candidate_term: 1 candidate_status { last_received { term: 0 index: 0 } } ignore_live_leader: false dest_uuid: "fa3dd72862264b38b2e7f4bb24aada96" is_pre_election: true
W20260812 08:02:38.736582 25455 leader_election.cc:343] T b9b503c76e064d4e9219b836da126283 P bf287883c1d448f5bc227cdfbcba7bce [CANDIDATE]: Term 1 pre-election: Tablet error from VoteRequest() call to peer fa3dd72862264b38b2e7f4bb24aada96 (127.24.6.67:37053): Illegal state: must be running to vote when last-logged opid is not known
I20260812 08:02:38.737304 25281 tablet_service.cc:1558] Processing DeleteTablet for tablet af3b009353224ee5b28c92d8ebb8bb97 with delete_type TABLET_DATA_DELETED (Table deleted at 2026-08-12 08:02:38 UTC) from {username='slave'} at 127.0.0.1:55254
W20260812 08:02:38.737690 24657 catalog_manager.cc:5030] TS 7d6721f980114176b68bc5fd89b050d9 (127.24.6.65:46781): delete failed for tablet af3b009353224ee5b28c92d8ebb8bb97 because tablet deleting was already in progress. No further retry: Already present: State transition of tablet af3b009353224ee5b28c92d8ebb8bb97 already in progress: creating tablet
I20260812 08:02:38.738492 26087 tablet_bootstrap.cc:492] T 20792e18e9f64e72be8218a4619068aa P 7d6721f980114176b68bc5fd89b050d9: No bootstrap required, opened a new log
I20260812 08:02:38.738577 26087 ts_tablet_manager.cc:1403] T 20792e18e9f64e72be8218a4619068aa P 7d6721f980114176b68bc5fd89b050d9: Time spent bootstrapping tablet: real 0.202s	user 0.001s	sys 0.000s
I20260812 08:02:38.735680 26072 raft_consensus.cc:2243] T af3b009353224ee5b28c92d8ebb8bb97 P fa3dd72862264b38b2e7f4bb24aada96 [term 1 FOLLOWER]: Raft consensus shutting down.
I20260812 08:02:38.738922 26072 raft_consensus.cc:2272] T af3b009353224ee5b28c92d8ebb8bb97 P fa3dd72862264b38b2e7f4bb24aada96 [term 1 FOLLOWER]: Raft consensus is shut down!
I20260812 08:02:38.739116 26087 raft_consensus.cc:359] T 20792e18e9f64e72be8218a4619068aa P 7d6721f980114176b68bc5fd89b050d9 [term 0 FOLLOWER]: Replica starting. Triggering 0 pending ops. Active config: opid_index: -1 OBSOLETE_local: false peers { permanent_uuid: "fa3dd72862264b38b2e7f4bb24aada96" member_type: VOTER last_known_addr { host: "127.24.6.67" port: 37053 } } peers { permanent_uuid: "7d6721f980114176b68bc5fd89b050d9" member_type: VOTER last_known_addr { host: "127.24.6.65" port: 46781 } } peers { permanent_uuid: "bf287883c1d448f5bc227cdfbcba7bce" member_type: VOTER last_known_addr { host: "127.24.6.66" port: 41917 } }
I20260812 08:02:38.739213 26087 raft_consensus.cc:385] T 20792e18e9f64e72be8218a4619068aa P 7d6721f980114176b68bc5fd89b050d9 [term 0 FOLLOWER]: Consensus starting up: Expiring failure detector timer to make a prompt election more likely
I20260812 08:02:38.739243 26087 raft_consensus.cc:740] T 20792e18e9f64e72be8218a4619068aa P 7d6721f980114176b68bc5fd89b050d9 [term 0 FOLLOWER]: Becoming Follower/Learner. State: Replica: 7d6721f980114176b68bc5fd89b050d9, State: Initialized, Role: FOLLOWER
I20260812 08:02:38.739380 26087 consensus_queue.cc:260] T 20792e18e9f64e72be8218a4619068aa P 7d6721f980114176b68bc5fd89b050d9 [NON_LEADER]: Queue going to NON_LEADER mode. State: All replicated index: 0, Majority replicated index: 0, Committed index: 0, Last appended: 0.0, Last appended by leader: 0, Current term: 0, Majority size: -1, State: 0, Mode: NON_LEADER, active raft config: opid_index: -1 OBSOLETE_local: false peers { permanent_uuid: "fa3dd72862264b38b2e7f4bb24aada96" member_type: VOTER last_known_addr { host: "127.24.6.67" port: 37053 } } peers { permanent_uuid: "7d6721f980114176b68bc5fd89b050d9" member_type: VOTER last_known_addr { host: "127.24.6.65" port: 46781 } } peers { permanent_uuid: "bf287883c1d448f5bc227cdfbcba7bce" member_type: VOTER last_known_addr { host: "127.24.6.66" port: 41917 } }
I20260812 08:02:38.739677 26087 ts_tablet_manager.cc:1434] T 20792e18e9f64e72be8218a4619068aa P 7d6721f980114176b68bc5fd89b050d9: Time spent starting tablet: real 0.001s	user 0.001s	sys 0.000s
I20260812 08:02:38.739885 26087 tablet_bootstrap.cc:492] T d84585a079d142d6a7fa07dc8207e0c6 P 7d6721f980114176b68bc5fd89b050d9: Bootstrap starting.
I20260812 08:02:38.741885 26072 ts_tablet_manager.cc:1916] T af3b009353224ee5b28c92d8ebb8bb97 P fa3dd72862264b38b2e7f4bb24aada96: Deleting tablet data with delete state TABLET_DATA_DELETED
I20260812 08:02:38.742794 26083 tablet_bootstrap.cc:492] T 87663e2157a844d5b50135e87c8fedac P bf287883c1d448f5bc227cdfbcba7bce: No bootstrap required, opened a new log
I20260812 08:02:38.742871 26083 ts_tablet_manager.cc:1403] T 87663e2157a844d5b50135e87c8fedac P bf287883c1d448f5bc227cdfbcba7bce: Time spent bootstrapping tablet: real 0.059s	user 0.000s	sys 0.002s
I20260812 08:02:38.743327 26083 raft_consensus.cc:359] T 87663e2157a844d5b50135e87c8fedac P bf287883c1d448f5bc227cdfbcba7bce [term 0 FOLLOWER]: Replica starting. Triggering 0 pending ops. Active config: opid_index: -1 OBSOLETE_local: false peers { permanent_uuid: "7d6721f980114176b68bc5fd89b050d9" member_type: VOTER last_known_addr { host: "127.24.6.65" port: 46781 } } peers { permanent_uuid: "bf287883c1d448f5bc227cdfbcba7bce" member_type: VOTER last_known_addr { host: "127.24.6.66" port: 41917 } } peers { permanent_uuid: "fa3dd72862264b38b2e7f4bb24aada96" member_type: VOTER last_known_addr { host: "127.24.6.67" port: 37053 } }
I20260812 08:02:38.743418 26083 raft_consensus.cc:385] T 87663e2157a844d5b50135e87c8fedac P bf287883c1d448f5bc227cdfbcba7bce [term 0 FOLLOWER]: Consensus starting up: Expiring failure detector timer to make a prompt election more likely
I20260812 08:02:38.743448 26083 raft_consensus.cc:740] T 87663e2157a844d5b50135e87c8fedac P bf287883c1d448f5bc227cdfbcba7bce [term 0 FOLLOWER]: Becoming Follower/Learner. State: Replica: bf287883c1d448f5bc227cdfbcba7bce, State: Initialized, Role: FOLLOWER
I20260812 08:02:38.743561 26083 consensus_queue.cc:260] T 87663e2157a844d5b50135e87c8fedac P bf287883c1d448f5bc227cdfbcba7bce [NON_LEADER]: Queue going to NON_LEADER mode. State: All replicated index: 0, Majority replicated index: 0, Committed index: 0, Last appended: 0.0, Last appended by leader: 0, Current term: 0, Majority size: -1, State: 0, Mode: NON_LEADER, active raft config: opid_index: -1 OBSOLETE_local: false peers { permanent_uuid: "7d6721f980114176b68bc5fd89b050d9" member_type: VOTER last_known_addr { host: "127.24.6.65" port: 46781 } } peers { permanent_uuid: "bf287883c1d448f5bc227cdfbcba7bce" member_type: VOTER last_known_addr { host: "127.24.6.66" port: 41917 } } peers { permanent_uuid: "fa3dd72862264b38b2e7f4bb24aada96" member_type: VOTER last_known_addr { host: "127.24.6.67" port: 37053 } }
I20260812 08:02:38.743587 26087 tablet_bootstrap.cc:654] T d84585a079d142d6a7fa07dc8207e0c6 P 7d6721f980114176b68bc5fd89b050d9: Neither blocks nor log segments found. Creating new log.
I20260812 08:02:38.743814 26083 ts_tablet_manager.cc:1434] T 87663e2157a844d5b50135e87c8fedac P bf287883c1d448f5bc227cdfbcba7bce: Time spent starting tablet: real 0.001s	user 0.000s	sys 0.001s
I20260812 08:02:38.744009 26083 tablet_bootstrap.cc:492] T 029e8f9febee4414ae57330b03d5fc2f P bf287883c1d448f5bc227cdfbcba7bce: Bootstrap starting.
I20260812 08:02:38.744258 26072 ts_tablet_manager.cc:1929] T af3b009353224ee5b28c92d8ebb8bb97 P fa3dd72862264b38b2e7f4bb24aada96: tablet deleted with delete type TABLET_DATA_DELETED: last-logged OpId 0.0
I20260812 08:02:38.744323 26072 log.cc:1199] T af3b009353224ee5b28c92d8ebb8bb97 P fa3dd72862264b38b2e7f4bb24aada96: Deleting WAL directory at /tmp/dist-test-taskUXeNCr/test-tmp/master-stress-test.1.CatalogManagerConfigurations_MasterStressTest.Test_1.1786521756157063-24601-0/minicluster-data/ts-2/wal/wals/af3b009353224ee5b28c92d8ebb8bb97
I20260812 08:02:38.744534 26072 ts_tablet_manager.cc:1950] T af3b009353224ee5b28c92d8ebb8bb97 P fa3dd72862264b38b2e7f4bb24aada96: Deleting consensus metadata
I20260812 08:02:38.744962 26083 tablet_bootstrap.cc:654] T 029e8f9febee4414ae57330b03d5fc2f P bf287883c1d448f5bc227cdfbcba7bce: Neither blocks nor log segments found. Creating new log.
I20260812 08:02:38.745232 24656 catalog_manager.cc:5050] TS fa3dd72862264b38b2e7f4bb24aada96 (127.24.6.67:37053): tablet af3b009353224ee5b28c92d8ebb8bb97 (table default.Table_1cf61047d71246ee8a818d51f9213565 [id=f3e2d9f932d54c4f8810c352dc0422a7]) successfully deleted
W20260812 08:02:38.745965 25459 leader_election.cc:343] T b9b503c76e064d4e9219b836da126283 P bf287883c1d448f5bc227cdfbcba7bce [CANDIDATE]: Term 1 pre-election: Tablet error from VoteRequest() call to peer 7d6721f980114176b68bc5fd89b050d9 (127.24.6.65:46781): Illegal state: must be running to vote when last-logged opid is not known
I20260812 08:02:38.746040 25459 leader_election.cc:304] T b9b503c76e064d4e9219b836da126283 P bf287883c1d448f5bc227cdfbcba7bce [CANDIDATE]: Term 1 pre-election: Election decided. Result: candidate lost. Election summary: received 3 responses out of 3 voters: 1 yes votes; 2 no votes. yes voters: bf287883c1d448f5bc227cdfbcba7bce; no voters: 7d6721f980114176b68bc5fd89b050d9, fa3dd72862264b38b2e7f4bb24aada96
I20260812 08:02:38.746239 26271 raft_consensus.cc:2749] T b9b503c76e064d4e9219b836da126283 P bf287883c1d448f5bc227cdfbcba7bce [term 0 FOLLOWER]: Leader pre-election lost for term 1. Reason: could not achieve majority
I20260812 08:02:38.746295 24675 catalog_manager.cc:5811] TS bf287883c1d448f5bc227cdfbcba7bce (127.24.6.66:41917) does not have the latest schema for tablet 87663e2157a844d5b50135e87c8fedac (table default.Table_d3bfd234f4164a7b87037e2f35864e55 [id=1524e81d74624bc2982440cefb35173f]). Expected version 1 got 0
W20260812 08:02:38.746608 24675 catalog_manager.cc:5911] Failed to send AlterTable RPC for tablet 87663e2157a844d5b50135e87c8fedac (table default.Table_d3bfd234f4164a7b87037e2f35864e55 [id=1524e81d74624bc2982440cefb35173f], current schema version=1): Not found: failed to reset TS proxy: No leader found: Tablet 87663e2157a844d5b50135e87c8fedac consensus state has no leader
I20260812 08:02:38.748209 24690 catalog_manager.cc:5811] TS bf287883c1d448f5bc227cdfbcba7bce (127.24.6.66:41917) does not have the latest schema for tablet 87663e2157a844d5b50135e87c8fedac (table default.Table_d3bfd234f4164a7b87037e2f35864e55 [id=1524e81d74624bc2982440cefb35173f]). Expected version 1 got 0
W20260812 08:02:38.748771 24656 catalog_manager.cc:5030] TS fa3dd72862264b38b2e7f4bb24aada96 (127.24.6.67:37053): delete failed for tablet 3c089db2c37343e1b585ea535b71dac7 because tablet deleting was already in progress. No further retry: Already present: State transition of tablet 3c089db2c37343e1b585ea535b71dac7 already in progress: creating tablet
I20260812 08:02:38.749400 25281 tablet_service.cc:1558] Processing DeleteTablet for tablet 20792e18e9f64e72be8218a4619068aa with delete_type TABLET_DATA_DELETED (replaced by tablet 3b66875fa7e247c39150e2641deb7588) from {username='slave'} at 127.0.0.1:55254
I20260812 08:02:38.749711 26084 tablet_replica.cc:333] T 20792e18e9f64e72be8218a4619068aa P 7d6721f980114176b68bc5fd89b050d9: stopping tablet replica
I20260812 08:02:38.749836 26084 raft_consensus.cc:2243] T 20792e18e9f64e72be8218a4619068aa P 7d6721f980114176b68bc5fd89b050d9 [term 0 FOLLOWER]: Raft consensus shutting down.
I20260812 08:02:38.749936 26084 raft_consensus.cc:2272] T 20792e18e9f64e72be8218a4619068aa P 7d6721f980114176b68bc5fd89b050d9 [term 0 FOLLOWER]: Raft consensus is shut down!
I20260812 08:02:38.750730 25814 tablet_service.cc:1511] Processing CreateTablet for tablet c1e51d6cf141451a97929314f4663630 (DEFAULT_TABLE table=default.Table_ed3f2871fadf449085d3f40ad45d47a6 [id=cf06a923af944240bd4fbeb57fa9fda5]), partition=RANGE (key) PARTITION UNBOUNDED
I20260812 08:02:38.751010 25814 data_dirs.cc:400] Could only allocate 1 dirs of requested 3 for tablet c1e51d6cf141451a97929314f4663630. 1 dirs total, 0 dirs full, 0 dirs failed
I20260812 08:02:38.752770 26084 ts_tablet_manager.cc:1916] T 20792e18e9f64e72be8218a4619068aa P 7d6721f980114176b68bc5fd89b050d9: Deleting tablet data with delete state TABLET_DATA_DELETED
I20260812 08:02:38.754513 26084 ts_tablet_manager.cc:1929] T 20792e18e9f64e72be8218a4619068aa P 7d6721f980114176b68bc5fd89b050d9: tablet deleted with delete type TABLET_DATA_DELETED: last-logged OpId 0.0
I20260812 08:02:38.754578 26084 log.cc:1199] T 20792e18e9f64e72be8218a4619068aa P 7d6721f980114176b68bc5fd89b050d9: Deleting WAL directory at /tmp/dist-test-taskUXeNCr/test-tmp/master-stress-test.1.CatalogManagerConfigurations_MasterStressTest.Test_1.1786521756157063-24601-0/minicluster-data/ts-0/wal/wals/20792e18e9f64e72be8218a4619068aa
I20260812 08:02:38.754757 26084 ts_tablet_manager.cc:1950] T 20792e18e9f64e72be8218a4619068aa P 7d6721f980114176b68bc5fd89b050d9: Deleting consensus metadata
I20260812 08:02:38.755448 26078 tablet_bootstrap.cc:492] T c88aff03d48546e59418353b5ad88cc1 P fa3dd72862264b38b2e7f4bb24aada96: No bootstrap required, opened a new log
I20260812 08:02:38.755533 26078 ts_tablet_manager.cc:1403] T c88aff03d48546e59418353b5ad88cc1 P fa3dd72862264b38b2e7f4bb24aada96: Time spent bootstrapping tablet: real 0.226s	user 0.002s	sys 0.000s
I20260812 08:02:38.755985 26078 raft_consensus.cc:359] T c88aff03d48546e59418353b5ad88cc1 P fa3dd72862264b38b2e7f4bb24aada96 [term 0 FOLLOWER]: Replica starting. Triggering 0 pending ops. Active config: opid_index: -1 OBSOLETE_local: false peers { permanent_uuid: "fa3dd72862264b38b2e7f4bb24aada96" member_type: VOTER last_known_addr { host: "127.24.6.67" port: 37053 } } peers { permanent_uuid: "7d6721f980114176b68bc5fd89b050d9" member_type: VOTER last_known_addr { host: "127.24.6.65" port: 46781 } } peers { permanent_uuid: "bf287883c1d448f5bc227cdfbcba7bce" member_type: VOTER last_known_addr { host: "127.24.6.66" port: 41917 } }
I20260812 08:02:38.756084 26078 raft_consensus.cc:385] T c88aff03d48546e59418353b5ad88cc1 P fa3dd72862264b38b2e7f4bb24aada96 [term 0 FOLLOWER]: Consensus starting up: Expiring failure detector timer to make a prompt election more likely
I20260812 08:02:38.756127 26078 raft_consensus.cc:740] T c88aff03d48546e59418353b5ad88cc1 P fa3dd72862264b38b2e7f4bb24aada96 [term 0 FOLLOWER]: Becoming Follower/Learner. State: Replica: fa3dd72862264b38b2e7f4bb24aada96, State: Initialized, Role: FOLLOWER
I20260812 08:02:38.756258 26078 consensus_queue.cc:260] T c88aff03d48546e59418353b5ad88cc1 P fa3dd72862264b38b2e7f4bb24aada96 [NON_LEADER]: Queue going to NON_LEADER mode. State: All replicated index: 0, Majority replicated index: 0, Committed index: 0, Last appended: 0.0, Last appended by leader: 0, Current term: 0, Majority size: -1, State: 0, Mode: NON_LEADER, active raft config: opid_index: -1 OBSOLETE_local: false peers { permanent_uuid: "fa3dd72862264b38b2e7f4bb24aada96" member_type: VOTER last_known_addr { host: "127.24.6.67" port: 37053 } } peers { permanent_uuid: "7d6721f980114176b68bc5fd89b050d9" member_type: VOTER last_known_addr { host: "127.24.6.65" port: 46781 } } peers { permanent_uuid: "bf287883c1d448f5bc227cdfbcba7bce" member_type: VOTER last_known_addr { host: "127.24.6.66" port: 41917 } }
I20260812 08:02:38.756599 26078 ts_tablet_manager.cc:1434] T c88aff03d48546e59418353b5ad88cc1 P fa3dd72862264b38b2e7f4bb24aada96: Time spent starting tablet: real 0.001s	user 0.001s	sys 0.000s
I20260812 08:02:38.756796 26078 tablet_bootstrap.cc:492] T 20792e18e9f64e72be8218a4619068aa P fa3dd72862264b38b2e7f4bb24aada96: Bootstrap starting.
I20260812 08:02:38.757118 26076 ts_tablet_manager.cc:1929] T 4ab2655da9a1491d827646dd8e537430 P bf287883c1d448f5bc227cdfbcba7bce: tablet deleted with delete type TABLET_DATA_DELETED: last-logged OpId 1.2
I20260812 08:02:38.757187 26076 log.cc:1199] T 4ab2655da9a1491d827646dd8e537430 P bf287883c1d448f5bc227cdfbcba7bce: Deleting WAL directory at /tmp/dist-test-taskUXeNCr/test-tmp/master-stress-test.1.CatalogManagerConfigurations_MasterStressTest.Test_1.1786521756157063-24601-0/minicluster-data/ts-1/wal/wals/4ab2655da9a1491d827646dd8e537430
I20260812 08:02:38.757437 26076 ts_tablet_manager.cc:1950] T 4ab2655da9a1491d827646dd8e537430 P bf287883c1d448f5bc227cdfbcba7bce: Deleting consensus metadata
I20260812 08:02:38.757880 26078 tablet_bootstrap.cc:654] T 20792e18e9f64e72be8218a4619068aa P fa3dd72862264b38b2e7f4bb24aada96: Neither blocks nor log segments found. Creating new log.
I20260812 08:02:38.759554 26087 tablet_bootstrap.cc:492] T d84585a079d142d6a7fa07dc8207e0c6 P 7d6721f980114176b68bc5fd89b050d9: No bootstrap required, opened a new log
I20260812 08:02:38.759655 26087 ts_tablet_manager.cc:1403] T d84585a079d142d6a7fa07dc8207e0c6 P 7d6721f980114176b68bc5fd89b050d9: Time spent bootstrapping tablet: real 0.020s	user 0.002s	sys 0.000s
I20260812 08:02:38.760111 26087 raft_consensus.cc:359] T d84585a079d142d6a7fa07dc8207e0c6 P 7d6721f980114176b68bc5fd89b050d9 [term 0 FOLLOWER]: Replica starting. Triggering 0 pending ops. Active config: opid_index: -1 OBSOLETE_local: false peers { permanent_uuid: "fa3dd72862264b38b2e7f4bb24aada96" member_type: VOTER last_known_addr { host: "127.24.6.67" port: 37053 } } peers { permanent_uuid: "7d6721f980114176b68bc5fd89b050d9" member_type: VOTER last_known_addr { host: "127.24.6.65" port: 46781 } } peers { permanent_uuid: "bf287883c1d448f5bc227cdfbcba7bce" member_type: VOTER last_known_addr { host: "127.24.6.66" port: 41917 } }
I20260812 08:02:38.760212 26087 raft_consensus.cc:385] T d84585a079d142d6a7fa07dc8207e0c6 P 7d6721f980114176b68bc5fd89b050d9 [term 0 FOLLOWER]: Consensus starting up: Expiring failure detector timer to make a prompt election more likely
I20260812 08:02:38.760252 26087 raft_consensus.cc:740] T d84585a079d142d6a7fa07dc8207e0c6 P 7d6721f980114176b68bc5fd89b050d9 [term 0 FOLLOWER]: Becoming Follower/Learner. State: Replica: 7d6721f980114176b68bc5fd89b050d9, State: Initialized, Role: FOLLOWER
I20260812 08:02:38.760710 24651 catalog_manager.cc:5050] TS bf287883c1d448f5bc227cdfbcba7bce (127.24.6.66:41917): tablet 4ab2655da9a1491d827646dd8e537430 (table default.Table_aaebb935e8d44680930f9c6c85052074 [id=7652d49174374be9944b3770deaa0627]) successfully deleted
I20260812 08:02:38.760964 24657 catalog_manager.cc:5050] TS 7d6721f980114176b68bc5fd89b050d9 (127.24.6.65:46781): tablet 20792e18e9f64e72be8218a4619068aa (table default.Table_e623ea373b3640c586c3d3d620229b24 [id=f408e0af979d4fa299f8f70ef6bb17ed]) successfully deleted
I20260812 08:02:38.761173 24690 catalog_manager.cc:5811] TS fa3dd72862264b38b2e7f4bb24aada96 (127.24.6.67:37053) does not have the latest schema for tablet c88aff03d48546e59418353b5ad88cc1 (table default.Table_2196b382744c4964b23fc09a5467d30d [id=f2e7ef0588e7445fb2a5b04e057d1d27]). Expected version 2 got 0
I20260812 08:02:38.761301 26087 consensus_queue.cc:260] T d84585a079d142d6a7fa07dc8207e0c6 P 7d6721f980114176b68bc5fd89b050d9 [NON_LEADER]: Queue going to NON_LEADER mode. State: All replicated index: 0, Majority replicated index: 0, Committed index: 0, Last appended: 0.0, Last appended by leader: 0, Current term: 0, Majority size: -1, State: 0, Mode: NON_LEADER, active raft config: opid_index: -1 OBSOLETE_local: false peers { permanent_uuid: "fa3dd72862264b38b2e7f4bb24aada96" member_type: VOTER last_known_addr { host: "127.24.6.67" port: 37053 } } peers { permanent_uuid: "7d6721f980114176b68bc5fd89b050d9" member_type: VOTER last_known_addr { host: "127.24.6.65" port: 46781 } } peers { permanent_uuid: "bf287883c1d448f5bc227cdfbcba7bce" member_type: VOTER last_known_addr { host: "127.24.6.66" port: 41917 } }
I20260812 08:02:38.761584 26087 ts_tablet_manager.cc:1434] T d84585a079d142d6a7fa07dc8207e0c6 P 7d6721f980114176b68bc5fd89b050d9: Time spent starting tablet: real 0.002s	user 0.001s	sys 0.000s
I20260812 08:02:38.761782 26087 tablet_bootstrap.cc:492] T c88aff03d48546e59418353b5ad88cc1 P 7d6721f980114176b68bc5fd89b050d9: Bootstrap starting.
I20260812 08:02:38.762611 26094 raft_consensus.cc:493] T c8c97ac09adf44959411d35e7d6a0561 P bf287883c1d448f5bc227cdfbcba7bce [term 0 FOLLOWER]: Starting pre-election (no leader contacted us within the election timeout)
I20260812 08:02:38.762697 26094 raft_consensus.cc:515] T c8c97ac09adf44959411d35e7d6a0561 P bf287883c1d448f5bc227cdfbcba7bce [term 0 FOLLOWER]: Starting pre-election with config: opid_index: -1 OBSOLETE_local: false peers { permanent_uuid: "7d6721f980114176b68bc5fd89b050d9" member_type: VOTER last_known_addr { host: "127.24.6.65" port: 46781 } } peers { permanent_uuid: "bf287883c1d448f5bc227cdfbcba7bce" member_type: VOTER last_known_addr { host: "127.24.6.66" port: 41917 } } peers { permanent_uuid: "fa3dd72862264b38b2e7f4bb24aada96" member_type: VOTER last_known_addr { host: "127.24.6.67" port: 37053 } }
I20260812 08:02:38.763055 26094 leader_election.cc:290] T c8c97ac09adf44959411d35e7d6a0561 P bf287883c1d448f5bc227cdfbcba7bce [CANDIDATE]: Term 1 pre-election: Requested pre-vote from peers 7d6721f980114176b68bc5fd89b050d9 (127.24.6.65:46781), fa3dd72862264b38b2e7f4bb24aada96 (127.24.6.67:37053)
I20260812 08:02:38.763655 25852 raft_consensus.cc:1275] T 93b5e1086e8f4e899070951ddef9e62d P fa3dd72862264b38b2e7f4bb24aada96 [term 1 FOLLOWER]: Refusing update from remote peer bf287883c1d448f5bc227cdfbcba7bce: Log matching property violated. Preceding OpId in replica: term: 0 index: 0. Preceding OpId from leader: term: 1 index: 2. (index mismatch)
I20260812 08:02:38.763782 25851 tablet_service.cc:1917] Received RequestConsensusVote() RPC: tablet_id: "c8c97ac09adf44959411d35e7d6a0561" candidate_uuid: "bf287883c1d448f5bc227cdfbcba7bce" candidate_term: 1 candidate_status { last_received { term: 0 index: 0 } } ignore_live_leader: false dest_uuid: "fa3dd72862264b38b2e7f4bb24aada96" is_pre_election: true
W20260812 08:02:38.764210 25455 leader_election.cc:343] T c8c97ac09adf44959411d35e7d6a0561 P bf287883c1d448f5bc227cdfbcba7bce [CANDIDATE]: Term 1 pre-election: Tablet error from VoteRequest() call to peer fa3dd72862264b38b2e7f4bb24aada96 (127.24.6.67:37053): Illegal state: must be running to vote when last-logged opid is not known
I20260812 08:02:38.764360 26094 consensus_queue.cc:1048] T 93b5e1086e8f4e899070951ddef9e62d P bf287883c1d448f5bc227cdfbcba7bce [LEADER]: Connected to new peer: Peer: permanent_uuid: "fa3dd72862264b38b2e7f4bb24aada96" member_type: VOTER last_known_addr { host: "127.24.6.67" port: 37053 }, Status: LMP_MISMATCH, Last received: 0.0, Next index: 1, Last known committed idx: 0, Time since last communication: 0.000s
I20260812 08:02:38.765187 26087 tablet_bootstrap.cc:654] T c88aff03d48546e59418353b5ad88cc1 P 7d6721f980114176b68bc5fd89b050d9: Neither blocks nor log segments found. Creating new log.
I20260812 08:02:38.765394 25329 raft_consensus.cc:1275] T 93b5e1086e8f4e899070951ddef9e62d P 7d6721f980114176b68bc5fd89b050d9 [term 1 FOLLOWER]: Refusing update from remote peer bf287883c1d448f5bc227cdfbcba7bce: Log matching property violated. Preceding OpId in replica: term: 0 index: 0. Preceding OpId from leader: term: 1 index: 2. (index mismatch)
I20260812 08:02:38.765405 25338 tablet_service.cc:1917] Received RequestConsensusVote() RPC: tablet_id: "c8c97ac09adf44959411d35e7d6a0561" candidate_uuid: "bf287883c1d448f5bc227cdfbcba7bce" candidate_term: 1 candidate_status { last_received { term: 0 index: 0 } } ignore_live_leader: false dest_uuid: "7d6721f980114176b68bc5fd89b050d9" is_pre_election: true
W20260812 08:02:38.767616 25459 leader_election.cc:343] T c8c97ac09adf44959411d35e7d6a0561 P bf287883c1d448f5bc227cdfbcba7bce [CANDIDATE]: Term 1 pre-election: Tablet error from VoteRequest() call to peer 7d6721f980114176b68bc5fd89b050d9 (127.24.6.65:46781): Illegal state: must be running to vote when last-logged opid is not known
I20260812 08:02:38.767696 25459 leader_election.cc:304] T c8c97ac09adf44959411d35e7d6a0561 P bf287883c1d448f5bc227cdfbcba7bce [CANDIDATE]: Term 1 pre-election: Election decided. Result: candidate lost. Election summary: received 3 responses out of 3 voters: 1 yes votes; 2 no votes. yes voters: bf287883c1d448f5bc227cdfbcba7bce; no voters: 7d6721f980114176b68bc5fd89b050d9, fa3dd72862264b38b2e7f4bb24aada96
I20260812 08:02:38.768090 26097 consensus_queue.cc:1048] T 93b5e1086e8f4e899070951ddef9e62d P bf287883c1d448f5bc227cdfbcba7bce [LEADER]: Connected to new peer: Peer: permanent_uuid: "7d6721f980114176b68bc5fd89b050d9" member_type: VOTER last_known_addr { host: "127.24.6.65" port: 46781 }, Status: LMP_MISMATCH, Last received: 0.0, Next index: 1, Last known committed idx: 0, Time since last communication: 0.000s
I20260812 08:02:38.768422 26097 raft_consensus.cc:2749] T c8c97ac09adf44959411d35e7d6a0561 P bf287883c1d448f5bc227cdfbcba7bce [term 0 FOLLOWER]: Leader pre-election lost for term 1. Reason: could not achieve majority
I20260812 08:02:38.769814 26188 tablet.cc:1724] T 93b5e1086e8f4e899070951ddef9e62d P fa3dd72862264b38b2e7f4bb24aada96: Alter schema from (
    10:key INT32 NOT NULL,
    PRIMARY KEY (key)
) version 0 to (
    10:key INT32 NOT NULL,
    PRIMARY KEY (key)
) version 1
I20260812 08:02:38.770207 24675 catalog_manager.cc:5811] TS bf287883c1d448f5bc227cdfbcba7bce (127.24.6.66:41917) does not have the latest schema for tablet 93b5e1086e8f4e899070951ddef9e62d (table default.Table_8824b6a2e3d54df8ac12da62c9649f08 [id=43fda2909add4dc4916797cdd451c92c]). Expected version 1 got 0
I20260812 08:02:38.771193 24667 catalog_manager.cc:5811] TS fa3dd72862264b38b2e7f4bb24aada96 (127.24.6.67:37053) does not have the latest schema for tablet 93b5e1086e8f4e899070951ddef9e62d (table default.Table_8824b6a2e3d54df8ac12da62c9649f08 [id=43fda2909add4dc4916797cdd451c92c]). Expected version 1 got 0
I20260812 08:02:38.771952 26183 tablet.cc:1724] T 93b5e1086e8f4e899070951ddef9e62d P bf287883c1d448f5bc227cdfbcba7bce: Alter schema from (
    10:key INT32 NOT NULL,
    PRIMARY KEY (key)
) version 0 to (
    10:key INT32 NOT NULL,
    PRIMARY KEY (key)
) version 1
I20260812 08:02:38.772454 26076 tablet_replica.cc:333] T af3b009353224ee5b28c92d8ebb8bb97 P bf287883c1d448f5bc227cdfbcba7bce: stopping tablet replica
I20260812 08:02:38.775322 26230 tablet.cc:1724] T 93b5e1086e8f4e899070951ddef9e62d P 7d6721f980114176b68bc5fd89b050d9: Alter schema from (
    10:key INT32 NOT NULL,
    PRIMARY KEY (key)
) version 0 to (
    10:key INT32 NOT NULL,
    PRIMARY KEY (key)
) version 1
I20260812 08:02:38.780241 24667 catalog_manager.cc:6264] T 00000000000000000000000000000000 P 07241ceadc6f4a13b71f89d56c944be0: default.Table_8824b6a2e3d54df8ac12da62c9649f08 [id=43fda2909add4dc4916797cdd451c92c] alter complete (version 1)
I20260812 08:02:38.772573 26076 raft_consensus.cc:2243] T af3b009353224ee5b28c92d8ebb8bb97 P bf287883c1d448f5bc227cdfbcba7bce [term 1 LEADER]: Raft consensus shutting down.
I20260812 08:02:38.782671 26076 pending_rounds.cc:70] T af3b009353224ee5b28c92d8ebb8bb97 P bf287883c1d448f5bc227cdfbcba7bce: Trying to abort 1 pending ops.
I20260812 08:02:38.782768 26076 pending_rounds.cc:77] T af3b009353224ee5b28c92d8ebb8bb97 P bf287883c1d448f5bc227cdfbcba7bce: Aborting op as it isn't in flight: id { term: 1 index: 1 } timestamp: 7317593123541475328 op_type: NO_OP noop_request { }
I20260812 08:02:38.783643 26076 raft_consensus.cc:2889] T af3b009353224ee5b28c92d8ebb8bb97 P bf287883c1d448f5bc227cdfbcba7bce [term 1 LEADER]: NO_OP replication failed: Aborted: Op aborted
I20260812 08:02:38.787084 24690 catalog_manager.cc:2283] Servicing CreateTable request from {username='slave'} at 127.0.0.1:35620:
name: "default.Table_f0c6d2c1df6b43709a0e7b04722243e0"
schema {
  columns {
    name: "key"
    type: INT32
    is_key: true
    is_nullable: false
    encoding: AUTO_ENCODING
    compression: DEFAULT_COMPRESSION
    cfile_block_size: 0
    immutable: false
  }
}
split_rows_range_bounds {
}
partition_schema {
  range_schema {
    columns {
      name: "key"
    }
  }
}
W20260812 08:02:38.787539 24690 catalog_manager.cc:7099] The number of live tablet servers is not enough to re-replicate a tablet replica of the newly created table default.Table_f0c6d2c1df6b43709a0e7b04722243e0 in case of a server failure: 4 tablet servers would be needed, 3 are available. Consider bringing up more tablet servers.
I20260812 08:02:38.788481 25289 tablet_service.cc:1558] Processing DeleteTablet for tablet d84585a079d142d6a7fa07dc8207e0c6 with delete_type TABLET_DATA_DELETED (Table deleted at 2026-08-12 08:02:38 UTC) from {username='slave'} at 127.0.0.1:55254
I20260812 08:02:38.788733 26084 tablet_replica.cc:333] T d84585a079d142d6a7fa07dc8207e0c6 P 7d6721f980114176b68bc5fd89b050d9: stopping tablet replica
I20260812 08:02:38.788918 26084 raft_consensus.cc:2243] T d84585a079d142d6a7fa07dc8207e0c6 P 7d6721f980114176b68bc5fd89b050d9 [term 0 FOLLOWER]: Raft consensus shutting down.
I20260812 08:02:38.789078 26084 raft_consensus.cc:2272] T d84585a079d142d6a7fa07dc8207e0c6 P 7d6721f980114176b68bc5fd89b050d9 [term 0 FOLLOWER]: Raft consensus is shut down!
I20260812 08:02:38.789634 26084 ts_tablet_manager.cc:1916] T d84585a079d142d6a7fa07dc8207e0c6 P 7d6721f980114176b68bc5fd89b050d9: Deleting tablet data with delete state TABLET_DATA_DELETED
I20260812 08:02:38.790524 26076 raft_consensus.cc:2272] T af3b009353224ee5b28c92d8ebb8bb97 P bf287883c1d448f5bc227cdfbcba7bce [term 1 FOLLOWER]: Raft consensus is shut down!
I20260812 08:02:38.792184 26084 ts_tablet_manager.cc:1929] T d84585a079d142d6a7fa07dc8207e0c6 P 7d6721f980114176b68bc5fd89b050d9: tablet deleted with delete type TABLET_DATA_DELETED: last-logged OpId 0.0
I20260812 08:02:38.792328 26084 log.cc:1199] T d84585a079d142d6a7fa07dc8207e0c6 P 7d6721f980114176b68bc5fd89b050d9: Deleting WAL directory at /tmp/dist-test-taskUXeNCr/test-tmp/master-stress-test.1.CatalogManagerConfigurations_MasterStressTest.Test_1.1786521756157063-24601-0/minicluster-data/ts-0/wal/wals/d84585a079d142d6a7fa07dc8207e0c6
I20260812 08:02:38.792815 26084 ts_tablet_manager.cc:1950] T d84585a079d142d6a7fa07dc8207e0c6 P 7d6721f980114176b68bc5fd89b050d9: Deleting consensus metadata
I20260812 08:02:38.793567 26087 tablet_bootstrap.cc:492] T c88aff03d48546e59418353b5ad88cc1 P 7d6721f980114176b68bc5fd89b050d9: No bootstrap required, opened a new log
I20260812 08:02:38.793656 26087 ts_tablet_manager.cc:1403] T c88aff03d48546e59418353b5ad88cc1 P 7d6721f980114176b68bc5fd89b050d9: Time spent bootstrapping tablet: real 0.032s	user 0.002s	sys 0.000s
I20260812 08:02:38.793919 24657 catalog_manager.cc:5050] TS 7d6721f980114176b68bc5fd89b050d9 (127.24.6.65:46781): tablet d84585a079d142d6a7fa07dc8207e0c6 (table default.Table_f2ca5f1a9999433fab61fd764ea5018a [id=462e9ac3e5c748929aa4d5c836e41835]) successfully deleted
