I20260812 08:02:39.634514 26087 tablet_bootstrap.cc:492] T c68954a688c14000a521ea3d2153c788 P 7d6721f980114176b68bc5fd89b050d9: No bootstrap required, opened a new log
I20260812 08:02:39.634604 26087 ts_tablet_manager.cc:1403] T c68954a688c14000a521ea3d2153c788 P 7d6721f980114176b68bc5fd89b050d9: Time spent bootstrapping tablet: real 0.093s	user 0.000s	sys 0.002s
I20260812 08:02:39.634634 26152 raft_consensus.cc:2749] T 89f8b5b5bc0540b2b1ea933c85303bcc P fa3dd72862264b38b2e7f4bb24aada96 [term 0 FOLLOWER]: Leader pre-election lost for term 1. Reason: could not achieve majority
I20260812 08:02:39.635038 26087 raft_consensus.cc:359] T c68954a688c14000a521ea3d2153c788 P 7d6721f980114176b68bc5fd89b050d9 [term 0 FOLLOWER]: Replica starting. Triggering 0 pending ops. Active config: opid_index: -1 OBSOLETE_local: false peers { permanent_uuid: "7d6721f980114176b68bc5fd89b050d9" member_type: VOTER last_known_addr { host: "127.24.6.65" port: 46781 } } peers { permanent_uuid: "fa3dd72862264b38b2e7f4bb24aada96" member_type: VOTER last_known_addr { host: "127.24.6.67" port: 37053 } } peers { permanent_uuid: "bf287883c1d448f5bc227cdfbcba7bce" member_type: VOTER last_known_addr { host: "127.24.6.66" port: 41917 } }
I20260812 08:02:39.635149 26087 raft_consensus.cc:385] T c68954a688c14000a521ea3d2153c788 P 7d6721f980114176b68bc5fd89b050d9 [term 0 FOLLOWER]: Consensus starting up: Expiring failure detector timer to make a prompt election more likely
I20260812 08:02:39.635183 26087 raft_consensus.cc:740] T c68954a688c14000a521ea3d2153c788 P 7d6721f980114176b68bc5fd89b050d9 [term 0 FOLLOWER]: Becoming Follower/Learner. State: Replica: 7d6721f980114176b68bc5fd89b050d9, State: Initialized, Role: FOLLOWER
I20260812 08:02:39.635299 26087 consensus_queue.cc:260] T c68954a688c14000a521ea3d2153c788 P 7d6721f980114176b68bc5fd89b050d9 [NON_LEADER]: Queue going to NON_LEADER mode. State: All replicated index: 0, Majority replicated index: 0, Committed index: 0, Last appended: 0.0, Last appended by leader: 0, Current term: 0, Majority size: -1, State: 0, Mode: NON_LEADER, active raft config: opid_index: -1 OBSOLETE_local: false peers { permanent_uuid: "7d6721f980114176b68bc5fd89b050d9" member_type: VOTER last_known_addr { host: "127.24.6.65" port: 46781 } } peers { permanent_uuid: "fa3dd72862264b38b2e7f4bb24aada96" member_type: VOTER last_known_addr { host: "127.24.6.67" port: 37053 } } peers { permanent_uuid: "bf287883c1d448f5bc227cdfbcba7bce" member_type: VOTER last_known_addr { host: "127.24.6.66" port: 41917 } }
I20260812 08:02:39.635327 26097 raft_consensus.cc:493] T d405e1f3f2924da8856dc487bc03ab63 P bf287883c1d448f5bc227cdfbcba7bce [term 0 FOLLOWER]: Starting pre-election (no leader contacted us within the election timeout)
I20260812 08:02:39.635349 24667 catalog_manager.cc:6001] Not sending DeleteTablet requests; no consensus state for tablet 645cf917b50849769ca862c050db5153
I20260812 08:02:39.635392 26097 raft_consensus.cc:515] T d405e1f3f2924da8856dc487bc03ab63 P bf287883c1d448f5bc227cdfbcba7bce [term 0 FOLLOWER]: Starting pre-election with config: opid_index: -1 OBSOLETE_local: false peers { permanent_uuid: "fa3dd72862264b38b2e7f4bb24aada96" member_type: VOTER last_known_addr { host: "127.24.6.67" port: 37053 } } peers { permanent_uuid: "7d6721f980114176b68bc5fd89b050d9" member_type: VOTER last_known_addr { host: "127.24.6.65" port: 46781 } } peers { permanent_uuid: "bf287883c1d448f5bc227cdfbcba7bce" member_type: VOTER last_known_addr { host: "127.24.6.66" port: 41917 } }
I20260812 08:02:39.635478 26083 tablet_bootstrap.cc:654] T 4faf97de512b4042ae2104637d1dc312 P bf287883c1d448f5bc227cdfbcba7bce: Neither blocks nor log segments found. Creating new log.
I20260812 08:02:39.635510 24667 master_service.cc:960] ReplaceTablet: received request to replace tablet 644e02e23ea14f3fb1ee21c647878157 from {username='slave'} at 127.0.0.1:35620
I20260812 08:02:39.635571 26087 ts_tablet_manager.cc:1434] T c68954a688c14000a521ea3d2153c788 P 7d6721f980114176b68bc5fd89b050d9: Time spent starting tablet: real 0.001s	user 0.000s	sys 0.000s
I20260812 08:02:39.635726 24667 master_service.cc:960] ReplaceTablet: received request to replace tablet ec2641d5ae744297b8314cc5d3736da5 from {username='slave'} at 127.0.0.1:35620
I20260812 08:02:39.635747 26087 tablet_bootstrap.cc:492] T c361f5515bb84056b2b02dd0c9fa7a9b P 7d6721f980114176b68bc5fd89b050d9: Bootstrap starting.
I20260812 08:02:39.635998 26097 leader_election.cc:290] T d405e1f3f2924da8856dc487bc03ab63 P bf287883c1d448f5bc227cdfbcba7bce [CANDIDATE]: Term 1 pre-election: Requested pre-vote from peers fa3dd72862264b38b2e7f4bb24aada96 (127.24.6.67:37053), 7d6721f980114176b68bc5fd89b050d9 (127.24.6.65:46781)
I20260812 08:02:39.636421 25332 tablet_service.cc:1917] Received RequestConsensusVote() RPC: tablet_id: "d405e1f3f2924da8856dc487bc03ab63" candidate_uuid: "bf287883c1d448f5bc227cdfbcba7bce" candidate_term: 1 candidate_status { last_received { term: 0 index: 0 } } ignore_live_leader: false dest_uuid: "7d6721f980114176b68bc5fd89b050d9" is_pre_election: true
I20260812 08:02:39.636623 24673 catalog_manager.cc:3570] Servicing AlterTable request from {username='slave'} at 127.0.0.1:35620:
table { table_name: "default.Table_b0dc8c4ef2d5498aae169b7ad8e5ba73" } new_table_name: "default.Table_bc3b7956b962490381f51108ec25b756" modify_external_catalogs: true
I20260812 08:02:39.636842 26087 tablet_bootstrap.cc:654] T c361f5515bb84056b2b02dd0c9fa7a9b P 7d6721f980114176b68bc5fd89b050d9: Neither blocks nor log segments found. Creating new log.
W20260812 08:02:39.636838 25459 leader_election.cc:343] T d405e1f3f2924da8856dc487bc03ab63 P bf287883c1d448f5bc227cdfbcba7bce [CANDIDATE]: Term 1 pre-election: Tablet error from VoteRequest() call to peer 7d6721f980114176b68bc5fd89b050d9 (127.24.6.65:46781): Illegal state: must be running to vote when last-logged opid is not known
W20260812 08:02:39.637692 24671 catalog_manager.cc:5979] Failed to send alter table request: Not found: failed to reset TS proxy: No leader found: Tablet c68954a688c14000a521ea3d2153c788 consensus state has no leader
I20260812 08:02:39.637778 26076 ts_tablet_manager.cc:1929] T 9c87dfab86cf44a1ad9b47f00221787b P bf287883c1d448f5bc227cdfbcba7bce: tablet deleted with delete type TABLET_DATA_DELETED: last-logged OpId 0.0
I20260812 08:02:39.637837 26076 log.cc:1199] T 9c87dfab86cf44a1ad9b47f00221787b P bf287883c1d448f5bc227cdfbcba7bce: Deleting WAL directory at /tmp/dist-test-taskUXeNCr/test-tmp/master-stress-test.1.CatalogManagerConfigurations_MasterStressTest.Test_1.1786521756157063-24601-0/minicluster-data/ts-1/wal/wals/9c87dfab86cf44a1ad9b47f00221787b
I20260812 08:02:39.638046 26076 ts_tablet_manager.cc:1950] T 9c87dfab86cf44a1ad9b47f00221787b P bf287883c1d448f5bc227cdfbcba7bce: Deleting consensus metadata
I20260812 08:02:39.638106 26078 tablet_bootstrap.cc:492] T b7fd9a0a88ef412bb9e495c926d490c1 P fa3dd72862264b38b2e7f4bb24aada96: No bootstrap required, opened a new log
I20260812 08:02:39.638186 26078 ts_tablet_manager.cc:1403] T b7fd9a0a88ef412bb9e495c926d490c1 P fa3dd72862264b38b2e7f4bb24aada96: Time spent bootstrapping tablet: real 0.100s	user 0.001s	sys 0.000s
I20260812 08:02:39.638576 26078 raft_consensus.cc:359] T b7fd9a0a88ef412bb9e495c926d490c1 P fa3dd72862264b38b2e7f4bb24aada96 [term 0 FOLLOWER]: Replica starting. Triggering 0 pending ops. Active config: opid_index: -1 OBSOLETE_local: false peers { permanent_uuid: "7d6721f980114176b68bc5fd89b050d9" member_type: VOTER last_known_addr { host: "127.24.6.65" port: 46781 } } peers { permanent_uuid: "bf287883c1d448f5bc227cdfbcba7bce" member_type: VOTER last_known_addr { host: "127.24.6.66" port: 41917 } } peers { permanent_uuid: "fa3dd72862264b38b2e7f4bb24aada96" member_type: VOTER last_known_addr { host: "127.24.6.67" port: 37053 } }
I20260812 08:02:39.638652 26078 raft_consensus.cc:385] T b7fd9a0a88ef412bb9e495c926d490c1 P fa3dd72862264b38b2e7f4bb24aada96 [term 0 FOLLOWER]: Consensus starting up: Expiring failure detector timer to make a prompt election more likely
I20260812 08:02:39.638672 26078 raft_consensus.cc:740] T b7fd9a0a88ef412bb9e495c926d490c1 P fa3dd72862264b38b2e7f4bb24aada96 [term 0 FOLLOWER]: Becoming Follower/Learner. State: Replica: fa3dd72862264b38b2e7f4bb24aada96, State: Initialized, Role: FOLLOWER
I20260812 08:02:39.638772 26078 consensus_queue.cc:260] T b7fd9a0a88ef412bb9e495c926d490c1 P fa3dd72862264b38b2e7f4bb24aada96 [NON_LEADER]: Queue going to NON_LEADER mode. State: All replicated index: 0, Majority replicated index: 0, Committed index: 0, Last appended: 0.0, Last appended by leader: 0, Current term: 0, Majority size: -1, State: 0, Mode: NON_LEADER, active raft config: opid_index: -1 OBSOLETE_local: false peers { permanent_uuid: "7d6721f980114176b68bc5fd89b050d9" member_type: VOTER last_known_addr { host: "127.24.6.65" port: 46781 } } peers { permanent_uuid: "bf287883c1d448f5bc227cdfbcba7bce" member_type: VOTER last_known_addr { host: "127.24.6.66" port: 41917 } } peers { permanent_uuid: "fa3dd72862264b38b2e7f4bb24aada96" member_type: VOTER last_known_addr { host: "127.24.6.67" port: 37053 } }
I20260812 08:02:39.639041 26078 ts_tablet_manager.cc:1434] T b7fd9a0a88ef412bb9e495c926d490c1 P fa3dd72862264b38b2e7f4bb24aada96: Time spent starting tablet: real 0.001s	user 0.001s	sys 0.000s
I20260812 08:02:39.639230 26078 tablet_bootstrap.cc:492] T ec2641d5ae744297b8314cc5d3736da5 P fa3dd72862264b38b2e7f4bb24aada96: Bootstrap starting.
I20260812 08:02:39.639339 25847 tablet_service.cc:1917] Received RequestConsensusVote() RPC: tablet_id: "d405e1f3f2924da8856dc487bc03ab63" candidate_uuid: "bf287883c1d448f5bc227cdfbcba7bce" candidate_term: 1 candidate_status { last_received { term: 0 index: 0 } } ignore_live_leader: false dest_uuid: "fa3dd72862264b38b2e7f4bb24aada96" is_pre_election: true
I20260812 08:02:39.640089 26078 tablet_bootstrap.cc:654] T ec2641d5ae744297b8314cc5d3736da5 P fa3dd72862264b38b2e7f4bb24aada96: Neither blocks nor log segments found. Creating new log.
W20260812 08:02:39.640625 25455 leader_election.cc:343] T d405e1f3f2924da8856dc487bc03ab63 P bf287883c1d448f5bc227cdfbcba7bce [CANDIDATE]: Term 1 pre-election: Tablet error from VoteRequest() call to peer fa3dd72862264b38b2e7f4bb24aada96 (127.24.6.67:37053): Illegal state: must be running to vote when last-logged opid is not known
I20260812 08:02:39.640689 25455 leader_election.cc:304] T d405e1f3f2924da8856dc487bc03ab63 P bf287883c1d448f5bc227cdfbcba7bce [CANDIDATE]: Term 1 pre-election: Election decided. Result: candidate lost. Election summary: received 3 responses out of 3 voters: 1 yes votes; 2 no votes. yes voters: bf287883c1d448f5bc227cdfbcba7bce; no voters: 7d6721f980114176b68bc5fd89b050d9, fa3dd72862264b38b2e7f4bb24aada96
I20260812 08:02:39.640887 26094 raft_consensus.cc:2749] T d405e1f3f2924da8856dc487bc03ab63 P bf287883c1d448f5bc227cdfbcba7bce [term 0 FOLLOWER]: Leader pre-election lost for term 1. Reason: could not achieve majority
I20260812 08:02:39.641027 24686 catalog_manager.cc:2533] Servicing SoftDeleteTable request from {username='slave'} at 127.0.0.1:35620:
table { table_name: "default.Table_4ad61008c54449408a62e1441d7be838" } modify_external_catalogs: true
I20260812 08:02:39.641124 24686 catalog_manager.cc:2781] Servicing DeleteTable request from {username='slave'} at 127.0.0.1:35620:
table { table_name: "default.Table_4ad61008c54449408a62e1441d7be838" } modify_external_catalogs: true
I20260812 08:02:39.641386 26076 tablet_replica.cc:333] T d405e1f3f2924da8856dc487bc03ab63 P bf287883c1d448f5bc227cdfbcba7bce: stopping tablet replica
I20260812 08:02:39.641511 26076 raft_consensus.cc:2243] T d405e1f3f2924da8856dc487bc03ab63 P bf287883c1d448f5bc227cdfbcba7bce [term 0 FOLLOWER]: Raft consensus shutting down.
I20260812 08:02:39.641600 26076 raft_consensus.cc:2272] T d405e1f3f2924da8856dc487bc03ab63 P bf287883c1d448f5bc227cdfbcba7bce [term 0 FOLLOWER]: Raft consensus is shut down!
I20260812 08:02:39.641636 24651 catalog_manager.cc:5050] TS bf287883c1d448f5bc227cdfbcba7bce (127.24.6.66:41917): tablet 9c87dfab86cf44a1ad9b47f00221787b (table default.Table_f3eba51c6e474fc09ad3e43c1bca9d07 [id=1cd813f8e30d4b70a5e90e908edb6236]) successfully deleted
I20260812 08:02:39.641973 26804 sys_catalog.cc:263] Verifying existing consensus state
I20260812 08:02:39.642071 26076 ts_tablet_manager.cc:1916] T d405e1f3f2924da8856dc487bc03ab63 P bf287883c1d448f5bc227cdfbcba7bce: Deleting tablet data with delete state TABLET_DATA_DELETED
I20260812 08:02:39.643986 26094 raft_consensus.cc:493] T b7fd9a0a88ef412bb9e495c926d490c1 P bf287883c1d448f5bc227cdfbcba7bce [term 0 FOLLOWER]: Starting pre-election (no leader contacted us within the election timeout)
I20260812 08:02:39.644068 26094 raft_consensus.cc:515] T b7fd9a0a88ef412bb9e495c926d490c1 P bf287883c1d448f5bc227cdfbcba7bce [term 0 FOLLOWER]: Starting pre-election with config: opid_index: -1 OBSOLETE_local: false peers { permanent_uuid: "7d6721f980114176b68bc5fd89b050d9" member_type: VOTER last_known_addr { host: "127.24.6.65" port: 46781 } } peers { permanent_uuid: "bf287883c1d448f5bc227cdfbcba7bce" member_type: VOTER last_known_addr { host: "127.24.6.66" port: 41917 } } peers { permanent_uuid: "fa3dd72862264b38b2e7f4bb24aada96" member_type: VOTER last_known_addr { host: "127.24.6.67" port: 37053 } }
I20260812 08:02:39.644431 26094 leader_election.cc:290] T b7fd9a0a88ef412bb9e495c926d490c1 P bf287883c1d448f5bc227cdfbcba7bce [CANDIDATE]: Term 1 pre-election: Requested pre-vote from peers 7d6721f980114176b68bc5fd89b050d9 (127.24.6.65:46781), fa3dd72862264b38b2e7f4bb24aada96 (127.24.6.67:37053)
I20260812 08:02:39.644855 25332 tablet_service.cc:1917] Received RequestConsensusVote() RPC: tablet_id: "b7fd9a0a88ef412bb9e495c926d490c1" candidate_uuid: "bf287883c1d448f5bc227cdfbcba7bce" candidate_term: 1 candidate_status { last_received { term: 0 index: 0 } } ignore_live_leader: false dest_uuid: "7d6721f980114176b68bc5fd89b050d9" is_pre_election: true
W20260812 08:02:39.645253 25459 leader_election.cc:343] T b7fd9a0a88ef412bb9e495c926d490c1 P bf287883c1d448f5bc227cdfbcba7bce [CANDIDATE]: Term 1 pre-election: Tablet error from VoteRequest() call to peer 7d6721f980114176b68bc5fd89b050d9 (127.24.6.65:46781): Illegal state: must be running to vote when last-logged opid is not known
I20260812 08:02:39.645841 26076 ts_tablet_manager.cc:1929] T d405e1f3f2924da8856dc487bc03ab63 P bf287883c1d448f5bc227cdfbcba7bce: tablet deleted with delete type TABLET_DATA_DELETED: last-logged OpId 0.0
I20260812 08:02:39.645812 25847 tablet_service.cc:1917] Received RequestConsensusVote() RPC: tablet_id: "b7fd9a0a88ef412bb9e495c926d490c1" candidate_uuid: "bf287883c1d448f5bc227cdfbcba7bce" candidate_term: 1 candidate_status { last_received { term: 0 index: 0 } } ignore_live_leader: false dest_uuid: "fa3dd72862264b38b2e7f4bb24aada96" is_pre_election: true
I20260812 08:02:39.645936 25847 raft_consensus.cc:2468] T b7fd9a0a88ef412bb9e495c926d490c1 P fa3dd72862264b38b2e7f4bb24aada96 [term 0 FOLLOWER]: Leader pre-election vote request: Granting yes vote for candidate bf287883c1d448f5bc227cdfbcba7bce in term 0.
I20260812 08:02:39.646183 26093 raft_consensus.cc:493] T 3b66875fa7e247c39150e2641deb7588 P 7d6721f980114176b68bc5fd89b050d9 [term 0 FOLLOWER]: Starting pre-election (no leader contacted us within the election timeout)
I20260812 08:02:39.646260 26076 log.cc:1199] T d405e1f3f2924da8856dc487bc03ab63 P bf287883c1d448f5bc227cdfbcba7bce: Deleting WAL directory at /tmp/dist-test-taskUXeNCr/test-tmp/master-stress-test.1.CatalogManagerConfigurations_MasterStressTest.Test_1.1786521756157063-24601-0/minicluster-data/ts-1/wal/wals/d405e1f3f2924da8856dc487bc03ab63
I20260812 08:02:39.646270 26093 raft_consensus.cc:515] T 3b66875fa7e247c39150e2641deb7588 P 7d6721f980114176b68bc5fd89b050d9 [term 0 FOLLOWER]: Starting pre-election with config: opid_index: -1 OBSOLETE_local: false peers { permanent_uuid: "7d6721f980114176b68bc5fd89b050d9" member_type: VOTER last_known_addr { host: "127.24.6.65" port: 46781 } } peers { permanent_uuid: "fa3dd72862264b38b2e7f4bb24aada96" member_type: VOTER last_known_addr { host: "127.24.6.67" port: 37053 } } peers { permanent_uuid: "bf287883c1d448f5bc227cdfbcba7bce" member_type: VOTER last_known_addr { host: "127.24.6.66" port: 41917 } }
I20260812 08:02:39.646473 26076 ts_tablet_manager.cc:1950] T d405e1f3f2924da8856dc487bc03ab63 P bf287883c1d448f5bc227cdfbcba7bce: Deleting consensus metadata
I20260812 08:02:39.646624 26093 leader_election.cc:290] T 3b66875fa7e247c39150e2641deb7588 P 7d6721f980114176b68bc5fd89b050d9 [CANDIDATE]: Term 1 pre-election: Requested pre-vote from peers fa3dd72862264b38b2e7f4bb24aada96 (127.24.6.67:37053), bf287883c1d448f5bc227cdfbcba7bce (127.24.6.66:41917)
I20260812 08:02:39.647313 24651 catalog_manager.cc:5050] TS bf287883c1d448f5bc227cdfbcba7bce (127.24.6.66:41917): tablet d405e1f3f2924da8856dc487bc03ab63 (table default.Table_9344fa0948c04f6b92a805da8ecdd61e [id=f36ec8cf926441829350ed6d371046b2]) successfully deleted
I20260812 08:02:39.647354 26078 tablet_bootstrap.cc:492] T ec2641d5ae744297b8314cc5d3736da5 P fa3dd72862264b38b2e7f4bb24aada96: No bootstrap required, opened a new log
I20260812 08:02:39.647434 26078 ts_tablet_manager.cc:1403] T ec2641d5ae744297b8314cc5d3736da5 P fa3dd72862264b38b2e7f4bb24aada96: Time spent bootstrapping tablet: real 0.008s	user 0.001s	sys 0.000s
I20260812 08:02:39.647444 25847 tablet_service.cc:1917] Received RequestConsensusVote() RPC: tablet_id: "3b66875fa7e247c39150e2641deb7588" candidate_uuid: "7d6721f980114176b68bc5fd89b050d9" candidate_term: 1 candidate_status { last_received { term: 0 index: 0 } } ignore_live_leader: false dest_uuid: "fa3dd72862264b38b2e7f4bb24aada96" is_pre_election: true
I20260812 08:02:39.647567 25847 raft_consensus.cc:2468] T 3b66875fa7e247c39150e2641deb7588 P fa3dd72862264b38b2e7f4bb24aada96 [term 0 FOLLOWER]: Leader pre-election vote request: Granting yes vote for candidate 7d6721f980114176b68bc5fd89b050d9 in term 0.
I20260812 08:02:39.647644 25455 leader_election.cc:304] T b7fd9a0a88ef412bb9e495c926d490c1 P bf287883c1d448f5bc227cdfbcba7bce [CANDIDATE]: Term 1 pre-election: Election decided. Result: candidate won. Election summary: received 3 responses out of 3 voters: 2 yes votes; 1 no votes. yes voters: bf287883c1d448f5bc227cdfbcba7bce, fa3dd72862264b38b2e7f4bb24aada96; no voters: 7d6721f980114176b68bc5fd89b050d9
I20260812 08:02:39.647792 26094 raft_consensus.cc:2804] T b7fd9a0a88ef412bb9e495c926d490c1 P bf287883c1d448f5bc227cdfbcba7bce [term 0 FOLLOWER]: Leader pre-election won for term 1
I20260812 08:02:39.647845 26094 raft_consensus.cc:493] T b7fd9a0a88ef412bb9e495c926d490c1 P bf287883c1d448f5bc227cdfbcba7bce [term 0 FOLLOWER]: Starting leader election (no leader contacted us within the election timeout)
I20260812 08:02:39.647882 26094 raft_consensus.cc:3060] T b7fd9a0a88ef412bb9e495c926d490c1 P bf287883c1d448f5bc227cdfbcba7bce [term 0 FOLLOWER]: Advancing to term 1
W20260812 08:02:39.647902 25194 leader_election.cc:343] T 3b66875fa7e247c39150e2641deb7588 P 7d6721f980114176b68bc5fd89b050d9 [CANDIDATE]: Term 1 pre-election: Tablet error from VoteRequest() call to peer bf287883c1d448f5bc227cdfbcba7bce (127.24.6.66:41917): Not found: Tablet not found: 3b66875fa7e247c39150e2641deb7588
I20260812 08:02:39.647964 26078 raft_consensus.cc:359] T ec2641d5ae744297b8314cc5d3736da5 P fa3dd72862264b38b2e7f4bb24aada96 [term 0 FOLLOWER]: Replica starting. Triggering 0 pending ops. Active config: opid_index: -1 OBSOLETE_local: false peers { permanent_uuid: "7d6721f980114176b68bc5fd89b050d9" member_type: VOTER last_known_addr { host: "127.24.6.65" port: 46781 } } peers { permanent_uuid: "bf287883c1d448f5bc227cdfbcba7bce" member_type: VOTER last_known_addr { host: "127.24.6.66" port: 41917 } } peers { permanent_uuid: "fa3dd72862264b38b2e7f4bb24aada96" member_type: VOTER last_known_addr { host: "127.24.6.67" port: 37053 } }
I20260812 08:02:39.648056 26078 raft_consensus.cc:385] T ec2641d5ae744297b8314cc5d3736da5 P fa3dd72862264b38b2e7f4bb24aada96 [term 0 FOLLOWER]: Consensus starting up: Expiring failure detector timer to make a prompt election more likely
I20260812 08:02:39.648088 26078 raft_consensus.cc:740] T ec2641d5ae744297b8314cc5d3736da5 P fa3dd72862264b38b2e7f4bb24aada96 [term 0 FOLLOWER]: Becoming Follower/Learner. State: Replica: fa3dd72862264b38b2e7f4bb24aada96, State: Initialized, Role: FOLLOWER
I20260812 08:02:39.648141 25202 leader_election.cc:304] T 3b66875fa7e247c39150e2641deb7588 P 7d6721f980114176b68bc5fd89b050d9 [CANDIDATE]: Term 1 pre-election: Election decided. Result: candidate won. Election summary: received 3 responses out of 3 voters: 2 yes votes; 1 no votes. yes voters: 7d6721f980114176b68bc5fd89b050d9, fa3dd72862264b38b2e7f4bb24aada96; no voters: bf287883c1d448f5bc227cdfbcba7bce
I20260812 08:02:39.648276 26078 consensus_queue.cc:260] T ec2641d5ae744297b8314cc5d3736da5 P fa3dd72862264b38b2e7f4bb24aada96 [NON_LEADER]: Queue going to NON_LEADER mode. State: All replicated index: 0, Majority replicated index: 0, Committed index: 0, Last appended: 0.0, Last appended by leader: 0, Current term: 0, Majority size: -1, State: 0, Mode: NON_LEADER, active raft config: opid_index: -1 OBSOLETE_local: false peers { permanent_uuid: "7d6721f980114176b68bc5fd89b050d9" member_type: VOTER last_known_addr { host: "127.24.6.65" port: 46781 } } peers { permanent_uuid: "bf287883c1d448f5bc227cdfbcba7bce" member_type: VOTER last_known_addr { host: "127.24.6.66" port: 41917 } } peers { permanent_uuid: "fa3dd72862264b38b2e7f4bb24aada96" member_type: VOTER last_known_addr { host: "127.24.6.67" port: 37053 } }
I20260812 08:02:39.648371 26093 raft_consensus.cc:2804] T 3b66875fa7e247c39150e2641deb7588 P 7d6721f980114176b68bc5fd89b050d9 [term 0 FOLLOWER]: Leader pre-election won for term 1
I20260812 08:02:39.648419 26093 raft_consensus.cc:493] T 3b66875fa7e247c39150e2641deb7588 P 7d6721f980114176b68bc5fd89b050d9 [term 0 FOLLOWER]: Starting leader election (no leader contacted us within the election timeout)
I20260812 08:02:39.648452 26093 raft_consensus.cc:3060] T 3b66875fa7e247c39150e2641deb7588 P 7d6721f980114176b68bc5fd89b050d9 [term 0 FOLLOWER]: Advancing to term 1
I20260812 08:02:39.648801 26094 raft_consensus.cc:515] T b7fd9a0a88ef412bb9e495c926d490c1 P bf287883c1d448f5bc227cdfbcba7bce [term 1 FOLLOWER]: Starting leader election with config: opid_index: -1 OBSOLETE_local: false peers { permanent_uuid: "7d6721f980114176b68bc5fd89b050d9" member_type: VOTER last_known_addr { host: "127.24.6.65" port: 46781 } } peers { permanent_uuid: "bf287883c1d448f5bc227cdfbcba7bce" member_type: VOTER last_known_addr { host: "127.24.6.66" port: 41917 } } peers { permanent_uuid: "fa3dd72862264b38b2e7f4bb24aada96" member_type: VOTER last_known_addr { host: "127.24.6.67" port: 37053 } }
I20260812 08:02:39.649151 26094 leader_election.cc:290] T b7fd9a0a88ef412bb9e495c926d490c1 P bf287883c1d448f5bc227cdfbcba7bce [CANDIDATE]: Term 1 election: Requested vote from peers 7d6721f980114176b68bc5fd89b050d9 (127.24.6.65:46781), fa3dd72862264b38b2e7f4bb24aada96 (127.24.6.67:37053)
I20260812 08:02:39.649461 26093 raft_consensus.cc:515] T 3b66875fa7e247c39150e2641deb7588 P 7d6721f980114176b68bc5fd89b050d9 [term 1 FOLLOWER]: Starting leader election with config: opid_index: -1 OBSOLETE_local: false peers { permanent_uuid: "7d6721f980114176b68bc5fd89b050d9" member_type: VOTER last_known_addr { host: "127.24.6.65" port: 46781 } } peers { permanent_uuid: "fa3dd72862264b38b2e7f4bb24aada96" member_type: VOTER last_known_addr { host: "127.24.6.67" port: 37053 } } peers { permanent_uuid: "bf287883c1d448f5bc227cdfbcba7bce" member_type: VOTER last_known_addr { host: "127.24.6.66" port: 41917 } }
I20260812 08:02:39.649814 26093 leader_election.cc:290] T 3b66875fa7e247c39150e2641deb7588 P 7d6721f980114176b68bc5fd89b050d9 [CANDIDATE]: Term 1 election: Requested vote from peers fa3dd72862264b38b2e7f4bb24aada96 (127.24.6.67:37053), bf287883c1d448f5bc227cdfbcba7bce (127.24.6.66:41917)
I20260812 08:02:39.649926 26078 ts_tablet_manager.cc:1434] T ec2641d5ae744297b8314cc5d3736da5 P fa3dd72862264b38b2e7f4bb24aada96: Time spent starting tablet: real 0.002s	user 0.001s	sys 0.000s
I20260812 08:02:39.650104 26078 tablet_bootstrap.cc:492] T 9c87dfab86cf44a1ad9b47f00221787b P fa3dd72862264b38b2e7f4bb24aada96: Bootstrap starting.
I20260812 08:02:39.650389 25847 tablet_service.cc:1917] Received RequestConsensusVote() RPC: tablet_id: "3b66875fa7e247c39150e2641deb7588" candidate_uuid: "7d6721f980114176b68bc5fd89b050d9" candidate_term: 1 candidate_status { last_received { term: 0 index: 0 } } ignore_live_leader: false dest_uuid: "fa3dd72862264b38b2e7f4bb24aada96"
I20260812 08:02:39.650480 25847 raft_consensus.cc:3060] T 3b66875fa7e247c39150e2641deb7588 P fa3dd72862264b38b2e7f4bb24aada96 [term 0 FOLLOWER]: Advancing to term 1
I20260812 08:02:39.650821 25332 tablet_service.cc:1917] Received RequestConsensusVote() RPC: tablet_id: "b7fd9a0a88ef412bb9e495c926d490c1" candidate_uuid: "bf287883c1d448f5bc227cdfbcba7bce" candidate_term: 1 candidate_status { last_received { term: 0 index: 0 } } ignore_live_leader: false dest_uuid: "7d6721f980114176b68bc5fd89b050d9"
I20260812 08:02:39.651104 26078 tablet_bootstrap.cc:654] T 9c87dfab86cf44a1ad9b47f00221787b P fa3dd72862264b38b2e7f4bb24aada96: Neither blocks nor log segments found. Creating new log.
W20260812 08:02:39.651263 25459 leader_election.cc:343] T b7fd9a0a88ef412bb9e495c926d490c1 P bf287883c1d448f5bc227cdfbcba7bce [CANDIDATE]: Term 1 election: Tablet error from VoteRequest() call to peer 7d6721f980114176b68bc5fd89b050d9 (127.24.6.65:46781): Illegal state: must be running to vote when last-logged opid is not known
I20260812 08:02:39.651487 25847 raft_consensus.cc:2468] T 3b66875fa7e247c39150e2641deb7588 P fa3dd72862264b38b2e7f4bb24aada96 [term 1 FOLLOWER]: Leader election vote request: Granting yes vote for candidate 7d6721f980114176b68bc5fd89b050d9 in term 1.
I20260812 08:02:39.651619 25851 tablet_service.cc:1917] Received RequestConsensusVote() RPC: tablet_id: "b7fd9a0a88ef412bb9e495c926d490c1" candidate_uuid: "bf287883c1d448f5bc227cdfbcba7bce" candidate_term: 1 candidate_status { last_received { term: 0 index: 0 } } ignore_live_leader: false dest_uuid: "fa3dd72862264b38b2e7f4bb24aada96"
I20260812 08:02:39.651722 25851 raft_consensus.cc:3060] T b7fd9a0a88ef412bb9e495c926d490c1 P fa3dd72862264b38b2e7f4bb24aada96 [term 0 FOLLOWER]: Advancing to term 1
I20260812 08:02:39.652720 26078 tablet_bootstrap.cc:492] T 9c87dfab86cf44a1ad9b47f00221787b P fa3dd72862264b38b2e7f4bb24aada96: No bootstrap required, opened a new log
I20260812 08:02:39.652806 26078 ts_tablet_manager.cc:1403] T 9c87dfab86cf44a1ad9b47f00221787b P fa3dd72862264b38b2e7f4bb24aada96: Time spent bootstrapping tablet: real 0.003s	user 0.002s	sys 0.000s
I20260812 08:02:39.652850 25851 raft_consensus.cc:2468] T b7fd9a0a88ef412bb9e495c926d490c1 P fa3dd72862264b38b2e7f4bb24aada96 [term 1 FOLLOWER]: Leader election vote request: Granting yes vote for candidate bf287883c1d448f5bc227cdfbcba7bce in term 1.
I20260812 08:02:39.653348 26078 raft_consensus.cc:359] T 9c87dfab86cf44a1ad9b47f00221787b P fa3dd72862264b38b2e7f4bb24aada96 [term 0 FOLLOWER]: Replica starting. Triggering 0 pending ops. Active config: opid_index: -1 OBSOLETE_local: false peers { permanent_uuid: "fa3dd72862264b38b2e7f4bb24aada96" member_type: VOTER last_known_addr { host: "127.24.6.67" port: 37053 } } peers { permanent_uuid: "7d6721f980114176b68bc5fd89b050d9" member_type: VOTER last_known_addr { host: "127.24.6.65" port: 46781 } } peers { permanent_uuid: "bf287883c1d448f5bc227cdfbcba7bce" member_type: VOTER last_known_addr { host: "127.24.6.66" port: 41917 } }
I20260812 08:02:39.653456 26078 raft_consensus.cc:385] T 9c87dfab86cf44a1ad9b47f00221787b P fa3dd72862264b38b2e7f4bb24aada96 [term 0 FOLLOWER]: Consensus starting up: Expiring failure detector timer to make a prompt election more likely
I20260812 08:02:39.653494 26078 raft_consensus.cc:740] T 9c87dfab86cf44a1ad9b47f00221787b P fa3dd72862264b38b2e7f4bb24aada96 [term 0 FOLLOWER]: Becoming Follower/Learner. State: Replica: fa3dd72862264b38b2e7f4bb24aada96, State: Initialized, Role: FOLLOWER
I20260812 08:02:39.653616 26078 consensus_queue.cc:260] T 9c87dfab86cf44a1ad9b47f00221787b P fa3dd72862264b38b2e7f4bb24aada96 [NON_LEADER]: Queue going to NON_LEADER mode. State: All replicated index: 0, Majority replicated index: 0, Committed index: 0, Last appended: 0.0, Last appended by leader: 0, Current term: 0, Majority size: -1, State: 0, Mode: NON_LEADER, active raft config: opid_index: -1 OBSOLETE_local: false peers { permanent_uuid: "fa3dd72862264b38b2e7f4bb24aada96" member_type: VOTER last_known_addr { host: "127.24.6.67" port: 37053 } } peers { permanent_uuid: "7d6721f980114176b68bc5fd89b050d9" member_type: VOTER last_known_addr { host: "127.24.6.65" port: 46781 } } peers { permanent_uuid: "bf287883c1d448f5bc227cdfbcba7bce" member_type: VOTER last_known_addr { host: "127.24.6.66" port: 41917 } }
I20260812 08:02:39.653891 26078 ts_tablet_manager.cc:1434] T 9c87dfab86cf44a1ad9b47f00221787b P fa3dd72862264b38b2e7f4bb24aada96: Time spent starting tablet: real 0.001s	user 0.001s	sys 0.000s
I20260812 08:02:39.653914 25202 leader_election.cc:304] T 3b66875fa7e247c39150e2641deb7588 P 7d6721f980114176b68bc5fd89b050d9 [CANDIDATE]: Term 1 election: Election decided. Result: candidate won. Election summary: received 2 responses out of 3 voters: 2 yes votes; 0 no votes. yes voters: 7d6721f980114176b68bc5fd89b050d9, fa3dd72862264b38b2e7f4bb24aada96; no voters: 
I20260812 08:02:39.654002 26083 tablet_bootstrap.cc:492] T 4faf97de512b4042ae2104637d1dc312 P bf287883c1d448f5bc227cdfbcba7bce: No bootstrap required, opened a new log
I20260812 08:02:39.654068 26078 tablet_bootstrap.cc:492] T 604f5811bd644e28998b87125ecc05c7 P fa3dd72862264b38b2e7f4bb24aada96: Bootstrap starting.
I20260812 08:02:39.654078 26083 ts_tablet_manager.cc:1403] T 4faf97de512b4042ae2104637d1dc312 P bf287883c1d448f5bc227cdfbcba7bce: Time spent bootstrapping tablet: real 0.022s	user 0.002s	sys 0.000s
I20260812 08:02:39.654066 26093 raft_consensus.cc:2804] T 3b66875fa7e247c39150e2641deb7588 P 7d6721f980114176b68bc5fd89b050d9 [term 1 FOLLOWER]: Leader election won for term 1
I20260812 08:02:39.654142 26093 raft_consensus.cc:697] T 3b66875fa7e247c39150e2641deb7588 P 7d6721f980114176b68bc5fd89b050d9 [term 1 LEADER]: Becoming Leader. State: Replica: 7d6721f980114176b68bc5fd89b050d9, State: Running, Role: LEADER
I20260812 08:02:39.654263 26093 consensus_queue.cc:237] T 3b66875fa7e247c39150e2641deb7588 P 7d6721f980114176b68bc5fd89b050d9 [LEADER]: Queue going to LEADER mode. State: All replicated index: 0, Majority replicated index: 0, Committed index: 0, Last appended: 0.0, Last appended by leader: 0, Current term: 1, Majority size: 2, State: 0, Mode: LEADER, active raft config: opid_index: -1 OBSOLETE_local: false peers { permanent_uuid: "7d6721f980114176b68bc5fd89b050d9" member_type: VOTER last_known_addr { host: "127.24.6.65" port: 46781 } } peers { permanent_uuid: "fa3dd72862264b38b2e7f4bb24aada96" member_type: VOTER last_known_addr { host: "127.24.6.67" port: 37053 } } peers { permanent_uuid: "bf287883c1d448f5bc227cdfbcba7bce" member_type: VOTER last_known_addr { host: "127.24.6.66" port: 41917 } }
I20260812 08:02:39.654395 24679 catalog_manager.cc:6264] T 00000000000000000000000000000000 P 07241ceadc6f4a13b71f89d56c944be0: default.Table_c9ef6088237f4465af8736054ffe1fb4 [id=8d7d27354391406caacd9e58576a5067] alter complete (version 1)
I20260812 08:02:39.654505 26083 raft_consensus.cc:359] T 4faf97de512b4042ae2104637d1dc312 P bf287883c1d448f5bc227cdfbcba7bce [term 0 FOLLOWER]: Replica starting. Triggering 0 pending ops. Active config: opid_index: -1 OBSOLETE_local: false peers { permanent_uuid: "fa3dd72862264b38b2e7f4bb24aada96" member_type: VOTER last_known_addr { host: "127.24.6.67" port: 37053 } } peers { permanent_uuid: "7d6721f980114176b68bc5fd89b050d9" member_type: VOTER last_known_addr { host: "127.24.6.65" port: 46781 } } peers { permanent_uuid: "bf287883c1d448f5bc227cdfbcba7bce" member_type: VOTER last_known_addr { host: "127.24.6.66" port: 41917 } }
I20260812 08:02:39.654603 26083 raft_consensus.cc:385] T 4faf97de512b4042ae2104637d1dc312 P bf287883c1d448f5bc227cdfbcba7bce [term 0 FOLLOWER]: Consensus starting up: Expiring failure detector timer to make a prompt election more likely
I20260812 08:02:39.654635 26083 raft_consensus.cc:740] T 4faf97de512b4042ae2104637d1dc312 P bf287883c1d448f5bc227cdfbcba7bce [term 0 FOLLOWER]: Becoming Follower/Learner. State: Replica: bf287883c1d448f5bc227cdfbcba7bce, State: Initialized, Role: FOLLOWER
I20260812 08:02:39.654772 26083 consensus_queue.cc:260] T 4faf97de512b4042ae2104637d1dc312 P bf287883c1d448f5bc227cdfbcba7bce [NON_LEADER]: Queue going to NON_LEADER mode. State: All replicated index: 0, Majority replicated index: 0, Committed index: 0, Last appended: 0.0, Last appended by leader: 0, Current term: 0, Majority size: -1, State: 0, Mode: NON_LEADER, active raft config: opid_index: -1 OBSOLETE_local: false peers { permanent_uuid: "fa3dd72862264b38b2e7f4bb24aada96" member_type: VOTER last_known_addr { host: "127.24.6.67" port: 37053 } } peers { permanent_uuid: "7d6721f980114176b68bc5fd89b050d9" member_type: VOTER last_known_addr { host: "127.24.6.65" port: 46781 } } peers { permanent_uuid: "bf287883c1d448f5bc227cdfbcba7bce" member_type: VOTER last_known_addr { host: "127.24.6.66" port: 41917 } }
I20260812 08:02:39.655002 25455 leader_election.cc:304] T b7fd9a0a88ef412bb9e495c926d490c1 P bf287883c1d448f5bc227cdfbcba7bce [CANDIDATE]: Term 1 election: Election decided. Result: candidate won. Election summary: received 3 responses out of 3 voters: 2 yes votes; 1 no votes. yes voters: bf287883c1d448f5bc227cdfbcba7bce, fa3dd72862264b38b2e7f4bb24aada96; no voters: 7d6721f980114176b68bc5fd89b050d9
I20260812 08:02:39.655057 26083 ts_tablet_manager.cc:1434] T 4faf97de512b4042ae2104637d1dc312 P bf287883c1d448f5bc227cdfbcba7bce: Time spent starting tablet: real 0.001s	user 0.000s	sys 0.001s
I20260812 08:02:39.655042 26152 raft_consensus.cc:493] T eb1ccd94f20940bf83268d84a67d1310 P fa3dd72862264b38b2e7f4bb24aada96 [term 0 FOLLOWER]: Starting pre-election (no leader contacted us within the election timeout)
I20260812 08:02:39.655112 26152 raft_consensus.cc:515] T eb1ccd94f20940bf83268d84a67d1310 P fa3dd72862264b38b2e7f4bb24aada96 [term 0 FOLLOWER]: Starting pre-election with config: opid_index: -1 OBSOLETE_local: false peers { permanent_uuid: "7d6721f980114176b68bc5fd89b050d9" member_type: VOTER last_known_addr { host: "127.24.6.65" port: 46781 } } peers { permanent_uuid: "fa3dd72862264b38b2e7f4bb24aada96" member_type: VOTER last_known_addr { host: "127.24.6.67" port: 37053 } } peers { permanent_uuid: "bf287883c1d448f5bc227cdfbcba7bce" member_type: VOTER last_known_addr { host: "127.24.6.66" port: 41917 } }
I20260812 08:02:39.655227 26097 raft_consensus.cc:2804] T b7fd9a0a88ef412bb9e495c926d490c1 P bf287883c1d448f5bc227cdfbcba7bce [term 1 FOLLOWER]: Leader election won for term 1
W20260812 08:02:39.655251 25194 leader_election.cc:343] T 3b66875fa7e247c39150e2641deb7588 P 7d6721f980114176b68bc5fd89b050d9 [CANDIDATE]: Term 1 election: Tablet error from VoteRequest() call to peer bf287883c1d448f5bc227cdfbcba7bce (127.24.6.66:41917): Not found: Tablet not found: 3b66875fa7e247c39150e2641deb7588
I20260812 08:02:39.655321 26097 raft_consensus.cc:697] T b7fd9a0a88ef412bb9e495c926d490c1 P bf287883c1d448f5bc227cdfbcba7bce [term 1 LEADER]: Becoming Leader. State: Replica: bf287883c1d448f5bc227cdfbcba7bce, State: Running, Role: LEADER
I20260812 08:02:39.655444 26152 leader_election.cc:290] T eb1ccd94f20940bf83268d84a67d1310 P fa3dd72862264b38b2e7f4bb24aada96 [CANDIDATE]: Term 1 pre-election: Requested pre-vote from peers 7d6721f980114176b68bc5fd89b050d9 (127.24.6.65:46781), bf287883c1d448f5bc227cdfbcba7bce (127.24.6.66:41917)
I20260812 08:02:39.655462 26097 consensus_queue.cc:237] T b7fd9a0a88ef412bb9e495c926d490c1 P bf287883c1d448f5bc227cdfbcba7bce [LEADER]: Queue going to LEADER mode. State: All replicated index: 0, Majority replicated index: 0, Committed index: 0, Last appended: 0.0, Last appended by leader: 0, Current term: 1, Majority size: 2, State: 0, Mode: LEADER, active raft config: opid_index: -1 OBSOLETE_local: false peers { permanent_uuid: "7d6721f980114176b68bc5fd89b050d9" member_type: VOTER last_known_addr { host: "127.24.6.65" port: 46781 } } peers { permanent_uuid: "bf287883c1d448f5bc227cdfbcba7bce" member_type: VOTER last_known_addr { host: "127.24.6.66" port: 41917 } } peers { permanent_uuid: "fa3dd72862264b38b2e7f4bb24aada96" member_type: VOTER last_known_addr { host: "127.24.6.67" port: 37053 } }
I20260812 08:02:39.655251 26083 tablet_bootstrap.cc:492] T 614f3f1a0e1b47a99b026e68cfbe5e44 P bf287883c1d448f5bc227cdfbcba7bce: Bootstrap starting.
I20260812 08:02:39.656646 26083 tablet_bootstrap.cc:654] T 614f3f1a0e1b47a99b026e68cfbe5e44 P bf287883c1d448f5bc227cdfbcba7bce: Neither blocks nor log segments found. Creating new log.
I20260812 08:02:39.657867 25945 heartbeater.cc:344] Connected to a master server at 127.24.6.125:42157
I20260812 08:02:39.659706 26083 tablet_bootstrap.cc:492] T 614f3f1a0e1b47a99b026e68cfbe5e44 P bf287883c1d448f5bc227cdfbcba7bce: No bootstrap required, opened a new log
I20260812 08:02:39.659792 26083 ts_tablet_manager.cc:1403] T 614f3f1a0e1b47a99b026e68cfbe5e44 P bf287883c1d448f5bc227cdfbcba7bce: Time spent bootstrapping tablet: real 0.005s	user 0.001s	sys 0.001s
W20260812 08:02:39.659955 25726 leader_election.cc:343] T eb1ccd94f20940bf83268d84a67d1310 P fa3dd72862264b38b2e7f4bb24aada96 [CANDIDATE]: Term 1 pre-election: Tablet error from VoteRequest() call to peer bf287883c1d448f5bc227cdfbcba7bce (127.24.6.66:41917): Not found: Tablet not found: eb1ccd94f20940bf83268d84a67d1310
W20260812 08:02:39.660224 25729 leader_election.cc:343] T eb1ccd94f20940bf83268d84a67d1310 P fa3dd72862264b38b2e7f4bb24aada96 [CANDIDATE]: Term 1 pre-election: Tablet error from VoteRequest() call to peer 7d6721f980114176b68bc5fd89b050d9 (127.24.6.65:46781): Not found: Tablet not found: eb1ccd94f20940bf83268d84a67d1310
I20260812 08:02:39.660220 26083 raft_consensus.cc:359] T 614f3f1a0e1b47a99b026e68cfbe5e44 P bf287883c1d448f5bc227cdfbcba7bce [term 0 FOLLOWER]: Replica starting. Triggering 0 pending ops. Active config: opid_index: -1 OBSOLETE_local: false peers { permanent_uuid: "fa3dd72862264b38b2e7f4bb24aada96" member_type: VOTER last_known_addr { host: "127.24.6.67" port: 37053 } } peers { permanent_uuid: "7d6721f980114176b68bc5fd89b050d9" member_type: VOTER last_known_addr { host: "127.24.6.65" port: 46781 } } peers { permanent_uuid: "bf287883c1d448f5bc227cdfbcba7bce" member_type: VOTER last_known_addr { host: "127.24.6.66" port: 41917 } }
I20260812 08:02:39.660311 26083 raft_consensus.cc:385] T 614f3f1a0e1b47a99b026e68cfbe5e44 P bf287883c1d448f5bc227cdfbcba7bce [term 0 FOLLOWER]: Consensus starting up: Expiring failure detector timer to make a prompt election more likely
I20260812 08:02:39.660285 25729 leader_election.cc:304] T eb1ccd94f20940bf83268d84a67d1310 P fa3dd72862264b38b2e7f4bb24aada96 [CANDIDATE]: Term 1 pre-election: Election decided. Result: candidate lost. Election summary: received 3 responses out of 3 voters: 1 yes votes; 2 no votes. yes voters: fa3dd72862264b38b2e7f4bb24aada96; no voters: 7d6721f980114176b68bc5fd89b050d9, bf287883c1d448f5bc227cdfbcba7bce
I20260812 08:02:39.660363 26083 raft_consensus.cc:740] T 614f3f1a0e1b47a99b026e68cfbe5e44 P bf287883c1d448f5bc227cdfbcba7bce [term 0 FOLLOWER]: Becoming Follower/Learner. State: Replica: bf287883c1d448f5bc227cdfbcba7bce, State: Initialized, Role: FOLLOWER
I20260812 08:02:39.660465 26083 consensus_queue.cc:260] T 614f3f1a0e1b47a99b026e68cfbe5e44 P bf287883c1d448f5bc227cdfbcba7bce [NON_LEADER]: Queue going to NON_LEADER mode. State: All replicated index: 0, Majority replicated index: 0, Committed index: 0, Last appended: 0.0, Last appended by leader: 0, Current term: 0, Majority size: -1, State: 0, Mode: NON_LEADER, active raft config: opid_index: -1 OBSOLETE_local: false peers { permanent_uuid: "fa3dd72862264b38b2e7f4bb24aada96" member_type: VOTER last_known_addr { host: "127.24.6.67" port: 37053 } } peers { permanent_uuid: "7d6721f980114176b68bc5fd89b050d9" member_type: VOTER last_known_addr { host: "127.24.6.65" port: 46781 } } peers { permanent_uuid: "bf287883c1d448f5bc227cdfbcba7bce" member_type: VOTER last_known_addr { host: "127.24.6.66" port: 41917 } }
I20260812 08:02:39.660526 26144 raft_consensus.cc:2749] T eb1ccd94f20940bf83268d84a67d1310 P fa3dd72862264b38b2e7f4bb24aada96 [term 0 FOLLOWER]: Leader pre-election lost for term 1. Reason: could not achieve majority
I20260812 08:02:39.660733 26083 ts_tablet_manager.cc:1434] T 614f3f1a0e1b47a99b026e68cfbe5e44 P bf287883c1d448f5bc227cdfbcba7bce: Time spent starting tablet: real 0.001s	user 0.001s	sys 0.000s
I20260812 08:02:39.660912 26083 tablet_bootstrap.cc:492] T 1b100da51ea747bb80261e5d3e58a550 P bf287883c1d448f5bc227cdfbcba7bce: Bootstrap starting.
I20260812 08:02:39.660991 26078 tablet_bootstrap.cc:654] T 604f5811bd644e28998b87125ecc05c7 P fa3dd72862264b38b2e7f4bb24aada96: Neither blocks nor log segments found. Creating new log.
I20260812 08:02:39.661849 26083 tablet_bootstrap.cc:654] T 1b100da51ea747bb80261e5d3e58a550 P bf287883c1d448f5bc227cdfbcba7bce: Neither blocks nor log segments found. Creating new log.
I20260812 08:02:39.661979 24675 catalog_manager.cc:2533] Servicing SoftDeleteTable request from {username='slave'} at 127.0.0.1:35620:
table { table_name: "default.Table_a407803b3bfc4a0b9fb1119f1e8851b4" } modify_external_catalogs: true
I20260812 08:02:39.662097 24675 catalog_manager.cc:2781] Servicing DeleteTable request from {username='slave'} at 127.0.0.1:35620:
table { table_name: "default.Table_a407803b3bfc4a0b9fb1119f1e8851b4" } modify_external_catalogs: true
I20260812 08:02:39.663323 26083 tablet_bootstrap.cc:492] T 1b100da51ea747bb80261e5d3e58a550 P bf287883c1d448f5bc227cdfbcba7bce: No bootstrap required, opened a new log
I20260812 08:02:39.663465 26083 ts_tablet_manager.cc:1403] T 1b100da51ea747bb80261e5d3e58a550 P bf287883c1d448f5bc227cdfbcba7bce: Time spent bootstrapping tablet: real 0.003s	user 0.002s	sys 0.000s
I20260812 08:02:39.663595 24668 catalog_manager.cc:6264] T 00000000000000000000000000000000 P 07241ceadc6f4a13b71f89d56c944be0: default.Table_4079cda5d68345f181b93077a1cc49d2 [id=658525eca9d540d3a98fe5380b8649c5] alter complete (version 1)
I20260812 08:02:39.663877 26083 raft_consensus.cc:359] T 1b100da51ea747bb80261e5d3e58a550 P bf287883c1d448f5bc227cdfbcba7bce [term 0 FOLLOWER]: Replica starting. Triggering 0 pending ops. Active config: opid_index: -1 OBSOLETE_local: false peers { permanent_uuid: "7d6721f980114176b68bc5fd89b050d9" member_type: VOTER last_known_addr { host: "127.24.6.65" port: 46781 } } peers { permanent_uuid: "fa3dd72862264b38b2e7f4bb24aada96" member_type: VOTER last_known_addr { host: "127.24.6.67" port: 37053 } } peers { permanent_uuid: "bf287883c1d448f5bc227cdfbcba7bce" member_type: VOTER last_known_addr { host: "127.24.6.66" port: 41917 } }
I20260812 08:02:39.663960 26083 raft_consensus.cc:385] T 1b100da51ea747bb80261e5d3e58a550 P bf287883c1d448f5bc227cdfbcba7bce [term 0 FOLLOWER]: Consensus starting up: Expiring failure detector timer to make a prompt election more likely
I20260812 08:02:39.663990 26083 raft_consensus.cc:740] T 1b100da51ea747bb80261e5d3e58a550 P bf287883c1d448f5bc227cdfbcba7bce [term 0 FOLLOWER]: Becoming Follower/Learner. State: Replica: bf287883c1d448f5bc227cdfbcba7bce, State: Initialized, Role: FOLLOWER
I20260812 08:02:39.665149 26144 raft_consensus.cc:493] T c68954a688c14000a521ea3d2153c788 P fa3dd72862264b38b2e7f4bb24aada96 [term 0 FOLLOWER]: Starting pre-election (no leader contacted us within the election timeout)
I20260812 08:02:39.665234 26144 raft_consensus.cc:515] T c68954a688c14000a521ea3d2153c788 P fa3dd72862264b38b2e7f4bb24aada96 [term 0 FOLLOWER]: Starting pre-election with config: opid_index: -1 OBSOLETE_local: false peers { permanent_uuid: "7d6721f980114176b68bc5fd89b050d9" member_type: VOTER last_known_addr { host: "127.24.6.65" port: 46781 } } peers { permanent_uuid: "fa3dd72862264b38b2e7f4bb24aada96" member_type: VOTER last_known_addr { host: "127.24.6.67" port: 37053 } } peers { permanent_uuid: "bf287883c1d448f5bc227cdfbcba7bce" member_type: VOTER last_known_addr { host: "127.24.6.66" port: 41917 } }
I20260812 08:02:39.665582 26144 leader_election.cc:290] T c68954a688c14000a521ea3d2153c788 P fa3dd72862264b38b2e7f4bb24aada96 [CANDIDATE]: Term 1 pre-election: Requested pre-vote from peers 7d6721f980114176b68bc5fd89b050d9 (127.24.6.65:46781), bf287883c1d448f5bc227cdfbcba7bce (127.24.6.66:41917)
I20260812 08:02:39.665671 26083 consensus_queue.cc:260] T 1b100da51ea747bb80261e5d3e58a550 P bf287883c1d448f5bc227cdfbcba7bce [NON_LEADER]: Queue going to NON_LEADER mode. State: All replicated index: 0, Majority replicated index: 0, Committed index: 0, Last appended: 0.0, Last appended by leader: 0, Current term: 0, Majority size: -1, State: 0, Mode: NON_LEADER, active raft config: opid_index: -1 OBSOLETE_local: false peers { permanent_uuid: "7d6721f980114176b68bc5fd89b050d9" member_type: VOTER last_known_addr { host: "127.24.6.65" port: 46781 } } peers { permanent_uuid: "fa3dd72862264b38b2e7f4bb24aada96" member_type: VOTER last_known_addr { host: "127.24.6.67" port: 37053 } } peers { permanent_uuid: "bf287883c1d448f5bc227cdfbcba7bce" member_type: VOTER last_known_addr { host: "127.24.6.66" port: 41917 } }
I20260812 08:02:39.665956 26083 ts_tablet_manager.cc:1434] T 1b100da51ea747bb80261e5d3e58a550 P bf287883c1d448f5bc227cdfbcba7bce: Time spent starting tablet: real 0.002s	user 0.001s	sys 0.000s
W20260812 08:02:39.666023 24679 catalog_manager.cc:5552] Ignoring report from unknown tablet afbe642f306f4ac8a6db3fe1a82f7179
I20260812 08:02:39.666134 26083 tablet_bootstrap.cc:492] T d64b5135a48b4212836d8d3f133d0a2a P bf287883c1d448f5bc227cdfbcba7bce: Bootstrap starting.
I20260812 08:02:39.666224 25585 tablet_service.cc:1917] Received RequestConsensusVote() RPC: tablet_id: "c68954a688c14000a521ea3d2153c788" candidate_uuid: "fa3dd72862264b38b2e7f4bb24aada96" candidate_term: 1 candidate_status { last_received { term: 0 index: 0 } } ignore_live_leader: false dest_uuid: "bf287883c1d448f5bc227cdfbcba7bce" is_pre_election: true
I20260812 08:02:39.666317 25585 raft_consensus.cc:2468] T c68954a688c14000a521ea3d2153c788 P bf287883c1d448f5bc227cdfbcba7bce [term 0 FOLLOWER]: Leader pre-election vote request: Granting yes vote for candidate fa3dd72862264b38b2e7f4bb24aada96 in term 0.
I20260812 08:02:39.666436 24679 catalog_manager.cc:5719] T b7fd9a0a88ef412bb9e495c926d490c1 P bf287883c1d448f5bc227cdfbcba7bce reported cstate change: term changed from 0 to 1, leader changed from <none> to bf287883c1d448f5bc227cdfbcba7bce (127.24.6.66). New cstate: current_term: 1 leader_uuid: "bf287883c1d448f5bc227cdfbcba7bce" committed_config { opid_index: -1 OBSOLETE_local: false peers { permanent_uuid: "7d6721f980114176b68bc5fd89b050d9" member_type: VOTER last_known_addr { host: "127.24.6.65" port: 46781 } health_report { overall_health: UNKNOWN } } peers { permanent_uuid: "bf287883c1d448f5bc227cdfbcba7bce" member_type: VOTER last_known_addr { host: "127.24.6.66" port: 41917 } health_report { overall_health: HEALTHY } } peers { permanent_uuid: "fa3dd72862264b38b2e7f4bb24aada96" member_type: VOTER last_known_addr { host: "127.24.6.67" port: 37053 } health_report { overall_health: UNKNOWN } } }
I20260812 08:02:39.666658 24679 catalog_manager.cc:5811] TS bf287883c1d448f5bc227cdfbcba7bce (127.24.6.66:41917) does not have the latest schema for tablet b7fd9a0a88ef412bb9e495c926d490c1 (table default.Table_865b814a81e64529aad27f51ec42f56b [id=7652d49174374be9944b3770deaa0627]). Expected version 2 got 0
I20260812 08:02:39.666779 25726 leader_election.cc:304] T c68954a688c14000a521ea3d2153c788 P fa3dd72862264b38b2e7f4bb24aada96 [CANDIDATE]: Term 1 pre-election: Election decided. Result: candidate won. Election summary: received 2 responses out of 3 voters: 2 yes votes; 0 no votes. yes voters: bf287883c1d448f5bc227cdfbcba7bce, fa3dd72862264b38b2e7f4bb24aada96; no voters: 
I20260812 08:02:39.666787 25332 tablet_service.cc:1917] Received RequestConsensusVote() RPC: tablet_id: "c68954a688c14000a521ea3d2153c788" candidate_uuid: "fa3dd72862264b38b2e7f4bb24aada96" candidate_term: 1 candidate_status { last_received { term: 0 index: 0 } } ignore_live_leader: false dest_uuid: "7d6721f980114176b68bc5fd89b050d9" is_pre_election: true
I20260812 08:02:39.666904 25332 raft_consensus.cc:2468] T c68954a688c14000a521ea3d2153c788 P 7d6721f980114176b68bc5fd89b050d9 [term 0 FOLLOWER]: Leader pre-election vote request: Granting yes vote for candidate fa3dd72862264b38b2e7f4bb24aada96 in term 0.
I20260812 08:02:39.667093 26083 tablet_bootstrap.cc:654] T d64b5135a48b4212836d8d3f133d0a2a P bf287883c1d448f5bc227cdfbcba7bce: Neither blocks nor log segments found. Creating new log.
W20260812 08:02:39.667656 24668 catalog_manager.cc:5552] Ignoring report from unknown tablet 3b66875fa7e247c39150e2641deb7588
I20260812 08:02:39.667703 26144 raft_consensus.cc:2804] T c68954a688c14000a521ea3d2153c788 P fa3dd72862264b38b2e7f4bb24aada96 [term 0 FOLLOWER]: Leader pre-election won for term 1
I20260812 08:02:39.667757 26144 raft_consensus.cc:493] T c68954a688c14000a521ea3d2153c788 P fa3dd72862264b38b2e7f4bb24aada96 [term 0 FOLLOWER]: Starting leader election (no leader contacted us within the election timeout)
I20260812 08:02:39.667796 26144 raft_consensus.cc:3060] T c68954a688c14000a521ea3d2153c788 P fa3dd72862264b38b2e7f4bb24aada96 [term 0 FOLLOWER]: Advancing to term 1
