I20260812 08:02:34.212868  8954 raft_consensus.cc:515] T f94ab77ad8e14360801bc168f76a10e4 P 75060135b076411393e307b6788da240 [term 1 FOLLOWER]: Starting leader election with config: opid_index: -1 OBSOLETE_local: false peers { permanent_uuid: "75060135b076411393e307b6788da240" member_type: VOTER last_known_addr { host: "127.29.242.67" port: 33479 } } peers { permanent_uuid: "0da20e9e17cf422680cb31083e8dd8c9" member_type: VOTER last_known_addr { host: "127.29.242.65" port: 42295 } } peers { permanent_uuid: "e7245a8cdc6d4e3f8aeb21316dfe7bcc" member_type: VOTER last_known_addr { host: "127.29.242.66" port: 43343 } }
I20260812 08:02:34.213131  8954 leader_election.cc:290] T f94ab77ad8e14360801bc168f76a10e4 P 75060135b076411393e307b6788da240 [CANDIDATE]: Term 1 election: Requested vote from peers 0da20e9e17cf422680cb31083e8dd8c9 (127.29.242.65:42295), e7245a8cdc6d4e3f8aeb21316dfe7bcc (127.29.242.66:43343)
I20260812 08:02:34.213485  8315 tablet_service.cc:1917] Received RequestConsensusVote() RPC: tablet_id: "f94ab77ad8e14360801bc168f76a10e4" candidate_uuid: "75060135b076411393e307b6788da240" candidate_term: 1 candidate_status { last_received { term: 0 index: 0 } } ignore_live_leader: false dest_uuid: "0da20e9e17cf422680cb31083e8dd8c9"
I20260812 08:02:34.213608  8315 raft_consensus.cc:3060] T f94ab77ad8e14360801bc168f76a10e4 P 0da20e9e17cf422680cb31083e8dd8c9 [term 0 FOLLOWER]: Advancing to term 1
I20260812 08:02:34.213573  8581 tablet_service.cc:1917] Received RequestConsensusVote() RPC: tablet_id: "f94ab77ad8e14360801bc168f76a10e4" candidate_uuid: "75060135b076411393e307b6788da240" candidate_term: 1 candidate_status { last_received { term: 0 index: 0 } } ignore_live_leader: false dest_uuid: "e7245a8cdc6d4e3f8aeb21316dfe7bcc"
I20260812 08:02:34.213696  8581 raft_consensus.cc:3060] T f94ab77ad8e14360801bc168f76a10e4 P e7245a8cdc6d4e3f8aeb21316dfe7bcc [term 0 FOLLOWER]: Advancing to term 1
I20260812 08:02:34.214356  8315 raft_consensus.cc:2468] T f94ab77ad8e14360801bc168f76a10e4 P 0da20e9e17cf422680cb31083e8dd8c9 [term 1 FOLLOWER]: Leader election vote request: Granting yes vote for candidate 75060135b076411393e307b6788da240 in term 1.
I20260812 08:02:34.214421  8581 raft_consensus.cc:2468] T f94ab77ad8e14360801bc168f76a10e4 P e7245a8cdc6d4e3f8aeb21316dfe7bcc [term 1 FOLLOWER]: Leader election vote request: Granting yes vote for candidate 75060135b076411393e307b6788da240 in term 1.
I20260812 08:02:34.214679  8688 leader_election.cc:304] T f94ab77ad8e14360801bc168f76a10e4 P 75060135b076411393e307b6788da240 [CANDIDATE]: Term 1 election: Election decided. Result: candidate won. Election summary: received 2 responses out of 3 voters: 2 yes votes; 0 no votes. yes voters: 0da20e9e17cf422680cb31083e8dd8c9, 75060135b076411393e307b6788da240; no voters: 
I20260812 08:02:34.214871  8954 raft_consensus.cc:2804] T f94ab77ad8e14360801bc168f76a10e4 P 75060135b076411393e307b6788da240 [term 1 FOLLOWER]: Leader election won for term 1
I20260812 08:02:34.214975  8954 raft_consensus.cc:697] T f94ab77ad8e14360801bc168f76a10e4 P 75060135b076411393e307b6788da240 [term 1 LEADER]: Becoming Leader. State: Replica: 75060135b076411393e307b6788da240, State: Running, Role: LEADER
I20260812 08:02:34.215103  8954 consensus_queue.cc:237] T f94ab77ad8e14360801bc168f76a10e4 P 75060135b076411393e307b6788da240 [LEADER]: Queue going to LEADER mode. State: All replicated index: 0, Majority replicated index: 0, Committed index: 0, Last appended: 0.0, Last appended by leader: 0, Current term: 1, Majority size: 2, State: 0, Mode: LEADER, active raft config: opid_index: -1 OBSOLETE_local: false peers { permanent_uuid: "75060135b076411393e307b6788da240" member_type: VOTER last_known_addr { host: "127.29.242.67" port: 33479 } } peers { permanent_uuid: "0da20e9e17cf422680cb31083e8dd8c9" member_type: VOTER last_known_addr { host: "127.29.242.65" port: 42295 } } peers { permanent_uuid: "e7245a8cdc6d4e3f8aeb21316dfe7bcc" member_type: VOTER last_known_addr { host: "127.29.242.66" port: 43343 } }
I20260812 08:02:34.216672  7990 catalog_manager.cc:5719] T f94ab77ad8e14360801bc168f76a10e4 P 75060135b076411393e307b6788da240 reported cstate change: term changed from 0 to 1, leader changed from <none> to 75060135b076411393e307b6788da240 (127.29.242.67). New cstate: current_term: 1 leader_uuid: "75060135b076411393e307b6788da240" committed_config { opid_index: -1 OBSOLETE_local: false peers { permanent_uuid: "75060135b076411393e307b6788da240" member_type: VOTER last_known_addr { host: "127.29.242.67" port: 33479 } health_report { overall_health: HEALTHY } } peers { permanent_uuid: "0da20e9e17cf422680cb31083e8dd8c9" member_type: VOTER last_known_addr { host: "127.29.242.65" port: 42295 } health_report { overall_health: UNKNOWN } } peers { permanent_uuid: "e7245a8cdc6d4e3f8aeb21316dfe7bcc" member_type: VOTER last_known_addr { host: "127.29.242.66" port: 43343 } health_report { overall_health: UNKNOWN } } }
W20260812 08:02:34.222101  8655 tablet.cc:2406] T 01e0883cee72414bbc3d33c7c9d5f3dd P e7245a8cdc6d4e3f8aeb21316dfe7bcc: Can't schedule compaction. Clean time has not been advanced past its initial value.
I20260812 08:02:34.264379  9013 raft_consensus.cc:493] T 398163476f8e4cdf8a2aeca240cccd46 P 0da20e9e17cf422680cb31083e8dd8c9 [term 0 FOLLOWER]: Starting pre-election (no leader contacted us within the election timeout)
I20260812 08:02:34.264539  9013 raft_consensus.cc:515] T 398163476f8e4cdf8a2aeca240cccd46 P 0da20e9e17cf422680cb31083e8dd8c9 [term 0 FOLLOWER]: Starting pre-election with config: opid_index: -1 OBSOLETE_local: false peers { permanent_uuid: "0da20e9e17cf422680cb31083e8dd8c9" member_type: VOTER last_known_addr { host: "127.29.242.65" port: 42295 } } peers { permanent_uuid: "e7245a8cdc6d4e3f8aeb21316dfe7bcc" member_type: VOTER last_known_addr { host: "127.29.242.66" port: 43343 } } peers { permanent_uuid: "75060135b076411393e307b6788da240" member_type: VOTER last_known_addr { host: "127.29.242.67" port: 33479 } }
I20260812 08:02:34.265053  9013 leader_election.cc:290] T 398163476f8e4cdf8a2aeca240cccd46 P 0da20e9e17cf422680cb31083e8dd8c9 [CANDIDATE]: Term 1 pre-election: Requested pre-vote from peers e7245a8cdc6d4e3f8aeb21316dfe7bcc (127.29.242.66:43343), 75060135b076411393e307b6788da240 (127.29.242.67:33479)
I20260812 08:02:34.265530  8581 tablet_service.cc:1917] Received RequestConsensusVote() RPC: tablet_id: "398163476f8e4cdf8a2aeca240cccd46" candidate_uuid: "0da20e9e17cf422680cb31083e8dd8c9" candidate_term: 1 candidate_status { last_received { term: 0 index: 0 } } ignore_live_leader: false dest_uuid: "e7245a8cdc6d4e3f8aeb21316dfe7bcc" is_pre_election: true
I20260812 08:02:34.265574  8816 tablet_service.cc:1917] Received RequestConsensusVote() RPC: tablet_id: "398163476f8e4cdf8a2aeca240cccd46" candidate_uuid: "0da20e9e17cf422680cb31083e8dd8c9" candidate_term: 1 candidate_status { last_received { term: 0 index: 0 } } ignore_live_leader: false dest_uuid: "75060135b076411393e307b6788da240" is_pre_election: true
I20260812 08:02:34.265700  8581 raft_consensus.cc:2468] T 398163476f8e4cdf8a2aeca240cccd46 P e7245a8cdc6d4e3f8aeb21316dfe7bcc [term 0 FOLLOWER]: Leader pre-election vote request: Granting yes vote for candidate 0da20e9e17cf422680cb31083e8dd8c9 in term 0.
I20260812 08:02:34.265733  8816 raft_consensus.cc:2468] T 398163476f8e4cdf8a2aeca240cccd46 P 75060135b076411393e307b6788da240 [term 0 FOLLOWER]: Leader pre-election vote request: Granting yes vote for candidate 0da20e9e17cf422680cb31083e8dd8c9 in term 0.
I20260812 08:02:34.266054  8196 leader_election.cc:304] T 398163476f8e4cdf8a2aeca240cccd46 P 0da20e9e17cf422680cb31083e8dd8c9 [CANDIDATE]: Term 1 pre-election: Election decided. Result: candidate won. Election summary: received 2 responses out of 3 voters: 2 yes votes; 0 no votes. yes voters: 0da20e9e17cf422680cb31083e8dd8c9, e7245a8cdc6d4e3f8aeb21316dfe7bcc; no voters: 
I20260812 08:02:34.266258  9013 raft_consensus.cc:2804] T 398163476f8e4cdf8a2aeca240cccd46 P 0da20e9e17cf422680cb31083e8dd8c9 [term 0 FOLLOWER]: Leader pre-election won for term 1
I20260812 08:02:34.266320  9013 raft_consensus.cc:493] T 398163476f8e4cdf8a2aeca240cccd46 P 0da20e9e17cf422680cb31083e8dd8c9 [term 0 FOLLOWER]: Starting leader election (no leader contacted us within the election timeout)
I20260812 08:02:34.266347  9013 raft_consensus.cc:3060] T 398163476f8e4cdf8a2aeca240cccd46 P 0da20e9e17cf422680cb31083e8dd8c9 [term 0 FOLLOWER]: Advancing to term 1
I20260812 08:02:34.267267  9013 raft_consensus.cc:515] T 398163476f8e4cdf8a2aeca240cccd46 P 0da20e9e17cf422680cb31083e8dd8c9 [term 1 FOLLOWER]: Starting leader election with config: opid_index: -1 OBSOLETE_local: false peers { permanent_uuid: "0da20e9e17cf422680cb31083e8dd8c9" member_type: VOTER last_known_addr { host: "127.29.242.65" port: 42295 } } peers { permanent_uuid: "e7245a8cdc6d4e3f8aeb21316dfe7bcc" member_type: VOTER last_known_addr { host: "127.29.242.66" port: 43343 } } peers { permanent_uuid: "75060135b076411393e307b6788da240" member_type: VOTER last_known_addr { host: "127.29.242.67" port: 33479 } }
I20260812 08:02:34.267592  9013 leader_election.cc:290] T 398163476f8e4cdf8a2aeca240cccd46 P 0da20e9e17cf422680cb31083e8dd8c9 [CANDIDATE]: Term 1 election: Requested vote from peers e7245a8cdc6d4e3f8aeb21316dfe7bcc (127.29.242.66:43343), 75060135b076411393e307b6788da240 (127.29.242.67:33479)
I20260812 08:02:34.267967  8581 tablet_service.cc:1917] Received RequestConsensusVote() RPC: tablet_id: "398163476f8e4cdf8a2aeca240cccd46" candidate_uuid: "0da20e9e17cf422680cb31083e8dd8c9" candidate_term: 1 candidate_status { last_received { term: 0 index: 0 } } ignore_live_leader: false dest_uuid: "e7245a8cdc6d4e3f8aeb21316dfe7bcc"
I20260812 08:02:34.268004  8816 tablet_service.cc:1917] Received RequestConsensusVote() RPC: tablet_id: "398163476f8e4cdf8a2aeca240cccd46" candidate_uuid: "0da20e9e17cf422680cb31083e8dd8c9" candidate_term: 1 candidate_status { last_received { term: 0 index: 0 } } ignore_live_leader: false dest_uuid: "75060135b076411393e307b6788da240"
I20260812 08:02:34.268071  8581 raft_consensus.cc:3060] T 398163476f8e4cdf8a2aeca240cccd46 P e7245a8cdc6d4e3f8aeb21316dfe7bcc [term 0 FOLLOWER]: Advancing to term 1
I20260812 08:02:34.268132  8816 raft_consensus.cc:3060] T 398163476f8e4cdf8a2aeca240cccd46 P 75060135b076411393e307b6788da240 [term 0 FOLLOWER]: Advancing to term 1
I20260812 08:02:34.268878  8581 raft_consensus.cc:2468] T 398163476f8e4cdf8a2aeca240cccd46 P e7245a8cdc6d4e3f8aeb21316dfe7bcc [term 1 FOLLOWER]: Leader election vote request: Granting yes vote for candidate 0da20e9e17cf422680cb31083e8dd8c9 in term 1.
I20260812 08:02:34.268998  8816 raft_consensus.cc:2468] T 398163476f8e4cdf8a2aeca240cccd46 P 75060135b076411393e307b6788da240 [term 1 FOLLOWER]: Leader election vote request: Granting yes vote for candidate 0da20e9e17cf422680cb31083e8dd8c9 in term 1.
I20260812 08:02:34.269229  8196 leader_election.cc:304] T 398163476f8e4cdf8a2aeca240cccd46 P 0da20e9e17cf422680cb31083e8dd8c9 [CANDIDATE]: Term 1 election: Election decided. Result: candidate won. Election summary: received 2 responses out of 3 voters: 2 yes votes; 0 no votes. yes voters: 0da20e9e17cf422680cb31083e8dd8c9, e7245a8cdc6d4e3f8aeb21316dfe7bcc; no voters: 
I20260812 08:02:34.269397  9013 raft_consensus.cc:2804] T 398163476f8e4cdf8a2aeca240cccd46 P 0da20e9e17cf422680cb31083e8dd8c9 [term 1 FOLLOWER]: Leader election won for term 1
I20260812 08:02:34.269496  9013 raft_consensus.cc:697] T 398163476f8e4cdf8a2aeca240cccd46 P 0da20e9e17cf422680cb31083e8dd8c9 [term 1 LEADER]: Becoming Leader. State: Replica: 0da20e9e17cf422680cb31083e8dd8c9, State: Running, Role: LEADER
I20260812 08:02:34.269709  9013 consensus_queue.cc:237] T 398163476f8e4cdf8a2aeca240cccd46 P 0da20e9e17cf422680cb31083e8dd8c9 [LEADER]: Queue going to LEADER mode. State: All replicated index: 0, Majority replicated index: 0, Committed index: 0, Last appended: 0.0, Last appended by leader: 0, Current term: 1, Majority size: 2, State: 0, Mode: LEADER, active raft config: opid_index: -1 OBSOLETE_local: false peers { permanent_uuid: "0da20e9e17cf422680cb31083e8dd8c9" member_type: VOTER last_known_addr { host: "127.29.242.65" port: 42295 } } peers { permanent_uuid: "e7245a8cdc6d4e3f8aeb21316dfe7bcc" member_type: VOTER last_known_addr { host: "127.29.242.66" port: 43343 } } peers { permanent_uuid: "75060135b076411393e307b6788da240" member_type: VOTER last_known_addr { host: "127.29.242.67" port: 33479 } }
I20260812 08:02:34.274204  7990 catalog_manager.cc:5719] T 398163476f8e4cdf8a2aeca240cccd46 P 0da20e9e17cf422680cb31083e8dd8c9 reported cstate change: term changed from 0 to 1, leader changed from <none> to 0da20e9e17cf422680cb31083e8dd8c9 (127.29.242.65). New cstate: current_term: 1 leader_uuid: "0da20e9e17cf422680cb31083e8dd8c9" committed_config { opid_index: -1 OBSOLETE_local: false peers { permanent_uuid: "0da20e9e17cf422680cb31083e8dd8c9" member_type: VOTER last_known_addr { host: "127.29.242.65" port: 42295 } health_report { overall_health: HEALTHY } } peers { permanent_uuid: "e7245a8cdc6d4e3f8aeb21316dfe7bcc" member_type: VOTER last_known_addr { host: "127.29.242.66" port: 43343 } health_report { overall_health: UNKNOWN } } peers { permanent_uuid: "75060135b076411393e307b6788da240" member_type: VOTER last_known_addr { host: "127.29.242.67" port: 33479 } health_report { overall_health: UNKNOWN } } }
I20260812 08:02:34.307361  8986 raft_consensus.cc:493] T 1cb88c493ca24947a8bb8c9d7514a622 P e7245a8cdc6d4e3f8aeb21316dfe7bcc [term 0 FOLLOWER]: Starting pre-election (no leader contacted us within the election timeout)
I20260812 08:02:34.307516  8986 raft_consensus.cc:515] T 1cb88c493ca24947a8bb8c9d7514a622 P e7245a8cdc6d4e3f8aeb21316dfe7bcc [term 0 FOLLOWER]: Starting pre-election with config: opid_index: -1 OBSOLETE_local: false peers { permanent_uuid: "0da20e9e17cf422680cb31083e8dd8c9" member_type: VOTER last_known_addr { host: "127.29.242.65" port: 42295 } } peers { permanent_uuid: "e7245a8cdc6d4e3f8aeb21316dfe7bcc" member_type: VOTER last_known_addr { host: "127.29.242.66" port: 43343 } } peers { permanent_uuid: "75060135b076411393e307b6788da240" member_type: VOTER last_known_addr { host: "127.29.242.67" port: 33479 } }
I20260812 08:02:34.308095  8986 leader_election.cc:290] T 1cb88c493ca24947a8bb8c9d7514a622 P e7245a8cdc6d4e3f8aeb21316dfe7bcc [CANDIDATE]: Term 1 pre-election: Requested pre-vote from peers 0da20e9e17cf422680cb31083e8dd8c9 (127.29.242.65:42295), 75060135b076411393e307b6788da240 (127.29.242.67:33479)
I20260812 08:02:34.308589  8315 tablet_service.cc:1917] Received RequestConsensusVote() RPC: tablet_id: "1cb88c493ca24947a8bb8c9d7514a622" candidate_uuid: "e7245a8cdc6d4e3f8aeb21316dfe7bcc" candidate_term: 1 candidate_status { last_received { term: 0 index: 0 } } ignore_live_leader: false dest_uuid: "0da20e9e17cf422680cb31083e8dd8c9" is_pre_election: true
I20260812 08:02:34.308656  8816 tablet_service.cc:1917] Received RequestConsensusVote() RPC: tablet_id: "1cb88c493ca24947a8bb8c9d7514a622" candidate_uuid: "e7245a8cdc6d4e3f8aeb21316dfe7bcc" candidate_term: 1 candidate_status { last_received { term: 0 index: 0 } } ignore_live_leader: false dest_uuid: "75060135b076411393e307b6788da240" is_pre_election: true
I20260812 08:02:34.308854  8816 raft_consensus.cc:2393] T 1cb88c493ca24947a8bb8c9d7514a622 P 75060135b076411393e307b6788da240 [term 1 FOLLOWER]: Leader pre-election vote request: Denying vote to candidate e7245a8cdc6d4e3f8aeb21316dfe7bcc in current term 1: Already voted for candidate 0da20e9e17cf422680cb31083e8dd8c9 in this term.
I20260812 08:02:34.309361  8457 leader_election.cc:304] T 1cb88c493ca24947a8bb8c9d7514a622 P e7245a8cdc6d4e3f8aeb21316dfe7bcc [CANDIDATE]: Term 1 pre-election: Election decided. Result: candidate lost. Election summary: received 3 responses out of 3 voters: 1 yes votes; 2 no votes. yes voters: e7245a8cdc6d4e3f8aeb21316dfe7bcc; no voters: 0da20e9e17cf422680cb31083e8dd8c9, 75060135b076411393e307b6788da240
I20260812 08:02:34.309536  8986 raft_consensus.cc:3060] T 1cb88c493ca24947a8bb8c9d7514a622 P e7245a8cdc6d4e3f8aeb21316dfe7bcc [term 0 FOLLOWER]: Advancing to term 1
I20260812 08:02:34.310377  8986 raft_consensus.cc:2749] T 1cb88c493ca24947a8bb8c9d7514a622 P e7245a8cdc6d4e3f8aeb21316dfe7bcc [term 1 FOLLOWER]: Leader pre-election lost for term 1. Reason: could not achieve majority
I20260812 08:02:34.331496  7990 catalog_manager.cc:2283] Servicing CreateTable request from {username='slave'} at 127.0.0.1:43298:
name: "table_1"
schema {
  columns {
    name: "key"
    type: INT64
    is_key: true
    is_nullable: false
    encoding: AUTO_ENCODING
    compression: DEFAULT_COMPRESSION
    cfile_block_size: 0
    immutable: false
  }
  columns {
    name: "string_column"
    type: STRING
    is_key: false
    is_nullable: true
    encoding: AUTO_ENCODING
    compression: DEFAULT_COMPRESSION
    cfile_block_size: 0
    immutable: false
  }
}
num_replicas: 3
split_rows_range_bounds {
}
partition_schema {
  hash_schema {
    columns {
      name: "key"
    }
    num_buckets: 10
    seed: 0
  }
  range_schema {
    columns {
      name: "key"
    }
  }
}
dimension_label: "table_1_very_loooooooooooooooooooooooooooooooooooooooooooooooooooooooooooooooooooooooooooooooooooooooooooooooooooooooooooooooooooooooooooooooooooooooooooooooooooooooooooooooooooooooooooooooooooooooooooooooooooooooooooooooooooooooooooooooooooooooooooooooooooooooooooooooooooooooooooooooooooooooooooooooooooooooooooooooooooooooooooooooooonooooog_label_suffix"
W20260812 08:02:34.332032  7990 catalog_manager.cc:7099] The number of live tablet servers is not enough to re-replicate a tablet replica of the newly created table table_1 in case of a server failure: 4 tablet servers would be needed, 3 are available. Consider bringing up more tablet servers.
I20260812 08:02:34.345329  8274 tablet_service.cc:1511] Processing CreateTablet for tablet 4dc9811868f2477c837b1a390428e79e (DEFAULT_TABLE table=table_1 [id=2050d95e750b481896a3ae08035859ce]), partition=HASH (key) PARTITION 0, RANGE (key) PARTITION UNBOUNDED
I20260812 08:02:34.345707  8274 data_dirs.cc:400] Could only allocate 1 dirs of requested 3 for tablet 4dc9811868f2477c837b1a390428e79e. 1 dirs total, 0 dirs full, 0 dirs failed
I20260812 08:02:34.345665  8542 tablet_service.cc:1511] Processing CreateTablet for tablet 4dc9811868f2477c837b1a390428e79e (DEFAULT_TABLE table=table_1 [id=2050d95e750b481896a3ae08035859ce]), partition=HASH (key) PARTITION 0, RANGE (key) PARTITION UNBOUNDED
I20260812 08:02:34.345847  8784 tablet_service.cc:1511] Processing CreateTablet for tablet 4dc9811868f2477c837b1a390428e79e (DEFAULT_TABLE table=table_1 [id=2050d95e750b481896a3ae08035859ce]), partition=HASH (key) PARTITION 0, RANGE (key) PARTITION UNBOUNDED
I20260812 08:02:34.345954  8542 data_dirs.cc:400] Could only allocate 1 dirs of requested 3 for tablet 4dc9811868f2477c837b1a390428e79e. 1 dirs total, 0 dirs full, 0 dirs failed
I20260812 08:02:34.346182  8784 data_dirs.cc:400] Could only allocate 1 dirs of requested 3 for tablet 4dc9811868f2477c837b1a390428e79e. 1 dirs total, 0 dirs full, 0 dirs failed
I20260812 08:02:34.348249  8947 tablet_bootstrap.cc:492] T 4dc9811868f2477c837b1a390428e79e P 0da20e9e17cf422680cb31083e8dd8c9: Bootstrap starting.
I20260812 08:02:34.348308  8958 tablet_bootstrap.cc:492] T 4dc9811868f2477c837b1a390428e79e P e7245a8cdc6d4e3f8aeb21316dfe7bcc: Bootstrap starting.
I20260812 08:02:34.349459  8947 tablet_bootstrap.cc:654] T 4dc9811868f2477c837b1a390428e79e P 0da20e9e17cf422680cb31083e8dd8c9: Neither blocks nor log segments found. Creating new log.
I20260812 08:02:34.349684  8948 tablet_bootstrap.cc:492] T 4dc9811868f2477c837b1a390428e79e P 75060135b076411393e307b6788da240: Bootstrap starting.
I20260812 08:02:34.349797  8958 tablet_bootstrap.cc:654] T 4dc9811868f2477c837b1a390428e79e P e7245a8cdc6d4e3f8aeb21316dfe7bcc: Neither blocks nor log segments found. Creating new log.
I20260812 08:02:34.350603  8527 tablet_service.cc:1511] Processing CreateTablet for tablet c4a08a8e8517421fa30f0030e0e35916 (DEFAULT_TABLE table=table_1 [id=2050d95e750b481896a3ae08035859ce]), partition=HASH (key) PARTITION 2, RANGE (key) PARTITION UNBOUNDED
I20260812 08:02:34.350749  8948 tablet_bootstrap.cc:654] T 4dc9811868f2477c837b1a390428e79e P 75060135b076411393e307b6788da240: Neither blocks nor log segments found. Creating new log.
I20260812 08:02:34.350869  8527 data_dirs.cc:400] Could only allocate 1 dirs of requested 3 for tablet c4a08a8e8517421fa30f0030e0e35916. 1 dirs total, 0 dirs full, 0 dirs failed
I20260812 08:02:34.351619  8947 tablet_bootstrap.cc:492] T 4dc9811868f2477c837b1a390428e79e P 0da20e9e17cf422680cb31083e8dd8c9: No bootstrap required, opened a new log
I20260812 08:02:34.351737  8947 ts_tablet_manager.cc:1403] T 4dc9811868f2477c837b1a390428e79e P 0da20e9e17cf422680cb31083e8dd8c9: Time spent bootstrapping tablet: real 0.004s	user 0.002s	sys 0.000s
I20260812 08:02:34.352136  8535 tablet_service.cc:1511] Processing CreateTablet for tablet e3933fc5ec7d41ea870b751dd812c1ea (DEFAULT_TABLE table=table_1 [id=2050d95e750b481896a3ae08035859ce]), partition=HASH (key) PARTITION 4, RANGE (key) PARTITION UNBOUNDED
I20260812 08:02:34.352263  8947 raft_consensus.cc:359] T 4dc9811868f2477c837b1a390428e79e P 0da20e9e17cf422680cb31083e8dd8c9 [term 0 FOLLOWER]: Replica starting. Triggering 0 pending ops. Active config: opid_index: -1 OBSOLETE_local: false peers { permanent_uuid: "0da20e9e17cf422680cb31083e8dd8c9" member_type: VOTER last_known_addr { host: "127.29.242.65" port: 42295 } } peers { permanent_uuid: "e7245a8cdc6d4e3f8aeb21316dfe7bcc" member_type: VOTER last_known_addr { host: "127.29.242.66" port: 43343 } } peers { permanent_uuid: "75060135b076411393e307b6788da240" member_type: VOTER last_known_addr { host: "127.29.242.67" port: 33479 } }
I20260812 08:02:34.352378  8947 raft_consensus.cc:385] T 4dc9811868f2477c837b1a390428e79e P 0da20e9e17cf422680cb31083e8dd8c9 [term 0 FOLLOWER]: Consensus starting up: Expiring failure detector timer to make a prompt election more likely
I20260812 08:02:34.352401  8535 data_dirs.cc:400] Could only allocate 1 dirs of requested 3 for tablet e3933fc5ec7d41ea870b751dd812c1ea. 1 dirs total, 0 dirs full, 0 dirs failed
I20260812 08:02:34.352411  8947 raft_consensus.cc:740] T 4dc9811868f2477c837b1a390428e79e P 0da20e9e17cf422680cb31083e8dd8c9 [term 0 FOLLOWER]: Becoming Follower/Learner. State: Replica: 0da20e9e17cf422680cb31083e8dd8c9, State: Initialized, Role: FOLLOWER
I20260812 08:02:34.352537  8947 consensus_queue.cc:260] T 4dc9811868f2477c837b1a390428e79e P 0da20e9e17cf422680cb31083e8dd8c9 [NON_LEADER]: Queue going to NON_LEADER mode. State: All replicated index: 0, Majority replicated index: 0, Committed index: 0, Last appended: 0.0, Last appended by leader: 0, Current term: 0, Majority size: -1, State: 0, Mode: NON_LEADER, active raft config: opid_index: -1 OBSOLETE_local: false peers { permanent_uuid: "0da20e9e17cf422680cb31083e8dd8c9" member_type: VOTER last_known_addr { host: "127.29.242.65" port: 42295 } } peers { permanent_uuid: "e7245a8cdc6d4e3f8aeb21316dfe7bcc" member_type: VOTER last_known_addr { host: "127.29.242.66" port: 43343 } } peers { permanent_uuid: "75060135b076411393e307b6788da240" member_type: VOTER last_known_addr { host: "127.29.242.67" port: 33479 } }
I20260812 08:02:34.352842  8947 ts_tablet_manager.cc:1434] T 4dc9811868f2477c837b1a390428e79e P 0da20e9e17cf422680cb31083e8dd8c9: Time spent starting tablet: real 0.001s	user 0.000s	sys 0.000s
I20260812 08:02:34.353088  8524 tablet_service.cc:1511] Processing CreateTablet for tablet e5b9f7f55fac40bb9bf561e9fc3721ea (DEFAULT_TABLE table=table_1 [id=2050d95e750b481896a3ae08035859ce]), partition=HASH (key) PARTITION 3, RANGE (key) PARTITION UNBOUNDED
I20260812 08:02:34.353348  8524 data_dirs.cc:400] Could only allocate 1 dirs of requested 3 for tablet e5b9f7f55fac40bb9bf561e9fc3721ea. 1 dirs total, 0 dirs full, 0 dirs failed
I20260812 08:02:34.355194  8948 tablet_bootstrap.cc:492] T 4dc9811868f2477c837b1a390428e79e P 75060135b076411393e307b6788da240: No bootstrap required, opened a new log
I20260812 08:02:34.355280  8948 ts_tablet_manager.cc:1403] T 4dc9811868f2477c837b1a390428e79e P 75060135b076411393e307b6788da240: Time spent bootstrapping tablet: real 0.006s	user 0.002s	sys 0.000s
I20260812 08:02:34.355801  8948 raft_consensus.cc:359] T 4dc9811868f2477c837b1a390428e79e P 75060135b076411393e307b6788da240 [term 0 FOLLOWER]: Replica starting. Triggering 0 pending ops. Active config: opid_index: -1 OBSOLETE_local: false peers { permanent_uuid: "0da20e9e17cf422680cb31083e8dd8c9" member_type: VOTER last_known_addr { host: "127.29.242.65" port: 42295 } } peers { permanent_uuid: "e7245a8cdc6d4e3f8aeb21316dfe7bcc" member_type: VOTER last_known_addr { host: "127.29.242.66" port: 43343 } } peers { permanent_uuid: "75060135b076411393e307b6788da240" member_type: VOTER last_known_addr { host: "127.29.242.67" port: 33479 } }
I20260812 08:02:34.355906  8948 raft_consensus.cc:385] T 4dc9811868f2477c837b1a390428e79e P 75060135b076411393e307b6788da240 [term 0 FOLLOWER]: Consensus starting up: Expiring failure detector timer to make a prompt election more likely
I20260812 08:02:34.355883  8269 tablet_service.cc:1511] Processing CreateTablet for tablet e5b9f7f55fac40bb9bf561e9fc3721ea (DEFAULT_TABLE table=table_1 [id=2050d95e750b481896a3ae08035859ce]), partition=HASH (key) PARTITION 3, RANGE (key) PARTITION UNBOUNDED
I20260812 08:02:34.355939  8948 raft_consensus.cc:740] T 4dc9811868f2477c837b1a390428e79e P 75060135b076411393e307b6788da240 [term 0 FOLLOWER]: Becoming Follower/Learner. State: Replica: 75060135b076411393e307b6788da240, State: Initialized, Role: FOLLOWER
I20260812 08:02:34.355997  8274 tablet_service.cc:1511] Processing CreateTablet for tablet a9c17a502da3467090d005dd5c607990 (DEFAULT_TABLE table=table_1 [id=2050d95e750b481896a3ae08035859ce]), partition=HASH (key) PARTITION 1, RANGE (key) PARTITION UNBOUNDED
I20260812 08:02:34.356067  8948 consensus_queue.cc:260] T 4dc9811868f2477c837b1a390428e79e P 75060135b076411393e307b6788da240 [NON_LEADER]: Queue going to NON_LEADER mode. State: All replicated index: 0, Majority replicated index: 0, Committed index: 0, Last appended: 0.0, Last appended by leader: 0, Current term: 0, Majority size: -1, State: 0, Mode: NON_LEADER, active raft config: opid_index: -1 OBSOLETE_local: false peers { permanent_uuid: "0da20e9e17cf422680cb31083e8dd8c9" member_type: VOTER last_known_addr { host: "127.29.242.65" port: 42295 } } peers { permanent_uuid: "e7245a8cdc6d4e3f8aeb21316dfe7bcc" member_type: VOTER last_known_addr { host: "127.29.242.66" port: 43343 } } peers { permanent_uuid: "75060135b076411393e307b6788da240" member_type: VOTER last_known_addr { host: "127.29.242.67" port: 33479 } }
I20260812 08:02:34.356132  8269 data_dirs.cc:400] Could only allocate 1 dirs of requested 3 for tablet e5b9f7f55fac40bb9bf561e9fc3721ea. 1 dirs total, 0 dirs full, 0 dirs failed
I20260812 08:02:34.356256  8274 data_dirs.cc:400] Could only allocate 1 dirs of requested 3 for tablet a9c17a502da3467090d005dd5c607990. 1 dirs total, 0 dirs full, 0 dirs failed
I20260812 08:02:34.356381  8948 ts_tablet_manager.cc:1434] T 4dc9811868f2477c837b1a390428e79e P 75060135b076411393e307b6788da240: Time spent starting tablet: real 0.001s	user 0.001s	sys 0.000s
I20260812 08:02:34.357276  8270 tablet_service.cc:1511] Processing CreateTablet for tablet c4a08a8e8517421fa30f0030e0e35916 (DEFAULT_TABLE table=table_1 [id=2050d95e750b481896a3ae08035859ce]), partition=HASH (key) PARTITION 2, RANGE (key) PARTITION UNBOUNDED
I20260812 08:02:34.357510  8270 data_dirs.cc:400] Could only allocate 1 dirs of requested 3 for tablet c4a08a8e8517421fa30f0030e0e35916. 1 dirs total, 0 dirs full, 0 dirs failed
I20260812 08:02:34.358188  8524 tablet_service.cc:1511] Processing CreateTablet for tablet 789945e039bf4f1087f4e369860ccb68 (DEFAULT_TABLE table=table_1 [id=2050d95e750b481896a3ae08035859ce]), partition=HASH (key) PARTITION 5, RANGE (key) PARTITION UNBOUNDED
I20260812 08:02:34.358413  8524 data_dirs.cc:400] Could only allocate 1 dirs of requested 3 for tablet 789945e039bf4f1087f4e369860ccb68. 1 dirs total, 0 dirs full, 0 dirs failed
I20260812 08:02:34.358870  8947 tablet_bootstrap.cc:492] T e5b9f7f55fac40bb9bf561e9fc3721ea P 0da20e9e17cf422680cb31083e8dd8c9: Bootstrap starting.
I20260812 08:02:34.359869  8947 tablet_bootstrap.cc:654] T e5b9f7f55fac40bb9bf561e9fc3721ea P 0da20e9e17cf422680cb31083e8dd8c9: Neither blocks nor log segments found. Creating new log.
I20260812 08:02:34.359812  8277 tablet_service.cc:1511] Processing CreateTablet for tablet b83e34a00b8142599c9633c3b81ed7b4 (DEFAULT_TABLE table=table_1 [id=2050d95e750b481896a3ae08035859ce]), partition=HASH (key) PARTITION 7, RANGE (key) PARTITION UNBOUNDED
I20260812 08:02:34.360069  8277 data_dirs.cc:400] Could only allocate 1 dirs of requested 3 for tablet b83e34a00b8142599c9633c3b81ed7b4. 1 dirs total, 0 dirs full, 0 dirs failed
I20260812 08:02:34.360452  8535 tablet_service.cc:1511] Processing CreateTablet for tablet 3c3717fa6e8444a2b7d026b892c1600c (DEFAULT_TABLE table=table_1 [id=2050d95e750b481896a3ae08035859ce]), partition=HASH (key) PARTITION 6, RANGE (key) PARTITION UNBOUNDED
I20260812 08:02:34.360673  8535 data_dirs.cc:400] Could only allocate 1 dirs of requested 3 for tablet 3c3717fa6e8444a2b7d026b892c1600c. 1 dirs total, 0 dirs full, 0 dirs failed
I20260812 08:02:34.361169  8947 tablet_bootstrap.cc:492] T e5b9f7f55fac40bb9bf561e9fc3721ea P 0da20e9e17cf422680cb31083e8dd8c9: No bootstrap required, opened a new log
I20260812 08:02:34.361331  8947 ts_tablet_manager.cc:1403] T e5b9f7f55fac40bb9bf561e9fc3721ea P 0da20e9e17cf422680cb31083e8dd8c9: Time spent bootstrapping tablet: real 0.002s	user 0.002s	sys 0.000s
I20260812 08:02:34.361449  8275 tablet_service.cc:1511] Processing CreateTablet for tablet 789945e039bf4f1087f4e369860ccb68 (DEFAULT_TABLE table=table_1 [id=2050d95e750b481896a3ae08035859ce]), partition=HASH (key) PARTITION 5, RANGE (key) PARTITION UNBOUNDED
I20260812 08:02:34.361635  8275 data_dirs.cc:400] Could only allocate 1 dirs of requested 3 for tablet 789945e039bf4f1087f4e369860ccb68. 1 dirs total, 0 dirs full, 0 dirs failed
I20260812 08:02:34.361999  8947 raft_consensus.cc:359] T e5b9f7f55fac40bb9bf561e9fc3721ea P 0da20e9e17cf422680cb31083e8dd8c9 [term 0 FOLLOWER]: Replica starting. Triggering 0 pending ops. Active config: opid_index: -1 OBSOLETE_local: false peers { permanent_uuid: "0da20e9e17cf422680cb31083e8dd8c9" member_type: VOTER last_known_addr { host: "127.29.242.65" port: 42295 } } peers { permanent_uuid: "e7245a8cdc6d4e3f8aeb21316dfe7bcc" member_type: VOTER last_known_addr { host: "127.29.242.66" port: 43343 } } peers { permanent_uuid: "75060135b076411393e307b6788da240" member_type: VOTER last_known_addr { host: "127.29.242.67" port: 33479 } }
I20260812 08:02:34.362102  8947 raft_consensus.cc:385] T e5b9f7f55fac40bb9bf561e9fc3721ea P 0da20e9e17cf422680cb31083e8dd8c9 [term 0 FOLLOWER]: Consensus starting up: Expiring failure detector timer to make a prompt election more likely
I20260812 08:02:34.362130  8947 raft_consensus.cc:740] T e5b9f7f55fac40bb9bf561e9fc3721ea P 0da20e9e17cf422680cb31083e8dd8c9 [term 0 FOLLOWER]: Becoming Follower/Learner. State: Replica: 0da20e9e17cf422680cb31083e8dd8c9, State: Initialized, Role: FOLLOWER
I20260812 08:02:34.362246  8947 consensus_queue.cc:260] T e5b9f7f55fac40bb9bf561e9fc3721ea P 0da20e9e17cf422680cb31083e8dd8c9 [NON_LEADER]: Queue going to NON_LEADER mode. State: All replicated index: 0, Majority replicated index: 0, Committed index: 0, Last appended: 0.0, Last appended by leader: 0, Current term: 0, Majority size: -1, State: 0, Mode: NON_LEADER, active raft config: opid_index: -1 OBSOLETE_local: false peers { permanent_uuid: "0da20e9e17cf422680cb31083e8dd8c9" member_type: VOTER last_known_addr { host: "127.29.242.65" port: 42295 } } peers { permanent_uuid: "e7245a8cdc6d4e3f8aeb21316dfe7bcc" member_type: VOTER last_known_addr { host: "127.29.242.66" port: 43343 } } peers { permanent_uuid: "75060135b076411393e307b6788da240" member_type: VOTER last_known_addr { host: "127.29.242.67" port: 33479 } }
I20260812 08:02:34.362648  8947 ts_tablet_manager.cc:1434] T e5b9f7f55fac40bb9bf561e9fc3721ea P 0da20e9e17cf422680cb31083e8dd8c9: Time spent starting tablet: real 0.001s	user 0.001s	sys 0.000s
I20260812 08:02:34.362795  8947 tablet_bootstrap.cc:492] T c4a08a8e8517421fa30f0030e0e35916 P 0da20e9e17cf422680cb31083e8dd8c9: Bootstrap starting.
I20260812 08:02:34.363332  8272 tablet_service.cc:1511] Processing CreateTablet for tablet e3933fc5ec7d41ea870b751dd812c1ea (DEFAULT_TABLE table=table_1 [id=2050d95e750b481896a3ae08035859ce]), partition=HASH (key) PARTITION 4, RANGE (key) PARTITION UNBOUNDED
I20260812 08:02:34.363504  8272 data_dirs.cc:400] Could only allocate 1 dirs of requested 3 for tablet e3933fc5ec7d41ea870b751dd812c1ea. 1 dirs total, 0 dirs full, 0 dirs failed
I20260812 08:02:34.363540  8947 tablet_bootstrap.cc:654] T c4a08a8e8517421fa30f0030e0e35916 P 0da20e9e17cf422680cb31083e8dd8c9: Neither blocks nor log segments found. Creating new log.
I20260812 08:02:34.365028  8267 tablet_service.cc:1511] Processing CreateTablet for tablet 3c3717fa6e8444a2b7d026b892c1600c (DEFAULT_TABLE table=table_1 [id=2050d95e750b481896a3ae08035859ce]), partition=HASH (key) PARTITION 6, RANGE (key) PARTITION UNBOUNDED
I20260812 08:02:34.365295  8267 data_dirs.cc:400] Could only allocate 1 dirs of requested 3 for tablet 3c3717fa6e8444a2b7d026b892c1600c. 1 dirs total, 0 dirs full, 0 dirs failed
I20260812 08:02:34.365653  8947 tablet_bootstrap.cc:492] T c4a08a8e8517421fa30f0030e0e35916 P 0da20e9e17cf422680cb31083e8dd8c9: No bootstrap required, opened a new log
I20260812 08:02:34.365722  8947 ts_tablet_manager.cc:1403] T c4a08a8e8517421fa30f0030e0e35916 P 0da20e9e17cf422680cb31083e8dd8c9: Time spent bootstrapping tablet: real 0.003s	user 0.001s	sys 0.000s
I20260812 08:02:34.366173  8947 raft_consensus.cc:359] T c4a08a8e8517421fa30f0030e0e35916 P 0da20e9e17cf422680cb31083e8dd8c9 [term 0 FOLLOWER]: Replica starting. Triggering 0 pending ops. Active config: opid_index: -1 OBSOLETE_local: false peers { permanent_uuid: "0da20e9e17cf422680cb31083e8dd8c9" member_type: VOTER last_known_addr { host: "127.29.242.65" port: 42295 } } peers { permanent_uuid: "e7245a8cdc6d4e3f8aeb21316dfe7bcc" member_type: VOTER last_known_addr { host: "127.29.242.66" port: 43343 } } peers { permanent_uuid: "75060135b076411393e307b6788da240" member_type: VOTER last_known_addr { host: "127.29.242.67" port: 33479 } }
I20260812 08:02:34.366274  8947 raft_consensus.cc:385] T c4a08a8e8517421fa30f0030e0e35916 P 0da20e9e17cf422680cb31083e8dd8c9 [term 0 FOLLOWER]: Consensus starting up: Expiring failure detector timer to make a prompt election more likely
I20260812 08:02:34.366312  8947 raft_consensus.cc:740] T c4a08a8e8517421fa30f0030e0e35916 P 0da20e9e17cf422680cb31083e8dd8c9 [term 0 FOLLOWER]: Becoming Follower/Learner. State: Replica: 0da20e9e17cf422680cb31083e8dd8c9, State: Initialized, Role: FOLLOWER
I20260812 08:02:34.366429  8947 consensus_queue.cc:260] T c4a08a8e8517421fa30f0030e0e35916 P 0da20e9e17cf422680cb31083e8dd8c9 [NON_LEADER]: Queue going to NON_LEADER mode. State: All replicated index: 0, Majority replicated index: 0, Committed index: 0, Last appended: 0.0, Last appended by leader: 0, Current term: 0, Majority size: -1, State: 0, Mode: NON_LEADER, active raft config: opid_index: -1 OBSOLETE_local: false peers { permanent_uuid: "0da20e9e17cf422680cb31083e8dd8c9" member_type: VOTER last_known_addr { host: "127.29.242.65" port: 42295 } } peers { permanent_uuid: "e7245a8cdc6d4e3f8aeb21316dfe7bcc" member_type: VOTER last_known_addr { host: "127.29.242.66" port: 43343 } } peers { permanent_uuid: "75060135b076411393e307b6788da240" member_type: VOTER last_known_addr { host: "127.29.242.67" port: 33479 } }
I20260812 08:02:34.366677  8947 ts_tablet_manager.cc:1434] T c4a08a8e8517421fa30f0030e0e35916 P 0da20e9e17cf422680cb31083e8dd8c9: Time spent starting tablet: real 0.001s	user 0.000s	sys 0.000s
I20260812 08:02:34.366842  8947 tablet_bootstrap.cc:492] T 789945e039bf4f1087f4e369860ccb68 P 0da20e9e17cf422680cb31083e8dd8c9: Bootstrap starting.
I20260812 08:02:34.367316  9020 raft_consensus.cc:493] T 4dc9811868f2477c837b1a390428e79e P 75060135b076411393e307b6788da240 [term 0 FOLLOWER]: Starting pre-election (no leader contacted us within the election timeout)
I20260812 08:02:34.367419  9020 raft_consensus.cc:515] T 4dc9811868f2477c837b1a390428e79e P 75060135b076411393e307b6788da240 [term 0 FOLLOWER]: Starting pre-election with config: opid_index: -1 OBSOLETE_local: false peers { permanent_uuid: "0da20e9e17cf422680cb31083e8dd8c9" member_type: VOTER last_known_addr { host: "127.29.242.65" port: 42295 } } peers { permanent_uuid: "e7245a8cdc6d4e3f8aeb21316dfe7bcc" member_type: VOTER last_known_addr { host: "127.29.242.66" port: 43343 } } peers { permanent_uuid: "75060135b076411393e307b6788da240" member_type: VOTER last_known_addr { host: "127.29.242.67" port: 33479 } }
I20260812 08:02:34.367903  8947 tablet_bootstrap.cc:654] T 789945e039bf4f1087f4e369860ccb68 P 0da20e9e17cf422680cb31083e8dd8c9: Neither blocks nor log segments found. Creating new log.
I20260812 08:02:34.367926  9020 leader_election.cc:290] T 4dc9811868f2477c837b1a390428e79e P 75060135b076411393e307b6788da240 [CANDIDATE]: Term 1 pre-election: Requested pre-vote from peers 0da20e9e17cf422680cb31083e8dd8c9 (127.29.242.65:42295), e7245a8cdc6d4e3f8aeb21316dfe7bcc (127.29.242.66:43343)
I20260812 08:02:34.368602  8315 tablet_service.cc:1917] Received RequestConsensusVote() RPC: tablet_id: "4dc9811868f2477c837b1a390428e79e" candidate_uuid: "75060135b076411393e307b6788da240" candidate_term: 1 candidate_status { last_received { term: 0 index: 0 } } ignore_live_leader: false dest_uuid: "0da20e9e17cf422680cb31083e8dd8c9" is_pre_election: true
I20260812 08:02:34.368736  8315 raft_consensus.cc:2468] T 4dc9811868f2477c837b1a390428e79e P 0da20e9e17cf422680cb31083e8dd8c9 [term 0 FOLLOWER]: Leader pre-election vote request: Granting yes vote for candidate 75060135b076411393e307b6788da240 in term 0.
I20260812 08:02:34.368737  8581 tablet_service.cc:1917] Received RequestConsensusVote() RPC: tablet_id: "4dc9811868f2477c837b1a390428e79e" candidate_uuid: "75060135b076411393e307b6788da240" candidate_term: 1 candidate_status { last_received { term: 0 index: 0 } } ignore_live_leader: false dest_uuid: "e7245a8cdc6d4e3f8aeb21316dfe7bcc" is_pre_election: true
I20260812 08:02:34.369100  8688 leader_election.cc:304] T 4dc9811868f2477c837b1a390428e79e P 75060135b076411393e307b6788da240 [CANDIDATE]: Term 1 pre-election: Election decided. Result: candidate won. Election summary: received 2 responses out of 3 voters: 2 yes votes; 0 no votes. yes voters: 0da20e9e17cf422680cb31083e8dd8c9, 75060135b076411393e307b6788da240; no voters: 
I20260812 08:02:34.369318  8954 raft_consensus.cc:2804] T 4dc9811868f2477c837b1a390428e79e P 75060135b076411393e307b6788da240 [term 0 FOLLOWER]: Leader pre-election won for term 1
I20260812 08:02:34.369372  8954 raft_consensus.cc:493] T 4dc9811868f2477c837b1a390428e79e P 75060135b076411393e307b6788da240 [term 0 FOLLOWER]: Starting leader election (no leader contacted us within the election timeout)
I20260812 08:02:34.369407  8954 raft_consensus.cc:3060] T 4dc9811868f2477c837b1a390428e79e P 75060135b076411393e307b6788da240 [term 0 FOLLOWER]: Advancing to term 1
W20260812 08:02:34.369431  8688 leader_election.cc:343] T 4dc9811868f2477c837b1a390428e79e P 75060135b076411393e307b6788da240 [CANDIDATE]: Term 1 pre-election: Tablet error from VoteRequest() call to peer e7245a8cdc6d4e3f8aeb21316dfe7bcc (127.29.242.66:43343): Illegal state: must be running to vote when last-logged opid is not known
I20260812 08:02:34.370255  8954 raft_consensus.cc:515] T 4dc9811868f2477c837b1a390428e79e P 75060135b076411393e307b6788da240 [term 1 FOLLOWER]: Starting leader election with config: opid_index: -1 OBSOLETE_local: false peers { permanent_uuid: "0da20e9e17cf422680cb31083e8dd8c9" member_type: VOTER last_known_addr { host: "127.29.242.65" port: 42295 } } peers { permanent_uuid: "e7245a8cdc6d4e3f8aeb21316dfe7bcc" member_type: VOTER last_known_addr { host: "127.29.242.66" port: 43343 } } peers { permanent_uuid: "75060135b076411393e307b6788da240" member_type: VOTER last_known_addr { host: "127.29.242.67" port: 33479 } }
I20260812 08:02:34.370518  8947 tablet_bootstrap.cc:492] T 789945e039bf4f1087f4e369860ccb68 P 0da20e9e17cf422680cb31083e8dd8c9: No bootstrap required, opened a new log
I20260812 08:02:34.370594  8947 ts_tablet_manager.cc:1403] T 789945e039bf4f1087f4e369860ccb68 P 0da20e9e17cf422680cb31083e8dd8c9: Time spent bootstrapping tablet: real 0.004s	user 0.002s	sys 0.000s
I20260812 08:02:34.370641  8954 leader_election.cc:290] T 4dc9811868f2477c837b1a390428e79e P 75060135b076411393e307b6788da240 [CANDIDATE]: Term 1 election: Requested vote from peers 0da20e9e17cf422680cb31083e8dd8c9 (127.29.242.65:42295), e7245a8cdc6d4e3f8aeb21316dfe7bcc (127.29.242.66:43343)
I20260812 08:02:34.370980  8581 tablet_service.cc:1917] Received RequestConsensusVote() RPC: tablet_id: "4dc9811868f2477c837b1a390428e79e" candidate_uuid: "75060135b076411393e307b6788da240" candidate_term: 1 candidate_status { last_received { term: 0 index: 0 } } ignore_live_leader: false dest_uuid: "e7245a8cdc6d4e3f8aeb21316dfe7bcc"
I20260812 08:02:34.370985  8315 tablet_service.cc:1917] Received RequestConsensusVote() RPC: tablet_id: "4dc9811868f2477c837b1a390428e79e" candidate_uuid: "75060135b076411393e307b6788da240" candidate_term: 1 candidate_status { last_received { term: 0 index: 0 } } ignore_live_leader: false dest_uuid: "0da20e9e17cf422680cb31083e8dd8c9"
I20260812 08:02:34.371083  8315 raft_consensus.cc:3060] T 4dc9811868f2477c837b1a390428e79e P 0da20e9e17cf422680cb31083e8dd8c9 [term 0 FOLLOWER]: Advancing to term 1
I20260812 08:02:34.371034  8947 raft_consensus.cc:359] T 789945e039bf4f1087f4e369860ccb68 P 0da20e9e17cf422680cb31083e8dd8c9 [term 0 FOLLOWER]: Replica starting. Triggering 0 pending ops. Active config: opid_index: -1 OBSOLETE_local: false peers { permanent_uuid: "0da20e9e17cf422680cb31083e8dd8c9" member_type: VOTER last_known_addr { host: "127.29.242.65" port: 42295 } } peers { permanent_uuid: "e7245a8cdc6d4e3f8aeb21316dfe7bcc" member_type: VOTER last_known_addr { host: "127.29.242.66" port: 43343 } } peers { permanent_uuid: "75060135b076411393e307b6788da240" member_type: VOTER last_known_addr { host: "127.29.242.67" port: 33479 } }
I20260812 08:02:34.371137  8947 raft_consensus.cc:385] T 789945e039bf4f1087f4e369860ccb68 P 0da20e9e17cf422680cb31083e8dd8c9 [term 0 FOLLOWER]: Consensus starting up: Expiring failure detector timer to make a prompt election more likely
I20260812 08:02:34.371169  8947 raft_consensus.cc:740] T 789945e039bf4f1087f4e369860ccb68 P 0da20e9e17cf422680cb31083e8dd8c9 [term 0 FOLLOWER]: Becoming Follower/Learner. State: Replica: 0da20e9e17cf422680cb31083e8dd8c9, State: Initialized, Role: FOLLOWER
I20260812 08:02:34.371304  8947 consensus_queue.cc:260] T 789945e039bf4f1087f4e369860ccb68 P 0da20e9e17cf422680cb31083e8dd8c9 [NON_LEADER]: Queue going to NON_LEADER mode. State: All replicated index: 0, Majority replicated index: 0, Committed index: 0, Last appended: 0.0, Last appended by leader: 0, Current term: 0, Majority size: -1, State: 0, Mode: NON_LEADER, active raft config: opid_index: -1 OBSOLETE_local: false peers { permanent_uuid: "0da20e9e17cf422680cb31083e8dd8c9" member_type: VOTER last_known_addr { host: "127.29.242.65" port: 42295 } } peers { permanent_uuid: "e7245a8cdc6d4e3f8aeb21316dfe7bcc" member_type: VOTER last_known_addr { host: "127.29.242.66" port: 43343 } } peers { permanent_uuid: "75060135b076411393e307b6788da240" member_type: VOTER last_known_addr { host: "127.29.242.67" port: 33479 } }
W20260812 08:02:34.371357  8688 leader_election.cc:343] T 4dc9811868f2477c837b1a390428e79e P 75060135b076411393e307b6788da240 [CANDIDATE]: Term 1 election: Tablet error from VoteRequest() call to peer e7245a8cdc6d4e3f8aeb21316dfe7bcc (127.29.242.66:43343): Illegal state: must be running to vote when last-logged opid is not known
I20260812 08:02:34.371663  8947 ts_tablet_manager.cc:1434] T 789945e039bf4f1087f4e369860ccb68 P 0da20e9e17cf422680cb31083e8dd8c9: Time spent starting tablet: real 0.001s	user 0.001s	sys 0.000s
I20260812 08:02:34.371853  8947 tablet_bootstrap.cc:492] T e3933fc5ec7d41ea870b751dd812c1ea P 0da20e9e17cf422680cb31083e8dd8c9: Bootstrap starting.
I20260812 08:02:34.371927  8784 tablet_service.cc:1511] Processing CreateTablet for tablet a9c17a502da3467090d005dd5c607990 (DEFAULT_TABLE table=table_1 [id=2050d95e750b481896a3ae08035859ce]), partition=HASH (key) PARTITION 1, RANGE (key) PARTITION UNBOUNDED
I20260812 08:02:34.372033  8315 raft_consensus.cc:2468] T 4dc9811868f2477c837b1a390428e79e P 0da20e9e17cf422680cb31083e8dd8c9 [term 1 FOLLOWER]: Leader election vote request: Granting yes vote for candidate 75060135b076411393e307b6788da240 in term 1.
I20260812 08:02:34.372195  8784 data_dirs.cc:400] Could only allocate 1 dirs of requested 3 for tablet a9c17a502da3467090d005dd5c607990. 1 dirs total, 0 dirs full, 0 dirs failed
I20260812 08:02:34.372323  8785 tablet_service.cc:1511] Processing CreateTablet for tablet c4a08a8e8517421fa30f0030e0e35916 (DEFAULT_TABLE table=table_1 [id=2050d95e750b481896a3ae08035859ce]), partition=HASH (key) PARTITION 2, RANGE (key) PARTITION UNBOUNDED
I20260812 08:02:34.372349  8688 leader_election.cc:304] T 4dc9811868f2477c837b1a390428e79e P 75060135b076411393e307b6788da240 [CANDIDATE]: Term 1 election: Election decided. Result: candidate won. Election summary: received 3 responses out of 3 voters: 2 yes votes; 1 no votes. yes voters: 0da20e9e17cf422680cb31083e8dd8c9, 75060135b076411393e307b6788da240; no voters: e7245a8cdc6d4e3f8aeb21316dfe7bcc
I20260812 08:02:34.372617  8785 data_dirs.cc:400] Could only allocate 1 dirs of requested 3 for tablet c4a08a8e8517421fa30f0030e0e35916. 1 dirs total, 0 dirs full, 0 dirs failed
I20260812 08:02:34.372994  8947 tablet_bootstrap.cc:654] T e3933fc5ec7d41ea870b751dd812c1ea P 0da20e9e17cf422680cb31083e8dd8c9: Neither blocks nor log segments found. Creating new log.
I20260812 08:02:34.374372  8948 tablet_bootstrap.cc:492] T a9c17a502da3467090d005dd5c607990 P 75060135b076411393e307b6788da240: Bootstrap starting.
I20260812 08:02:34.374562  8954 raft_consensus.cc:2804] T 4dc9811868f2477c837b1a390428e79e P 75060135b076411393e307b6788da240 [term 1 FOLLOWER]: Leader election won for term 1
I20260812 08:02:34.374686  8774 tablet_service.cc:1511] Processing CreateTablet for tablet e5b9f7f55fac40bb9bf561e9fc3721ea (DEFAULT_TABLE table=table_1 [id=2050d95e750b481896a3ae08035859ce]), partition=HASH (key) PARTITION 3, RANGE (key) PARTITION UNBOUNDED
I20260812 08:02:34.374711  8954 raft_consensus.cc:697] T 4dc9811868f2477c837b1a390428e79e P 75060135b076411393e307b6788da240 [term 1 LEADER]: Becoming Leader. State: Replica: 75060135b076411393e307b6788da240, State: Running, Role: LEADER
I20260812 08:02:34.374931  8774 data_dirs.cc:400] Could only allocate 1 dirs of requested 3 for tablet e5b9f7f55fac40bb9bf561e9fc3721ea. 1 dirs total, 0 dirs full, 0 dirs failed
I20260812 08:02:34.374872  8954 consensus_queue.cc:237] T 4dc9811868f2477c837b1a390428e79e P 75060135b076411393e307b6788da240 [LEADER]: Queue going to LEADER mode. State: All replicated index: 0, Majority replicated index: 0, Committed index: 0, Last appended: 0.0, Last appended by leader: 0, Current term: 1, Majority size: 2, State: 0, Mode: LEADER, active raft config: opid_index: -1 OBSOLETE_local: false peers { permanent_uuid: "0da20e9e17cf422680cb31083e8dd8c9" member_type: VOTER last_known_addr { host: "127.29.242.65" port: 42295 } } peers { permanent_uuid: "e7245a8cdc6d4e3f8aeb21316dfe7bcc" member_type: VOTER last_known_addr { host: "127.29.242.66" port: 43343 } } peers { permanent_uuid: "75060135b076411393e307b6788da240" member_type: VOTER last_known_addr { host: "127.29.242.67" port: 33479 } }
I20260812 08:02:34.375394  8948 tablet_bootstrap.cc:654] T a9c17a502da3467090d005dd5c607990 P 75060135b076411393e307b6788da240: Neither blocks nor log segments found. Creating new log.
I20260812 08:02:34.376464  8948 tablet_bootstrap.cc:492] T a9c17a502da3467090d005dd5c607990 P 75060135b076411393e307b6788da240: No bootstrap required, opened a new log
I20260812 08:02:34.376544  8948 ts_tablet_manager.cc:1403] T a9c17a502da3467090d005dd5c607990 P 75060135b076411393e307b6788da240: Time spent bootstrapping tablet: real 0.002s	user 0.002s	sys 0.000s
I20260812 08:02:34.377019  8948 raft_consensus.cc:359] T a9c17a502da3467090d005dd5c607990 P 75060135b076411393e307b6788da240 [term 0 FOLLOWER]: Replica starting. Triggering 0 pending ops. Active config: opid_index: -1 OBSOLETE_local: false peers { permanent_uuid: "0da20e9e17cf422680cb31083e8dd8c9" member_type: VOTER last_known_addr { host: "127.29.242.65" port: 42295 } } peers { permanent_uuid: "e7245a8cdc6d4e3f8aeb21316dfe7bcc" member_type: VOTER last_known_addr { host: "127.29.242.66" port: 43343 } } peers { permanent_uuid: "75060135b076411393e307b6788da240" member_type: VOTER last_known_addr { host: "127.29.242.67" port: 33479 } }
I20260812 08:02:34.377053  8775 tablet_service.cc:1511] Processing CreateTablet for tablet e3933fc5ec7d41ea870b751dd812c1ea (DEFAULT_TABLE table=table_1 [id=2050d95e750b481896a3ae08035859ce]), partition=HASH (key) PARTITION 4, RANGE (key) PARTITION UNBOUNDED
I20260812 08:02:34.377123  8948 raft_consensus.cc:385] T a9c17a502da3467090d005dd5c607990 P 75060135b076411393e307b6788da240 [term 0 FOLLOWER]: Consensus starting up: Expiring failure detector timer to make a prompt election more likely
