I20260812 08:02:31.764691  7545 tablet_bootstrap.cc:492] T 1b0f30bf5aa847c7a5194153c3749a2a P 339f2a79485e49299a5d42360cb53ae2: Bootstrap starting.
I20260812 08:02:31.765792  7545 tablet_bootstrap.cc:654] T 1b0f30bf5aa847c7a5194153c3749a2a P 339f2a79485e49299a5d42360cb53ae2: Neither blocks nor log segments found. Creating new log.
I20260812 08:02:31.767077  7545 tablet_bootstrap.cc:492] T 1b0f30bf5aa847c7a5194153c3749a2a P 339f2a79485e49299a5d42360cb53ae2: No bootstrap required, opened a new log
I20260812 08:02:31.767163  7545 ts_tablet_manager.cc:1403] T 1b0f30bf5aa847c7a5194153c3749a2a P 339f2a79485e49299a5d42360cb53ae2: Time spent bootstrapping tablet: real 0.003s	user 0.000s	sys 0.002s
I20260812 08:02:31.767445  7552 raft_consensus.cc:2804] T 576aa7d7eff1456bac3fae6051e106f5 P 6a649725cf114ce29d07851cc4c9325f [term 0 FOLLOWER]: Leader pre-election won for term 1
I20260812 08:02:31.767511  7552 raft_consensus.cc:493] T 576aa7d7eff1456bac3fae6051e106f5 P 6a649725cf114ce29d07851cc4c9325f [term 0 FOLLOWER]: Starting leader election (no leader contacted us within the election timeout)
I20260812 08:02:31.767556  7552 raft_consensus.cc:3060] T 576aa7d7eff1456bac3fae6051e106f5 P 6a649725cf114ce29d07851cc4c9325f [term 0 FOLLOWER]: Advancing to term 1
I20260812 08:02:31.767632  7545 raft_consensus.cc:359] T 1b0f30bf5aa847c7a5194153c3749a2a P 339f2a79485e49299a5d42360cb53ae2 [term 0 FOLLOWER]: Replica starting. Triggering 0 pending ops. Active config: opid_index: -1 OBSOLETE_local: false peers { permanent_uuid: "6a649725cf114ce29d07851cc4c9325f" member_type: VOTER last_known_addr { host: "127.29.242.66" port: 38277 } } peers { permanent_uuid: "339f2a79485e49299a5d42360cb53ae2" member_type: VOTER last_known_addr { host: "127.29.242.65" port: 35573 } } peers { permanent_uuid: "b65d44072062441ba9699bc346d8f0ba" member_type: VOTER last_known_addr { host: "127.29.242.67" port: 39067 } }
I20260812 08:02:31.767727  7545 raft_consensus.cc:385] T 1b0f30bf5aa847c7a5194153c3749a2a P 339f2a79485e49299a5d42360cb53ae2 [term 0 FOLLOWER]: Consensus starting up: Expiring failure detector timer to make a prompt election more likely
I20260812 08:02:31.767772  7545 raft_consensus.cc:740] T 1b0f30bf5aa847c7a5194153c3749a2a P 339f2a79485e49299a5d42360cb53ae2 [term 0 FOLLOWER]: Becoming Follower/Learner. State: Replica: 339f2a79485e49299a5d42360cb53ae2, State: Initialized, Role: FOLLOWER
I20260812 08:02:31.767879  7545 consensus_queue.cc:260] T 1b0f30bf5aa847c7a5194153c3749a2a P 339f2a79485e49299a5d42360cb53ae2 [NON_LEADER]: Queue going to NON_LEADER mode. State: All replicated index: 0, Majority replicated index: 0, Committed index: 0, Last appended: 0.0, Last appended by leader: 0, Current term: 0, Majority size: -1, State: 0, Mode: NON_LEADER, active raft config: opid_index: -1 OBSOLETE_local: false peers { permanent_uuid: "6a649725cf114ce29d07851cc4c9325f" member_type: VOTER last_known_addr { host: "127.29.242.66" port: 38277 } } peers { permanent_uuid: "339f2a79485e49299a5d42360cb53ae2" member_type: VOTER last_known_addr { host: "127.29.242.65" port: 35573 } } peers { permanent_uuid: "b65d44072062441ba9699bc346d8f0ba" member_type: VOTER last_known_addr { host: "127.29.242.67" port: 39067 } }
I20260812 08:02:31.768211  7545 ts_tablet_manager.cc:1434] T 1b0f30bf5aa847c7a5194153c3749a2a P 339f2a79485e49299a5d42360cb53ae2: Time spent starting tablet: real 0.001s	user 0.000s	sys 0.000s
I20260812 08:02:31.768549  7552 raft_consensus.cc:515] T 576aa7d7eff1456bac3fae6051e106f5 P 6a649725cf114ce29d07851cc4c9325f [term 1 FOLLOWER]: Starting leader election with config: opid_index: -1 OBSOLETE_local: false peers { permanent_uuid: "339f2a79485e49299a5d42360cb53ae2" member_type: VOTER last_known_addr { host: "127.29.242.65" port: 35573 } } peers { permanent_uuid: "6a649725cf114ce29d07851cc4c9325f" member_type: VOTER last_known_addr { host: "127.29.242.66" port: 38277 } } peers { permanent_uuid: "b65d44072062441ba9699bc346d8f0ba" member_type: VOTER last_known_addr { host: "127.29.242.67" port: 39067 } }
I20260812 08:02:31.768919  7552 leader_election.cc:290] T 576aa7d7eff1456bac3fae6051e106f5 P 6a649725cf114ce29d07851cc4c9325f [CANDIDATE]: Term 1 election: Requested vote from peers 339f2a79485e49299a5d42360cb53ae2 (127.29.242.65:35573), b65d44072062441ba9699bc346d8f0ba (127.29.242.67:39067)
I20260812 08:02:31.769922  7545 tablet_bootstrap.cc:492] T 09b91e8378004c009d7d1023c66fa168 P 339f2a79485e49299a5d42360cb53ae2: Bootstrap starting.
I20260812 08:02:31.769852  6303 catalog_manager.cc:5719] T c972136bb41741cbb35dd5b187522f2b P b65d44072062441ba9699bc346d8f0ba reported cstate change: term changed from 0 to 1, leader changed from <none> to b65d44072062441ba9699bc346d8f0ba (127.29.242.67). New cstate: current_term: 1 leader_uuid: "b65d44072062441ba9699bc346d8f0ba" committed_config { opid_index: -1 OBSOLETE_local: false peers { permanent_uuid: "339f2a79485e49299a5d42360cb53ae2" member_type: VOTER last_known_addr { host: "127.29.242.65" port: 35573 } health_report { overall_health: UNKNOWN } } peers { permanent_uuid: "6a649725cf114ce29d07851cc4c9325f" member_type: VOTER last_known_addr { host: "127.29.242.66" port: 38277 } health_report { overall_health: UNKNOWN } } peers { permanent_uuid: "b65d44072062441ba9699bc346d8f0ba" member_type: VOTER last_known_addr { host: "127.29.242.67" port: 39067 } health_report { overall_health: HEALTHY } } }
I20260812 08:02:31.770437  7405 tablet_service.cc:1917] Received RequestConsensusVote() RPC: tablet_id: "576aa7d7eff1456bac3fae6051e106f5" candidate_uuid: "6a649725cf114ce29d07851cc4c9325f" candidate_term: 1 candidate_status { last_received { term: 0 index: 0 } } ignore_live_leader: false dest_uuid: "b65d44072062441ba9699bc346d8f0ba"
I20260812 08:02:31.770546  7405 raft_consensus.cc:3060] T 576aa7d7eff1456bac3fae6051e106f5 P b65d44072062441ba9699bc346d8f0ba [term 0 FOLLOWER]: Advancing to term 1
I20260812 08:02:31.771397  7545 tablet_bootstrap.cc:654] T 09b91e8378004c009d7d1023c66fa168 P 339f2a79485e49299a5d42360cb53ae2: Neither blocks nor log segments found. Creating new log.
I20260812 08:02:31.771615  7405 raft_consensus.cc:2468] T 576aa7d7eff1456bac3fae6051e106f5 P b65d44072062441ba9699bc346d8f0ba [term 1 FOLLOWER]: Leader election vote request: Granting yes vote for candidate 6a649725cf114ce29d07851cc4c9325f in term 1.
I20260812 08:02:31.771996  6916 tablet_service.cc:1917] Received RequestConsensusVote() RPC: tablet_id: "576aa7d7eff1456bac3fae6051e106f5" candidate_uuid: "6a649725cf114ce29d07851cc4c9325f" candidate_term: 1 candidate_status { last_received { term: 0 index: 0 } } ignore_live_leader: false dest_uuid: "339f2a79485e49299a5d42360cb53ae2"
I20260812 08:02:31.771976  7038 leader_election.cc:304] T 576aa7d7eff1456bac3fae6051e106f5 P 6a649725cf114ce29d07851cc4c9325f [CANDIDATE]: Term 1 election: Election decided. Result: candidate won. Election summary: received 2 responses out of 3 voters: 2 yes votes; 0 no votes. yes voters: 6a649725cf114ce29d07851cc4c9325f, b65d44072062441ba9699bc346d8f0ba; no voters: 
I20260812 08:02:31.772132  6916 raft_consensus.cc:3060] T 576aa7d7eff1456bac3fae6051e106f5 P 339f2a79485e49299a5d42360cb53ae2 [term 0 FOLLOWER]: Advancing to term 1
I20260812 08:02:31.773372  6916 raft_consensus.cc:2468] T 576aa7d7eff1456bac3fae6051e106f5 P 339f2a79485e49299a5d42360cb53ae2 [term 1 FOLLOWER]: Leader election vote request: Granting yes vote for candidate 6a649725cf114ce29d07851cc4c9325f in term 1.
I20260812 08:02:31.773589  7552 raft_consensus.cc:2804] T 576aa7d7eff1456bac3fae6051e106f5 P 6a649725cf114ce29d07851cc4c9325f [term 1 FOLLOWER]: Leader election won for term 1
I20260812 08:02:31.774940  7552 raft_consensus.cc:697] T 576aa7d7eff1456bac3fae6051e106f5 P 6a649725cf114ce29d07851cc4c9325f [term 1 LEADER]: Becoming Leader. State: Replica: 6a649725cf114ce29d07851cc4c9325f, State: Running, Role: LEADER
I20260812 08:02:31.775255  7552 consensus_queue.cc:237] T 576aa7d7eff1456bac3fae6051e106f5 P 6a649725cf114ce29d07851cc4c9325f [LEADER]: Queue going to LEADER mode. State: All replicated index: 0, Majority replicated index: 0, Committed index: 0, Last appended: 0.0, Last appended by leader: 0, Current term: 1, Majority size: 2, State: 0, Mode: LEADER, active raft config: opid_index: -1 OBSOLETE_local: false peers { permanent_uuid: "339f2a79485e49299a5d42360cb53ae2" member_type: VOTER last_known_addr { host: "127.29.242.65" port: 35573 } } peers { permanent_uuid: "6a649725cf114ce29d07851cc4c9325f" member_type: VOTER last_known_addr { host: "127.29.242.66" port: 38277 } } peers { permanent_uuid: "b65d44072062441ba9699bc346d8f0ba" member_type: VOTER last_known_addr { host: "127.29.242.67" port: 39067 } }
I20260812 08:02:31.776787  7545 tablet_bootstrap.cc:492] T 09b91e8378004c009d7d1023c66fa168 P 339f2a79485e49299a5d42360cb53ae2: No bootstrap required, opened a new log
I20260812 08:02:31.776896  7545 ts_tablet_manager.cc:1403] T 09b91e8378004c009d7d1023c66fa168 P 339f2a79485e49299a5d42360cb53ae2: Time spent bootstrapping tablet: real 0.007s	user 0.000s	sys 0.002s
I20260812 08:02:31.777447  7545 raft_consensus.cc:359] T 09b91e8378004c009d7d1023c66fa168 P 339f2a79485e49299a5d42360cb53ae2 [term 0 FOLLOWER]: Replica starting. Triggering 0 pending ops. Active config: opid_index: -1 OBSOLETE_local: false peers { permanent_uuid: "339f2a79485e49299a5d42360cb53ae2" member_type: VOTER last_known_addr { host: "127.29.242.65" port: 35573 } } peers { permanent_uuid: "6a649725cf114ce29d07851cc4c9325f" member_type: VOTER last_known_addr { host: "127.29.242.66" port: 38277 } } peers { permanent_uuid: "b65d44072062441ba9699bc346d8f0ba" member_type: VOTER last_known_addr { host: "127.29.242.67" port: 39067 } }
I20260812 08:02:31.777573  7545 raft_consensus.cc:385] T 09b91e8378004c009d7d1023c66fa168 P 339f2a79485e49299a5d42360cb53ae2 [term 0 FOLLOWER]: Consensus starting up: Expiring failure detector timer to make a prompt election more likely
I20260812 08:02:31.777613  7545 raft_consensus.cc:740] T 09b91e8378004c009d7d1023c66fa168 P 339f2a79485e49299a5d42360cb53ae2 [term 0 FOLLOWER]: Becoming Follower/Learner. State: Replica: 339f2a79485e49299a5d42360cb53ae2, State: Initialized, Role: FOLLOWER
I20260812 08:02:31.777776  7545 consensus_queue.cc:260] T 09b91e8378004c009d7d1023c66fa168 P 339f2a79485e49299a5d42360cb53ae2 [NON_LEADER]: Queue going to NON_LEADER mode. State: All replicated index: 0, Majority replicated index: 0, Committed index: 0, Last appended: 0.0, Last appended by leader: 0, Current term: 0, Majority size: -1, State: 0, Mode: NON_LEADER, active raft config: opid_index: -1 OBSOLETE_local: false peers { permanent_uuid: "339f2a79485e49299a5d42360cb53ae2" member_type: VOTER last_known_addr { host: "127.29.242.65" port: 35573 } } peers { permanent_uuid: "6a649725cf114ce29d07851cc4c9325f" member_type: VOTER last_known_addr { host: "127.29.242.66" port: 38277 } } peers { permanent_uuid: "b65d44072062441ba9699bc346d8f0ba" member_type: VOTER last_known_addr { host: "127.29.242.67" port: 39067 } }
I20260812 08:02:31.778832  7542 tablet_bootstrap.cc:492] T 41d3a2a1a9bc46d4b969e491cf1f4d89 P b65d44072062441ba9699bc346d8f0ba: No bootstrap required, opened a new log
I20260812 08:02:31.778927  7542 ts_tablet_manager.cc:1403] T 41d3a2a1a9bc46d4b969e491cf1f4d89 P b65d44072062441ba9699bc346d8f0ba: Time spent bootstrapping tablet: real 0.023s	user 0.002s	sys 0.000s
I20260812 08:02:31.778861  6303 catalog_manager.cc:5719] T 576aa7d7eff1456bac3fae6051e106f5 P 6a649725cf114ce29d07851cc4c9325f reported cstate change: term changed from 0 to 1, leader changed from <none> to 6a649725cf114ce29d07851cc4c9325f (127.29.242.66). New cstate: current_term: 1 leader_uuid: "6a649725cf114ce29d07851cc4c9325f" committed_config { opid_index: -1 OBSOLETE_local: false peers { permanent_uuid: "339f2a79485e49299a5d42360cb53ae2" member_type: VOTER last_known_addr { host: "127.29.242.65" port: 35573 } health_report { overall_health: UNKNOWN } } peers { permanent_uuid: "6a649725cf114ce29d07851cc4c9325f" member_type: VOTER last_known_addr { host: "127.29.242.66" port: 38277 } health_report { overall_health: HEALTHY } } peers { permanent_uuid: "b65d44072062441ba9699bc346d8f0ba" member_type: VOTER last_known_addr { host: "127.29.242.67" port: 39067 } health_report { overall_health: UNKNOWN } } }
I20260812 08:02:31.779192  7545 ts_tablet_manager.cc:1434] T 09b91e8378004c009d7d1023c66fa168 P 339f2a79485e49299a5d42360cb53ae2: Time spent starting tablet: real 0.002s	user 0.000s	sys 0.001s
I20260812 08:02:31.779403  7545 tablet_bootstrap.cc:492] T c972136bb41741cbb35dd5b187522f2b P 339f2a79485e49299a5d42360cb53ae2: Bootstrap starting.
I20260812 08:02:31.779757  7542 raft_consensus.cc:359] T 41d3a2a1a9bc46d4b969e491cf1f4d89 P b65d44072062441ba9699bc346d8f0ba [term 0 FOLLOWER]: Replica starting. Triggering 0 pending ops. Active config: opid_index: -1 OBSOLETE_local: false peers { permanent_uuid: "339f2a79485e49299a5d42360cb53ae2" member_type: VOTER last_known_addr { host: "127.29.242.65" port: 35573 } } peers { permanent_uuid: "6a649725cf114ce29d07851cc4c9325f" member_type: VOTER last_known_addr { host: "127.29.242.66" port: 38277 } } peers { permanent_uuid: "b65d44072062441ba9699bc346d8f0ba" member_type: VOTER last_known_addr { host: "127.29.242.67" port: 39067 } }
I20260812 08:02:31.779865  7542 raft_consensus.cc:385] T 41d3a2a1a9bc46d4b969e491cf1f4d89 P b65d44072062441ba9699bc346d8f0ba [term 0 FOLLOWER]: Consensus starting up: Expiring failure detector timer to make a prompt election more likely
I20260812 08:02:31.779898  7542 raft_consensus.cc:740] T 41d3a2a1a9bc46d4b969e491cf1f4d89 P b65d44072062441ba9699bc346d8f0ba [term 0 FOLLOWER]: Becoming Follower/Learner. State: Replica: b65d44072062441ba9699bc346d8f0ba, State: Initialized, Role: FOLLOWER
I20260812 08:02:31.780051  7542 consensus_queue.cc:260] T 41d3a2a1a9bc46d4b969e491cf1f4d89 P b65d44072062441ba9699bc346d8f0ba [NON_LEADER]: Queue going to NON_LEADER mode. State: All replicated index: 0, Majority replicated index: 0, Committed index: 0, Last appended: 0.0, Last appended by leader: 0, Current term: 0, Majority size: -1, State: 0, Mode: NON_LEADER, active raft config: opid_index: -1 OBSOLETE_local: false peers { permanent_uuid: "339f2a79485e49299a5d42360cb53ae2" member_type: VOTER last_known_addr { host: "127.29.242.65" port: 35573 } } peers { permanent_uuid: "6a649725cf114ce29d07851cc4c9325f" member_type: VOTER last_known_addr { host: "127.29.242.66" port: 38277 } } peers { permanent_uuid: "b65d44072062441ba9699bc346d8f0ba" member_type: VOTER last_known_addr { host: "127.29.242.67" port: 39067 } }
I20260812 08:02:31.780501  7545 tablet_bootstrap.cc:654] T c972136bb41741cbb35dd5b187522f2b P 339f2a79485e49299a5d42360cb53ae2: Neither blocks nor log segments found. Creating new log.
I20260812 08:02:31.782998  7542 ts_tablet_manager.cc:1434] T 41d3a2a1a9bc46d4b969e491cf1f4d89 P b65d44072062441ba9699bc346d8f0ba: Time spent starting tablet: real 0.004s	user 0.001s	sys 0.000s
I20260812 08:02:31.785082  7545 tablet_bootstrap.cc:492] T c972136bb41741cbb35dd5b187522f2b P 339f2a79485e49299a5d42360cb53ae2: No bootstrap required, opened a new log
I20260812 08:02:31.785173  7545 ts_tablet_manager.cc:1403] T c972136bb41741cbb35dd5b187522f2b P 339f2a79485e49299a5d42360cb53ae2: Time spent bootstrapping tablet: real 0.006s	user 0.000s	sys 0.002s
I20260812 08:02:31.785681  7545 raft_consensus.cc:359] T c972136bb41741cbb35dd5b187522f2b P 339f2a79485e49299a5d42360cb53ae2 [term 0 FOLLOWER]: Replica starting. Triggering 0 pending ops. Active config: opid_index: -1 OBSOLETE_local: false peers { permanent_uuid: "339f2a79485e49299a5d42360cb53ae2" member_type: VOTER last_known_addr { host: "127.29.242.65" port: 35573 } } peers { permanent_uuid: "6a649725cf114ce29d07851cc4c9325f" member_type: VOTER last_known_addr { host: "127.29.242.66" port: 38277 } } peers { permanent_uuid: "b65d44072062441ba9699bc346d8f0ba" member_type: VOTER last_known_addr { host: "127.29.242.67" port: 39067 } }
I20260812 08:02:31.785787  7545 raft_consensus.cc:385] T c972136bb41741cbb35dd5b187522f2b P 339f2a79485e49299a5d42360cb53ae2 [term 0 FOLLOWER]: Consensus starting up: Expiring failure detector timer to make a prompt election more likely
I20260812 08:02:31.785808  7542 tablet_bootstrap.cc:492] T 09b91e8378004c009d7d1023c66fa168 P b65d44072062441ba9699bc346d8f0ba: Bootstrap starting.
I20260812 08:02:31.785825  7545 raft_consensus.cc:740] T c972136bb41741cbb35dd5b187522f2b P 339f2a79485e49299a5d42360cb53ae2 [term 0 FOLLOWER]: Becoming Follower/Learner. State: Replica: 339f2a79485e49299a5d42360cb53ae2, State: Initialized, Role: FOLLOWER
I20260812 08:02:31.785951  7545 consensus_queue.cc:260] T c972136bb41741cbb35dd5b187522f2b P 339f2a79485e49299a5d42360cb53ae2 [NON_LEADER]: Queue going to NON_LEADER mode. State: All replicated index: 0, Majority replicated index: 0, Committed index: 0, Last appended: 0.0, Last appended by leader: 0, Current term: 0, Majority size: -1, State: 0, Mode: NON_LEADER, active raft config: opid_index: -1 OBSOLETE_local: false peers { permanent_uuid: "339f2a79485e49299a5d42360cb53ae2" member_type: VOTER last_known_addr { host: "127.29.242.65" port: 35573 } } peers { permanent_uuid: "6a649725cf114ce29d07851cc4c9325f" member_type: VOTER last_known_addr { host: "127.29.242.66" port: 38277 } } peers { permanent_uuid: "b65d44072062441ba9699bc346d8f0ba" member_type: VOTER last_known_addr { host: "127.29.242.67" port: 39067 } }
I20260812 08:02:31.786303  7545 ts_tablet_manager.cc:1434] T c972136bb41741cbb35dd5b187522f2b P 339f2a79485e49299a5d42360cb53ae2: Time spent starting tablet: real 0.001s	user 0.000s	sys 0.001s
I20260812 08:02:31.786487  7545 tablet_bootstrap.cc:492] T ffcd9bd7e68e46b3942728a2038459fc P 339f2a79485e49299a5d42360cb53ae2: Bootstrap starting.
I20260812 08:02:31.786947  7542 tablet_bootstrap.cc:654] T 09b91e8378004c009d7d1023c66fa168 P b65d44072062441ba9699bc346d8f0ba: Neither blocks nor log segments found. Creating new log.
I20260812 08:02:31.787657  7545 tablet_bootstrap.cc:654] T ffcd9bd7e68e46b3942728a2038459fc P 339f2a79485e49299a5d42360cb53ae2: Neither blocks nor log segments found. Creating new log.
I20260812 08:02:31.788234  7542 tablet_bootstrap.cc:492] T 09b91e8378004c009d7d1023c66fa168 P b65d44072062441ba9699bc346d8f0ba: No bootstrap required, opened a new log
I20260812 08:02:31.788323  7542 ts_tablet_manager.cc:1403] T 09b91e8378004c009d7d1023c66fa168 P b65d44072062441ba9699bc346d8f0ba: Time spent bootstrapping tablet: real 0.003s	user 0.002s	sys 0.000s
I20260812 08:02:31.788746  7542 raft_consensus.cc:359] T 09b91e8378004c009d7d1023c66fa168 P b65d44072062441ba9699bc346d8f0ba [term 0 FOLLOWER]: Replica starting. Triggering 0 pending ops. Active config: opid_index: -1 OBSOLETE_local: false peers { permanent_uuid: "339f2a79485e49299a5d42360cb53ae2" member_type: VOTER last_known_addr { host: "127.29.242.65" port: 35573 } } peers { permanent_uuid: "6a649725cf114ce29d07851cc4c9325f" member_type: VOTER last_known_addr { host: "127.29.242.66" port: 38277 } } peers { permanent_uuid: "b65d44072062441ba9699bc346d8f0ba" member_type: VOTER last_known_addr { host: "127.29.242.67" port: 39067 } }
I20260812 08:02:31.788866  7542 raft_consensus.cc:385] T 09b91e8378004c009d7d1023c66fa168 P b65d44072062441ba9699bc346d8f0ba [term 0 FOLLOWER]: Consensus starting up: Expiring failure detector timer to make a prompt election more likely
I20260812 08:02:31.788918  7542 raft_consensus.cc:740] T 09b91e8378004c009d7d1023c66fa168 P b65d44072062441ba9699bc346d8f0ba [term 0 FOLLOWER]: Becoming Follower/Learner. State: Replica: b65d44072062441ba9699bc346d8f0ba, State: Initialized, Role: FOLLOWER
I20260812 08:02:31.789063  7542 consensus_queue.cc:260] T 09b91e8378004c009d7d1023c66fa168 P b65d44072062441ba9699bc346d8f0ba [NON_LEADER]: Queue going to NON_LEADER mode. State: All replicated index: 0, Majority replicated index: 0, Committed index: 0, Last appended: 0.0, Last appended by leader: 0, Current term: 0, Majority size: -1, State: 0, Mode: NON_LEADER, active raft config: opid_index: -1 OBSOLETE_local: false peers { permanent_uuid: "339f2a79485e49299a5d42360cb53ae2" member_type: VOTER last_known_addr { host: "127.29.242.65" port: 35573 } } peers { permanent_uuid: "6a649725cf114ce29d07851cc4c9325f" member_type: VOTER last_known_addr { host: "127.29.242.66" port: 38277 } } peers { permanent_uuid: "b65d44072062441ba9699bc346d8f0ba" member_type: VOTER last_known_addr { host: "127.29.242.67" port: 39067 } }
I20260812 08:02:31.789381  7542 ts_tablet_manager.cc:1434] T 09b91e8378004c009d7d1023c66fa168 P b65d44072062441ba9699bc346d8f0ba: Time spent starting tablet: real 0.001s	user 0.001s	sys 0.000s
I20260812 08:02:31.789564  7542 tablet_bootstrap.cc:492] T 2d5d73aaa0c54d7ebc6f56a42f544951 P b65d44072062441ba9699bc346d8f0ba: Bootstrap starting.
I20260812 08:02:31.790230  7545 tablet_bootstrap.cc:492] T ffcd9bd7e68e46b3942728a2038459fc P 339f2a79485e49299a5d42360cb53ae2: No bootstrap required, opened a new log
I20260812 08:02:31.790337  7545 ts_tablet_manager.cc:1403] T ffcd9bd7e68e46b3942728a2038459fc P 339f2a79485e49299a5d42360cb53ae2: Time spent bootstrapping tablet: real 0.004s	user 0.000s	sys 0.002s
I20260812 08:02:31.790568  7542 tablet_bootstrap.cc:654] T 2d5d73aaa0c54d7ebc6f56a42f544951 P b65d44072062441ba9699bc346d8f0ba: Neither blocks nor log segments found. Creating new log.
I20260812 08:02:31.790781  7545 raft_consensus.cc:359] T ffcd9bd7e68e46b3942728a2038459fc P 339f2a79485e49299a5d42360cb53ae2 [term 0 FOLLOWER]: Replica starting. Triggering 0 pending ops. Active config: opid_index: -1 OBSOLETE_local: false peers { permanent_uuid: "339f2a79485e49299a5d42360cb53ae2" member_type: VOTER last_known_addr { host: "127.29.242.65" port: 35573 } } peers { permanent_uuid: "6a649725cf114ce29d07851cc4c9325f" member_type: VOTER last_known_addr { host: "127.29.242.66" port: 38277 } } peers { permanent_uuid: "b65d44072062441ba9699bc346d8f0ba" member_type: VOTER last_known_addr { host: "127.29.242.67" port: 39067 } }
I20260812 08:02:31.790891  7545 raft_consensus.cc:385] T ffcd9bd7e68e46b3942728a2038459fc P 339f2a79485e49299a5d42360cb53ae2 [term 0 FOLLOWER]: Consensus starting up: Expiring failure detector timer to make a prompt election more likely
I20260812 08:02:31.790931  7545 raft_consensus.cc:740] T ffcd9bd7e68e46b3942728a2038459fc P 339f2a79485e49299a5d42360cb53ae2 [term 0 FOLLOWER]: Becoming Follower/Learner. State: Replica: 339f2a79485e49299a5d42360cb53ae2, State: Initialized, Role: FOLLOWER
I20260812 08:02:31.791072  7545 consensus_queue.cc:260] T ffcd9bd7e68e46b3942728a2038459fc P 339f2a79485e49299a5d42360cb53ae2 [NON_LEADER]: Queue going to NON_LEADER mode. State: All replicated index: 0, Majority replicated index: 0, Committed index: 0, Last appended: 0.0, Last appended by leader: 0, Current term: 0, Majority size: -1, State: 0, Mode: NON_LEADER, active raft config: opid_index: -1 OBSOLETE_local: false peers { permanent_uuid: "339f2a79485e49299a5d42360cb53ae2" member_type: VOTER last_known_addr { host: "127.29.242.65" port: 35573 } } peers { permanent_uuid: "6a649725cf114ce29d07851cc4c9325f" member_type: VOTER last_known_addr { host: "127.29.242.66" port: 38277 } } peers { permanent_uuid: "b65d44072062441ba9699bc346d8f0ba" member_type: VOTER last_known_addr { host: "127.29.242.67" port: 39067 } }
I20260812 08:02:31.791369  7545 ts_tablet_manager.cc:1434] T ffcd9bd7e68e46b3942728a2038459fc P 339f2a79485e49299a5d42360cb53ae2: Time spent starting tablet: real 0.001s	user 0.000s	sys 0.000s
I20260812 08:02:31.791529  7545 tablet_bootstrap.cc:492] T d3b646b71505400d972a4c8e4a433ec3 P 339f2a79485e49299a5d42360cb53ae2: Bootstrap starting.
I20260812 08:02:31.792594  7545 tablet_bootstrap.cc:654] T d3b646b71505400d972a4c8e4a433ec3 P 339f2a79485e49299a5d42360cb53ae2: Neither blocks nor log segments found. Creating new log.
I20260812 08:02:31.794497  7542 tablet_bootstrap.cc:492] T 2d5d73aaa0c54d7ebc6f56a42f544951 P b65d44072062441ba9699bc346d8f0ba: No bootstrap required, opened a new log
I20260812 08:02:31.794590  7542 ts_tablet_manager.cc:1403] T 2d5d73aaa0c54d7ebc6f56a42f544951 P b65d44072062441ba9699bc346d8f0ba: Time spent bootstrapping tablet: real 0.005s	user 0.002s	sys 0.000s
I20260812 08:02:31.794685  7545 tablet_bootstrap.cc:492] T d3b646b71505400d972a4c8e4a433ec3 P 339f2a79485e49299a5d42360cb53ae2: No bootstrap required, opened a new log
I20260812 08:02:31.794757  7545 ts_tablet_manager.cc:1403] T d3b646b71505400d972a4c8e4a433ec3 P 339f2a79485e49299a5d42360cb53ae2: Time spent bootstrapping tablet: real 0.003s	user 0.000s	sys 0.002s
I20260812 08:02:31.795030  7542 raft_consensus.cc:359] T 2d5d73aaa0c54d7ebc6f56a42f544951 P b65d44072062441ba9699bc346d8f0ba [term 0 FOLLOWER]: Replica starting. Triggering 0 pending ops. Active config: opid_index: -1 OBSOLETE_local: false peers { permanent_uuid: "339f2a79485e49299a5d42360cb53ae2" member_type: VOTER last_known_addr { host: "127.29.242.65" port: 35573 } } peers { permanent_uuid: "6a649725cf114ce29d07851cc4c9325f" member_type: VOTER last_known_addr { host: "127.29.242.66" port: 38277 } } peers { permanent_uuid: "b65d44072062441ba9699bc346d8f0ba" member_type: VOTER last_known_addr { host: "127.29.242.67" port: 39067 } }
I20260812 08:02:31.795146  7542 raft_consensus.cc:385] T 2d5d73aaa0c54d7ebc6f56a42f544951 P b65d44072062441ba9699bc346d8f0ba [term 0 FOLLOWER]: Consensus starting up: Expiring failure detector timer to make a prompt election more likely
I20260812 08:02:31.795184  7542 raft_consensus.cc:740] T 2d5d73aaa0c54d7ebc6f56a42f544951 P b65d44072062441ba9699bc346d8f0ba [term 0 FOLLOWER]: Becoming Follower/Learner. State: Replica: b65d44072062441ba9699bc346d8f0ba, State: Initialized, Role: FOLLOWER
I20260812 08:02:31.795181  7545 raft_consensus.cc:359] T d3b646b71505400d972a4c8e4a433ec3 P 339f2a79485e49299a5d42360cb53ae2 [term 0 FOLLOWER]: Replica starting. Triggering 0 pending ops. Active config: opid_index: -1 OBSOLETE_local: false peers { permanent_uuid: "339f2a79485e49299a5d42360cb53ae2" member_type: VOTER last_known_addr { host: "127.29.242.65" port: 35573 } } peers { permanent_uuid: "6a649725cf114ce29d07851cc4c9325f" member_type: VOTER last_known_addr { host: "127.29.242.66" port: 38277 } } peers { permanent_uuid: "b65d44072062441ba9699bc346d8f0ba" member_type: VOTER last_known_addr { host: "127.29.242.67" port: 39067 } }
I20260812 08:02:31.795276  7545 raft_consensus.cc:385] T d3b646b71505400d972a4c8e4a433ec3 P 339f2a79485e49299a5d42360cb53ae2 [term 0 FOLLOWER]: Consensus starting up: Expiring failure detector timer to make a prompt election more likely
I20260812 08:02:31.795307  7545 raft_consensus.cc:740] T d3b646b71505400d972a4c8e4a433ec3 P 339f2a79485e49299a5d42360cb53ae2 [term 0 FOLLOWER]: Becoming Follower/Learner. State: Replica: 339f2a79485e49299a5d42360cb53ae2, State: Initialized, Role: FOLLOWER
I20260812 08:02:31.795313  7542 consensus_queue.cc:260] T 2d5d73aaa0c54d7ebc6f56a42f544951 P b65d44072062441ba9699bc346d8f0ba [NON_LEADER]: Queue going to NON_LEADER mode. State: All replicated index: 0, Majority replicated index: 0, Committed index: 0, Last appended: 0.0, Last appended by leader: 0, Current term: 0, Majority size: -1, State: 0, Mode: NON_LEADER, active raft config: opid_index: -1 OBSOLETE_local: false peers { permanent_uuid: "339f2a79485e49299a5d42360cb53ae2" member_type: VOTER last_known_addr { host: "127.29.242.65" port: 35573 } } peers { permanent_uuid: "6a649725cf114ce29d07851cc4c9325f" member_type: VOTER last_known_addr { host: "127.29.242.66" port: 38277 } } peers { permanent_uuid: "b65d44072062441ba9699bc346d8f0ba" member_type: VOTER last_known_addr { host: "127.29.242.67" port: 39067 } }
I20260812 08:02:31.795430  7545 consensus_queue.cc:260] T d3b646b71505400d972a4c8e4a433ec3 P 339f2a79485e49299a5d42360cb53ae2 [NON_LEADER]: Queue going to NON_LEADER mode. State: All replicated index: 0, Majority replicated index: 0, Committed index: 0, Last appended: 0.0, Last appended by leader: 0, Current term: 0, Majority size: -1, State: 0, Mode: NON_LEADER, active raft config: opid_index: -1 OBSOLETE_local: false peers { permanent_uuid: "339f2a79485e49299a5d42360cb53ae2" member_type: VOTER last_known_addr { host: "127.29.242.65" port: 35573 } } peers { permanent_uuid: "6a649725cf114ce29d07851cc4c9325f" member_type: VOTER last_known_addr { host: "127.29.242.66" port: 38277 } } peers { permanent_uuid: "b65d44072062441ba9699bc346d8f0ba" member_type: VOTER last_known_addr { host: "127.29.242.67" port: 39067 } }
I20260812 08:02:31.795598  7542 ts_tablet_manager.cc:1434] T 2d5d73aaa0c54d7ebc6f56a42f544951 P b65d44072062441ba9699bc346d8f0ba: Time spent starting tablet: real 0.001s	user 0.000s	sys 0.000s
I20260812 08:02:31.795689  7545 ts_tablet_manager.cc:1434] T d3b646b71505400d972a4c8e4a433ec3 P 339f2a79485e49299a5d42360cb53ae2: Time spent starting tablet: real 0.001s	user 0.000s	sys 0.000s
I20260812 08:02:31.795815  7542 tablet_bootstrap.cc:492] T dc9e3aef57b1416f9a148fc59cfd275a P b65d44072062441ba9699bc346d8f0ba: Bootstrap starting.
I20260812 08:02:31.796633  7563 raft_consensus.cc:493] T d3b646b71505400d972a4c8e4a433ec3 P 339f2a79485e49299a5d42360cb53ae2 [term 0 FOLLOWER]: Starting pre-election (no leader contacted us within the election timeout)
I20260812 08:02:31.796739  7563 raft_consensus.cc:515] T d3b646b71505400d972a4c8e4a433ec3 P 339f2a79485e49299a5d42360cb53ae2 [term 0 FOLLOWER]: Starting pre-election with config: opid_index: -1 OBSOLETE_local: false peers { permanent_uuid: "339f2a79485e49299a5d42360cb53ae2" member_type: VOTER last_known_addr { host: "127.29.242.65" port: 35573 } } peers { permanent_uuid: "6a649725cf114ce29d07851cc4c9325f" member_type: VOTER last_known_addr { host: "127.29.242.66" port: 38277 } } peers { permanent_uuid: "b65d44072062441ba9699bc346d8f0ba" member_type: VOTER last_known_addr { host: "127.29.242.67" port: 39067 } }
I20260812 08:02:31.796834  7542 tablet_bootstrap.cc:654] T dc9e3aef57b1416f9a148fc59cfd275a P b65d44072062441ba9699bc346d8f0ba: Neither blocks nor log segments found. Creating new log.
I20260812 08:02:31.798023  7563 leader_election.cc:290] T d3b646b71505400d972a4c8e4a433ec3 P 339f2a79485e49299a5d42360cb53ae2 [CANDIDATE]: Term 1 pre-election: Requested pre-vote from peers 6a649725cf114ce29d07851cc4c9325f (127.29.242.66:38277), b65d44072062441ba9699bc346d8f0ba (127.29.242.67:39067)
I20260812 08:02:31.803087  7405 tablet_service.cc:1917] Received RequestConsensusVote() RPC: tablet_id: "d3b646b71505400d972a4c8e4a433ec3" candidate_uuid: "339f2a79485e49299a5d42360cb53ae2" candidate_term: 1 candidate_status { last_received { term: 0 index: 0 } } ignore_live_leader: false dest_uuid: "b65d44072062441ba9699bc346d8f0ba" is_pre_election: true
I20260812 08:02:31.803175  7542 tablet_bootstrap.cc:492] T dc9e3aef57b1416f9a148fc59cfd275a P b65d44072062441ba9699bc346d8f0ba: No bootstrap required, opened a new log
I20260812 08:02:31.803216  7405 raft_consensus.cc:2468] T d3b646b71505400d972a4c8e4a433ec3 P b65d44072062441ba9699bc346d8f0ba [term 0 FOLLOWER]: Leader pre-election vote request: Granting yes vote for candidate 339f2a79485e49299a5d42360cb53ae2 in term 0.
I20260812 08:02:31.803249  7542 ts_tablet_manager.cc:1403] T dc9e3aef57b1416f9a148fc59cfd275a P b65d44072062441ba9699bc346d8f0ba: Time spent bootstrapping tablet: real 0.007s	user 0.002s	sys 0.000s
I20260812 08:02:31.803628  6791 leader_election.cc:304] T d3b646b71505400d972a4c8e4a433ec3 P 339f2a79485e49299a5d42360cb53ae2 [CANDIDATE]: Term 1 pre-election: Election decided. Result: candidate won. Election summary: received 2 responses out of 3 voters: 2 yes votes; 0 no votes. yes voters: 339f2a79485e49299a5d42360cb53ae2, b65d44072062441ba9699bc346d8f0ba; no voters: 
I20260812 08:02:31.803704  7542 raft_consensus.cc:359] T dc9e3aef57b1416f9a148fc59cfd275a P b65d44072062441ba9699bc346d8f0ba [term 0 FOLLOWER]: Replica starting. Triggering 0 pending ops. Active config: opid_index: -1 OBSOLETE_local: false peers { permanent_uuid: "339f2a79485e49299a5d42360cb53ae2" member_type: VOTER last_known_addr { host: "127.29.242.65" port: 35573 } } peers { permanent_uuid: "6a649725cf114ce29d07851cc4c9325f" member_type: VOTER last_known_addr { host: "127.29.242.66" port: 38277 } } peers { permanent_uuid: "b65d44072062441ba9699bc346d8f0ba" member_type: VOTER last_known_addr { host: "127.29.242.67" port: 39067 } }
I20260812 08:02:31.803792  7542 raft_consensus.cc:385] T dc9e3aef57b1416f9a148fc59cfd275a P b65d44072062441ba9699bc346d8f0ba [term 0 FOLLOWER]: Consensus starting up: Expiring failure detector timer to make a prompt election more likely
I20260812 08:02:31.803821  7542 raft_consensus.cc:740] T dc9e3aef57b1416f9a148fc59cfd275a P b65d44072062441ba9699bc346d8f0ba [term 0 FOLLOWER]: Becoming Follower/Learner. State: Replica: b65d44072062441ba9699bc346d8f0ba, State: Initialized, Role: FOLLOWER
I20260812 08:02:31.803963  7542 consensus_queue.cc:260] T dc9e3aef57b1416f9a148fc59cfd275a P b65d44072062441ba9699bc346d8f0ba [NON_LEADER]: Queue going to NON_LEADER mode. State: All replicated index: 0, Majority replicated index: 0, Committed index: 0, Last appended: 0.0, Last appended by leader: 0, Current term: 0, Majority size: -1, State: 0, Mode: NON_LEADER, active raft config: opid_index: -1 OBSOLETE_local: false peers { permanent_uuid: "339f2a79485e49299a5d42360cb53ae2" member_type: VOTER last_known_addr { host: "127.29.242.65" port: 35573 } } peers { permanent_uuid: "6a649725cf114ce29d07851cc4c9325f" member_type: VOTER last_known_addr { host: "127.29.242.66" port: 38277 } } peers { permanent_uuid: "b65d44072062441ba9699bc346d8f0ba" member_type: VOTER last_known_addr { host: "127.29.242.67" port: 39067 } }
I20260812 08:02:31.804258  7542 ts_tablet_manager.cc:1434] T dc9e3aef57b1416f9a148fc59cfd275a P b65d44072062441ba9699bc346d8f0ba: Time spent starting tablet: real 0.001s	user 0.001s	sys 0.000s
I20260812 08:02:31.804257  7563 raft_consensus.cc:2804] T d3b646b71505400d972a4c8e4a433ec3 P 339f2a79485e49299a5d42360cb53ae2 [term 0 FOLLOWER]: Leader pre-election won for term 1
I20260812 08:02:31.804319  7563 raft_consensus.cc:493] T d3b646b71505400d972a4c8e4a433ec3 P 339f2a79485e49299a5d42360cb53ae2 [term 0 FOLLOWER]: Starting leader election (no leader contacted us within the election timeout)
I20260812 08:02:31.804380  7563 raft_consensus.cc:3060] T d3b646b71505400d972a4c8e4a433ec3 P 339f2a79485e49299a5d42360cb53ae2 [term 0 FOLLOWER]: Advancing to term 1
I20260812 08:02:31.804831  7542 tablet_bootstrap.cc:492] T a8b9aa48477d4b259cd81c1c4b4ca19d P b65d44072062441ba9699bc346d8f0ba: Bootstrap starting.
I20260812 08:02:31.805475  7563 raft_consensus.cc:515] T d3b646b71505400d972a4c8e4a433ec3 P 339f2a79485e49299a5d42360cb53ae2 [term 1 FOLLOWER]: Starting leader election with config: opid_index: -1 OBSOLETE_local: false peers { permanent_uuid: "339f2a79485e49299a5d42360cb53ae2" member_type: VOTER last_known_addr { host: "127.29.242.65" port: 35573 } } peers { permanent_uuid: "6a649725cf114ce29d07851cc4c9325f" member_type: VOTER last_known_addr { host: "127.29.242.66" port: 38277 } } peers { permanent_uuid: "b65d44072062441ba9699bc346d8f0ba" member_type: VOTER last_known_addr { host: "127.29.242.67" port: 39067 } }
I20260812 08:02:31.805876  7563 leader_election.cc:290] T d3b646b71505400d972a4c8e4a433ec3 P 339f2a79485e49299a5d42360cb53ae2 [CANDIDATE]: Term 1 election: Requested vote from peers 6a649725cf114ce29d07851cc4c9325f (127.29.242.66:38277), b65d44072062441ba9699bc346d8f0ba (127.29.242.67:39067)
I20260812 08:02:31.805910  7542 tablet_bootstrap.cc:654] T a8b9aa48477d4b259cd81c1c4b4ca19d P b65d44072062441ba9699bc346d8f0ba: Neither blocks nor log segments found. Creating new log.
I20260812 08:02:31.805966  7161 tablet_service.cc:1917] Received RequestConsensusVote() RPC: tablet_id: "d3b646b71505400d972a4c8e4a433ec3" candidate_uuid: "339f2a79485e49299a5d42360cb53ae2" candidate_term: 1 candidate_status { last_received { term: 0 index: 0 } } ignore_live_leader: false dest_uuid: "6a649725cf114ce29d07851cc4c9325f" is_pre_election: true
I20260812 08:02:31.806167  7161 raft_consensus.cc:2468] T d3b646b71505400d972a4c8e4a433ec3 P 6a649725cf114ce29d07851cc4c9325f [term 0 FOLLOWER]: Leader pre-election vote request: Granting yes vote for candidate 339f2a79485e49299a5d42360cb53ae2 in term 0.
I20260812 08:02:31.806463  7161 tablet_service.cc:1917] Received RequestConsensusVote() RPC: tablet_id: "d3b646b71505400d972a4c8e4a433ec3" candidate_uuid: "339f2a79485e49299a5d42360cb53ae2" candidate_term: 1 candidate_status { last_received { term: 0 index: 0 } } ignore_live_leader: false dest_uuid: "6a649725cf114ce29d07851cc4c9325f"
I20260812 08:02:31.806596  7161 raft_consensus.cc:3060] T d3b646b71505400d972a4c8e4a433ec3 P 6a649725cf114ce29d07851cc4c9325f [term 0 FOLLOWER]: Advancing to term 1
I20260812 08:02:31.807107  7542 tablet_bootstrap.cc:492] T a8b9aa48477d4b259cd81c1c4b4ca19d P b65d44072062441ba9699bc346d8f0ba: No bootstrap required, opened a new log
I20260812 08:02:31.807238  7542 ts_tablet_manager.cc:1403] T a8b9aa48477d4b259cd81c1c4b4ca19d P b65d44072062441ba9699bc346d8f0ba: Time spent bootstrapping tablet: real 0.002s	user 0.002s	sys 0.000s
I20260812 08:02:31.807696  7161 raft_consensus.cc:2468] T d3b646b71505400d972a4c8e4a433ec3 P 6a649725cf114ce29d07851cc4c9325f [term 1 FOLLOWER]: Leader election vote request: Granting yes vote for candidate 339f2a79485e49299a5d42360cb53ae2 in term 1.
I20260812 08:02:31.808071  7405 tablet_service.cc:1917] Received RequestConsensusVote() RPC: tablet_id: "d3b646b71505400d972a4c8e4a433ec3" candidate_uuid: "339f2a79485e49299a5d42360cb53ae2" candidate_term: 1 candidate_status { last_received { term: 0 index: 0 } } ignore_live_leader: false dest_uuid: "b65d44072062441ba9699bc346d8f0ba"
I20260812 08:02:31.808175  7405 raft_consensus.cc:3060] T d3b646b71505400d972a4c8e4a433ec3 P b65d44072062441ba9699bc346d8f0ba [term 0 FOLLOWER]: Advancing to term 1
I20260812 08:02:31.808920  7542 raft_consensus.cc:359] T a8b9aa48477d4b259cd81c1c4b4ca19d P b65d44072062441ba9699bc346d8f0ba [term 0 FOLLOWER]: Replica starting. Triggering 0 pending ops. Active config: opid_index: -1 OBSOLETE_local: false peers { permanent_uuid: "339f2a79485e49299a5d42360cb53ae2" member_type: VOTER last_known_addr { host: "127.29.242.65" port: 35573 } } peers { permanent_uuid: "6a649725cf114ce29d07851cc4c9325f" member_type: VOTER last_known_addr { host: "127.29.242.66" port: 38277 } } peers { permanent_uuid: "b65d44072062441ba9699bc346d8f0ba" member_type: VOTER last_known_addr { host: "127.29.242.67" port: 39067 } }
I20260812 08:02:31.809092  7542 raft_consensus.cc:385] T a8b9aa48477d4b259cd81c1c4b4ca19d P b65d44072062441ba9699bc346d8f0ba [term 0 FOLLOWER]: Consensus starting up: Expiring failure detector timer to make a prompt election more likely
I20260812 08:02:31.809170  7405 raft_consensus.cc:2468] T d3b646b71505400d972a4c8e4a433ec3 P b65d44072062441ba9699bc346d8f0ba [term 1 FOLLOWER]: Leader election vote request: Granting yes vote for candidate 339f2a79485e49299a5d42360cb53ae2 in term 1.
I20260812 08:02:31.809190  7542 raft_consensus.cc:740] T a8b9aa48477d4b259cd81c1c4b4ca19d P b65d44072062441ba9699bc346d8f0ba [term 0 FOLLOWER]: Becoming Follower/Learner. State: Replica: b65d44072062441ba9699bc346d8f0ba, State: Initialized, Role: FOLLOWER
I20260812 08:02:31.809460  7542 consensus_queue.cc:260] T a8b9aa48477d4b259cd81c1c4b4ca19d P b65d44072062441ba9699bc346d8f0ba [NON_LEADER]: Queue going to NON_LEADER mode. State: All replicated index: 0, Majority replicated index: 0, Committed index: 0, Last appended: 0.0, Last appended by leader: 0, Current term: 0, Majority size: -1, State: 0, Mode: NON_LEADER, active raft config: opid_index: -1 OBSOLETE_local: false peers { permanent_uuid: "339f2a79485e49299a5d42360cb53ae2" member_type: VOTER last_known_addr { host: "127.29.242.65" port: 35573 } } peers { permanent_uuid: "6a649725cf114ce29d07851cc4c9325f" member_type: VOTER last_known_addr { host: "127.29.242.66" port: 38277 } } peers { permanent_uuid: "b65d44072062441ba9699bc346d8f0ba" member_type: VOTER last_known_addr { host: "127.29.242.67" port: 39067 } }
I20260812 08:02:31.809549  6791 leader_election.cc:304] T d3b646b71505400d972a4c8e4a433ec3 P 339f2a79485e49299a5d42360cb53ae2 [CANDIDATE]: Term 1 election: Election decided. Result: candidate won. Election summary: received 2 responses out of 3 voters: 2 yes votes; 0 no votes. yes voters: 339f2a79485e49299a5d42360cb53ae2, b65d44072062441ba9699bc346d8f0ba; no voters: 
I20260812 08:02:31.809718  7563 raft_consensus.cc:2804] T d3b646b71505400d972a4c8e4a433ec3 P 339f2a79485e49299a5d42360cb53ae2 [term 1 FOLLOWER]: Leader election won for term 1
I20260812 08:02:31.809917  7563 raft_consensus.cc:697] T d3b646b71505400d972a4c8e4a433ec3 P 339f2a79485e49299a5d42360cb53ae2 [term 1 LEADER]: Becoming Leader. State: Replica: 339f2a79485e49299a5d42360cb53ae2, State: Running, Role: LEADER
I20260812 08:02:31.810218  7563 consensus_queue.cc:237] T d3b646b71505400d972a4c8e4a433ec3 P 339f2a79485e49299a5d42360cb53ae2 [LEADER]: Queue going to LEADER mode. State: All replicated index: 0, Majority replicated index: 0, Committed index: 0, Last appended: 0.0, Last appended by leader: 0, Current term: 1, Majority size: 2, State: 0, Mode: LEADER, active raft config: opid_index: -1 OBSOLETE_local: false peers { permanent_uuid: "339f2a79485e49299a5d42360cb53ae2" member_type: VOTER last_known_addr { host: "127.29.242.65" port: 35573 } } peers { permanent_uuid: "6a649725cf114ce29d07851cc4c9325f" member_type: VOTER last_known_addr { host: "127.29.242.66" port: 38277 } } peers { permanent_uuid: "b65d44072062441ba9699bc346d8f0ba" member_type: VOTER last_known_addr { host: "127.29.242.67" port: 39067 } }
I20260812 08:02:31.810398  7542 ts_tablet_manager.cc:1434] T a8b9aa48477d4b259cd81c1c4b4ca19d P b65d44072062441ba9699bc346d8f0ba: Time spent starting tablet: real 0.003s	user 0.001s	sys 0.000s
I20260812 08:02:31.813388  6301 catalog_manager.cc:5719] T d3b646b71505400d972a4c8e4a433ec3 P 339f2a79485e49299a5d42360cb53ae2 reported cstate change: term changed from 0 to 1, leader changed from <none> to 339f2a79485e49299a5d42360cb53ae2 (127.29.242.65). New cstate: current_term: 1 leader_uuid: "339f2a79485e49299a5d42360cb53ae2" committed_config { opid_index: -1 OBSOLETE_local: false peers { permanent_uuid: "339f2a79485e49299a5d42360cb53ae2" member_type: VOTER last_known_addr { host: "127.29.242.65" port: 35573 } health_report { overall_health: HEALTHY } } peers { permanent_uuid: "6a649725cf114ce29d07851cc4c9325f" member_type: VOTER last_known_addr { host: "127.29.242.66" port: 38277 } health_report { overall_health: UNKNOWN } } peers { permanent_uuid: "b65d44072062441ba9699bc346d8f0ba" member_type: VOTER last_known_addr { host: "127.29.242.67" port: 39067 } health_report { overall_health: UNKNOWN } } }
I20260812 08:02:31.826023  7633 raft_consensus.cc:493] T 09b91e8378004c009d7d1023c66fa168 P 339f2a79485e49299a5d42360cb53ae2 [term 0 FOLLOWER]: Starting pre-election (no leader contacted us within the election timeout)
I20260812 08:02:31.826145  7633 raft_consensus.cc:515] T 09b91e8378004c009d7d1023c66fa168 P 339f2a79485e49299a5d42360cb53ae2 [term 0 FOLLOWER]: Starting pre-election with config: opid_index: -1 OBSOLETE_local: false peers { permanent_uuid: "339f2a79485e49299a5d42360cb53ae2" member_type: VOTER last_known_addr { host: "127.29.242.65" port: 35573 } } peers { permanent_uuid: "6a649725cf114ce29d07851cc4c9325f" member_type: VOTER last_known_addr { host: "127.29.242.66" port: 38277 } } peers { permanent_uuid: "b65d44072062441ba9699bc346d8f0ba" member_type: VOTER last_known_addr { host: "127.29.242.67" port: 39067 } }
I20260812 08:02:31.826579  7633 leader_election.cc:290] T 09b91e8378004c009d7d1023c66fa168 P 339f2a79485e49299a5d42360cb53ae2 [CANDIDATE]: Term 1 pre-election: Requested pre-vote from peers 6a649725cf114ce29d07851cc4c9325f (127.29.242.66:38277), b65d44072062441ba9699bc346d8f0ba (127.29.242.67:39067)
I20260812 08:02:31.827001  7405 tablet_service.cc:1917] Received RequestConsensusVote() RPC: tablet_id: "09b91e8378004c009d7d1023c66fa168" candidate_uuid: "339f2a79485e49299a5d42360cb53ae2" candidate_term: 1 candidate_status { last_received { term: 0 index: 0 } } ignore_live_leader: false dest_uuid: "b65d44072062441ba9699bc346d8f0ba" is_pre_election: true
I20260812 08:02:31.827041  7161 tablet_service.cc:1917] Received RequestConsensusVote() RPC: tablet_id: "09b91e8378004c009d7d1023c66fa168" candidate_uuid: "339f2a79485e49299a5d42360cb53ae2" candidate_term: 1 candidate_status { last_received { term: 0 index: 0 } } ignore_live_leader: false dest_uuid: "6a649725cf114ce29d07851cc4c9325f" is_pre_election: true
I20260812 08:02:31.827164  7405 raft_consensus.cc:2468] T 09b91e8378004c009d7d1023c66fa168 P b65d44072062441ba9699bc346d8f0ba [term 0 FOLLOWER]: Leader pre-election vote request: Granting yes vote for candidate 339f2a79485e49299a5d42360cb53ae2 in term 0.
I20260812 08:02:31.827185  7161 raft_consensus.cc:2468] T 09b91e8378004c009d7d1023c66fa168 P 6a649725cf114ce29d07851cc4c9325f [term 0 FOLLOWER]: Leader pre-election vote request: Granting yes vote for candidate 339f2a79485e49299a5d42360cb53ae2 in term 0.
I20260812 08:02:31.827481  6791 leader_election.cc:304] T 09b91e8378004c009d7d1023c66fa168 P 339f2a79485e49299a5d42360cb53ae2 [CANDIDATE]: Term 1 pre-election: Election decided. Result: candidate won. Election summary: received 2 responses out of 3 voters: 2 yes votes; 0 no votes. yes voters: 339f2a79485e49299a5d42360cb53ae2, b65d44072062441ba9699bc346d8f0ba; no voters: 
I20260812 08:02:31.827665  7633 raft_consensus.cc:2804] T 09b91e8378004c009d7d1023c66fa168 P 339f2a79485e49299a5d42360cb53ae2 [term 0 FOLLOWER]: Leader pre-election won for term 1
I20260812 08:02:31.827747  7633 raft_consensus.cc:493] T 09b91e8378004c009d7d1023c66fa168 P 339f2a79485e49299a5d42360cb53ae2 [term 0 FOLLOWER]: Starting leader election (no leader contacted us within the election timeout)
I20260812 08:02:31.827778  7633 raft_consensus.cc:3060] T 09b91e8378004c009d7d1023c66fa168 P 339f2a79485e49299a5d42360cb53ae2 [term 0 FOLLOWER]: Advancing to term 1
I20260812 08:02:31.828601  7633 raft_consensus.cc:515] T 09b91e8378004c009d7d1023c66fa168 P 339f2a79485e49299a5d42360cb53ae2 [term 1 FOLLOWER]: Starting leader election with config: opid_index: -1 OBSOLETE_local: false peers { permanent_uuid: "339f2a79485e49299a5d42360cb53ae2" member_type: VOTER last_known_addr { host: "127.29.242.65" port: 35573 } } peers { permanent_uuid: "6a649725cf114ce29d07851cc4c9325f" member_type: VOTER last_known_addr { host: "127.29.242.66" port: 38277 } } peers { permanent_uuid: "b65d44072062441ba9699bc346d8f0ba" member_type: VOTER last_known_addr { host: "127.29.242.67" port: 39067 } }
I20260812 08:02:31.828917  7633 leader_election.cc:290] T 09b91e8378004c009d7d1023c66fa168 P 339f2a79485e49299a5d42360cb53ae2 [CANDIDATE]: Term 1 election: Requested vote from peers 6a649725cf114ce29d07851cc4c9325f (127.29.242.66:38277), b65d44072062441ba9699bc346d8f0ba (127.29.242.67:39067)
I20260812 08:02:31.829267  7405 tablet_service.cc:1917] Received RequestConsensusVote() RPC: tablet_id: "09b91e8378004c009d7d1023c66fa168" candidate_uuid: "339f2a79485e49299a5d42360cb53ae2" candidate_term: 1 candidate_status { last_received { term: 0 index: 0 } } ignore_live_leader: false dest_uuid: "b65d44072062441ba9699bc346d8f0ba"
I20260812 08:02:31.829291  7161 tablet_service.cc:1917] Received RequestConsensusVote() RPC: tablet_id: "09b91e8378004c009d7d1023c66fa168" candidate_uuid: "339f2a79485e49299a5d42360cb53ae2" candidate_term: 1 candidate_status { last_received { term: 0 index: 0 } } ignore_live_leader: false dest_uuid: "6a649725cf114ce29d07851cc4c9325f"
I20260812 08:02:31.829389  7405 raft_consensus.cc:3060] T 09b91e8378004c009d7d1023c66fa168 P b65d44072062441ba9699bc346d8f0ba [term 0 FOLLOWER]: Advancing to term 1
I20260812 08:02:31.829398  7161 raft_consensus.cc:3060] T 09b91e8378004c009d7d1023c66fa168 P 6a649725cf114ce29d07851cc4c9325f [term 0 FOLLOWER]: Advancing to term 1
I20260812 08:02:31.830165  7405 raft_consensus.cc:2468] T 09b91e8378004c009d7d1023c66fa168 P b65d44072062441ba9699bc346d8f0ba [term 1 FOLLOWER]: Leader election vote request: Granting yes vote for candidate 339f2a79485e49299a5d42360cb53ae2 in term 1.
I20260812 08:02:31.830324  7161 raft_consensus.cc:2468] T 09b91e8378004c009d7d1023c66fa168 P 6a649725cf114ce29d07851cc4c9325f [term 1 FOLLOWER]: Leader election vote request: Granting yes vote for candidate 339f2a79485e49299a5d42360cb53ae2 in term 1.
I20260812 08:02:31.830506  6791 leader_election.cc:304] T 09b91e8378004c009d7d1023c66fa168 P 339f2a79485e49299a5d42360cb53ae2 [CANDIDATE]: Term 1 election: Election decided. Result: candidate won. Election summary: received 2 responses out of 3 voters: 2 yes votes; 0 no votes. yes voters: 339f2a79485e49299a5d42360cb53ae2, b65d44072062441ba9699bc346d8f0ba; no voters: 
I20260812 08:02:31.830690  7633 raft_consensus.cc:2804] T 09b91e8378004c009d7d1023c66fa168 P 339f2a79485e49299a5d42360cb53ae2 [term 1 FOLLOWER]: Leader election won for term 1
I20260812 08:02:31.830814  7633 raft_consensus.cc:697] T 09b91e8378004c009d7d1023c66fa168 P 339f2a79485e49299a5d42360cb53ae2 [term 1 LEADER]: Becoming Leader. State: Replica: 339f2a79485e49299a5d42360cb53ae2, State: Running, Role: LEADER
