I20260812 07:59:50.852598  9191 consensus_queue.cc:1048] T 9b860fcad60342b88944b54f865166e2 P 442dae5dd8df49019733359b183028f6 [LEADER]: Connected to new peer: Peer: permanent_uuid: "d8adba37b7a4438fb68d34fdbb6078bb" member_type: VOTER last_known_addr { host: "127.4.47.66" port: 32999 }, Status: LMP_MISMATCH, Last received: 0.0, Next index: 6, Last known committed idx: 5, Time since last communication: 0.000s
I20260812 07:59:50.855648  5125 raft_consensus.cc:1275] T 9b860fcad60342b88944b54f865166e2 P 66926ce6593d4936a8c06aece86ec317 [term 2 FOLLOWER]: Refusing update from remote peer 442dae5dd8df49019733359b183028f6: Log matching property violated. Preceding OpId in replica: term: 1 index: 5. Preceding OpId from leader: term: 2 index: 6. (index mismatch)
I20260812 07:59:50.856263  9191 consensus_queue.cc:1048] T 9b860fcad60342b88944b54f865166e2 P 442dae5dd8df49019733359b183028f6 [LEADER]: Connected to new peer: Peer: permanent_uuid: "66926ce6593d4936a8c06aece86ec317" member_type: VOTER last_known_addr { host: "127.4.47.67" port: 41733 } attrs { replace: true }, Status: LMP_MISMATCH, Last received: 0.0, Next index: 6, Last known committed idx: 5, Time since last communication: 0.000s
W20260812 07:59:50.857829  5255 consensus_peers.cc:597] T e216f5c432f34349b5cd2dd9776ff19a P 442dae5dd8df49019733359b183028f6 -> Peer e619b546831840bba610b1d7e16d58c6 (127.4.47.65:40671): Couldn't send request to peer e619b546831840bba610b1d7e16d58c6. Status: Network error: Client connection negotiation failed: client connection to 127.4.47.65:40671: connect: Connection refused (error 111). This is attempt 11: this message will repeat every 5th retry.
I20260812 07:59:50.858224  5365 consensus_queue.cc:237] T 9b860fcad60342b88944b54f865166e2 P 442dae5dd8df49019733359b183028f6 [LEADER]: Queue going to LEADER mode. State: All replicated index: 0, Majority replicated index: 6, Committed index: 6, Last appended: 2.6, Last appended by leader: 5, Current term: 2, Majority size: 2, State: 0, Mode: LEADER, active raft config: opid_index: 7 OBSOLETE_local: false peers { permanent_uuid: "442dae5dd8df49019733359b183028f6" member_type: VOTER last_known_addr { host: "127.4.47.68" port: 43127 } } peers { permanent_uuid: "d8adba37b7a4438fb68d34fdbb6078bb" member_type: VOTER last_known_addr { host: "127.4.47.66" port: 32999 } } peers { permanent_uuid: "58db814a32ff4da190dcbc3fc2e6b413" member_type: VOTER last_known_addr { host: "127.4.47.71" port: 46253 } attrs { promote: false } }
I20260812 07:59:50.859807  7676 raft_consensus.cc:1275] T 9b860fcad60342b88944b54f865166e2 P 58db814a32ff4da190dcbc3fc2e6b413 [term 2 FOLLOWER]: Refusing update from remote peer 442dae5dd8df49019733359b183028f6: Log matching property violated. Preceding OpId in replica: term: 2 index: 6. Preceding OpId from leader: term: 2 index: 7. (index mismatch)
I20260812 07:59:50.859885  4868 raft_consensus.cc:1275] T 9b860fcad60342b88944b54f865166e2 P d8adba37b7a4438fb68d34fdbb6078bb [term 2 FOLLOWER]: Refusing update from remote peer 442dae5dd8df49019733359b183028f6: Log matching property violated. Preceding OpId in replica: term: 2 index: 6. Preceding OpId from leader: term: 2 index: 7. (index mismatch)
I20260812 07:59:50.860322  9191 consensus_queue.cc:1048] T 9b860fcad60342b88944b54f865166e2 P 442dae5dd8df49019733359b183028f6 [LEADER]: Connected to new peer: Peer: permanent_uuid: "d8adba37b7a4438fb68d34fdbb6078bb" member_type: VOTER last_known_addr { host: "127.4.47.66" port: 32999 }, Status: LMP_MISMATCH, Last received: 0.0, Next index: 7, Last known committed idx: 6, Time since last communication: 0.000s
I20260812 07:59:50.860468  9500 consensus_queue.cc:1048] T 9b860fcad60342b88944b54f865166e2 P 442dae5dd8df49019733359b183028f6 [LEADER]: Connected to new peer: Peer: permanent_uuid: "58db814a32ff4da190dcbc3fc2e6b413" member_type: VOTER last_known_addr { host: "127.4.47.71" port: 46253 } attrs { promote: false }, Status: LMP_MISMATCH, Last received: 0.0, Next index: 7, Last known committed idx: 6, Time since last communication: 0.000s
I20260812 07:59:50.862227  9501 raft_consensus.cc:2955] T 9b860fcad60342b88944b54f865166e2 P 442dae5dd8df49019733359b183028f6 [term 2 LEADER]: Committing config change with OpId 2.7: config changed from index 5 to 7, VOTER 66926ce6593d4936a8c06aece86ec317 (127.4.47.67) evicted. New config: { opid_index: 7 OBSOLETE_local: false peers { permanent_uuid: "442dae5dd8df49019733359b183028f6" member_type: VOTER last_known_addr { host: "127.4.47.68" port: 43127 } } peers { permanent_uuid: "d8adba37b7a4438fb68d34fdbb6078bb" member_type: VOTER last_known_addr { host: "127.4.47.66" port: 32999 } } peers { permanent_uuid: "58db814a32ff4da190dcbc3fc2e6b413" member_type: VOTER last_known_addr { host: "127.4.47.71" port: 46253 } attrs { promote: false } } }
I20260812 07:59:50.862713  7676 raft_consensus.cc:2955] T 9b860fcad60342b88944b54f865166e2 P 58db814a32ff4da190dcbc3fc2e6b413 [term 2 FOLLOWER]: Committing config change with OpId 2.7: config changed from index 5 to 7, VOTER 66926ce6593d4936a8c06aece86ec317 (127.4.47.67) evicted. New config: { opid_index: 7 OBSOLETE_local: false peers { permanent_uuid: "442dae5dd8df49019733359b183028f6" member_type: VOTER last_known_addr { host: "127.4.47.68" port: 43127 } } peers { permanent_uuid: "d8adba37b7a4438fb68d34fdbb6078bb" member_type: VOTER last_known_addr { host: "127.4.47.66" port: 32999 } } peers { permanent_uuid: "58db814a32ff4da190dcbc3fc2e6b413" member_type: VOTER last_known_addr { host: "127.4.47.71" port: 46253 } attrs { promote: false } } }
I20260812 07:59:50.862733  4868 raft_consensus.cc:2955] T 9b860fcad60342b88944b54f865166e2 P d8adba37b7a4438fb68d34fdbb6078bb [term 2 FOLLOWER]: Committing config change with OpId 2.7: config changed from index 5 to 7, VOTER 66926ce6593d4936a8c06aece86ec317 (127.4.47.67) evicted. New config: { opid_index: 7 OBSOLETE_local: false peers { permanent_uuid: "442dae5dd8df49019733359b183028f6" member_type: VOTER last_known_addr { host: "127.4.47.68" port: 43127 } } peers { permanent_uuid: "d8adba37b7a4438fb68d34fdbb6078bb" member_type: VOTER last_known_addr { host: "127.4.47.66" port: 32999 } } peers { permanent_uuid: "58db814a32ff4da190dcbc3fc2e6b413" member_type: VOTER last_known_addr { host: "127.4.47.71" port: 46253 } attrs { promote: false } } }
I20260812 07:59:50.864485  4331 catalog_manager.cc:5232] ChangeConfig:REMOVE_PEER RPC for tablet 9b860fcad60342b88944b54f865166e2 with cas_config_opid_index 5: ChangeConfig:REMOVE_PEER succeeded (attempt 1)
I20260812 07:59:50.865161  4348 catalog_manager.cc:5719] T 9b860fcad60342b88944b54f865166e2 P 442dae5dd8df49019733359b183028f6 reported cstate change: config changed from index 5 to 7, VOTER 66926ce6593d4936a8c06aece86ec317 (127.4.47.67) evicted. New cstate: current_term: 2 leader_uuid: "442dae5dd8df49019733359b183028f6" committed_config { opid_index: 7 OBSOLETE_local: false peers { permanent_uuid: "442dae5dd8df49019733359b183028f6" member_type: VOTER last_known_addr { host: "127.4.47.68" port: 43127 } health_report { overall_health: HEALTHY } } peers { permanent_uuid: "d8adba37b7a4438fb68d34fdbb6078bb" member_type: VOTER last_known_addr { host: "127.4.47.66" port: 32999 } health_report { overall_health: HEALTHY } } peers { permanent_uuid: "58db814a32ff4da190dcbc3fc2e6b413" member_type: VOTER last_known_addr { host: "127.4.47.71" port: 46253 } attrs { promote: false } health_report { overall_health: HEALTHY } } }
I20260812 07:59:50.867851  5086 tablet_service.cc:1558] Processing DeleteTablet for tablet 9b860fcad60342b88944b54f865166e2 with delete_type TABLET_DATA_TOMBSTONED (TS 66926ce6593d4936a8c06aece86ec317 not found in new config with opid_index 7) from {username='slave'} at 127.0.0.1:59970
I20260812 07:59:50.868263  9508 tablet_replica.cc:333] T 9b860fcad60342b88944b54f865166e2 P 66926ce6593d4936a8c06aece86ec317: stopping tablet replica
I20260812 07:59:50.868412  9508 raft_consensus.cc:2243] T 9b860fcad60342b88944b54f865166e2 P 66926ce6593d4936a8c06aece86ec317 [term 2 FOLLOWER]: Raft consensus shutting down.
I20260812 07:59:50.868552  9508 raft_consensus.cc:2272] T 9b860fcad60342b88944b54f865166e2 P 66926ce6593d4936a8c06aece86ec317 [term 2 FOLLOWER]: Raft consensus is shut down!
I20260812 07:59:50.869218  9508 ts_tablet_manager.cc:1916] T 9b860fcad60342b88944b54f865166e2 P 66926ce6593d4936a8c06aece86ec317: Deleting tablet data with delete state TABLET_DATA_TOMBSTONED
I20260812 07:59:50.870973  9508 ts_tablet_manager.cc:1929] T 9b860fcad60342b88944b54f865166e2 P 66926ce6593d4936a8c06aece86ec317: tablet deleted with delete type TABLET_DATA_TOMBSTONED: last-logged OpId 2.6
I20260812 07:59:50.871064  9508 log.cc:1199] T 9b860fcad60342b88944b54f865166e2 P 66926ce6593d4936a8c06aece86ec317: Deleting WAL directory at /tmp/dist-test-taskfBirZr/test-tmp/rebalancer_tool-test.2.IgnoredTserverGoesDownDuringRebalancingTest.TserverDown.1786521572130252-4285-0/raft_consensus-itest-cluster/ts-2/wal/wals/9b860fcad60342b88944b54f865166e2
I20260812 07:59:50.871579  4331 catalog_manager.cc:5050] TS 66926ce6593d4936a8c06aece86ec317 (127.4.47.67:41733): tablet 9b860fcad60342b88944b54f865166e2 (table rebalance_test_table_3 [id=83b39169a1a7489286fba5d1a4c39d7e]) successfully deleted
W20260812 07:59:50.918684  4747 consensus_peers.cc:597] T 5f4a9a4d7f72479a87bf331857bcc996 P d8adba37b7a4438fb68d34fdbb6078bb -> Peer e619b546831840bba610b1d7e16d58c6 (127.4.47.65:40671): Couldn't send request to peer e619b546831840bba610b1d7e16d58c6. Status: Network error: Client connection negotiation failed: client connection to 127.4.47.65:40671: connect: Connection refused (error 111). This is attempt 11: this message will repeat every 5th retry.
I20260812 07:59:51.002580  5328 tablet_service.cc:1467] Tablet server has 8 leaders and 0 scanners
I20260812 07:59:51.003783  7203 tablet_service.cc:1467] Tablet server has 0 leaders and 0 scanners
I20260812 07:59:51.007421  7642 tablet_service.cc:1467] Tablet server has 0 leaders and 0 scanners
I20260812 07:59:51.008787  4838 tablet_service.cc:1467] Tablet server has 4 leaders and 0 scanners
W20260812 07:59:51.013135  5255 consensus_peers.cc:597] T 23491ccdf4974f318b868eb9bec8188a P 442dae5dd8df49019733359b183028f6 -> Peer e619b546831840bba610b1d7e16d58c6 (127.4.47.65:40671): Couldn't send request to peer e619b546831840bba610b1d7e16d58c6. Status: Network error: Client connection negotiation failed: client connection to 127.4.47.65:40671: connect: Connection refused (error 111). This is attempt 11: this message will repeat every 5th retry.
I20260812 07:59:51.028421  7891 tablet_service.cc:1467] Tablet server has 0 leaders and 0 scanners
I20260812 07:59:51.029762  7422 tablet_service.cc:1467] Tablet server has 0 leaders and 0 scanners
I20260812 07:59:51.039855  5086 tablet_service.cc:1467] Tablet server has 3 leaders and 0 scanners
I20260812 07:59:51.074402  4868 consensus_queue.cc:237] T 7709cc3ab7f6400badab666e9d239704 P d8adba37b7a4438fb68d34fdbb6078bb [LEADER]: Queue going to LEADER mode. State: All replicated index: 0, Majority replicated index: 6, Committed index: 6, Last appended: 1.6, Last appended by leader: 0, Current term: 1, Majority size: 2, State: 0, Mode: LEADER, active raft config: opid_index: 7 OBSOLETE_local: false peers { permanent_uuid: "d8adba37b7a4438fb68d34fdbb6078bb" member_type: VOTER last_known_addr { host: "127.4.47.66" port: 32999 } } peers { permanent_uuid: "442dae5dd8df49019733359b183028f6" member_type: VOTER last_known_addr { host: "127.4.47.68" port: 43127 } attrs { replace: true } } peers { permanent_uuid: "0646accd6e5346b881a59e643ae604bc" member_type: VOTER last_known_addr { host: "127.4.47.69" port: 34797 } attrs { promote: false } } peers { permanent_uuid: "6e13e18239f24b4493e0445b28de43bc" member_type: NON_VOTER last_known_addr { host: "127.4.47.72" port: 33497 } attrs { promote: true } }
I20260812 07:59:51.076704  5365 raft_consensus.cc:1275] T 7709cc3ab7f6400badab666e9d239704 P 442dae5dd8df49019733359b183028f6 [term 1 FOLLOWER]: Refusing update from remote peer d8adba37b7a4438fb68d34fdbb6078bb: Log matching property violated. Preceding OpId in replica: term: 1 index: 6. Preceding OpId from leader: term: 1 index: 7. (index mismatch)
I20260812 07:59:51.076865  7240 raft_consensus.cc:1275] T 7709cc3ab7f6400badab666e9d239704 P 0646accd6e5346b881a59e643ae604bc [term 1 FOLLOWER]: Refusing update from remote peer d8adba37b7a4438fb68d34fdbb6078bb: Log matching property violated. Preceding OpId in replica: term: 1 index: 6. Preceding OpId from leader: term: 1 index: 7. (index mismatch)
I20260812 07:59:51.077329  9213 consensus_queue.cc:1048] T 7709cc3ab7f6400badab666e9d239704 P d8adba37b7a4438fb68d34fdbb6078bb [LEADER]: Connected to new peer: Peer: permanent_uuid: "0646accd6e5346b881a59e643ae604bc" member_type: VOTER last_known_addr { host: "127.4.47.69" port: 34797 } attrs { promote: false }, Status: LMP_MISMATCH, Last received: 0.0, Next index: 7, Last known committed idx: 6, Time since last communication: 0.000s
I20260812 07:59:51.077782  9213 consensus_queue.cc:1048] T 7709cc3ab7f6400badab666e9d239704 P d8adba37b7a4438fb68d34fdbb6078bb [LEADER]: Connected to new peer: Peer: permanent_uuid: "442dae5dd8df49019733359b183028f6" member_type: VOTER last_known_addr { host: "127.4.47.68" port: 43127 } attrs { replace: true }, Status: LMP_MISMATCH, Last received: 0.0, Next index: 7, Last known committed idx: 6, Time since last communication: 0.000s
W20260812 07:59:51.079651  5010 consensus_peers.cc:597] T dee226ea83d347708022f45dd109f0d7 P 66926ce6593d4936a8c06aece86ec317 -> Peer e619b546831840bba610b1d7e16d58c6 (127.4.47.65:40671): Couldn't send request to peer e619b546831840bba610b1d7e16d58c6. Status: Network error: Client connection negotiation failed: client connection to 127.4.47.65:40671: connect: Connection refused (error 111). This is attempt 16: this message will repeat every 5th retry.
I20260812 07:59:51.079849  9213 raft_consensus.cc:2955] T 7709cc3ab7f6400badab666e9d239704 P d8adba37b7a4438fb68d34fdbb6078bb [term 1 LEADER]: Committing config change with OpId 1.7: config changed from index 6 to 7, NON_VOTER 6e13e18239f24b4493e0445b28de43bc (127.4.47.72) added. New config: { opid_index: 7 OBSOLETE_local: false peers { permanent_uuid: "d8adba37b7a4438fb68d34fdbb6078bb" member_type: VOTER last_known_addr { host: "127.4.47.66" port: 32999 } } peers { permanent_uuid: "442dae5dd8df49019733359b183028f6" member_type: VOTER last_known_addr { host: "127.4.47.68" port: 43127 } attrs { replace: true } } peers { permanent_uuid: "0646accd6e5346b881a59e643ae604bc" member_type: VOTER last_known_addr { host: "127.4.47.69" port: 34797 } attrs { promote: false } } peers { permanent_uuid: "6e13e18239f24b4493e0445b28de43bc" member_type: NON_VOTER last_known_addr { host: "127.4.47.72" port: 33497 } attrs { promote: true } } }
I20260812 07:59:51.080374  7240 raft_consensus.cc:2955] T 7709cc3ab7f6400badab666e9d239704 P 0646accd6e5346b881a59e643ae604bc [term 1 FOLLOWER]: Committing config change with OpId 1.7: config changed from index 6 to 7, NON_VOTER 6e13e18239f24b4493e0445b28de43bc (127.4.47.72) added. New config: { opid_index: 7 OBSOLETE_local: false peers { permanent_uuid: "d8adba37b7a4438fb68d34fdbb6078bb" member_type: VOTER last_known_addr { host: "127.4.47.66" port: 32999 } } peers { permanent_uuid: "442dae5dd8df49019733359b183028f6" member_type: VOTER last_known_addr { host: "127.4.47.68" port: 43127 } attrs { replace: true } } peers { permanent_uuid: "0646accd6e5346b881a59e643ae604bc" member_type: VOTER last_known_addr { host: "127.4.47.69" port: 34797 } attrs { promote: false } } peers { permanent_uuid: "6e13e18239f24b4493e0445b28de43bc" member_type: NON_VOTER last_known_addr { host: "127.4.47.72" port: 33497 } attrs { promote: true } } }
W20260812 07:59:51.081230  4742 consensus_peers.cc:597] T 7709cc3ab7f6400badab666e9d239704 P d8adba37b7a4438fb68d34fdbb6078bb -> Peer 6e13e18239f24b4493e0445b28de43bc (127.4.47.72:33497): Couldn't send request to peer 6e13e18239f24b4493e0445b28de43bc. Error code: TABLET_NOT_FOUND (6). Status: Not found: Tablet not found: 7709cc3ab7f6400badab666e9d239704. This is attempt 1: this message will repeat every 5th retry.
I20260812 07:59:51.081705  5365 raft_consensus.cc:2955] T 7709cc3ab7f6400badab666e9d239704 P 442dae5dd8df49019733359b183028f6 [term 1 FOLLOWER]: Committing config change with OpId 1.7: config changed from index 6 to 7, NON_VOTER 6e13e18239f24b4493e0445b28de43bc (127.4.47.72) added. New config: { opid_index: 7 OBSOLETE_local: false peers { permanent_uuid: "d8adba37b7a4438fb68d34fdbb6078bb" member_type: VOTER last_known_addr { host: "127.4.47.66" port: 32999 } } peers { permanent_uuid: "442dae5dd8df49019733359b183028f6" member_type: VOTER last_known_addr { host: "127.4.47.68" port: 43127 } attrs { replace: true } } peers { permanent_uuid: "0646accd6e5346b881a59e643ae604bc" member_type: VOTER last_known_addr { host: "127.4.47.69" port: 34797 } attrs { promote: false } } peers { permanent_uuid: "6e13e18239f24b4493e0445b28de43bc" member_type: NON_VOTER last_known_addr { host: "127.4.47.72" port: 33497 } attrs { promote: true } } }
I20260812 07:59:51.083411  4340 catalog_manager.cc:5719] T 7709cc3ab7f6400badab666e9d239704 P d8adba37b7a4438fb68d34fdbb6078bb reported cstate change: config changed from index 6 to 7, NON_VOTER 6e13e18239f24b4493e0445b28de43bc (127.4.47.72) added. New cstate: current_term: 1 leader_uuid: "d8adba37b7a4438fb68d34fdbb6078bb" committed_config { opid_index: 7 OBSOLETE_local: false peers { permanent_uuid: "d8adba37b7a4438fb68d34fdbb6078bb" member_type: VOTER last_known_addr { host: "127.4.47.66" port: 32999 } health_report { overall_health: HEALTHY } } peers { permanent_uuid: "442dae5dd8df49019733359b183028f6" member_type: VOTER last_known_addr { host: "127.4.47.68" port: 43127 } attrs { replace: true } health_report { overall_health: HEALTHY } } peers { permanent_uuid: "0646accd6e5346b881a59e643ae604bc" member_type: VOTER last_known_addr { host: "127.4.47.69" port: 34797 } attrs { promote: false } health_report { overall_health: HEALTHY } } peers { permanent_uuid: "6e13e18239f24b4493e0445b28de43bc" member_type: NON_VOTER last_known_addr { host: "127.4.47.72" port: 33497 } attrs { promote: true } health_report { overall_health: UNKNOWN } } }
I20260812 07:59:51.092399  5361 consensus_queue.cc:237] T 95b7c5b24f6448a280c6c7ce8185067c P 442dae5dd8df49019733359b183028f6 [LEADER]: Queue going to LEADER mode. State: All replicated index: 0, Majority replicated index: 6, Committed index: 6, Last appended: 1.6, Last appended by leader: 0, Current term: 1, Majority size: 2, State: 0, Mode: LEADER, active raft config: opid_index: 7 OBSOLETE_local: false peers { permanent_uuid: "66926ce6593d4936a8c06aece86ec317" member_type: VOTER last_known_addr { host: "127.4.47.67" port: 41733 } attrs { replace: true } } peers { permanent_uuid: "442dae5dd8df49019733359b183028f6" member_type: VOTER last_known_addr { host: "127.4.47.68" port: 43127 } } peers { permanent_uuid: "58db814a32ff4da190dcbc3fc2e6b413" member_type: VOTER last_known_addr { host: "127.4.47.71" port: 46253 } attrs { promote: false } } peers { permanent_uuid: "d43f9133358049c3a5d3707b75554340" member_type: NON_VOTER last_known_addr { host: "127.4.47.70" port: 34115 } attrs { promote: true } }
I20260812 07:59:51.094125  5125 raft_consensus.cc:1275] T 95b7c5b24f6448a280c6c7ce8185067c P 66926ce6593d4936a8c06aece86ec317 [term 1 FOLLOWER]: Refusing update from remote peer 442dae5dd8df49019733359b183028f6: Log matching property violated. Preceding OpId in replica: term: 1 index: 6. Preceding OpId from leader: term: 1 index: 7. (index mismatch)
I20260812 07:59:51.094409  7676 raft_consensus.cc:1275] T 95b7c5b24f6448a280c6c7ce8185067c P 58db814a32ff4da190dcbc3fc2e6b413 [term 1 FOLLOWER]: Refusing update from remote peer 442dae5dd8df49019733359b183028f6: Log matching property violated. Preceding OpId in replica: term: 1 index: 6. Preceding OpId from leader: term: 1 index: 7. (index mismatch)
I20260812 07:59:51.094633  9500 consensus_queue.cc:1048] T 95b7c5b24f6448a280c6c7ce8185067c P 442dae5dd8df49019733359b183028f6 [LEADER]: Connected to new peer: Peer: permanent_uuid: "66926ce6593d4936a8c06aece86ec317" member_type: VOTER last_known_addr { host: "127.4.47.67" port: 41733 } attrs { replace: true }, Status: LMP_MISMATCH, Last received: 0.0, Next index: 7, Last known committed idx: 6, Time since last communication: 0.000s
I20260812 07:59:51.094882  9501 consensus_queue.cc:1048] T 95b7c5b24f6448a280c6c7ce8185067c P 442dae5dd8df49019733359b183028f6 [LEADER]: Connected to new peer: Peer: permanent_uuid: "58db814a32ff4da190dcbc3fc2e6b413" member_type: VOTER last_known_addr { host: "127.4.47.71" port: 46253 } attrs { promote: false }, Status: LMP_MISMATCH, Last received: 0.0, Next index: 7, Last known committed idx: 6, Time since last communication: 0.000s
I20260812 07:59:51.096688  9501 raft_consensus.cc:2955] T 95b7c5b24f6448a280c6c7ce8185067c P 442dae5dd8df49019733359b183028f6 [term 1 LEADER]: Committing config change with OpId 1.7: config changed from index 6 to 7, NON_VOTER d43f9133358049c3a5d3707b75554340 (127.4.47.70) added. New config: { opid_index: 7 OBSOLETE_local: false peers { permanent_uuid: "66926ce6593d4936a8c06aece86ec317" member_type: VOTER last_known_addr { host: "127.4.47.67" port: 41733 } attrs { replace: true } } peers { permanent_uuid: "442dae5dd8df49019733359b183028f6" member_type: VOTER last_known_addr { host: "127.4.47.68" port: 43127 } } peers { permanent_uuid: "58db814a32ff4da190dcbc3fc2e6b413" member_type: VOTER last_known_addr { host: "127.4.47.71" port: 46253 } attrs { promote: false } } peers { permanent_uuid: "d43f9133358049c3a5d3707b75554340" member_type: NON_VOTER last_known_addr { host: "127.4.47.70" port: 34115 } attrs { promote: true } } }
I20260812 07:59:51.097433  5125 raft_consensus.cc:2955] T 95b7c5b24f6448a280c6c7ce8185067c P 66926ce6593d4936a8c06aece86ec317 [term 1 FOLLOWER]: Committing config change with OpId 1.7: config changed from index 6 to 7, NON_VOTER d43f9133358049c3a5d3707b75554340 (127.4.47.70) added. New config: { opid_index: 7 OBSOLETE_local: false peers { permanent_uuid: "66926ce6593d4936a8c06aece86ec317" member_type: VOTER last_known_addr { host: "127.4.47.67" port: 41733 } attrs { replace: true } } peers { permanent_uuid: "442dae5dd8df49019733359b183028f6" member_type: VOTER last_known_addr { host: "127.4.47.68" port: 43127 } } peers { permanent_uuid: "58db814a32ff4da190dcbc3fc2e6b413" member_type: VOTER last_known_addr { host: "127.4.47.71" port: 46253 } attrs { promote: false } } peers { permanent_uuid: "d43f9133358049c3a5d3707b75554340" member_type: NON_VOTER last_known_addr { host: "127.4.47.70" port: 34115 } attrs { promote: true } } }
I20260812 07:59:51.097466  7676 raft_consensus.cc:2955] T 95b7c5b24f6448a280c6c7ce8185067c P 58db814a32ff4da190dcbc3fc2e6b413 [term 1 FOLLOWER]: Committing config change with OpId 1.7: config changed from index 6 to 7, NON_VOTER d43f9133358049c3a5d3707b75554340 (127.4.47.70) added. New config: { opid_index: 7 OBSOLETE_local: false peers { permanent_uuid: "66926ce6593d4936a8c06aece86ec317" member_type: VOTER last_known_addr { host: "127.4.47.67" port: 41733 } attrs { replace: true } } peers { permanent_uuid: "442dae5dd8df49019733359b183028f6" member_type: VOTER last_known_addr { host: "127.4.47.68" port: 43127 } } peers { permanent_uuid: "58db814a32ff4da190dcbc3fc2e6b413" member_type: VOTER last_known_addr { host: "127.4.47.71" port: 46253 } attrs { promote: false } } peers { permanent_uuid: "d43f9133358049c3a5d3707b75554340" member_type: NON_VOTER last_known_addr { host: "127.4.47.70" port: 34115 } attrs { promote: true } } }
I20260812 07:59:51.099673  4348 catalog_manager.cc:5719] T 95b7c5b24f6448a280c6c7ce8185067c P 442dae5dd8df49019733359b183028f6 reported cstate change: config changed from index 6 to 7, NON_VOTER d43f9133358049c3a5d3707b75554340 (127.4.47.70) added. New cstate: current_term: 1 leader_uuid: "442dae5dd8df49019733359b183028f6" committed_config { opid_index: 7 OBSOLETE_local: false peers { permanent_uuid: "66926ce6593d4936a8c06aece86ec317" member_type: VOTER last_known_addr { host: "127.4.47.67" port: 41733 } attrs { replace: true } health_report { overall_health: HEALTHY } } peers { permanent_uuid: "442dae5dd8df49019733359b183028f6" member_type: VOTER last_known_addr { host: "127.4.47.68" port: 43127 } health_report { overall_health: HEALTHY } } peers { permanent_uuid: "58db814a32ff4da190dcbc3fc2e6b413" member_type: VOTER last_known_addr { host: "127.4.47.71" port: 46253 } attrs { promote: false } health_report { overall_health: HEALTHY } } peers { permanent_uuid: "d43f9133358049c3a5d3707b75554340" member_type: NON_VOTER last_known_addr { host: "127.4.47.70" port: 34115 } attrs { promote: true } health_report { overall_health: UNKNOWN } } }
W20260812 07:59:51.100198  5254 consensus_peers.cc:597] T 95b7c5b24f6448a280c6c7ce8185067c P 442dae5dd8df49019733359b183028f6 -> Peer d43f9133358049c3a5d3707b75554340 (127.4.47.70:34115): Couldn't send request to peer d43f9133358049c3a5d3707b75554340. Error code: TABLET_NOT_FOUND (6). Status: Not found: Tablet not found: 95b7c5b24f6448a280c6c7ce8185067c. This is attempt 1: this message will repeat every 5th retry.
I20260812 07:59:51.109213  5361 consensus_queue.cc:237] T 9b860fcad60342b88944b54f865166e2 P 442dae5dd8df49019733359b183028f6 [LEADER]: Queue going to LEADER mode. State: All replicated index: 0, Majority replicated index: 7, Committed index: 7, Last appended: 2.7, Last appended by leader: 5, Current term: 2, Majority size: 2, State: 0, Mode: LEADER, active raft config: opid_index: 8 OBSOLETE_local: false peers { permanent_uuid: "442dae5dd8df49019733359b183028f6" member_type: VOTER last_known_addr { host: "127.4.47.68" port: 43127 } } peers { permanent_uuid: "d8adba37b7a4438fb68d34fdbb6078bb" member_type: VOTER last_known_addr { host: "127.4.47.66" port: 32999 } attrs { replace: true } } peers { permanent_uuid: "58db814a32ff4da190dcbc3fc2e6b413" member_type: VOTER last_known_addr { host: "127.4.47.71" port: 46253 } attrs { promote: false } } peers { permanent_uuid: "0646accd6e5346b881a59e643ae604bc" member_type: NON_VOTER last_known_addr { host: "127.4.47.69" port: 34797 } attrs { promote: true } }
I20260812 07:59:51.110821  7676 raft_consensus.cc:1275] T 9b860fcad60342b88944b54f865166e2 P 58db814a32ff4da190dcbc3fc2e6b413 [term 2 FOLLOWER]: Refusing update from remote peer 442dae5dd8df49019733359b183028f6: Log matching property violated. Preceding OpId in replica: term: 2 index: 7. Preceding OpId from leader: term: 2 index: 8. (index mismatch)
I20260812 07:59:51.110841  4868 raft_consensus.cc:1275] T 9b860fcad60342b88944b54f865166e2 P d8adba37b7a4438fb68d34fdbb6078bb [term 2 FOLLOWER]: Refusing update from remote peer 442dae5dd8df49019733359b183028f6: Log matching property violated. Preceding OpId in replica: term: 2 index: 7. Preceding OpId from leader: term: 2 index: 8. (index mismatch)
I20260812 07:59:51.111243  9191 consensus_queue.cc:1048] T 9b860fcad60342b88944b54f865166e2 P 442dae5dd8df49019733359b183028f6 [LEADER]: Connected to new peer: Peer: permanent_uuid: "58db814a32ff4da190dcbc3fc2e6b413" member_type: VOTER last_known_addr { host: "127.4.47.71" port: 46253 } attrs { promote: false }, Status: LMP_MISMATCH, Last received: 0.0, Next index: 8, Last known committed idx: 7, Time since last communication: 0.000s
I20260812 07:59:51.111452  9500 consensus_queue.cc:1048] T 9b860fcad60342b88944b54f865166e2 P 442dae5dd8df49019733359b183028f6 [LEADER]: Connected to new peer: Peer: permanent_uuid: "d8adba37b7a4438fb68d34fdbb6078bb" member_type: VOTER last_known_addr { host: "127.4.47.66" port: 32999 } attrs { replace: true }, Status: LMP_MISMATCH, Last received: 0.0, Next index: 8, Last known committed idx: 7, Time since last communication: 0.000s
I20260812 07:59:51.113186  9191 raft_consensus.cc:2955] T 9b860fcad60342b88944b54f865166e2 P 442dae5dd8df49019733359b183028f6 [term 2 LEADER]: Committing config change with OpId 2.8: config changed from index 7 to 8, NON_VOTER 0646accd6e5346b881a59e643ae604bc (127.4.47.69) added. New config: { opid_index: 8 OBSOLETE_local: false peers { permanent_uuid: "442dae5dd8df49019733359b183028f6" member_type: VOTER last_known_addr { host: "127.4.47.68" port: 43127 } } peers { permanent_uuid: "d8adba37b7a4438fb68d34fdbb6078bb" member_type: VOTER last_known_addr { host: "127.4.47.66" port: 32999 } attrs { replace: true } } peers { permanent_uuid: "58db814a32ff4da190dcbc3fc2e6b413" member_type: VOTER last_known_addr { host: "127.4.47.71" port: 46253 } attrs { promote: false } } peers { permanent_uuid: "0646accd6e5346b881a59e643ae604bc" member_type: NON_VOTER last_known_addr { host: "127.4.47.69" port: 34797 } attrs { promote: true } } }
I20260812 07:59:51.113842  7676 raft_consensus.cc:2955] T 9b860fcad60342b88944b54f865166e2 P 58db814a32ff4da190dcbc3fc2e6b413 [term 2 FOLLOWER]: Committing config change with OpId 2.8: config changed from index 7 to 8, NON_VOTER 0646accd6e5346b881a59e643ae604bc (127.4.47.69) added. New config: { opid_index: 8 OBSOLETE_local: false peers { permanent_uuid: "442dae5dd8df49019733359b183028f6" member_type: VOTER last_known_addr { host: "127.4.47.68" port: 43127 } } peers { permanent_uuid: "d8adba37b7a4438fb68d34fdbb6078bb" member_type: VOTER last_known_addr { host: "127.4.47.66" port: 32999 } attrs { replace: true } } peers { permanent_uuid: "58db814a32ff4da190dcbc3fc2e6b413" member_type: VOTER last_known_addr { host: "127.4.47.71" port: 46253 } attrs { promote: false } } peers { permanent_uuid: "0646accd6e5346b881a59e643ae604bc" member_type: NON_VOTER last_known_addr { host: "127.4.47.69" port: 34797 } attrs { promote: true } } }
W20260812 07:59:51.114985  5252 consensus_peers.cc:597] T 9b860fcad60342b88944b54f865166e2 P 442dae5dd8df49019733359b183028f6 -> Peer 0646accd6e5346b881a59e643ae604bc (127.4.47.69:34797): Couldn't send request to peer 0646accd6e5346b881a59e643ae604bc. Error code: TABLET_NOT_FOUND (6). Status: Not found: Tablet not found: 9b860fcad60342b88944b54f865166e2. This is attempt 1: this message will repeat every 5th retry.
I20260812 07:59:51.114996  4868 raft_consensus.cc:2955] T 9b860fcad60342b88944b54f865166e2 P d8adba37b7a4438fb68d34fdbb6078bb [term 2 FOLLOWER]: Committing config change with OpId 2.8: config changed from index 7 to 8, NON_VOTER 0646accd6e5346b881a59e643ae604bc (127.4.47.69) added. New config: { opid_index: 8 OBSOLETE_local: false peers { permanent_uuid: "442dae5dd8df49019733359b183028f6" member_type: VOTER last_known_addr { host: "127.4.47.68" port: 43127 } } peers { permanent_uuid: "d8adba37b7a4438fb68d34fdbb6078bb" member_type: VOTER last_known_addr { host: "127.4.47.66" port: 32999 } attrs { replace: true } } peers { permanent_uuid: "58db814a32ff4da190dcbc3fc2e6b413" member_type: VOTER last_known_addr { host: "127.4.47.71" port: 46253 } attrs { promote: false } } peers { permanent_uuid: "0646accd6e5346b881a59e643ae604bc" member_type: NON_VOTER last_known_addr { host: "127.4.47.69" port: 34797 } attrs { promote: true } } }
I20260812 07:59:51.116156  4340 catalog_manager.cc:5719] T 9b860fcad60342b88944b54f865166e2 P 442dae5dd8df49019733359b183028f6 reported cstate change: config changed from index 7 to 8, NON_VOTER 0646accd6e5346b881a59e643ae604bc (127.4.47.69) added. New cstate: current_term: 2 leader_uuid: "442dae5dd8df49019733359b183028f6" committed_config { opid_index: 8 OBSOLETE_local: false peers { permanent_uuid: "442dae5dd8df49019733359b183028f6" member_type: VOTER last_known_addr { host: "127.4.47.68" port: 43127 } health_report { overall_health: HEALTHY } } peers { permanent_uuid: "d8adba37b7a4438fb68d34fdbb6078bb" member_type: VOTER last_known_addr { host: "127.4.47.66" port: 32999 } attrs { replace: true } health_report { overall_health: HEALTHY } } peers { permanent_uuid: "58db814a32ff4da190dcbc3fc2e6b413" member_type: VOTER last_known_addr { host: "127.4.47.71" port: 46253 } attrs { promote: false } health_report { overall_health: HEALTHY } } peers { permanent_uuid: "0646accd6e5346b881a59e643ae604bc" member_type: NON_VOTER last_known_addr { host: "127.4.47.69" port: 34797 } attrs { promote: true } health_report { overall_health: UNKNOWN } } }
I20260812 07:59:51.621709  9716 ts_tablet_manager.cc:933] T 9b860fcad60342b88944b54f865166e2 P 0646accd6e5346b881a59e643ae604bc: Initiating tablet copy from peer 442dae5dd8df49019733359b183028f6 (127.4.47.68:43127)
W20260812 07:59:51.622001  5010 consensus_peers.cc:597] T 9b5664ff54d04765ac8328321ff31e29 P 66926ce6593d4936a8c06aece86ec317 -> Peer e619b546831840bba610b1d7e16d58c6 (127.4.47.65:40671): Couldn't send request to peer e619b546831840bba610b1d7e16d58c6. Status: Network error: Client connection negotiation failed: client connection to 127.4.47.65:40671: connect: Connection refused (error 111). This is attempt 16: this message will repeat every 5th retry.
I20260812 07:59:51.622154  9716 tablet_copy_client.cc:323] T 9b860fcad60342b88944b54f865166e2 P 0646accd6e5346b881a59e643ae604bc: tablet copy: Beginning tablet copy session from remote peer at address 127.4.47.68:43127
I20260812 07:59:51.626030  5410 tablet_copy_service.cc:140] P 442dae5dd8df49019733359b183028f6: Received BeginTabletCopySession request for tablet 9b860fcad60342b88944b54f865166e2 from peer 0646accd6e5346b881a59e643ae604bc ({username='slave'} at 127.4.47.69:38171)
I20260812 07:59:51.626168  5410 tablet_copy_service.cc:161] P 442dae5dd8df49019733359b183028f6: Beginning new tablet copy session on tablet 9b860fcad60342b88944b54f865166e2 from peer 0646accd6e5346b881a59e643ae604bc at {username='slave'} at 127.4.47.69:38171: session id = 0646accd6e5346b881a59e643ae604bc-9b860fcad60342b88944b54f865166e2
I20260812 07:59:51.626941  5410 tablet_copy_source_session.cc:215] T 9b860fcad60342b88944b54f865166e2 P 442dae5dd8df49019733359b183028f6: Tablet Copy: opened 0 blocks and 1 log segments
I20260812 07:59:51.628011  9716 data_dirs.cc:400] Could only allocate 1 dirs of requested 3 for tablet 9b860fcad60342b88944b54f865166e2. 1 dirs total, 0 dirs full, 0 dirs failed
I20260812 07:59:51.630330  9716 tablet_copy_client.cc:806] T 9b860fcad60342b88944b54f865166e2 P 0646accd6e5346b881a59e643ae604bc: tablet copy: Starting download of 0 data blocks...
I20260812 07:59:51.630508  9716 tablet_copy_client.cc:670] T 9b860fcad60342b88944b54f865166e2 P 0646accd6e5346b881a59e643ae604bc: tablet copy: Starting download of 1 WAL segments...
I20260812 07:59:51.631809  9717 tablet_copy_client.cc:1025] T 9b860fcad60342b88944b54f865166e2 P 0646accd6e5346b881a59e643ae604bc: tablet copy: Injecting latency into file download: 1500
I20260812 07:59:51.631963  9720 ts_tablet_manager.cc:933] T 95b7c5b24f6448a280c6c7ce8185067c P d43f9133358049c3a5d3707b75554340: Initiating tablet copy from peer 442dae5dd8df49019733359b183028f6 (127.4.47.68:43127)
I20260812 07:59:51.632483  9720 tablet_copy_client.cc:323] T 95b7c5b24f6448a280c6c7ce8185067c P d43f9133358049c3a5d3707b75554340: tablet copy: Beginning tablet copy session from remote peer at address 127.4.47.68:43127
I20260812 07:59:51.636312  5410 tablet_copy_service.cc:140] P 442dae5dd8df49019733359b183028f6: Received BeginTabletCopySession request for tablet 95b7c5b24f6448a280c6c7ce8185067c from peer d43f9133358049c3a5d3707b75554340 ({username='slave'} at 127.4.47.70:34659)
I20260812 07:59:51.636438  5410 tablet_copy_service.cc:161] P 442dae5dd8df49019733359b183028f6: Beginning new tablet copy session on tablet 95b7c5b24f6448a280c6c7ce8185067c from peer d43f9133358049c3a5d3707b75554340 at {username='slave'} at 127.4.47.70:34659: session id = d43f9133358049c3a5d3707b75554340-95b7c5b24f6448a280c6c7ce8185067c
I20260812 07:59:51.637342  5410 tablet_copy_source_session.cc:215] T 95b7c5b24f6448a280c6c7ce8185067c P 442dae5dd8df49019733359b183028f6: Tablet Copy: opened 0 blocks and 1 log segments
I20260812 07:59:51.641140  9720 data_dirs.cc:400] Could only allocate 1 dirs of requested 3 for tablet 95b7c5b24f6448a280c6c7ce8185067c. 1 dirs total, 0 dirs full, 0 dirs failed
I20260812 07:59:51.646473  9720 tablet_copy_client.cc:806] T 95b7c5b24f6448a280c6c7ce8185067c P d43f9133358049c3a5d3707b75554340: tablet copy: Starting download of 0 data blocks...
I20260812 07:59:51.646745  9720 tablet_copy_client.cc:670] T 95b7c5b24f6448a280c6c7ce8185067c P d43f9133358049c3a5d3707b75554340: tablet copy: Starting download of 1 WAL segments...
I20260812 07:59:51.648135  9722 tablet_copy_client.cc:1025] T 95b7c5b24f6448a280c6c7ce8185067c P d43f9133358049c3a5d3707b75554340: tablet copy: Injecting latency into file download: 1500
I20260812 07:59:51.696038  9726 ts_tablet_manager.cc:933] T 7709cc3ab7f6400badab666e9d239704 P 6e13e18239f24b4493e0445b28de43bc: Initiating tablet copy from peer d8adba37b7a4438fb68d34fdbb6078bb (127.4.47.66:32999)
I20260812 07:59:51.696435  9726 tablet_copy_client.cc:323] T 7709cc3ab7f6400badab666e9d239704 P 6e13e18239f24b4493e0445b28de43bc: tablet copy: Beginning tablet copy session from remote peer at address 127.4.47.66:32999
I20260812 07:59:51.699841  4905 tablet_copy_service.cc:140] P d8adba37b7a4438fb68d34fdbb6078bb: Received BeginTabletCopySession request for tablet 7709cc3ab7f6400badab666e9d239704 from peer 6e13e18239f24b4493e0445b28de43bc ({username='slave'} at 127.4.47.72:50733)
I20260812 07:59:51.699937  4905 tablet_copy_service.cc:161] P d8adba37b7a4438fb68d34fdbb6078bb: Beginning new tablet copy session on tablet 7709cc3ab7f6400badab666e9d239704 from peer 6e13e18239f24b4493e0445b28de43bc at {username='slave'} at 127.4.47.72:50733: session id = 6e13e18239f24b4493e0445b28de43bc-7709cc3ab7f6400badab666e9d239704
I20260812 07:59:51.700695  4905 tablet_copy_source_session.cc:215] T 7709cc3ab7f6400badab666e9d239704 P d8adba37b7a4438fb68d34fdbb6078bb: Tablet Copy: opened 0 blocks and 1 log segments
I20260812 07:59:51.701669  9726 data_dirs.cc:400] Could only allocate 1 dirs of requested 3 for tablet 7709cc3ab7f6400badab666e9d239704. 1 dirs total, 0 dirs full, 0 dirs failed
I20260812 07:59:51.703449  9726 tablet_copy_client.cc:806] T 7709cc3ab7f6400badab666e9d239704 P 6e13e18239f24b4493e0445b28de43bc: tablet copy: Starting download of 0 data blocks...
I20260812 07:59:51.703636  9726 tablet_copy_client.cc:670] T 7709cc3ab7f6400badab666e9d239704 P 6e13e18239f24b4493e0445b28de43bc: tablet copy: Starting download of 1 WAL segments...
I20260812 07:59:51.704807  9727 tablet_copy_client.cc:1025] T 7709cc3ab7f6400badab666e9d239704 P 6e13e18239f24b4493e0445b28de43bc: tablet copy: Injecting latency into file download: 1500
W20260812 07:59:51.928821  5255 consensus_peers.cc:597] T 88539e8852a34870aa514836d24f9976 P 442dae5dd8df49019733359b183028f6 -> Peer e619b546831840bba610b1d7e16d58c6 (127.4.47.65:40671): Couldn't send request to peer e619b546831840bba610b1d7e16d58c6. Status: Network error: Client connection negotiation failed: client connection to 127.4.47.65:40671: connect: Connection refused (error 111). This is attempt 16: this message will repeat every 5th retry.
W20260812 07:59:52.140641  4747 consensus_peers.cc:597] T c520372948134290a1c6622f444ea4a1 P d8adba37b7a4438fb68d34fdbb6078bb -> Peer e619b546831840bba610b1d7e16d58c6 (127.4.47.65:40671): Couldn't send request to peer e619b546831840bba610b1d7e16d58c6. Status: Network error: Client connection negotiation failed: client connection to 127.4.47.65:40671: connect: Connection refused (error 111). This is attempt 16: this message will repeat every 5th retry.
W20260812 07:59:52.490706  5255 consensus_peers.cc:597] T f225c6eb6e8b4c399f181db49a2c7e49 P 442dae5dd8df49019733359b183028f6 -> Peer e619b546831840bba610b1d7e16d58c6 (127.4.47.65:40671): Couldn't send request to peer e619b546831840bba610b1d7e16d58c6. Status: Network error: Client connection negotiation failed: client connection to 127.4.47.65:40671: connect: Connection refused (error 111). This is attempt 11: this message will repeat every 5th retry.
W20260812 07:59:52.517468  5255 consensus_peers.cc:597] T 8ae58065d9bd4596874bb911880c937d P 442dae5dd8df49019733359b183028f6 -> Peer e619b546831840bba610b1d7e16d58c6 (127.4.47.65:40671): Couldn't send request to peer e619b546831840bba610b1d7e16d58c6. Status: Network error: Client connection negotiation failed: client connection to 127.4.47.65:40671: connect: Connection refused (error 111). This is attempt 16: this message will repeat every 5th retry.
W20260812 07:59:52.822115  5010 consensus_peers.cc:597] T 986279fee22c41b18eb70aa14d2a53dc P 66926ce6593d4936a8c06aece86ec317 -> Peer e619b546831840bba610b1d7e16d58c6 (127.4.47.65:40671): Couldn't send request to peer e619b546831840bba610b1d7e16d58c6. Status: Network error: Client connection negotiation failed: client connection to 127.4.47.65:40671: connect: Connection refused (error 111). This is attempt 16: this message will repeat every 5th retry.
W20260812 07:59:53.115476  4747 consensus_peers.cc:597] T 6a82ad12ab714685a728fecbc997630a P d8adba37b7a4438fb68d34fdbb6078bb -> Peer e619b546831840bba610b1d7e16d58c6 (127.4.47.65:40671): Couldn't send request to peer e619b546831840bba610b1d7e16d58c6. Status: Network error: Client connection negotiation failed: client connection to 127.4.47.65:40671: connect: Connection refused (error 111). This is attempt 16: this message will repeat every 5th retry.
W20260812 07:59:53.118495  5255 consensus_peers.cc:597] T e216f5c432f34349b5cd2dd9776ff19a P 442dae5dd8df49019733359b183028f6 -> Peer e619b546831840bba610b1d7e16d58c6 (127.4.47.65:40671): Couldn't send request to peer e619b546831840bba610b1d7e16d58c6. Status: Network error: Client connection negotiation failed: client connection to 127.4.47.65:40671: connect: Connection refused (error 111). This is attempt 16: this message will repeat every 5th retry.
I20260812 07:59:53.132217  9716 tablet_copy_client.cc:538] T 9b860fcad60342b88944b54f865166e2 P 0646accd6e5346b881a59e643ae604bc: tablet copy: Tablet Copy complete. Replacing tablet superblock.
I20260812 07:59:53.133790  9716 tablet_bootstrap.cc:492] T 9b860fcad60342b88944b54f865166e2 P 0646accd6e5346b881a59e643ae604bc: Bootstrap starting.
I20260812 07:59:53.148658  9720 tablet_copy_client.cc:538] T 95b7c5b24f6448a280c6c7ce8185067c P d43f9133358049c3a5d3707b75554340: tablet copy: Tablet Copy complete. Replacing tablet superblock.
I20260812 07:59:53.150781  9720 tablet_bootstrap.cc:492] T 95b7c5b24f6448a280c6c7ce8185067c P d43f9133358049c3a5d3707b75554340: Bootstrap starting.
I20260812 07:59:53.155339  9716 tablet_bootstrap.cc:492] T 9b860fcad60342b88944b54f865166e2 P 0646accd6e5346b881a59e643ae604bc: Bootstrap replayed 1/1 log segments. Stats: ops{read=8 overwritten=0 applied=8 ignored=0} inserts{seen=676 ignored=0} mutations{seen=0 ignored=0} orphaned_commits=0. Pending: 0 replicates
I20260812 07:59:53.155637  9716 tablet_bootstrap.cc:492] T 9b860fcad60342b88944b54f865166e2 P 0646accd6e5346b881a59e643ae604bc: Bootstrap complete.
I20260812 07:59:53.155833  9716 ts_tablet_manager.cc:1403] T 9b860fcad60342b88944b54f865166e2 P 0646accd6e5346b881a59e643ae604bc: Time spent bootstrapping tablet: real 0.022s	user 0.018s	sys 0.002s
I20260812 07:59:53.156378  9716 raft_consensus.cc:359] T 9b860fcad60342b88944b54f865166e2 P 0646accd6e5346b881a59e643ae604bc [term 2 LEARNER]: Replica starting. Triggering 0 pending ops. Active config: opid_index: 8 OBSOLETE_local: false peers { permanent_uuid: "442dae5dd8df49019733359b183028f6" member_type: VOTER last_known_addr { host: "127.4.47.68" port: 43127 } } peers { permanent_uuid: "d8adba37b7a4438fb68d34fdbb6078bb" member_type: VOTER last_known_addr { host: "127.4.47.66" port: 32999 } attrs { replace: true } } peers { permanent_uuid: "58db814a32ff4da190dcbc3fc2e6b413" member_type: VOTER last_known_addr { host: "127.4.47.71" port: 46253 } attrs { promote: false } } peers { permanent_uuid: "0646accd6e5346b881a59e643ae604bc" member_type: NON_VOTER last_known_addr { host: "127.4.47.69" port: 34797 } attrs { promote: true } }
I20260812 07:59:53.156492  9716 raft_consensus.cc:740] T 9b860fcad60342b88944b54f865166e2 P 0646accd6e5346b881a59e643ae604bc [term 2 LEARNER]: Becoming Follower/Learner. State: Replica: 0646accd6e5346b881a59e643ae604bc, State: Initialized, Role: LEARNER
I20260812 07:59:53.156603  9716 consensus_queue.cc:260] T 9b860fcad60342b88944b54f865166e2 P 0646accd6e5346b881a59e643ae604bc [NON_LEADER]: Queue going to NON_LEADER mode. State: All replicated index: 0, Majority replicated index: 0, Committed index: 8, Last appended: 2.8, Last appended by leader: 8, Current term: 0, Majority size: -1, State: 0, Mode: NON_LEADER, active raft config: opid_index: 8 OBSOLETE_local: false peers { permanent_uuid: "442dae5dd8df49019733359b183028f6" member_type: VOTER last_known_addr { host: "127.4.47.68" port: 43127 } } peers { permanent_uuid: "d8adba37b7a4438fb68d34fdbb6078bb" member_type: VOTER last_known_addr { host: "127.4.47.66" port: 32999 } attrs { replace: true } } peers { permanent_uuid: "58db814a32ff4da190dcbc3fc2e6b413" member_type: VOTER last_known_addr { host: "127.4.47.71" port: 46253 } attrs { promote: false } } peers { permanent_uuid: "0646accd6e5346b881a59e643ae604bc" member_type: NON_VOTER last_known_addr { host: "127.4.47.69" port: 34797 } attrs { promote: true } }
I20260812 07:59:53.157087  9716 ts_tablet_manager.cc:1434] T 9b860fcad60342b88944b54f865166e2 P 0646accd6e5346b881a59e643ae604bc: Time spent starting tablet: real 0.001s	user 0.004s	sys 0.000s
I20260812 07:59:53.157618  9720 log.cc:826] T 95b7c5b24f6448a280c6c7ce8185067c P d43f9133358049c3a5d3707b75554340: Log is configured to *not* fsync() on all Append() calls
I20260812 07:59:53.157832  5410 tablet_copy_service.cc:342] P 442dae5dd8df49019733359b183028f6: Request end of tablet copy session 0646accd6e5346b881a59e643ae604bc-9b860fcad60342b88944b54f865166e2 received from {username='slave'} at 127.4.47.69:38171
I20260812 07:59:53.157950  5410 tablet_copy_service.cc:434] P 442dae5dd8df49019733359b183028f6: ending tablet copy session 0646accd6e5346b881a59e643ae604bc-9b860fcad60342b88944b54f865166e2 on tablet 9b860fcad60342b88944b54f865166e2 with peer 0646accd6e5346b881a59e643ae604bc
I20260812 07:59:53.178429  9720 tablet_bootstrap.cc:492] T 95b7c5b24f6448a280c6c7ce8185067c P d43f9133358049c3a5d3707b75554340: Bootstrap replayed 1/1 log segments. Stats: ops{read=7 overwritten=0 applied=7 ignored=0} inserts{seen=635 ignored=0} mutations{seen=0 ignored=0} orphaned_commits=0. Pending: 0 replicates
I20260812 07:59:53.178853  9720 tablet_bootstrap.cc:492] T 95b7c5b24f6448a280c6c7ce8185067c P d43f9133358049c3a5d3707b75554340: Bootstrap complete.
I20260812 07:59:53.179230  9720 ts_tablet_manager.cc:1403] T 95b7c5b24f6448a280c6c7ce8185067c P d43f9133358049c3a5d3707b75554340: Time spent bootstrapping tablet: real 0.029s	user 0.023s	sys 0.004s
I20260812 07:59:53.181401  9720 raft_consensus.cc:359] T 95b7c5b24f6448a280c6c7ce8185067c P d43f9133358049c3a5d3707b75554340 [term 1 LEARNER]: Replica starting. Triggering 0 pending ops. Active config: opid_index: 7 OBSOLETE_local: false peers { permanent_uuid: "66926ce6593d4936a8c06aece86ec317" member_type: VOTER last_known_addr { host: "127.4.47.67" port: 41733 } attrs { replace: true } } peers { permanent_uuid: "442dae5dd8df49019733359b183028f6" member_type: VOTER last_known_addr { host: "127.4.47.68" port: 43127 } } peers { permanent_uuid: "58db814a32ff4da190dcbc3fc2e6b413" member_type: VOTER last_known_addr { host: "127.4.47.71" port: 46253 } attrs { promote: false } } peers { permanent_uuid: "d43f9133358049c3a5d3707b75554340" member_type: NON_VOTER last_known_addr { host: "127.4.47.70" port: 34115 } attrs { promote: true } }
I20260812 07:59:53.181623  9720 raft_consensus.cc:740] T 95b7c5b24f6448a280c6c7ce8185067c P d43f9133358049c3a5d3707b75554340 [term 1 LEARNER]: Becoming Follower/Learner. State: Replica: d43f9133358049c3a5d3707b75554340, State: Initialized, Role: LEARNER
I20260812 07:59:53.181993  9720 consensus_queue.cc:260] T 95b7c5b24f6448a280c6c7ce8185067c P d43f9133358049c3a5d3707b75554340 [NON_LEADER]: Queue going to NON_LEADER mode. State: All replicated index: 0, Majority replicated index: 0, Committed index: 7, Last appended: 1.7, Last appended by leader: 7, Current term: 0, Majority size: -1, State: 0, Mode: NON_LEADER, active raft config: opid_index: 7 OBSOLETE_local: false peers { permanent_uuid: "66926ce6593d4936a8c06aece86ec317" member_type: VOTER last_known_addr { host: "127.4.47.67" port: 41733 } attrs { replace: true } } peers { permanent_uuid: "442dae5dd8df49019733359b183028f6" member_type: VOTER last_known_addr { host: "127.4.47.68" port: 43127 } } peers { permanent_uuid: "58db814a32ff4da190dcbc3fc2e6b413" member_type: VOTER last_known_addr { host: "127.4.47.71" port: 46253 } attrs { promote: false } } peers { permanent_uuid: "d43f9133358049c3a5d3707b75554340" member_type: NON_VOTER last_known_addr { host: "127.4.47.70" port: 34115 } attrs { promote: true } }
I20260812 07:59:53.183020  9720 ts_tablet_manager.cc:1434] T 95b7c5b24f6448a280c6c7ce8185067c P d43f9133358049c3a5d3707b75554340: Time spent starting tablet: real 0.004s	user 0.005s	sys 0.000s
I20260812 07:59:53.183884  5410 tablet_copy_service.cc:342] P 442dae5dd8df49019733359b183028f6: Request end of tablet copy session d43f9133358049c3a5d3707b75554340-95b7c5b24f6448a280c6c7ce8185067c received from {username='slave'} at 127.4.47.70:34659
I20260812 07:59:53.184005  5410 tablet_copy_service.cc:434] P 442dae5dd8df49019733359b183028f6: ending tablet copy session d43f9133358049c3a5d3707b75554340-95b7c5b24f6448a280c6c7ce8185067c on tablet 95b7c5b24f6448a280c6c7ce8185067c with peer d43f9133358049c3a5d3707b75554340
I20260812 07:59:53.205227  9726 tablet_copy_client.cc:538] T 7709cc3ab7f6400badab666e9d239704 P 6e13e18239f24b4493e0445b28de43bc: tablet copy: Tablet Copy complete. Replacing tablet superblock.
I20260812 07:59:53.206909  9726 tablet_bootstrap.cc:492] T 7709cc3ab7f6400badab666e9d239704 P 6e13e18239f24b4493e0445b28de43bc: Bootstrap starting.
