I20260812 08:03:31.516112 18131 raft_consensus.cc:2468] T 00000000000000000000000000000000 P 59ce06a479a14815b5c40f4da24db6b8 [term 20 FOLLOWER]: Leader election vote request: Granting yes vote for candidate 6e2bccad2628473bbbbc0bd36df177ce in term 20.
I20260812 08:03:31.516394 18199 leader_election.cc:304] T 00000000000000000000000000000000 P 6e2bccad2628473bbbbc0bd36df177ce [CANDIDATE]: Term 20 election: Election decided. Result: candidate won. Election summary: received 3 responses out of 3 voters: 2 yes votes; 1 no votes. yes voters: 59ce06a479a14815b5c40f4da24db6b8, 6e2bccad2628473bbbbc0bd36df177ce; no voters: 78687127beb8410ea7517e1265c72517
I20260812 08:03:31.516567 18610 raft_consensus.cc:2804] T 00000000000000000000000000000000 P 6e2bccad2628473bbbbc0bd36df177ce [term 20 FOLLOWER]: Leader election won for term 20
I20260812 08:03:31.516670 18610 raft_consensus.cc:697] T 00000000000000000000000000000000 P 6e2bccad2628473bbbbc0bd36df177ce [term 20 LEADER]: Becoming Leader. State: Replica: 6e2bccad2628473bbbbc0bd36df177ce, State: Running, Role: LEADER
I20260812 08:03:31.516824 18610 consensus_queue.cc:237] T 00000000000000000000000000000000 P 6e2bccad2628473bbbbc0bd36df177ce [LEADER]: Queue going to LEADER mode. State: All replicated index: 0, Majority replicated index: 15, Committed index: 15, Last appended: 18.15, Last appended by leader: 15, Current term: 20, Majority size: 2, State: 0, Mode: LEADER, active raft config: opid_index: -1 OBSOLETE_local: false peers { permanent_uuid: "78687127beb8410ea7517e1265c72517" member_type: VOTER last_known_addr { host: "127.16.168.190" port: 41185 } } peers { permanent_uuid: "59ce06a479a14815b5c40f4da24db6b8" member_type: VOTER last_known_addr { host: "127.16.168.189" port: 40837 } } peers { permanent_uuid: "6e2bccad2628473bbbbc0bd36df177ce" member_type: VOTER last_known_addr { host: "127.16.168.188" port: 42985 } }
I20260812 08:03:31.517431 18296 sys_catalog.cc:455] T 00000000000000000000000000000000 P 6e2bccad2628473bbbbc0bd36df177ce [sys.catalog]: SysCatalogTable state changed. Reason: New leader 6e2bccad2628473bbbbc0bd36df177ce. Latest consensus state: current_term: 20 leader_uuid: "6e2bccad2628473bbbbc0bd36df177ce" committed_config { opid_index: -1 OBSOLETE_local: false peers { permanent_uuid: "78687127beb8410ea7517e1265c72517" member_type: VOTER last_known_addr { host: "127.16.168.190" port: 41185 } } peers { permanent_uuid: "59ce06a479a14815b5c40f4da24db6b8" member_type: VOTER last_known_addr { host: "127.16.168.189" port: 40837 } } peers { permanent_uuid: "6e2bccad2628473bbbbc0bd36df177ce" member_type: VOTER last_known_addr { host: "127.16.168.188" port: 42985 } } }
I20260812 08:03:31.517544 18296 sys_catalog.cc:458] T 00000000000000000000000000000000 P 6e2bccad2628473bbbbc0bd36df177ce [sys.catalog]: This master's current role is: LEADER
I20260812 08:03:31.517807 18613 catalog_manager.cc:1511] Loading table and tablet metadata into memory...
I20260812 08:03:31.518632 18613 catalog_manager.cc:679] Loaded metadata for table test-table [id=4dd0a40cca0946dc866fb201127cff6b]
I20260812 08:03:31.519253 18613 tablet_loader.cc:96] loaded metadata for tablet f5a1c542f20344989cd2ea04519a43e8 (table test-table [id=4dd0a40cca0946dc866fb201127cff6b])
I20260812 08:03:31.519378 18613 catalog_manager.cc:1520] Initializing Kudu cluster ID...
I20260812 08:03:31.519807 18613 catalog_manager.cc:1295] Loaded cluster ID: ad52523dac3641508a050260736a0e23
I20260812 08:03:31.519863 18613 catalog_manager.cc:1531] Initializing Kudu internal certificate authority...
I20260812 08:03:31.520459 18613 catalog_manager.cc:1540] Loading token signing keys...
I20260812 08:03:31.520951 18613 catalog_manager.cc:6103] T 00000000000000000000000000000000 P 6e2bccad2628473bbbbc0bd36df177ce: Loaded TSK: 0
I20260812 08:03:31.521169 18613 catalog_manager.cc:1550] Initializing in-progress tserver states...
I20260812 08:03:31.583778 18131 raft_consensus.cc:1240] T 00000000000000000000000000000000 P 59ce06a479a14815b5c40f4da24db6b8 [term 20 FOLLOWER]: Rejecting Update request from peer 78687127beb8410ea7517e1265c72517 for earlier term 19. Current term is 20. Ops: []
I20260812 08:03:31.584237 18611 consensus_queue.cc:1059] T 00000000000000000000000000000000 P 78687127beb8410ea7517e1265c72517 [LEADER]: Peer responded invalid term: Peer: permanent_uuid: "59ce06a479a14815b5c40f4da24db6b8" member_type: VOTER last_known_addr { host: "127.16.168.189" port: 40837 }, Status: INVALID_TERM, Last received: 0.0, Next index: 16, Last known committed idx: 15, Time since last communication: 0.000s
I20260812 08:03:31.625651 18248 raft_consensus.cc:1240] T 00000000000000000000000000000000 P 6e2bccad2628473bbbbc0bd36df177ce [term 20 LEADER]: Rejecting Update request from peer 78687127beb8410ea7517e1265c72517 for earlier term 19. Current term is 20. Ops: []
I20260812 08:03:31.626052 18611 consensus_queue.cc:1059] T 00000000000000000000000000000000 P 78687127beb8410ea7517e1265c72517 [LEADER]: Peer responded invalid term: Peer: permanent_uuid: "6e2bccad2628473bbbbc0bd36df177ce" member_type: VOTER last_known_addr { host: "127.16.168.188" port: 42985 }, Status: INVALID_TERM, Last received: 0.0, Next index: 16, Last known committed idx: 15, Time since last communication: 0.000s
I20260812 08:03:31.626204 18611 consensus_queue.cc:1243] T 00000000000000000000000000000000 P 78687127beb8410ea7517e1265c72517 [LEADER]: Peer 6e2bccad2628473bbbbc0bd36df177ce log is divergent from this leader: its last log entry 20.16 is not in this leader's log and it has not received anything from this leader yet. Falling back to committed index 15
I20260812 08:03:31.635547 18605 raft_consensus.cc:3055] T 00000000000000000000000000000000 P 78687127beb8410ea7517e1265c72517 [term 19 LEADER]: Stepping down as leader of term 19
I20260812 08:03:31.635632 18605 raft_consensus.cc:740] T 00000000000000000000000000000000 P 78687127beb8410ea7517e1265c72517 [term 19 LEADER]: Becoming Follower/Learner. State: Replica: 78687127beb8410ea7517e1265c72517, State: Running, Role: LEADER
I20260812 08:03:31.635777 18605 consensus_queue.cc:260] T 00000000000000000000000000000000 P 78687127beb8410ea7517e1265c72517 [NON_LEADER]: Queue going to NON_LEADER mode. State: All replicated index: 0, Majority replicated index: 15, Committed index: 15, Last appended: 19.16, Last appended by leader: 16, Current term: 19, Majority size: -1, State: 0, Mode: NON_LEADER, active raft config: opid_index: -1 OBSOLETE_local: false peers { permanent_uuid: "78687127beb8410ea7517e1265c72517" member_type: VOTER last_known_addr { host: "127.16.168.190" port: 41185 } } peers { permanent_uuid: "59ce06a479a14815b5c40f4da24db6b8" member_type: VOTER last_known_addr { host: "127.16.168.189" port: 40837 } } peers { permanent_uuid: "6e2bccad2628473bbbbc0bd36df177ce" member_type: VOTER last_known_addr { host: "127.16.168.188" port: 42985 } }
I20260812 08:03:31.635975 18605 raft_consensus.cc:3060] T 00000000000000000000000000000000 P 78687127beb8410ea7517e1265c72517 [term 19 FOLLOWER]: Advancing to term 20
W20260812 08:03:31.637578 18488 master_proxy_rpc.cc:203] Re-attempting RetrieveAuthzToken request to leader Master (127.16.168.190:41185)
I20260812 08:03:31.730046 18016 raft_consensus.cc:1275] T 00000000000000000000000000000000 P 78687127beb8410ea7517e1265c72517 [term 20 FOLLOWER]: Refusing update from remote peer 6e2bccad2628473bbbbc0bd36df177ce: Log matching property violated. Preceding OpId in replica: term: 19 index: 16. Preceding OpId from leader: term: 20 index: 16. (term mismatch)
I20260812 08:03:31.730156 18016 pending_rounds.cc:85] T 00000000000000000000000000000000 P 78687127beb8410ea7517e1265c72517: Aborting all ops after (but not including) 15
I20260812 08:03:31.730188 18016 pending_rounds.cc:107] T 00000000000000000000000000000000 P 78687127beb8410ea7517e1265c72517: Aborting uncommitted NO_OP operation due to leader change: 19.16
I20260812 08:03:31.730216 18016 raft_consensus.cc:2889] T 00000000000000000000000000000000 P 78687127beb8410ea7517e1265c72517 [term 20 FOLLOWER]: NO_OP replication failed: Aborted: Op aborted by new leader
I20260812 08:03:31.730619 18296 consensus_queue.cc:1048] T 00000000000000000000000000000000 P 6e2bccad2628473bbbbc0bd36df177ce [LEADER]: Connected to new peer: Peer: permanent_uuid: "78687127beb8410ea7517e1265c72517" member_type: VOTER last_known_addr { host: "127.16.168.190" port: 41185 }, Status: LMP_MISMATCH, Last received: 0.0, Next index: 16, Last known committed idx: 15, Time since last communication: 0.000s
I20260812 08:03:31.731491 18605 sys_catalog.cc:455] T 00000000000000000000000000000000 P 78687127beb8410ea7517e1265c72517 [sys.catalog]: SysCatalogTable state changed. Reason: New leader 6e2bccad2628473bbbbc0bd36df177ce. Latest consensus state: current_term: 20 leader_uuid: "6e2bccad2628473bbbbc0bd36df177ce" committed_config { opid_index: -1 OBSOLETE_local: false peers { permanent_uuid: "78687127beb8410ea7517e1265c72517" member_type: VOTER last_known_addr { host: "127.16.168.190" port: 41185 } } peers { permanent_uuid: "59ce06a479a14815b5c40f4da24db6b8" member_type: VOTER last_known_addr { host: "127.16.168.189" port: 40837 } } peers { permanent_uuid: "6e2bccad2628473bbbbc0bd36df177ce" member_type: VOTER last_known_addr { host: "127.16.168.188" port: 42985 } } }
I20260812 08:03:31.731647 18605 sys_catalog.cc:458] T 00000000000000000000000000000000 P 78687127beb8410ea7517e1265c72517 [sys.catalog]: This master's current role is: FOLLOWER
I20260812 08:03:31.732784 18605 sys_catalog.cc:455] T 00000000000000000000000000000000 P 78687127beb8410ea7517e1265c72517 [sys.catalog]: SysCatalogTable state changed. Reason: Replicated consensus-only round. Latest consensus state: current_term: 20 leader_uuid: "6e2bccad2628473bbbbc0bd36df177ce" committed_config { opid_index: -1 OBSOLETE_local: false peers { permanent_uuid: "78687127beb8410ea7517e1265c72517" member_type: VOTER last_known_addr { host: "127.16.168.190" port: 41185 } } peers { permanent_uuid: "59ce06a479a14815b5c40f4da24db6b8" member_type: VOTER last_known_addr { host: "127.16.168.189" port: 40837 } } peers { permanent_uuid: "6e2bccad2628473bbbbc0bd36df177ce" member_type: VOTER last_known_addr { host: "127.16.168.188" port: 42985 } } }
I20260812 08:03:31.732882 18605 sys_catalog.cc:458] T 00000000000000000000000000000000 P 78687127beb8410ea7517e1265c72517 [sys.catalog]: This master's current role is: FOLLOWER
I20260812 08:03:31.736490 18572 raft_consensus.cc:493] T 00000000000000000000000000000000 P 59ce06a479a14815b5c40f4da24db6b8 [term 20 FOLLOWER]: Starting leader election (no leader contacted us within the election timeout)
I20260812 08:03:31.736572 18572 raft_consensus.cc:3060] T 00000000000000000000000000000000 P 59ce06a479a14815b5c40f4da24db6b8 [term 20 FOLLOWER]: Advancing to term 21
I20260812 08:03:31.737565 18572 raft_consensus.cc:515] T 00000000000000000000000000000000 P 59ce06a479a14815b5c40f4da24db6b8 [term 21 FOLLOWER]: Starting leader election with config: opid_index: -1 OBSOLETE_local: false peers { permanent_uuid: "78687127beb8410ea7517e1265c72517" member_type: VOTER last_known_addr { host: "127.16.168.190" port: 41185 } } peers { permanent_uuid: "59ce06a479a14815b5c40f4da24db6b8" member_type: VOTER last_known_addr { host: "127.16.168.189" port: 40837 } } peers { permanent_uuid: "6e2bccad2628473bbbbc0bd36df177ce" member_type: VOTER last_known_addr { host: "127.16.168.188" port: 42985 } }
I20260812 08:03:31.737923 18572 leader_election.cc:290] T 00000000000000000000000000000000 P 59ce06a479a14815b5c40f4da24db6b8 [CANDIDATE]: Term 21 election: Requested vote from peers 78687127beb8410ea7517e1265c72517 (127.16.168.190:41185), 6e2bccad2628473bbbbc0bd36df177ce (127.16.168.188:42985)
I20260812 08:03:31.738157 18016 tablet_service.cc:1917] Received RequestConsensusVote() RPC: tablet_id: "00000000000000000000000000000000" candidate_uuid: "59ce06a479a14815b5c40f4da24db6b8" candidate_term: 21 candidate_status { last_received { term: 18 index: 15 } } ignore_live_leader: false dest_uuid: "78687127beb8410ea7517e1265c72517"
I20260812 08:03:31.738292 18248 tablet_service.cc:1917] Received RequestConsensusVote() RPC: tablet_id: "00000000000000000000000000000000" candidate_uuid: "59ce06a479a14815b5c40f4da24db6b8" candidate_term: 21 candidate_status { last_received { term: 18 index: 15 } } ignore_live_leader: false dest_uuid: "6e2bccad2628473bbbbc0bd36df177ce"
I20260812 08:03:31.738596 18092 leader_election.cc:304] T 00000000000000000000000000000000 P 59ce06a479a14815b5c40f4da24db6b8 [CANDIDATE]: Term 21 election: Election decided. Result: candidate lost. Election summary: received 3 responses out of 3 voters: 1 yes votes; 2 no votes. yes voters: 59ce06a479a14815b5c40f4da24db6b8; no voters: 6e2bccad2628473bbbbc0bd36df177ce, 78687127beb8410ea7517e1265c72517
I20260812 08:03:31.738755 18572 raft_consensus.cc:2749] T 00000000000000000000000000000000 P 59ce06a479a14815b5c40f4da24db6b8 [term 21 FOLLOWER]: Leader election lost for term 21. Reason: could not achieve majority
I20260812 08:03:31.752811 18131 raft_consensus.cc:1240] T 00000000000000000000000000000000 P 59ce06a479a14815b5c40f4da24db6b8 [term 21 FOLLOWER]: Rejecting Update request from peer 6e2bccad2628473bbbbc0bd36df177ce for earlier term 20. Current term is 21. Ops: []
I20260812 08:03:31.753230 18618 consensus_queue.cc:1059] T 00000000000000000000000000000000 P 6e2bccad2628473bbbbc0bd36df177ce [LEADER]: Peer responded invalid term: Peer: permanent_uuid: "59ce06a479a14815b5c40f4da24db6b8" member_type: VOTER last_known_addr { host: "127.16.168.189" port: 40837 }, Status: INVALID_TERM, Last received: 0.0, Next index: 16, Last known committed idx: 15, Time since last communication: 0.000s
I20260812 08:03:31.801638 18610 sys_catalog.cc:455] T 00000000000000000000000000000000 P 6e2bccad2628473bbbbc0bd36df177ce [sys.catalog]: SysCatalogTable state changed. Reason: Peer health change. Latest consensus state: current_term: 20 leader_uuid: "6e2bccad2628473bbbbc0bd36df177ce" committed_config { opid_index: -1 OBSOLETE_local: false peers { permanent_uuid: "78687127beb8410ea7517e1265c72517" member_type: VOTER last_known_addr { host: "127.16.168.190" port: 41185 } } peers { permanent_uuid: "59ce06a479a14815b5c40f4da24db6b8" member_type: VOTER last_known_addr { host: "127.16.168.189" port: 40837 } } peers { permanent_uuid: "6e2bccad2628473bbbbc0bd36df177ce" member_type: VOTER last_known_addr { host: "127.16.168.188" port: 42985 } } }
I20260812 08:03:31.801819 18610 sys_catalog.cc:458] T 00000000000000000000000000000000 P 6e2bccad2628473bbbbc0bd36df177ce [sys.catalog]: This master's current role is: LEADER
I20260812 08:03:31.862763 18618 raft_consensus.cc:3055] T 00000000000000000000000000000000 P 6e2bccad2628473bbbbc0bd36df177ce [term 20 LEADER]: Stepping down as leader of term 20
I20260812 08:03:31.862882 18618 raft_consensus.cc:740] T 00000000000000000000000000000000 P 6e2bccad2628473bbbbc0bd36df177ce [term 20 LEADER]: Becoming Follower/Learner. State: Replica: 6e2bccad2628473bbbbc0bd36df177ce, State: Running, Role: LEADER
I20260812 08:03:31.863049 18618 consensus_queue.cc:260] T 00000000000000000000000000000000 P 6e2bccad2628473bbbbc0bd36df177ce [NON_LEADER]: Queue going to NON_LEADER mode. State: All replicated index: 0, Majority replicated index: 16, Committed index: 16, Last appended: 20.16, Last appended by leader: 16, Current term: 20, Majority size: -1, State: 0, Mode: NON_LEADER, active raft config: opid_index: -1 OBSOLETE_local: false peers { permanent_uuid: "78687127beb8410ea7517e1265c72517" member_type: VOTER last_known_addr { host: "127.16.168.190" port: 41185 } } peers { permanent_uuid: "59ce06a479a14815b5c40f4da24db6b8" member_type: VOTER last_known_addr { host: "127.16.168.189" port: 40837 } } peers { permanent_uuid: "6e2bccad2628473bbbbc0bd36df177ce" member_type: VOTER last_known_addr { host: "127.16.168.188" port: 42985 } }
I20260812 08:03:31.863268 18618 raft_consensus.cc:3060] T 00000000000000000000000000000000 P 6e2bccad2628473bbbbc0bd36df177ce [term 20 FOLLOWER]: Advancing to term 21
I20260812 08:03:31.933045 18605 raft_consensus.cc:493] T 00000000000000000000000000000000 P 78687127beb8410ea7517e1265c72517 [term 20 FOLLOWER]: Starting leader election (detected failure of leader 6e2bccad2628473bbbbc0bd36df177ce)
I20260812 08:03:31.933173 18605 raft_consensus.cc:3060] T 00000000000000000000000000000000 P 78687127beb8410ea7517e1265c72517 [term 20 FOLLOWER]: Advancing to term 21
I20260812 08:03:31.934000 18605 raft_consensus.cc:515] T 00000000000000000000000000000000 P 78687127beb8410ea7517e1265c72517 [term 21 FOLLOWER]: Starting leader election with config: opid_index: -1 OBSOLETE_local: false peers { permanent_uuid: "78687127beb8410ea7517e1265c72517" member_type: VOTER last_known_addr { host: "127.16.168.190" port: 41185 } } peers { permanent_uuid: "59ce06a479a14815b5c40f4da24db6b8" member_type: VOTER last_known_addr { host: "127.16.168.189" port: 40837 } } peers { permanent_uuid: "6e2bccad2628473bbbbc0bd36df177ce" member_type: VOTER last_known_addr { host: "127.16.168.188" port: 42985 } }
I20260812 08:03:31.934334 18605 leader_election.cc:290] T 00000000000000000000000000000000 P 78687127beb8410ea7517e1265c72517 [CANDIDATE]: Term 21 election: Requested vote from peers 59ce06a479a14815b5c40f4da24db6b8 (127.16.168.189:40837), 6e2bccad2628473bbbbc0bd36df177ce (127.16.168.188:42985)
I20260812 08:03:31.934651 18131 tablet_service.cc:1917] Received RequestConsensusVote() RPC: tablet_id: "00000000000000000000000000000000" candidate_uuid: "78687127beb8410ea7517e1265c72517" candidate_term: 21 candidate_status { last_received { term: 20 index: 16 } } ignore_live_leader: false dest_uuid: "59ce06a479a14815b5c40f4da24db6b8"
I20260812 08:03:31.934665 18248 tablet_service.cc:1917] Received RequestConsensusVote() RPC: tablet_id: "00000000000000000000000000000000" candidate_uuid: "78687127beb8410ea7517e1265c72517" candidate_term: 21 candidate_status { last_received { term: 20 index: 16 } } ignore_live_leader: false dest_uuid: "6e2bccad2628473bbbbc0bd36df177ce"
I20260812 08:03:31.934865 18131 raft_consensus.cc:2393] T 00000000000000000000000000000000 P 59ce06a479a14815b5c40f4da24db6b8 [term 21 FOLLOWER]: Leader election vote request: Denying vote to candidate 78687127beb8410ea7517e1265c72517 in current term 21: Already voted for candidate 59ce06a479a14815b5c40f4da24db6b8 in this term.
I20260812 08:03:31.935688 18248 raft_consensus.cc:2468] T 00000000000000000000000000000000 P 6e2bccad2628473bbbbc0bd36df177ce [term 21 FOLLOWER]: Leader election vote request: Granting yes vote for candidate 78687127beb8410ea7517e1265c72517 in term 21.
I20260812 08:03:31.935966 17985 leader_election.cc:304] T 00000000000000000000000000000000 P 78687127beb8410ea7517e1265c72517 [CANDIDATE]: Term 21 election: Election decided. Result: candidate won. Election summary: received 3 responses out of 3 voters: 2 yes votes; 1 no votes. yes voters: 6e2bccad2628473bbbbc0bd36df177ce, 78687127beb8410ea7517e1265c72517; no voters: 59ce06a479a14815b5c40f4da24db6b8
I20260812 08:03:31.936123 18605 raft_consensus.cc:2804] T 00000000000000000000000000000000 P 78687127beb8410ea7517e1265c72517 [term 21 FOLLOWER]: Leader election won for term 21
I20260812 08:03:31.936215 18605 raft_consensus.cc:697] T 00000000000000000000000000000000 P 78687127beb8410ea7517e1265c72517 [term 21 LEADER]: Becoming Leader. State: Replica: 78687127beb8410ea7517e1265c72517, State: Running, Role: LEADER
I20260812 08:03:31.936364 18605 consensus_queue.cc:237] T 00000000000000000000000000000000 P 78687127beb8410ea7517e1265c72517 [LEADER]: Queue going to LEADER mode. State: All replicated index: 0, Majority replicated index: 16, Committed index: 16, Last appended: 20.16, Last appended by leader: 16, Current term: 21, Majority size: 2, State: 0, Mode: LEADER, active raft config: opid_index: -1 OBSOLETE_local: false peers { permanent_uuid: "78687127beb8410ea7517e1265c72517" member_type: VOTER last_known_addr { host: "127.16.168.190" port: 41185 } } peers { permanent_uuid: "59ce06a479a14815b5c40f4da24db6b8" member_type: VOTER last_known_addr { host: "127.16.168.189" port: 40837 } } peers { permanent_uuid: "6e2bccad2628473bbbbc0bd36df177ce" member_type: VOTER last_known_addr { host: "127.16.168.188" port: 42985 } }
I20260812 08:03:31.936869 18611 sys_catalog.cc:455] T 00000000000000000000000000000000 P 78687127beb8410ea7517e1265c72517 [sys.catalog]: SysCatalogTable state changed. Reason: New leader 78687127beb8410ea7517e1265c72517. Latest consensus state: current_term: 21 leader_uuid: "78687127beb8410ea7517e1265c72517" committed_config { opid_index: -1 OBSOLETE_local: false peers { permanent_uuid: "78687127beb8410ea7517e1265c72517" member_type: VOTER last_known_addr { host: "127.16.168.190" port: 41185 } } peers { permanent_uuid: "59ce06a479a14815b5c40f4da24db6b8" member_type: VOTER last_known_addr { host: "127.16.168.189" port: 40837 } } peers { permanent_uuid: "6e2bccad2628473bbbbc0bd36df177ce" member_type: VOTER last_known_addr { host: "127.16.168.188" port: 42985 } } }
I20260812 08:03:31.936959 18611 sys_catalog.cc:458] T 00000000000000000000000000000000 P 78687127beb8410ea7517e1265c72517 [sys.catalog]: This master's current role is: LEADER
I20260812 08:03:31.937224 18619 catalog_manager.cc:1511] Loading table and tablet metadata into memory...
I20260812 08:03:31.938005 18619 catalog_manager.cc:679] Loaded metadata for table test-table [id=4dd0a40cca0946dc866fb201127cff6b]
I20260812 08:03:31.938902 18619 tablet_loader.cc:96] loaded metadata for tablet f5a1c542f20344989cd2ea04519a43e8 (table test-table [id=4dd0a40cca0946dc866fb201127cff6b])
I20260812 08:03:31.939056 18619 catalog_manager.cc:1520] Initializing Kudu cluster ID...
I20260812 08:03:31.939496 18619 catalog_manager.cc:1295] Loaded cluster ID: ad52523dac3641508a050260736a0e23
I20260812 08:03:31.939544 18619 catalog_manager.cc:1531] Initializing Kudu internal certificate authority...
I20260812 08:03:31.940056 18619 catalog_manager.cc:1540] Loading token signing keys...
I20260812 08:03:31.940447 18619 catalog_manager.cc:6103] T 00000000000000000000000000000000 P 78687127beb8410ea7517e1265c72517: Loaded TSK: 0
I20260812 08:03:31.940663 18619 catalog_manager.cc:1550] Initializing in-progress tserver states...
I20260812 08:03:32.036537 18572 raft_consensus.cc:493] T 00000000000000000000000000000000 P 59ce06a479a14815b5c40f4da24db6b8 [term 21 FOLLOWER]: Starting leader election (no leader contacted us within the election timeout)
I20260812 08:03:32.036667 18572 raft_consensus.cc:3060] T 00000000000000000000000000000000 P 59ce06a479a14815b5c40f4da24db6b8 [term 21 FOLLOWER]: Advancing to term 22
I20260812 08:03:32.037799 18572 raft_consensus.cc:515] T 00000000000000000000000000000000 P 59ce06a479a14815b5c40f4da24db6b8 [term 22 FOLLOWER]: Starting leader election with config: opid_index: -1 OBSOLETE_local: false peers { permanent_uuid: "78687127beb8410ea7517e1265c72517" member_type: VOTER last_known_addr { host: "127.16.168.190" port: 41185 } } peers { permanent_uuid: "59ce06a479a14815b5c40f4da24db6b8" member_type: VOTER last_known_addr { host: "127.16.168.189" port: 40837 } } peers { permanent_uuid: "6e2bccad2628473bbbbc0bd36df177ce" member_type: VOTER last_known_addr { host: "127.16.168.188" port: 42985 } }
I20260812 08:03:32.038223 18572 leader_election.cc:290] T 00000000000000000000000000000000 P 59ce06a479a14815b5c40f4da24db6b8 [CANDIDATE]: Term 22 election: Requested vote from peers 78687127beb8410ea7517e1265c72517 (127.16.168.190:41185), 6e2bccad2628473bbbbc0bd36df177ce (127.16.168.188:42985)
I20260812 08:03:32.038463 18016 tablet_service.cc:1917] Received RequestConsensusVote() RPC: tablet_id: "00000000000000000000000000000000" candidate_uuid: "59ce06a479a14815b5c40f4da24db6b8" candidate_term: 22 candidate_status { last_received { term: 18 index: 15 } } ignore_live_leader: false dest_uuid: "78687127beb8410ea7517e1265c72517"
I20260812 08:03:32.038511 18248 tablet_service.cc:1917] Received RequestConsensusVote() RPC: tablet_id: "00000000000000000000000000000000" candidate_uuid: "59ce06a479a14815b5c40f4da24db6b8" candidate_term: 22 candidate_status { last_received { term: 18 index: 15 } } ignore_live_leader: false dest_uuid: "6e2bccad2628473bbbbc0bd36df177ce"
I20260812 08:03:32.038587 18248 raft_consensus.cc:3060] T 00000000000000000000000000000000 P 6e2bccad2628473bbbbc0bd36df177ce [term 21 FOLLOWER]: Advancing to term 22
I20260812 08:03:32.039333 18248 raft_consensus.cc:2410] T 00000000000000000000000000000000 P 6e2bccad2628473bbbbc0bd36df177ce [term 22 FOLLOWER]: Leader election vote request: Denying vote to candidate 59ce06a479a14815b5c40f4da24db6b8 for term 22 because replica has last-logged OpId of term: 20 index: 16, which is greater than that of the candidate, which has last-logged OpId of term: 18 index: 15.
I20260812 08:03:32.039665 18092 leader_election.cc:304] T 00000000000000000000000000000000 P 59ce06a479a14815b5c40f4da24db6b8 [CANDIDATE]: Term 22 election: Election decided. Result: candidate lost. Election summary: received 3 responses out of 3 voters: 1 yes votes; 2 no votes. yes voters: 59ce06a479a14815b5c40f4da24db6b8; no voters: 6e2bccad2628473bbbbc0bd36df177ce, 78687127beb8410ea7517e1265c72517
I20260812 08:03:32.039853 18572 raft_consensus.cc:2749] T 00000000000000000000000000000000 P 59ce06a479a14815b5c40f4da24db6b8 [term 22 FOLLOWER]: Leader election lost for term 22. Reason: could not achieve majority
I20260812 08:03:32.102581 18248 raft_consensus.cc:1240] T 00000000000000000000000000000000 P 6e2bccad2628473bbbbc0bd36df177ce [term 22 FOLLOWER]: Rejecting Update request from peer 78687127beb8410ea7517e1265c72517 for earlier term 21. Current term is 22. Ops: []
I20260812 08:03:32.102998 18611 consensus_queue.cc:1059] T 00000000000000000000000000000000 P 78687127beb8410ea7517e1265c72517 [LEADER]: Peer responded invalid term: Peer: permanent_uuid: "6e2bccad2628473bbbbc0bd36df177ce" member_type: VOTER last_known_addr { host: "127.16.168.188" port: 42985 }, Status: INVALID_TERM, Last received: 0.0, Next index: 17, Last known committed idx: 16, Time since last communication: 0.000s
I20260812 08:03:32.103277 18605 raft_consensus.cc:3055] T 00000000000000000000000000000000 P 78687127beb8410ea7517e1265c72517 [term 21 LEADER]: Stepping down as leader of term 21
I20260812 08:03:32.103344 18605 raft_consensus.cc:740] T 00000000000000000000000000000000 P 78687127beb8410ea7517e1265c72517 [term 21 LEADER]: Becoming Follower/Learner. State: Replica: 78687127beb8410ea7517e1265c72517, State: Running, Role: LEADER
I20260812 08:03:32.103475 18605 consensus_queue.cc:260] T 00000000000000000000000000000000 P 78687127beb8410ea7517e1265c72517 [NON_LEADER]: Queue going to NON_LEADER mode. State: All replicated index: 0, Majority replicated index: 16, Committed index: 16, Last appended: 21.17, Last appended by leader: 17, Current term: 21, Majority size: -1, State: 0, Mode: NON_LEADER, active raft config: opid_index: -1 OBSOLETE_local: false peers { permanent_uuid: "78687127beb8410ea7517e1265c72517" member_type: VOTER last_known_addr { host: "127.16.168.190" port: 41185 } } peers { permanent_uuid: "59ce06a479a14815b5c40f4da24db6b8" member_type: VOTER last_known_addr { host: "127.16.168.189" port: 40837 } } peers { permanent_uuid: "6e2bccad2628473bbbbc0bd36df177ce" member_type: VOTER last_known_addr { host: "127.16.168.188" port: 42985 } }
I20260812 08:03:32.103622 18605 raft_consensus.cc:3060] T 00000000000000000000000000000000 P 78687127beb8410ea7517e1265c72517 [term 21 FOLLOWER]: Advancing to term 22
I20260812 08:03:32.212069 18618 raft_consensus.cc:493] T 00000000000000000000000000000000 P 6e2bccad2628473bbbbc0bd36df177ce [term 22 FOLLOWER]: Starting leader election (no leader contacted us within the election timeout)
I20260812 08:03:32.212186 18618 raft_consensus.cc:3060] T 00000000000000000000000000000000 P 6e2bccad2628473bbbbc0bd36df177ce [term 22 FOLLOWER]: Advancing to term 23
I20260812 08:03:32.213057 18618 raft_consensus.cc:515] T 00000000000000000000000000000000 P 6e2bccad2628473bbbbc0bd36df177ce [term 23 FOLLOWER]: Starting leader election with config: opid_index: -1 OBSOLETE_local: false peers { permanent_uuid: "78687127beb8410ea7517e1265c72517" member_type: VOTER last_known_addr { host: "127.16.168.190" port: 41185 } } peers { permanent_uuid: "59ce06a479a14815b5c40f4da24db6b8" member_type: VOTER last_known_addr { host: "127.16.168.189" port: 40837 } } peers { permanent_uuid: "6e2bccad2628473bbbbc0bd36df177ce" member_type: VOTER last_known_addr { host: "127.16.168.188" port: 42985 } }
I20260812 08:03:32.213469 18618 leader_election.cc:290] T 00000000000000000000000000000000 P 6e2bccad2628473bbbbc0bd36df177ce [CANDIDATE]: Term 23 election: Requested vote from peers 78687127beb8410ea7517e1265c72517 (127.16.168.190:41185), 59ce06a479a14815b5c40f4da24db6b8 (127.16.168.189:40837)
I20260812 08:03:32.213754 18016 tablet_service.cc:1917] Received RequestConsensusVote() RPC: tablet_id: "00000000000000000000000000000000" candidate_uuid: "6e2bccad2628473bbbbc0bd36df177ce" candidate_term: 23 candidate_status { last_received { term: 20 index: 16 } } ignore_live_leader: false dest_uuid: "78687127beb8410ea7517e1265c72517"
I20260812 08:03:32.213863 18131 tablet_service.cc:1917] Received RequestConsensusVote() RPC: tablet_id: "00000000000000000000000000000000" candidate_uuid: "6e2bccad2628473bbbbc0bd36df177ce" candidate_term: 23 candidate_status { last_received { term: 20 index: 16 } } ignore_live_leader: false dest_uuid: "59ce06a479a14815b5c40f4da24db6b8"
I20260812 08:03:32.213989 18131 raft_consensus.cc:3060] T 00000000000000000000000000000000 P 59ce06a479a14815b5c40f4da24db6b8 [term 22 FOLLOWER]: Advancing to term 23
I20260812 08:03:32.213877 18016 raft_consensus.cc:3060] T 00000000000000000000000000000000 P 78687127beb8410ea7517e1265c72517 [term 22 FOLLOWER]: Advancing to term 23
I20260812 08:03:32.214857 18131 raft_consensus.cc:2468] T 00000000000000000000000000000000 P 59ce06a479a14815b5c40f4da24db6b8 [term 23 FOLLOWER]: Leader election vote request: Granting yes vote for candidate 6e2bccad2628473bbbbc0bd36df177ce in term 23.
I20260812 08:03:32.215003 18016 raft_consensus.cc:2410] T 00000000000000000000000000000000 P 78687127beb8410ea7517e1265c72517 [term 23 FOLLOWER]: Leader election vote request: Denying vote to candidate 6e2bccad2628473bbbbc0bd36df177ce for term 23 because replica has last-logged OpId of term: 21 index: 17, which is greater than that of the candidate, which has last-logged OpId of term: 20 index: 16.
I20260812 08:03:32.215168 18199 leader_election.cc:304] T 00000000000000000000000000000000 P 6e2bccad2628473bbbbc0bd36df177ce [CANDIDATE]: Term 23 election: Election decided. Result: candidate won. Election summary: received 2 responses out of 3 voters: 2 yes votes; 0 no votes. yes voters: 59ce06a479a14815b5c40f4da24db6b8, 6e2bccad2628473bbbbc0bd36df177ce; no voters: 
I20260812 08:03:32.215370 18618 raft_consensus.cc:2804] T 00000000000000000000000000000000 P 6e2bccad2628473bbbbc0bd36df177ce [term 23 FOLLOWER]: Leader election won for term 23
I20260812 08:03:32.215474 18618 raft_consensus.cc:697] T 00000000000000000000000000000000 P 6e2bccad2628473bbbbc0bd36df177ce [term 23 LEADER]: Becoming Leader. State: Replica: 6e2bccad2628473bbbbc0bd36df177ce, State: Running, Role: LEADER
I20260812 08:03:32.215626 18618 consensus_queue.cc:237] T 00000000000000000000000000000000 P 6e2bccad2628473bbbbc0bd36df177ce [LEADER]: Queue going to LEADER mode. State: All replicated index: 0, Majority replicated index: 16, Committed index: 16, Last appended: 20.16, Last appended by leader: 16, Current term: 23, Majority size: 2, State: 0, Mode: LEADER, active raft config: opid_index: -1 OBSOLETE_local: false peers { permanent_uuid: "78687127beb8410ea7517e1265c72517" member_type: VOTER last_known_addr { host: "127.16.168.190" port: 41185 } } peers { permanent_uuid: "59ce06a479a14815b5c40f4da24db6b8" member_type: VOTER last_known_addr { host: "127.16.168.189" port: 40837 } } peers { permanent_uuid: "6e2bccad2628473bbbbc0bd36df177ce" member_type: VOTER last_known_addr { host: "127.16.168.188" port: 42985 } }
I20260812 08:03:32.216125 18610 sys_catalog.cc:455] T 00000000000000000000000000000000 P 6e2bccad2628473bbbbc0bd36df177ce [sys.catalog]: SysCatalogTable state changed. Reason: New leader 6e2bccad2628473bbbbc0bd36df177ce. Latest consensus state: current_term: 23 leader_uuid: "6e2bccad2628473bbbbc0bd36df177ce" committed_config { opid_index: -1 OBSOLETE_local: false peers { permanent_uuid: "78687127beb8410ea7517e1265c72517" member_type: VOTER last_known_addr { host: "127.16.168.190" port: 41185 } } peers { permanent_uuid: "59ce06a479a14815b5c40f4da24db6b8" member_type: VOTER last_known_addr { host: "127.16.168.189" port: 40837 } } peers { permanent_uuid: "6e2bccad2628473bbbbc0bd36df177ce" member_type: VOTER last_known_addr { host: "127.16.168.188" port: 42985 } } }
I20260812 08:03:32.216223 18610 sys_catalog.cc:458] T 00000000000000000000000000000000 P 6e2bccad2628473bbbbc0bd36df177ce [sys.catalog]: This master's current role is: LEADER
I20260812 08:03:32.216377 18613 catalog_manager.cc:1511] Loading table and tablet metadata into memory...
I20260812 08:03:32.217123 18613 catalog_manager.cc:679] Loaded metadata for table test-table [id=4dd0a40cca0946dc866fb201127cff6b]
I20260812 08:03:32.217682 18613 tablet_loader.cc:96] loaded metadata for tablet f5a1c542f20344989cd2ea04519a43e8 (table test-table [id=4dd0a40cca0946dc866fb201127cff6b])
I20260812 08:03:32.217816 18613 catalog_manager.cc:1520] Initializing Kudu cluster ID...
I20260812 08:03:32.218191 18613 catalog_manager.cc:1295] Loaded cluster ID: ad52523dac3641508a050260736a0e23
I20260812 08:03:32.218236 18613 catalog_manager.cc:1531] Initializing Kudu internal certificate authority...
I20260812 08:03:32.218736 18613 catalog_manager.cc:1540] Loading token signing keys...
I20260812 08:03:32.219102 18613 catalog_manager.cc:6103] T 00000000000000000000000000000000 P 6e2bccad2628473bbbbc0bd36df177ce: Loaded TSK: 0
I20260812 08:03:32.219305 18613 catalog_manager.cc:1550] Initializing in-progress tserver states...
I20260812 08:03:32.287002 18605 raft_consensus.cc:493] T 00000000000000000000000000000000 P 78687127beb8410ea7517e1265c72517 [term 23 FOLLOWER]: Starting leader election (no leader contacted us within the election timeout)
I20260812 08:03:32.287114 18605 raft_consensus.cc:3060] T 00000000000000000000000000000000 P 78687127beb8410ea7517e1265c72517 [term 23 FOLLOWER]: Advancing to term 24
I20260812 08:03:32.288102 18605 raft_consensus.cc:515] T 00000000000000000000000000000000 P 78687127beb8410ea7517e1265c72517 [term 24 FOLLOWER]: Starting leader election with config: opid_index: -1 OBSOLETE_local: false peers { permanent_uuid: "78687127beb8410ea7517e1265c72517" member_type: VOTER last_known_addr { host: "127.16.168.190" port: 41185 } } peers { permanent_uuid: "59ce06a479a14815b5c40f4da24db6b8" member_type: VOTER last_known_addr { host: "127.16.168.189" port: 40837 } } peers { permanent_uuid: "6e2bccad2628473bbbbc0bd36df177ce" member_type: VOTER last_known_addr { host: "127.16.168.188" port: 42985 } }
I20260812 08:03:32.288522 18605 leader_election.cc:290] T 00000000000000000000000000000000 P 78687127beb8410ea7517e1265c72517 [CANDIDATE]: Term 24 election: Requested vote from peers 59ce06a479a14815b5c40f4da24db6b8 (127.16.168.189:40837), 6e2bccad2628473bbbbc0bd36df177ce (127.16.168.188:42985)
I20260812 08:03:32.288782 18248 tablet_service.cc:1917] Received RequestConsensusVote() RPC: tablet_id: "00000000000000000000000000000000" candidate_uuid: "78687127beb8410ea7517e1265c72517" candidate_term: 24 candidate_status { last_received { term: 21 index: 17 } } ignore_live_leader: false dest_uuid: "6e2bccad2628473bbbbc0bd36df177ce"
I20260812 08:03:32.288793 18131 tablet_service.cc:1917] Received RequestConsensusVote() RPC: tablet_id: "00000000000000000000000000000000" candidate_uuid: "78687127beb8410ea7517e1265c72517" candidate_term: 24 candidate_status { last_received { term: 21 index: 17 } } ignore_live_leader: false dest_uuid: "59ce06a479a14815b5c40f4da24db6b8"
I20260812 08:03:32.288949 18131 raft_consensus.cc:3060] T 00000000000000000000000000000000 P 59ce06a479a14815b5c40f4da24db6b8 [term 23 FOLLOWER]: Advancing to term 24
I20260812 08:03:32.289749 18131 raft_consensus.cc:2468] T 00000000000000000000000000000000 P 59ce06a479a14815b5c40f4da24db6b8 [term 24 FOLLOWER]: Leader election vote request: Granting yes vote for candidate 78687127beb8410ea7517e1265c72517 in term 24.
I20260812 08:03:32.290045 17983 leader_election.cc:304] T 00000000000000000000000000000000 P 78687127beb8410ea7517e1265c72517 [CANDIDATE]: Term 24 election: Election decided. Result: candidate won. Election summary: received 3 responses out of 3 voters: 2 yes votes; 1 no votes. yes voters: 59ce06a479a14815b5c40f4da24db6b8, 78687127beb8410ea7517e1265c72517; no voters: 6e2bccad2628473bbbbc0bd36df177ce
I20260812 08:03:32.290236 18605 raft_consensus.cc:2804] T 00000000000000000000000000000000 P 78687127beb8410ea7517e1265c72517 [term 24 FOLLOWER]: Leader election won for term 24
I20260812 08:03:32.290336 18605 raft_consensus.cc:697] T 00000000000000000000000000000000 P 78687127beb8410ea7517e1265c72517 [term 24 LEADER]: Becoming Leader. State: Replica: 78687127beb8410ea7517e1265c72517, State: Running, Role: LEADER
I20260812 08:03:32.290462 18605 consensus_queue.cc:237] T 00000000000000000000000000000000 P 78687127beb8410ea7517e1265c72517 [LEADER]: Queue going to LEADER mode. State: All replicated index: 0, Majority replicated index: 16, Committed index: 16, Last appended: 21.17, Last appended by leader: 17, Current term: 24, Majority size: 2, State: 0, Mode: LEADER, active raft config: opid_index: -1 OBSOLETE_local: false peers { permanent_uuid: "78687127beb8410ea7517e1265c72517" member_type: VOTER last_known_addr { host: "127.16.168.190" port: 41185 } } peers { permanent_uuid: "59ce06a479a14815b5c40f4da24db6b8" member_type: VOTER last_known_addr { host: "127.16.168.189" port: 40837 } } peers { permanent_uuid: "6e2bccad2628473bbbbc0bd36df177ce" member_type: VOTER last_known_addr { host: "127.16.168.188" port: 42985 } }
I20260812 08:03:32.290946 18605 sys_catalog.cc:455] T 00000000000000000000000000000000 P 78687127beb8410ea7517e1265c72517 [sys.catalog]: SysCatalogTable state changed. Reason: New leader 78687127beb8410ea7517e1265c72517. Latest consensus state: current_term: 24 leader_uuid: "78687127beb8410ea7517e1265c72517" committed_config { opid_index: -1 OBSOLETE_local: false peers { permanent_uuid: "78687127beb8410ea7517e1265c72517" member_type: VOTER last_known_addr { host: "127.16.168.190" port: 41185 } } peers { permanent_uuid: "59ce06a479a14815b5c40f4da24db6b8" member_type: VOTER last_known_addr { host: "127.16.168.189" port: 40837 } } peers { permanent_uuid: "6e2bccad2628473bbbbc0bd36df177ce" member_type: VOTER last_known_addr { host: "127.16.168.188" port: 42985 } } }
I20260812 08:03:32.291028 18605 sys_catalog.cc:458] T 00000000000000000000000000000000 P 78687127beb8410ea7517e1265c72517 [sys.catalog]: This master's current role is: LEADER
I20260812 08:03:32.291160 18619 catalog_manager.cc:1511] Loading table and tablet metadata into memory...
I20260812 08:03:32.291858 18619 catalog_manager.cc:679] Loaded metadata for table test-table [id=4dd0a40cca0946dc866fb201127cff6b]
I20260812 08:03:32.292423 18619 tablet_loader.cc:96] loaded metadata for tablet f5a1c542f20344989cd2ea04519a43e8 (table test-table [id=4dd0a40cca0946dc866fb201127cff6b])
I20260812 08:03:32.292551 18619 catalog_manager.cc:1520] Initializing Kudu cluster ID...
I20260812 08:03:32.292979 18619 catalog_manager.cc:1295] Loaded cluster ID: ad52523dac3641508a050260736a0e23
I20260812 08:03:32.293028 18619 catalog_manager.cc:1531] Initializing Kudu internal certificate authority...
I20260812 08:03:32.293637 18619 catalog_manager.cc:1540] Loading token signing keys...
I20260812 08:03:32.294094 18619 catalog_manager.cc:6103] T 00000000000000000000000000000000 P 78687127beb8410ea7517e1265c72517: Loaded TSK: 0
I20260812 08:03:32.294303 18619 catalog_manager.cc:1550] Initializing in-progress tserver states...
I20260812 08:03:32.377537 18016 raft_consensus.cc:1240] T 00000000000000000000000000000000 P 78687127beb8410ea7517e1265c72517 [term 24 LEADER]: Rejecting Update request from peer 6e2bccad2628473bbbbc0bd36df177ce for earlier term 23. Current term is 24. Ops: []
I20260812 08:03:32.377954 18610 consensus_queue.cc:1059] T 00000000000000000000000000000000 P 6e2bccad2628473bbbbc0bd36df177ce [LEADER]: Peer responded invalid term: Peer: permanent_uuid: "78687127beb8410ea7517e1265c72517" member_type: VOTER last_known_addr { host: "127.16.168.190" port: 41185 }, Status: INVALID_TERM, Last received: 0.0, Next index: 17, Last known committed idx: 16, Time since last communication: 0.000s
I20260812 08:03:32.378130 18610 consensus_queue.cc:1243] T 00000000000000000000000000000000 P 6e2bccad2628473bbbbc0bd36df177ce [LEADER]: Peer 78687127beb8410ea7517e1265c72517 log is divergent from this leader: its last log entry 24.18 is not in this leader's log and it has not received anything from this leader yet. Falling back to committed index 16
I20260812 08:03:32.394253 18618 raft_consensus.cc:3055] T 00000000000000000000000000000000 P 6e2bccad2628473bbbbc0bd36df177ce [term 23 LEADER]: Stepping down as leader of term 23
I20260812 08:03:32.394337 18618 raft_consensus.cc:740] T 00000000000000000000000000000000 P 6e2bccad2628473bbbbc0bd36df177ce [term 23 LEADER]: Becoming Follower/Learner. State: Replica: 6e2bccad2628473bbbbc0bd36df177ce, State: Running, Role: LEADER
I20260812 08:03:32.394495 18618 consensus_queue.cc:260] T 00000000000000000000000000000000 P 6e2bccad2628473bbbbc0bd36df177ce [NON_LEADER]: Queue going to NON_LEADER mode. State: All replicated index: 0, Majority replicated index: 16, Committed index: 16, Last appended: 23.17, Last appended by leader: 17, Current term: 23, Majority size: -1, State: 0, Mode: NON_LEADER, active raft config: opid_index: -1 OBSOLETE_local: false peers { permanent_uuid: "78687127beb8410ea7517e1265c72517" member_type: VOTER last_known_addr { host: "127.16.168.190" port: 41185 } } peers { permanent_uuid: "59ce06a479a14815b5c40f4da24db6b8" member_type: VOTER last_known_addr { host: "127.16.168.189" port: 40837 } } peers { permanent_uuid: "6e2bccad2628473bbbbc0bd36df177ce" member_type: VOTER last_known_addr { host: "127.16.168.188" port: 42985 } }
I20260812 08:03:32.394695 18618 raft_consensus.cc:3060] T 00000000000000000000000000000000 P 6e2bccad2628473bbbbc0bd36df177ce [term 23 FOLLOWER]: Advancing to term 24
I20260812 08:03:32.483808 18248 raft_consensus.cc:1275] T 00000000000000000000000000000000 P 6e2bccad2628473bbbbc0bd36df177ce [term 24 FOLLOWER]: Refusing update from remote peer 78687127beb8410ea7517e1265c72517: Log matching property violated. Preceding OpId in replica: term: 23 index: 17. Preceding OpId from leader: term: 24 index: 18. (index mismatch)
I20260812 08:03:32.484189 18611 consensus_queue.cc:1048] T 00000000000000000000000000000000 P 78687127beb8410ea7517e1265c72517 [LEADER]: Connected to new peer: Peer: permanent_uuid: "6e2bccad2628473bbbbc0bd36df177ce" member_type: VOTER last_known_addr { host: "127.16.168.188" port: 42985 }, Status: LMP_MISMATCH, Last received: 0.0, Next index: 18, Last known committed idx: 16, Time since last communication: 0.000s
I20260812 08:03:32.484323 18611 consensus_queue.cc:1243] T 00000000000000000000000000000000 P 78687127beb8410ea7517e1265c72517 [LEADER]: Peer 6e2bccad2628473bbbbc0bd36df177ce log is divergent from this leader: its last log entry 23.17 is not in this leader's log and it has not received anything from this leader yet. Falling back to committed index 16
I20260812 08:03:32.484803 18248 pending_rounds.cc:85] T 00000000000000000000000000000000 P 6e2bccad2628473bbbbc0bd36df177ce: Aborting all ops after (but not including) 16
I20260812 08:03:32.484850 18248 pending_rounds.cc:107] T 00000000000000000000000000000000 P 6e2bccad2628473bbbbc0bd36df177ce: Aborting uncommitted NO_OP operation due to leader change: 23.17
I20260812 08:03:32.484881 18248 raft_consensus.cc:2889] T 00000000000000000000000000000000 P 6e2bccad2628473bbbbc0bd36df177ce [term 24 FOLLOWER]: NO_OP replication failed: Aborted: Op aborted by new leader
I20260812 08:03:32.485278 18618 sys_catalog.cc:455] T 00000000000000000000000000000000 P 6e2bccad2628473bbbbc0bd36df177ce [sys.catalog]: SysCatalogTable state changed. Reason: New leader 78687127beb8410ea7517e1265c72517. Latest consensus state: current_term: 24 leader_uuid: "78687127beb8410ea7517e1265c72517" committed_config { opid_index: -1 OBSOLETE_local: false peers { permanent_uuid: "78687127beb8410ea7517e1265c72517" member_type: VOTER last_known_addr { host: "127.16.168.190" port: 41185 } } peers { permanent_uuid: "59ce06a479a14815b5c40f4da24db6b8" member_type: VOTER last_known_addr { host: "127.16.168.189" port: 40837 } } peers { permanent_uuid: "6e2bccad2628473bbbbc0bd36df177ce" member_type: VOTER last_known_addr { host: "127.16.168.188" port: 42985 } } }
I20260812 08:03:32.485395 18618 sys_catalog.cc:458] T 00000000000000000000000000000000 P 6e2bccad2628473bbbbc0bd36df177ce [sys.catalog]: This master's current role is: FOLLOWER
I20260812 08:03:32.486560 18610 sys_catalog.cc:455] T 00000000000000000000000000000000 P 6e2bccad2628473bbbbc0bd36df177ce [sys.catalog]: SysCatalogTable state changed. Reason: Replicated consensus-only round. Latest consensus state: current_term: 24 leader_uuid: "78687127beb8410ea7517e1265c72517" committed_config { opid_index: -1 OBSOLETE_local: false peers { permanent_uuid: "78687127beb8410ea7517e1265c72517" member_type: VOTER last_known_addr { host: "127.16.168.190" port: 41185 } } peers { permanent_uuid: "59ce06a479a14815b5c40f4da24db6b8" member_type: VOTER last_known_addr { host: "127.16.168.189" port: 40837 } } peers { permanent_uuid: "6e2bccad2628473bbbbc0bd36df177ce" member_type: VOTER last_known_addr { host: "127.16.168.188" port: 42985 } } }
I20260812 08:03:32.486649 18618 sys_catalog.cc:455] T 00000000000000000000000000000000 P 6e2bccad2628473bbbbc0bd36df177ce [sys.catalog]: SysCatalogTable state changed. Reason: Replicated consensus-only round. Latest consensus state: current_term: 24 leader_uuid: "78687127beb8410ea7517e1265c72517" committed_config { opid_index: -1 OBSOLETE_local: false peers { permanent_uuid: "78687127beb8410ea7517e1265c72517" member_type: VOTER last_known_addr { host: "127.16.168.190" port: 41185 } } peers { permanent_uuid: "59ce06a479a14815b5c40f4da24db6b8" member_type: VOTER last_known_addr { host: "127.16.168.189" port: 40837 } } peers { permanent_uuid: "6e2bccad2628473bbbbc0bd36df177ce" member_type: VOTER last_known_addr { host: "127.16.168.188" port: 42985 } } }
I20260812 08:03:32.486778 18618 sys_catalog.cc:458] T 00000000000000000000000000000000 P 6e2bccad2628473bbbbc0bd36df177ce [sys.catalog]: This master's current role is: FOLLOWER
I20260812 08:03:32.486665 18610 sys_catalog.cc:458] T 00000000000000000000000000000000 P 6e2bccad2628473bbbbc0bd36df177ce [sys.catalog]: This master's current role is: FOLLOWER
I20260812 08:03:32.523983 18131 raft_consensus.cc:1275] T 00000000000000000000000000000000 P 59ce06a479a14815b5c40f4da24db6b8 [term 24 FOLLOWER]: Refusing update from remote peer 78687127beb8410ea7517e1265c72517: Log matching property violated. Preceding OpId in replica: term: 18 index: 15. Preceding OpId from leader: term: 24 index: 18. (index mismatch)
I20260812 08:03:32.524413 18611 consensus_queue.cc:1048] T 00000000000000000000000000000000 P 78687127beb8410ea7517e1265c72517 [LEADER]: Connected to new peer: Peer: permanent_uuid: "59ce06a479a14815b5c40f4da24db6b8" member_type: VOTER last_known_addr { host: "127.16.168.189" port: 40837 }, Status: LMP_MISMATCH, Last received: 0.0, Next index: 18, Last known committed idx: 15, Time since last communication: 0.000s
I20260812 08:03:32.526046 18572 sys_catalog.cc:455] T 00000000000000000000000000000000 P 59ce06a479a14815b5c40f4da24db6b8 [sys.catalog]: SysCatalogTable state changed. Reason: New leader 78687127beb8410ea7517e1265c72517. Latest consensus state: current_term: 24 leader_uuid: "78687127beb8410ea7517e1265c72517" committed_config { opid_index: -1 OBSOLETE_local: false peers { permanent_uuid: "78687127beb8410ea7517e1265c72517" member_type: VOTER last_known_addr { host: "127.16.168.190" port: 41185 } } peers { permanent_uuid: "59ce06a479a14815b5c40f4da24db6b8" member_type: VOTER last_known_addr { host: "127.16.168.189" port: 40837 } } peers { permanent_uuid: "6e2bccad2628473bbbbc0bd36df177ce" member_type: VOTER last_known_addr { host: "127.16.168.188" port: 42985 } } }
I20260812 08:03:32.526093 18627 sys_catalog.cc:455] T 00000000000000000000000000000000 P 59ce06a479a14815b5c40f4da24db6b8 [sys.catalog]: SysCatalogTable state changed. Reason: Replicated consensus-only round. Latest consensus state: current_term: 24 leader_uuid: "78687127beb8410ea7517e1265c72517" committed_config { opid_index: -1 OBSOLETE_local: false peers { permanent_uuid: "78687127beb8410ea7517e1265c72517" member_type: VOTER last_known_addr { host: "127.16.168.190" port: 41185 } } peers { permanent_uuid: "59ce06a479a14815b5c40f4da24db6b8" member_type: VOTER last_known_addr { host: "127.16.168.189" port: 40837 } } peers { permanent_uuid: "6e2bccad2628473bbbbc0bd36df177ce" member_type: VOTER last_known_addr { host: "127.16.168.188" port: 42985 } } }
