W20260812 08:03:43.308254 13756 instance_detector.cc:116] could not retrieve AWS instance metadata: Network error: curl error: HTTP response code said error: The requested URL returned error: 404
W20260812 08:03:43.308295 13757 instance_detector.cc:116] could not retrieve Azure instance metadata: Network error: curl error: HTTP response code said error: The requested URL returned error: 404
W20260812 08:03:43.308339 13759 instance_detector.cc:116] could not retrieve OpenStack instance metadata: Network error: curl error: HTTP response code said error: The requested URL returned error: 404
I20260812 08:03:43.308444  4046 server_base.cc:1061] running on GCE node
I20260812 08:03:43.308697  4046 hybrid_clock.cc:584] initializing the hybrid clock with 'system_unsync' time source
W20260812 08:03:43.308738  4046 system_unsync_time.cc:38] NTP support is disabled. Clock error bounds will not be accurate. This configuration is not suitable for distributed clusters.
I20260812 08:03:43.308758  4046 hybrid_clock.cc:648] HybridClock initialized: now 1786521823308758 us; error 0 us; skew 500 ppm
I20260812 08:03:43.309713  4046 webserver.cc:533] Webserver started at http://127.3.243.129:37945/ using document root <none> and password file <none>
I20260812 08:03:43.309870  4046 fs_manager.cc:362] Metadata directory not provided
I20260812 08:03:43.309918  4046 fs_manager.cc:368] Using write-ahead log directory (fs_wal_dir) as metadata directory
I20260812 08:03:43.309998  4046 server_base.cc:909] This appears to be a new deployment of Kudu; creating new FS layout
I20260812 08:03:43.310454  4046 fs_manager.cc:1068] Generated new instance metadata in path /tmp/dist-test-taskcOJ6CH/test-tmp/client-test.3.KeepAlivePeriodically_KeepAlivePeriodicallyTest.TestStopKeepAlivePeriodically_1.1786521811522831-4046-0/minicluster-data/ts-0-root/instance:
uuid: "0a4ab42f73c045b19065ce9799d42adc"
format_stamp: "Formatted at 2026-08-12 08:03:43 on dist-test-slave-5bn2"
I20260812 08:03:43.311952  4046 fs_manager.cc:696] Time spent creating directory manager: real 0.001s	user 0.000s	sys 0.002s
I20260812 08:03:43.312816 13765 log_block_manager.cc:4127] Time spent loading block containers with low live blocks: real 0.000s	user 0.000s	sys 0.000s
I20260812 08:03:43.313011  4046 fs_manager.cc:730] Time spent opening block manager: real 0.001s	user 0.000s	sys 0.001s
I20260812 08:03:43.313078  4046 fs_manager.cc:647] Opened local filesystem: /tmp/dist-test-taskcOJ6CH/test-tmp/client-test.3.KeepAlivePeriodically_KeepAlivePeriodicallyTest.TestStopKeepAlivePeriodically_1.1786521811522831-4046-0/minicluster-data/ts-0-root
uuid: "0a4ab42f73c045b19065ce9799d42adc"
format_stamp: "Formatted at 2026-08-12 08:03:43 on dist-test-slave-5bn2"
I20260812 08:03:43.313145  4046 fs_report.cc:389] FS layout report
--------------------
wal directory: /tmp/dist-test-taskcOJ6CH/test-tmp/client-test.3.KeepAlivePeriodically_KeepAlivePeriodicallyTest.TestStopKeepAlivePeriodically_1.1786521811522831-4046-0/minicluster-data/ts-0-root
metadata directory: /tmp/dist-test-taskcOJ6CH/test-tmp/client-test.3.KeepAlivePeriodically_KeepAlivePeriodicallyTest.TestStopKeepAlivePeriodically_1.1786521811522831-4046-0/minicluster-data/ts-0-root
1 data directories: /tmp/dist-test-taskcOJ6CH/test-tmp/client-test.3.KeepAlivePeriodically_KeepAlivePeriodicallyTest.TestStopKeepAlivePeriodically_1.1786521811522831-4046-0/minicluster-data/ts-0-root/data
Total live blocks: 0
Total live bytes: 0
Total live bytes (after alignment): 0
Total number of LBM containers: 0 (0 full)
Did not check for missing blocks
Did not check for orphaned blocks
Total full LBM containers with extra space: 0 (0 repaired)
Total full LBM container extra space in bytes: 0 (0 repaired)
Total incomplete LBM containers: 0 (0 repaired)
Total LBM partial records: 0 (0 repaired)
Total corrupted LBM metadata records in RocksDB: 0 (0 repaired)
I20260812 08:03:43.340138  4046 rpc_server.cc:225] running with OpenSSL 1.1.1  11 Sep 2018
I20260812 08:03:43.340554  4046 kserver.cc:163] Server-wide thread pool size limit: 3276
I20260812 08:03:43.341369  4046 ts_tablet_manager.cc:585] Loaded tablet metadata (0 total tablets, 0 live tablets)
I20260812 08:03:43.341430  4046 ts_tablet_manager.cc:531] Time spent load tablet metadata: real 0.000s	user 0.000s	sys 0.000s
I20260812 08:03:43.341476  4046 ts_tablet_manager.cc:616] Registered 0 tablets
I20260812 08:03:43.341512  4046 ts_tablet_manager.cc:595] Time spent register tablets: real 0.000s	user 0.000s	sys 0.000s
I20260812 08:03:43.346591  4046 rpc_server.cc:307] RPC server started. Bound to: 127.3.243.129:33795
I20260812 08:03:43.346607 13879 acceptor_pool.cc:272] collecting diagnostics on the listening RPC socket 127.3.243.129:33795 every 8 connection(s)
I20260812 08:03:43.347630 13881 heartbeater.cc:344] Connected to a master server at 127.3.243.190:37131
I20260812 08:03:43.347725 13881 heartbeater.cc:461] Registering TS with master...
I20260812 08:03:43.347927 13881 heartbeater.cc:507] Master 127.3.243.190:37131 requested a full tablet report, sending...
I20260812 08:03:43.348505 13636 ts_manager.cc:194] Registered new tserver with Master: 0a4ab42f73c045b19065ce9799d42adc (127.3.243.129:33795)
I20260812 08:03:43.349282 13636 master_service.cc:502] Signed X509 certificate for tserver {username='slave'} at 127.0.0.1:46056
I20260812 08:03:43.349426  4046 internal_mini_cluster.cc:371] 1 TS(s) registered with all masters after 0.002238388s
I20260812 08:03:43.355459 13636 catalog_manager.cc:2283] Servicing CreateTable request from {username='slave'} at 127.0.0.1:46078:
name: "client-testtb"
schema {
  columns {
    name: "key"
    type: INT32
    is_key: true
    is_nullable: false
    encoding: AUTO_ENCODING
    compression: DEFAULT_COMPRESSION
    cfile_block_size: 0
    immutable: false
  }
  columns {
    name: "int_val"
    type: INT32
    is_key: false
    is_nullable: false
    encoding: AUTO_ENCODING
    compression: DEFAULT_COMPRESSION
    cfile_block_size: 0
    immutable: false
  }
  columns {
    name: "string_val"
    type: STRING
    is_key: false
    is_nullable: true
    encoding: AUTO_ENCODING
    compression: DEFAULT_COMPRESSION
    cfile_block_size: 0
    immutable: false
  }
  columns {
    name: "non_null_with_default"
    type: INT32
    is_key: false
    is_nullable: false
    read_default_value: "90\000\000"
    encoding: AUTO_ENCODING
    compression: DEFAULT_COMPRESSION
    cfile_block_size: 0
    immutable: false
  }
}
num_replicas: 1
split_rows_range_bounds {
  rows: "\004\001\000\t\000\000\000""\004\001\000\t\000\000\000"
  indirect_data: """"
}
partition_schema {
  range_schema {
    columns {
      name: "key"
    }
  }
}
I20260812 08:03:43.360198 13881 heartbeater.cc:499] Master 127.3.243.190:37131 was elected leader, sending a full tablet report...
I20260812 08:03:43.363691 13824 tablet_service.cc:1511] Processing CreateTablet for tablet 9ff2c57b2f82401bbd4e7e5dd9a08c6d (DEFAULT_TABLE table=client-testtb [id=6f10a0cff2574ebf9ecec5593e171b15]), partition=RANGE (key) PARTITION VALUES < 9
I20260812 08:03:43.363732 13822 tablet_service.cc:1511] Processing CreateTablet for tablet b0cef3bcf8b44b7e88aa6e32d5a89aa3 (DEFAULT_TABLE table=client-testtb [id=6f10a0cff2574ebf9ecec5593e171b15]), partition=RANGE (key) PARTITION 9 <= VALUES
I20260812 08:03:43.363974 13824 data_dirs.cc:400] Could only allocate 1 dirs of requested 3 for tablet 9ff2c57b2f82401bbd4e7e5dd9a08c6d. 1 dirs total, 0 dirs full, 0 dirs failed
I20260812 08:03:43.364143 13822 data_dirs.cc:400] Could only allocate 1 dirs of requested 3 for tablet b0cef3bcf8b44b7e88aa6e32d5a89aa3. 1 dirs total, 0 dirs full, 0 dirs failed
I20260812 08:03:43.366044 13897 tablet_bootstrap.cc:492] T 9ff2c57b2f82401bbd4e7e5dd9a08c6d P 0a4ab42f73c045b19065ce9799d42adc: Bootstrap starting.
I20260812 08:03:43.366773 13897 tablet_bootstrap.cc:654] T 9ff2c57b2f82401bbd4e7e5dd9a08c6d P 0a4ab42f73c045b19065ce9799d42adc: Neither blocks nor log segments found. Creating new log.
I20260812 08:03:43.367681 13897 tablet_bootstrap.cc:492] T 9ff2c57b2f82401bbd4e7e5dd9a08c6d P 0a4ab42f73c045b19065ce9799d42adc: No bootstrap required, opened a new log
I20260812 08:03:43.367756 13897 ts_tablet_manager.cc:1403] T 9ff2c57b2f82401bbd4e7e5dd9a08c6d P 0a4ab42f73c045b19065ce9799d42adc: Time spent bootstrapping tablet: real 0.002s	user 0.001s	sys 0.000s
I20260812 08:03:43.368119 13897 raft_consensus.cc:359] T 9ff2c57b2f82401bbd4e7e5dd9a08c6d P 0a4ab42f73c045b19065ce9799d42adc [term 0 FOLLOWER]: Replica starting. Triggering 0 pending ops. Active config: opid_index: -1 OBSOLETE_local: true peers { permanent_uuid: "0a4ab42f73c045b19065ce9799d42adc" member_type: VOTER last_known_addr { host: "127.3.243.129" port: 33795 } }
I20260812 08:03:43.368206 13897 raft_consensus.cc:385] T 9ff2c57b2f82401bbd4e7e5dd9a08c6d P 0a4ab42f73c045b19065ce9799d42adc [term 0 FOLLOWER]: Consensus starting up: Expiring failure detector timer to make a prompt election more likely
I20260812 08:03:43.368234 13897 raft_consensus.cc:740] T 9ff2c57b2f82401bbd4e7e5dd9a08c6d P 0a4ab42f73c045b19065ce9799d42adc [term 0 FOLLOWER]: Becoming Follower/Learner. State: Replica: 0a4ab42f73c045b19065ce9799d42adc, State: Initialized, Role: FOLLOWER
I20260812 08:03:43.368362 13897 consensus_queue.cc:260] T 9ff2c57b2f82401bbd4e7e5dd9a08c6d P 0a4ab42f73c045b19065ce9799d42adc [NON_LEADER]: Queue going to NON_LEADER mode. State: All replicated index: 0, Majority replicated index: 0, Committed index: 0, Last appended: 0.0, Last appended by leader: 0, Current term: 0, Majority size: -1, State: 0, Mode: NON_LEADER, active raft config: opid_index: -1 OBSOLETE_local: true peers { permanent_uuid: "0a4ab42f73c045b19065ce9799d42adc" member_type: VOTER last_known_addr { host: "127.3.243.129" port: 33795 } }
I20260812 08:03:43.368436 13897 raft_consensus.cc:399] T 9ff2c57b2f82401bbd4e7e5dd9a08c6d P 0a4ab42f73c045b19065ce9799d42adc [term 0 FOLLOWER]: Only one voter in the Raft config. Triggering election immediately
I20260812 08:03:43.368482 13897 raft_consensus.cc:493] T 9ff2c57b2f82401bbd4e7e5dd9a08c6d P 0a4ab42f73c045b19065ce9799d42adc [term 0 FOLLOWER]: Starting leader election (initial election of a single-replica configuration)
I20260812 08:03:43.368532 13897 raft_consensus.cc:3060] T 9ff2c57b2f82401bbd4e7e5dd9a08c6d P 0a4ab42f73c045b19065ce9799d42adc [term 0 FOLLOWER]: Advancing to term 1
I20260812 08:03:43.369200 13897 raft_consensus.cc:515] T 9ff2c57b2f82401bbd4e7e5dd9a08c6d P 0a4ab42f73c045b19065ce9799d42adc [term 1 FOLLOWER]: Starting leader election with config: opid_index: -1 OBSOLETE_local: true peers { permanent_uuid: "0a4ab42f73c045b19065ce9799d42adc" member_type: VOTER last_known_addr { host: "127.3.243.129" port: 33795 } }
I20260812 08:03:43.369316 13897 leader_election.cc:304] T 9ff2c57b2f82401bbd4e7e5dd9a08c6d P 0a4ab42f73c045b19065ce9799d42adc [CANDIDATE]: Term 1 election: Election decided. Result: candidate won. Election summary: received 1 responses out of 1 voters: 1 yes votes; 0 no votes. yes voters: 0a4ab42f73c045b19065ce9799d42adc; no voters: 
I20260812 08:03:43.369516 13897 leader_election.cc:290] T 9ff2c57b2f82401bbd4e7e5dd9a08c6d P 0a4ab42f73c045b19065ce9799d42adc [CANDIDATE]: Term 1 election: Requested vote from peers 
I20260812 08:03:43.369606 13902 raft_consensus.cc:2804] T 9ff2c57b2f82401bbd4e7e5dd9a08c6d P 0a4ab42f73c045b19065ce9799d42adc [term 1 FOLLOWER]: Leader election won for term 1
I20260812 08:03:43.369809 13897 ts_tablet_manager.cc:1434] T 9ff2c57b2f82401bbd4e7e5dd9a08c6d P 0a4ab42f73c045b19065ce9799d42adc: Time spent starting tablet: real 0.002s	user 0.002s	sys 0.000s
I20260812 08:03:43.369807 13902 raft_consensus.cc:697] T 9ff2c57b2f82401bbd4e7e5dd9a08c6d P 0a4ab42f73c045b19065ce9799d42adc [term 1 LEADER]: Becoming Leader. State: Replica: 0a4ab42f73c045b19065ce9799d42adc, State: Running, Role: LEADER
I20260812 08:03:43.370007 13897 tablet_bootstrap.cc:492] T b0cef3bcf8b44b7e88aa6e32d5a89aa3 P 0a4ab42f73c045b19065ce9799d42adc: Bootstrap starting.
I20260812 08:03:43.370031 13902 consensus_queue.cc:237] T 9ff2c57b2f82401bbd4e7e5dd9a08c6d P 0a4ab42f73c045b19065ce9799d42adc [LEADER]: Queue going to LEADER mode. State: All replicated index: 0, Majority replicated index: 0, Committed index: 0, Last appended: 0.0, Last appended by leader: 0, Current term: 1, Majority size: 1, State: 0, Mode: LEADER, active raft config: opid_index: -1 OBSOLETE_local: true peers { permanent_uuid: "0a4ab42f73c045b19065ce9799d42adc" member_type: VOTER last_known_addr { host: "127.3.243.129" port: 33795 } }
I20260812 08:03:43.370800 13897 tablet_bootstrap.cc:654] T b0cef3bcf8b44b7e88aa6e32d5a89aa3 P 0a4ab42f73c045b19065ce9799d42adc: Neither blocks nor log segments found. Creating new log.
I20260812 08:03:43.371177 13636 catalog_manager.cc:5719] T 9ff2c57b2f82401bbd4e7e5dd9a08c6d P 0a4ab42f73c045b19065ce9799d42adc reported cstate change: term changed from 0 to 1, leader changed from <none> to 0a4ab42f73c045b19065ce9799d42adc (127.3.243.129). New cstate: current_term: 1 leader_uuid: "0a4ab42f73c045b19065ce9799d42adc" committed_config { opid_index: -1 OBSOLETE_local: true peers { permanent_uuid: "0a4ab42f73c045b19065ce9799d42adc" member_type: VOTER last_known_addr { host: "127.3.243.129" port: 33795 } health_report { overall_health: HEALTHY } } }
I20260812 08:03:43.371699 13897 tablet_bootstrap.cc:492] T b0cef3bcf8b44b7e88aa6e32d5a89aa3 P 0a4ab42f73c045b19065ce9799d42adc: No bootstrap required, opened a new log
I20260812 08:03:43.371778 13897 ts_tablet_manager.cc:1403] T b0cef3bcf8b44b7e88aa6e32d5a89aa3 P 0a4ab42f73c045b19065ce9799d42adc: Time spent bootstrapping tablet: real 0.002s	user 0.001s	sys 0.000s
I20260812 08:03:43.372128 13897 raft_consensus.cc:359] T b0cef3bcf8b44b7e88aa6e32d5a89aa3 P 0a4ab42f73c045b19065ce9799d42adc [term 0 FOLLOWER]: Replica starting. Triggering 0 pending ops. Active config: opid_index: -1 OBSOLETE_local: true peers { permanent_uuid: "0a4ab42f73c045b19065ce9799d42adc" member_type: VOTER last_known_addr { host: "127.3.243.129" port: 33795 } }
I20260812 08:03:43.372217 13897 raft_consensus.cc:385] T b0cef3bcf8b44b7e88aa6e32d5a89aa3 P 0a4ab42f73c045b19065ce9799d42adc [term 0 FOLLOWER]: Consensus starting up: Expiring failure detector timer to make a prompt election more likely
I20260812 08:03:43.372238 13897 raft_consensus.cc:740] T b0cef3bcf8b44b7e88aa6e32d5a89aa3 P 0a4ab42f73c045b19065ce9799d42adc [term 0 FOLLOWER]: Becoming Follower/Learner. State: Replica: 0a4ab42f73c045b19065ce9799d42adc, State: Initialized, Role: FOLLOWER
I20260812 08:03:43.372329 13897 consensus_queue.cc:260] T b0cef3bcf8b44b7e88aa6e32d5a89aa3 P 0a4ab42f73c045b19065ce9799d42adc [NON_LEADER]: Queue going to NON_LEADER mode. State: All replicated index: 0, Majority replicated index: 0, Committed index: 0, Last appended: 0.0, Last appended by leader: 0, Current term: 0, Majority size: -1, State: 0, Mode: NON_LEADER, active raft config: opid_index: -1 OBSOLETE_local: true peers { permanent_uuid: "0a4ab42f73c045b19065ce9799d42adc" member_type: VOTER last_known_addr { host: "127.3.243.129" port: 33795 } }
I20260812 08:03:43.372404 13897 raft_consensus.cc:399] T b0cef3bcf8b44b7e88aa6e32d5a89aa3 P 0a4ab42f73c045b19065ce9799d42adc [term 0 FOLLOWER]: Only one voter in the Raft config. Triggering election immediately
I20260812 08:03:43.372434 13897 raft_consensus.cc:493] T b0cef3bcf8b44b7e88aa6e32d5a89aa3 P 0a4ab42f73c045b19065ce9799d42adc [term 0 FOLLOWER]: Starting leader election (initial election of a single-replica configuration)
I20260812 08:03:43.372478 13897 raft_consensus.cc:3060] T b0cef3bcf8b44b7e88aa6e32d5a89aa3 P 0a4ab42f73c045b19065ce9799d42adc [term 0 FOLLOWER]: Advancing to term 1
I20260812 08:03:43.373474 13897 raft_consensus.cc:515] T b0cef3bcf8b44b7e88aa6e32d5a89aa3 P 0a4ab42f73c045b19065ce9799d42adc [term 1 FOLLOWER]: Starting leader election with config: opid_index: -1 OBSOLETE_local: true peers { permanent_uuid: "0a4ab42f73c045b19065ce9799d42adc" member_type: VOTER last_known_addr { host: "127.3.243.129" port: 33795 } }
I20260812 08:03:43.373641 13897 leader_election.cc:304] T b0cef3bcf8b44b7e88aa6e32d5a89aa3 P 0a4ab42f73c045b19065ce9799d42adc [CANDIDATE]: Term 1 election: Election decided. Result: candidate won. Election summary: received 1 responses out of 1 voters: 1 yes votes; 0 no votes. yes voters: 0a4ab42f73c045b19065ce9799d42adc; no voters: 
I20260812 08:03:43.373747 13897 leader_election.cc:290] T b0cef3bcf8b44b7e88aa6e32d5a89aa3 P 0a4ab42f73c045b19065ce9799d42adc [CANDIDATE]: Term 1 election: Requested vote from peers 
I20260812 08:03:43.373798 13902 raft_consensus.cc:2804] T b0cef3bcf8b44b7e88aa6e32d5a89aa3 P 0a4ab42f73c045b19065ce9799d42adc [term 1 FOLLOWER]: Leader election won for term 1
I20260812 08:03:43.373921 13902 raft_consensus.cc:697] T b0cef3bcf8b44b7e88aa6e32d5a89aa3 P 0a4ab42f73c045b19065ce9799d42adc [term 1 LEADER]: Becoming Leader. State: Replica: 0a4ab42f73c045b19065ce9799d42adc, State: Running, Role: LEADER
I20260812 08:03:43.373968 13897 ts_tablet_manager.cc:1434] T b0cef3bcf8b44b7e88aa6e32d5a89aa3 P 0a4ab42f73c045b19065ce9799d42adc: Time spent starting tablet: real 0.002s	user 0.002s	sys 0.000s
I20260812 08:03:43.374034 13902 consensus_queue.cc:237] T b0cef3bcf8b44b7e88aa6e32d5a89aa3 P 0a4ab42f73c045b19065ce9799d42adc [LEADER]: Queue going to LEADER mode. State: All replicated index: 0, Majority replicated index: 0, Committed index: 0, Last appended: 0.0, Last appended by leader: 0, Current term: 1, Majority size: 1, State: 0, Mode: LEADER, active raft config: opid_index: -1 OBSOLETE_local: true peers { permanent_uuid: "0a4ab42f73c045b19065ce9799d42adc" member_type: VOTER last_known_addr { host: "127.3.243.129" port: 33795 } }
I20260812 08:03:43.375242 13636 catalog_manager.cc:5719] T b0cef3bcf8b44b7e88aa6e32d5a89aa3 P 0a4ab42f73c045b19065ce9799d42adc reported cstate change: term changed from 0 to 1, leader changed from <none> to 0a4ab42f73c045b19065ce9799d42adc (127.3.243.129). New cstate: current_term: 1 leader_uuid: "0a4ab42f73c045b19065ce9799d42adc" committed_config { opid_index: -1 OBSOLETE_local: true peers { permanent_uuid: "0a4ab42f73c045b19065ce9799d42adc" member_type: VOTER last_known_addr { host: "127.3.243.129" port: 33795 } health_report { overall_health: HEALTHY } } }
I20260812 08:03:43.378782  4046 tablet_server.cc:179] TabletServer@127.3.243.129:0 shutting down...
I20260812 08:03:43.381662  4046 ts_tablet_manager.cc:1507] Shutting down tablet manager...
I20260812 08:03:43.381872  4046 tablet_replica.cc:333] T b0cef3bcf8b44b7e88aa6e32d5a89aa3 P 0a4ab42f73c045b19065ce9799d42adc: stopping tablet replica
I20260812 08:03:43.381986  4046 raft_consensus.cc:2243] T b0cef3bcf8b44b7e88aa6e32d5a89aa3 P 0a4ab42f73c045b19065ce9799d42adc [term 1 LEADER]: Raft consensus shutting down.
I20260812 08:03:43.382090  4046 raft_consensus.cc:2272] T b0cef3bcf8b44b7e88aa6e32d5a89aa3 P 0a4ab42f73c045b19065ce9799d42adc [term 1 FOLLOWER]: Raft consensus is shut down!
I20260812 08:03:43.382598  4046 tablet_replica.cc:333] T 9ff2c57b2f82401bbd4e7e5dd9a08c6d P 0a4ab42f73c045b19065ce9799d42adc: stopping tablet replica
I20260812 08:03:43.382670  4046 raft_consensus.cc:2243] T 9ff2c57b2f82401bbd4e7e5dd9a08c6d P 0a4ab42f73c045b19065ce9799d42adc [term 1 LEADER]: Raft consensus shutting down.
I20260812 08:03:43.382743  4046 raft_consensus.cc:2272] T 9ff2c57b2f82401bbd4e7e5dd9a08c6d P 0a4ab42f73c045b19065ce9799d42adc [term 1 FOLLOWER]: Raft consensus is shut down!
I20260812 08:03:43.395500  4046 tablet_server.cc:196] TabletServer@127.3.243.129:0 shutdown complete.
I20260812 08:03:43.397830  4046 master.cc:562] Master@127.3.243.190:37131 shutting down...
I20260812 08:03:43.401554  4046 raft_consensus.cc:2243] T 00000000000000000000000000000000 P 7383ed3471df4ede8ae812f3d9a8b6b4 [term 1 LEADER]: Raft consensus shutting down.
I20260812 08:03:43.401702  4046 raft_consensus.cc:2272] T 00000000000000000000000000000000 P 7383ed3471df4ede8ae812f3d9a8b6b4 [term 1 FOLLOWER]: Raft consensus is shut down!
I20260812 08:03:43.401815  4046 tablet_replica.cc:333] T 00000000000000000000000000000000 P 7383ed3471df4ede8ae812f3d9a8b6b4: stopping tablet replica
I20260812 08:03:43.414486  4046 master.cc:584] Master@127.3.243.190:37131 shutdown complete.
I20260812 08:03:43.418598  4046 internal_mini_cluster.cc:156] Creating distributed mini masters. Addrs: 127.3.243.190:40885
I20260812 08:03:43.419118  4046 file_cache.cc:504] Constructed file cache file cache with capacity 419430
W20260812 08:03:43.420778 13910 instance_detector.cc:116] could not retrieve AWS instance metadata: Network error: curl error: HTTP response code said error: The requested URL returned error: 404
W20260812 08:03:43.420787 13911 instance_detector.cc:116] could not retrieve Azure instance metadata: Network error: curl error: HTTP response code said error: The requested URL returned error: 404
I20260812 08:03:43.421028  4046 server_base.cc:1061] running on GCE node
W20260812 08:03:43.420957 13915 instance_detector.cc:116] could not retrieve OpenStack instance metadata: Network error: curl error: HTTP response code said error: The requested URL returned error: 404
I20260812 08:03:43.421202  4046 hybrid_clock.cc:584] initializing the hybrid clock with 'system_unsync' time source
W20260812 08:03:43.421252  4046 system_unsync_time.cc:38] NTP support is disabled. Clock error bounds will not be accurate. This configuration is not suitable for distributed clusters.
I20260812 08:03:43.421278  4046 hybrid_clock.cc:648] HybridClock initialized: now 1786521823421278 us; error 0 us; skew 500 ppm
I20260812 08:03:43.422006  4046 webserver.cc:533] Webserver started at http://127.3.243.190:41173/ using document root <none> and password file <none>
I20260812 08:03:43.422151  4046 fs_manager.cc:362] Metadata directory not provided
I20260812 08:03:43.422201  4046 fs_manager.cc:368] Using write-ahead log directory (fs_wal_dir) as metadata directory
I20260812 08:03:43.422276  4046 server_base.cc:909] This appears to be a new deployment of Kudu; creating new FS layout
I20260812 08:03:43.422674  4046 fs_manager.cc:1068] Generated new instance metadata in path /tmp/dist-test-taskcOJ6CH/test-tmp/client-test.3.KeepAlivePeriodically_KeepAlivePeriodicallyTest.TestStopKeepAlivePeriodically_1.1786521811522831-4046-0/minicluster-data/master-0-root/instance:
uuid: "2f34138b805b443c90e897eed5a2ba99"
format_stamp: "Formatted at 2026-08-12 08:03:43 on dist-test-slave-5bn2"
I20260812 08:03:43.424085  4046 fs_manager.cc:696] Time spent creating directory manager: real 0.001s	user 0.000s	sys 0.001s
I20260812 08:03:43.424903 13921 log_block_manager.cc:4127] Time spent loading block containers with low live blocks: real 0.000s	user 0.000s	sys 0.000s
I20260812 08:03:43.425127  4046 fs_manager.cc:730] Time spent opening block manager: real 0.001s	user 0.000s	sys 0.001s
I20260812 08:03:43.425195  4046 fs_manager.cc:647] Opened local filesystem: /tmp/dist-test-taskcOJ6CH/test-tmp/client-test.3.KeepAlivePeriodically_KeepAlivePeriodicallyTest.TestStopKeepAlivePeriodically_1.1786521811522831-4046-0/minicluster-data/master-0-root
uuid: "2f34138b805b443c90e897eed5a2ba99"
format_stamp: "Formatted at 2026-08-12 08:03:43 on dist-test-slave-5bn2"
I20260812 08:03:43.425262  4046 fs_report.cc:389] FS layout report
--------------------
wal directory: /tmp/dist-test-taskcOJ6CH/test-tmp/client-test.3.KeepAlivePeriodically_KeepAlivePeriodicallyTest.TestStopKeepAlivePeriodically_1.1786521811522831-4046-0/minicluster-data/master-0-root
metadata directory: /tmp/dist-test-taskcOJ6CH/test-tmp/client-test.3.KeepAlivePeriodically_KeepAlivePeriodicallyTest.TestStopKeepAlivePeriodically_1.1786521811522831-4046-0/minicluster-data/master-0-root
1 data directories: /tmp/dist-test-taskcOJ6CH/test-tmp/client-test.3.KeepAlivePeriodically_KeepAlivePeriodicallyTest.TestStopKeepAlivePeriodically_1.1786521811522831-4046-0/minicluster-data/master-0-root/data
Total live blocks: 0
Total live bytes: 0
Total live bytes (after alignment): 0
Total number of LBM containers: 0 (0 full)
Did not check for missing blocks
Did not check for orphaned blocks
Total full LBM containers with extra space: 0 (0 repaired)
Total full LBM container extra space in bytes: 0 (0 repaired)
Total incomplete LBM containers: 0 (0 repaired)
Total LBM partial records: 0 (0 repaired)
Total corrupted LBM metadata records in RocksDB: 0 (0 repaired)
I20260812 08:03:43.433043  4046 rpc_server.cc:225] running with OpenSSL 1.1.1  11 Sep 2018
I20260812 08:03:43.433337  4046 kserver.cc:163] Server-wide thread pool size limit: 3276
I20260812 08:03:43.437585  4046 rpc_server.cc:307] RPC server started. Bound to: 127.3.243.190:40885
I20260812 08:03:43.437959 14034 acceptor_pool.cc:272] collecting diagnostics on the listening RPC socket 127.3.243.190:40885 every 8 connection(s)
I20260812 08:03:43.438482 14035 data_dirs.cc:400] Could only allocate 1 dirs of requested 3 for tablet 00000000000000000000000000000000. 1 dirs total, 0 dirs full, 0 dirs failed
I20260812 08:03:43.440155 14035 tablet_bootstrap.cc:492] T 00000000000000000000000000000000 P 2f34138b805b443c90e897eed5a2ba99: Bootstrap starting.
I20260812 08:03:43.440858 14035 tablet_bootstrap.cc:654] T 00000000000000000000000000000000 P 2f34138b805b443c90e897eed5a2ba99: Neither blocks nor log segments found. Creating new log.
I20260812 08:03:43.441727 14035 tablet_bootstrap.cc:492] T 00000000000000000000000000000000 P 2f34138b805b443c90e897eed5a2ba99: No bootstrap required, opened a new log
I20260812 08:03:43.442086 14035 raft_consensus.cc:359] T 00000000000000000000000000000000 P 2f34138b805b443c90e897eed5a2ba99 [term 0 FOLLOWER]: Replica starting. Triggering 0 pending ops. Active config: opid_index: -1 OBSOLETE_local: true peers { permanent_uuid: "2f34138b805b443c90e897eed5a2ba99" member_type: VOTER }
I20260812 08:03:43.442163 14035 raft_consensus.cc:385] T 00000000000000000000000000000000 P 2f34138b805b443c90e897eed5a2ba99 [term 0 FOLLOWER]: Consensus starting up: Expiring failure detector timer to make a prompt election more likely
I20260812 08:03:43.442189 14035 raft_consensus.cc:740] T 00000000000000000000000000000000 P 2f34138b805b443c90e897eed5a2ba99 [term 0 FOLLOWER]: Becoming Follower/Learner. State: Replica: 2f34138b805b443c90e897eed5a2ba99, State: Initialized, Role: FOLLOWER
I20260812 08:03:43.442282 14035 consensus_queue.cc:260] T 00000000000000000000000000000000 P 2f34138b805b443c90e897eed5a2ba99 [NON_LEADER]: Queue going to NON_LEADER mode. State: All replicated index: 0, Majority replicated index: 0, Committed index: 0, Last appended: 0.0, Last appended by leader: 0, Current term: 0, Majority size: -1, State: 0, Mode: NON_LEADER, active raft config: opid_index: -1 OBSOLETE_local: true peers { permanent_uuid: "2f34138b805b443c90e897eed5a2ba99" member_type: VOTER }
I20260812 08:03:43.442335 14035 raft_consensus.cc:399] T 00000000000000000000000000000000 P 2f34138b805b443c90e897eed5a2ba99 [term 0 FOLLOWER]: Only one voter in the Raft config. Triggering election immediately
I20260812 08:03:43.442361 14035 raft_consensus.cc:493] T 00000000000000000000000000000000 P 2f34138b805b443c90e897eed5a2ba99 [term 0 FOLLOWER]: Starting leader election (initial election of a single-replica configuration)
I20260812 08:03:43.442394 14035 raft_consensus.cc:3060] T 00000000000000000000000000000000 P 2f34138b805b443c90e897eed5a2ba99 [term 0 FOLLOWER]: Advancing to term 1
I20260812 08:03:43.443070 14035 raft_consensus.cc:515] T 00000000000000000000000000000000 P 2f34138b805b443c90e897eed5a2ba99 [term 1 FOLLOWER]: Starting leader election with config: opid_index: -1 OBSOLETE_local: true peers { permanent_uuid: "2f34138b805b443c90e897eed5a2ba99" member_type: VOTER }
I20260812 08:03:43.443177 14035 leader_election.cc:304] T 00000000000000000000000000000000 P 2f34138b805b443c90e897eed5a2ba99 [CANDIDATE]: Term 1 election: Election decided. Result: candidate won. Election summary: received 1 responses out of 1 voters: 1 yes votes; 0 no votes. yes voters: 2f34138b805b443c90e897eed5a2ba99; no voters: 
I20260812 08:03:43.443305 14035 leader_election.cc:290] T 00000000000000000000000000000000 P 2f34138b805b443c90e897eed5a2ba99 [CANDIDATE]: Term 1 election: Requested vote from peers 
I20260812 08:03:43.443408 14039 raft_consensus.cc:2804] T 00000000000000000000000000000000 P 2f34138b805b443c90e897eed5a2ba99 [term 1 FOLLOWER]: Leader election won for term 1
I20260812 08:03:43.443650 14039 raft_consensus.cc:697] T 00000000000000000000000000000000 P 2f34138b805b443c90e897eed5a2ba99 [term 1 LEADER]: Becoming Leader. State: Replica: 2f34138b805b443c90e897eed5a2ba99, State: Running, Role: LEADER
I20260812 08:03:43.443713 14035 sys_catalog.cc:565] T 00000000000000000000000000000000 P 2f34138b805b443c90e897eed5a2ba99 [sys.catalog]: configured and running, proceeding with master startup.
I20260812 08:03:43.443773 14039 consensus_queue.cc:237] T 00000000000000000000000000000000 P 2f34138b805b443c90e897eed5a2ba99 [LEADER]: Queue going to LEADER mode. State: All replicated index: 0, Majority replicated index: 0, Committed index: 0, Last appended: 0.0, Last appended by leader: 0, Current term: 1, Majority size: 1, State: 0, Mode: LEADER, active raft config: opid_index: -1 OBSOLETE_local: true peers { permanent_uuid: "2f34138b805b443c90e897eed5a2ba99" member_type: VOTER }
I20260812 08:03:43.444155 14042 sys_catalog.cc:455] T 00000000000000000000000000000000 P 2f34138b805b443c90e897eed5a2ba99 [sys.catalog]: SysCatalogTable state changed. Reason: RaftConsensus started. Latest consensus state: current_term: 1 leader_uuid: "2f34138b805b443c90e897eed5a2ba99" committed_config { opid_index: -1 OBSOLETE_local: true peers { permanent_uuid: "2f34138b805b443c90e897eed5a2ba99" member_type: VOTER } }
I20260812 08:03:43.444182 14043 sys_catalog.cc:455] T 00000000000000000000000000000000 P 2f34138b805b443c90e897eed5a2ba99 [sys.catalog]: SysCatalogTable state changed. Reason: New leader 2f34138b805b443c90e897eed5a2ba99. Latest consensus state: current_term: 1 leader_uuid: "2f34138b805b443c90e897eed5a2ba99" committed_config { opid_index: -1 OBSOLETE_local: true peers { permanent_uuid: "2f34138b805b443c90e897eed5a2ba99" member_type: VOTER } }
I20260812 08:03:43.444248 14042 sys_catalog.cc:458] T 00000000000000000000000000000000 P 2f34138b805b443c90e897eed5a2ba99 [sys.catalog]: This master's current role is: LEADER
I20260812 08:03:43.444267 14043 sys_catalog.cc:458] T 00000000000000000000000000000000 P 2f34138b805b443c90e897eed5a2ba99 [sys.catalog]: This master's current role is: LEADER
I20260812 08:03:43.444857 14048 catalog_manager.cc:1511] Loading table and tablet metadata into memory...
I20260812 08:03:43.445693 14048 catalog_manager.cc:1520] Initializing Kudu cluster ID...
I20260812 08:03:43.445873  4046 internal_mini_cluster.cc:184] Waiting to initialize catalog manager on master 0
I20260812 08:03:43.447376 14048 catalog_manager.cc:1383] Generated new cluster ID: 43fc8d53c0ec423b82902f3d4237fe07
I20260812 08:03:43.447430 14048 catalog_manager.cc:1531] Initializing Kudu internal certificate authority...
I20260812 08:03:43.456514 14048 catalog_manager.cc:1406] Generated new certificate authority record
I20260812 08:03:43.457000 14048 catalog_manager.cc:1540] Loading token signing keys...
I20260812 08:03:43.461686 14048 catalog_manager.cc:6092] T 00000000000000000000000000000000 P 2f34138b805b443c90e897eed5a2ba99: Generated new TSK 0
I20260812 08:03:43.461822 14048 catalog_manager.cc:1550] Initializing in-progress tserver states...
I20260812 08:03:43.478173  4046 file_cache.cc:504] Constructed file cache file cache with capacity 419430
W20260812 08:03:43.480145 14066 instance_detector.cc:116] could not retrieve Azure instance metadata: Network error: curl error: HTTP response code said error: The requested URL returned error: 404
W20260812 08:03:43.480139 14070 instance_detector.cc:116] could not retrieve OpenStack instance metadata: Network error: curl error: HTTP response code said error: The requested URL returned error: 404
W20260812 08:03:43.480311 14065 instance_detector.cc:116] could not retrieve AWS instance metadata: Network error: curl error: HTTP response code said error: The requested URL returned error: 404
I20260812 08:03:43.480400  4046 server_base.cc:1061] running on GCE node
I20260812 08:03:43.480604  4046 hybrid_clock.cc:584] initializing the hybrid clock with 'system_unsync' time source
W20260812 08:03:43.480645  4046 system_unsync_time.cc:38] NTP support is disabled. Clock error bounds will not be accurate. This configuration is not suitable for distributed clusters.
I20260812 08:03:43.480671  4046 hybrid_clock.cc:648] HybridClock initialized: now 1786521823480671 us; error 0 us; skew 500 ppm
I20260812 08:03:43.481516  4046 webserver.cc:533] Webserver started at http://127.3.243.129:43335/ using document root <none> and password file <none>
I20260812 08:03:43.481657  4046 fs_manager.cc:362] Metadata directory not provided
I20260812 08:03:43.481709  4046 fs_manager.cc:368] Using write-ahead log directory (fs_wal_dir) as metadata directory
I20260812 08:03:43.481783  4046 server_base.cc:909] This appears to be a new deployment of Kudu; creating new FS layout
I20260812 08:03:43.482156  4046 fs_manager.cc:1068] Generated new instance metadata in path /tmp/dist-test-taskcOJ6CH/test-tmp/client-test.3.KeepAlivePeriodically_KeepAlivePeriodicallyTest.TestStopKeepAlivePeriodically_1.1786521811522831-4046-0/minicluster-data/ts-0-root/instance:
uuid: "441dc237e14c415782d35582750cf3d7"
format_stamp: "Formatted at 2026-08-12 08:03:43 on dist-test-slave-5bn2"
I20260812 08:03:43.483566  4046 fs_manager.cc:696] Time spent creating directory manager: real 0.001s	user 0.002s	sys 0.000s
I20260812 08:03:43.484380 14079 log_block_manager.cc:4127] Time spent loading block containers with low live blocks: real 0.000s	user 0.000s	sys 0.000s
I20260812 08:03:43.484593  4046 fs_manager.cc:730] Time spent opening block manager: real 0.001s	user 0.001s	sys 0.000s
I20260812 08:03:43.484656  4046 fs_manager.cc:647] Opened local filesystem: /tmp/dist-test-taskcOJ6CH/test-tmp/client-test.3.KeepAlivePeriodically_KeepAlivePeriodicallyTest.TestStopKeepAlivePeriodically_1.1786521811522831-4046-0/minicluster-data/ts-0-root
uuid: "441dc237e14c415782d35582750cf3d7"
format_stamp: "Formatted at 2026-08-12 08:03:43 on dist-test-slave-5bn2"
I20260812 08:03:43.484721  4046 fs_report.cc:389] FS layout report
--------------------
wal directory: /tmp/dist-test-taskcOJ6CH/test-tmp/client-test.3.KeepAlivePeriodically_KeepAlivePeriodicallyTest.TestStopKeepAlivePeriodically_1.1786521811522831-4046-0/minicluster-data/ts-0-root
metadata directory: /tmp/dist-test-taskcOJ6CH/test-tmp/client-test.3.KeepAlivePeriodically_KeepAlivePeriodicallyTest.TestStopKeepAlivePeriodically_1.1786521811522831-4046-0/minicluster-data/ts-0-root
1 data directories: /tmp/dist-test-taskcOJ6CH/test-tmp/client-test.3.KeepAlivePeriodically_KeepAlivePeriodicallyTest.TestStopKeepAlivePeriodically_1.1786521811522831-4046-0/minicluster-data/ts-0-root/data
Total live blocks: 0
Total live bytes: 0
Total live bytes (after alignment): 0
Total number of LBM containers: 0 (0 full)
Did not check for missing blocks
Did not check for orphaned blocks
Total full LBM containers with extra space: 0 (0 repaired)
Total full LBM container extra space in bytes: 0 (0 repaired)
Total incomplete LBM containers: 0 (0 repaired)
Total LBM partial records: 0 (0 repaired)
Total corrupted LBM metadata records in RocksDB: 0 (0 repaired)
I20260812 08:03:43.490242  4046 rpc_server.cc:225] running with OpenSSL 1.1.1  11 Sep 2018
I20260812 08:03:43.490522  4046 kserver.cc:163] Server-wide thread pool size limit: 3276
I20260812 08:03:43.491259  4046 ts_tablet_manager.cc:585] Loaded tablet metadata (0 total tablets, 0 live tablets)
I20260812 08:03:43.491307  4046 ts_tablet_manager.cc:531] Time spent load tablet metadata: real 0.000s	user 0.000s	sys 0.000s
I20260812 08:03:43.491345  4046 ts_tablet_manager.cc:616] Registered 0 tablets
I20260812 08:03:43.491375  4046 ts_tablet_manager.cc:595] Time spent register tablets: real 0.000s	user 0.000s	sys 0.000s
I20260812 08:03:43.496409  4046 rpc_server.cc:307] RPC server started. Bound to: 127.3.243.129:40087
I20260812 08:03:43.496441 14193 acceptor_pool.cc:272] collecting diagnostics on the listening RPC socket 127.3.243.129:40087 every 8 connection(s)
I20260812 08:03:43.497216  4046 file_cache.cc:504] Constructed file cache file cache with capacity 419430
I20260812 08:03:43.497444 14195 heartbeater.cc:344] Connected to a master server at 127.3.243.190:40885
I20260812 08:03:43.497557 14195 heartbeater.cc:461] Registering TS with master...
I20260812 08:03:43.497789 14195 heartbeater.cc:507] Master 127.3.243.190:40885 requested a full tablet report, sending...
I20260812 08:03:43.498443 13950 ts_manager.cc:194] Registered new tserver with Master: 441dc237e14c415782d35582750cf3d7 (127.3.243.129:40087)
W20260812 08:03:43.499150 14198 instance_detector.cc:116] could not retrieve AWS instance metadata: Network error: curl error: HTTP response code said error: The requested URL returned error: 404
W20260812 08:03:43.499238 14203 instance_detector.cc:116] could not retrieve Azure instance metadata: Network error: curl error: HTTP response code said error: The requested URL returned error: 404
I20260812 08:03:43.499495 13950 master_service.cc:502] Signed X509 certificate for tserver {username='slave'} at 127.0.0.1:53098
W20260812 08:03:43.499497 14207 instance_detector.cc:116] could not retrieve OpenStack instance metadata: Network error: curl error: HTTP response code said error: The requested URL returned error: 404
I20260812 08:03:43.500048  4046 server_base.cc:1061] running on GCE node
I20260812 08:03:43.500342  4046 hybrid_clock.cc:584] initializing the hybrid clock with 'system_unsync' time source
W20260812 08:03:43.500391  4046 system_unsync_time.cc:38] NTP support is disabled. Clock error bounds will not be accurate. This configuration is not suitable for distributed clusters.
I20260812 08:03:43.500411  4046 hybrid_clock.cc:648] HybridClock initialized: now 1786521823500410 us; error 0 us; skew 500 ppm
I20260812 08:03:43.501140  4046 webserver.cc:533] Webserver started at http://127.3.243.130:40383/ using document root <none> and password file <none>
I20260812 08:03:43.501276  4046 fs_manager.cc:362] Metadata directory not provided
I20260812 08:03:43.501334  4046 fs_manager.cc:368] Using write-ahead log directory (fs_wal_dir) as metadata directory
I20260812 08:03:43.501406  4046 server_base.cc:909] This appears to be a new deployment of Kudu; creating new FS layout
I20260812 08:03:43.501773  4046 fs_manager.cc:1068] Generated new instance metadata in path /tmp/dist-test-taskcOJ6CH/test-tmp/client-test.3.KeepAlivePeriodically_KeepAlivePeriodicallyTest.TestStopKeepAlivePeriodically_1.1786521811522831-4046-0/minicluster-data/ts-1-root/instance:
uuid: "ed1eb7e476a644219381f206ed5f1a5a"
format_stamp: "Formatted at 2026-08-12 08:03:43 on dist-test-slave-5bn2"
I20260812 08:03:43.503113  4046 fs_manager.cc:696] Time spent creating directory manager: real 0.001s	user 0.000s	sys 0.002s
I20260812 08:03:43.503914 14213 log_block_manager.cc:4127] Time spent loading block containers with low live blocks: real 0.000s	user 0.000s	sys 0.000s
I20260812 08:03:43.504139  4046 fs_manager.cc:730] Time spent opening block manager: real 0.001s	user 0.000s	sys 0.001s
I20260812 08:03:43.504205  4046 fs_manager.cc:647] Opened local filesystem: /tmp/dist-test-taskcOJ6CH/test-tmp/client-test.3.KeepAlivePeriodically_KeepAlivePeriodicallyTest.TestStopKeepAlivePeriodically_1.1786521811522831-4046-0/minicluster-data/ts-1-root
uuid: "ed1eb7e476a644219381f206ed5f1a5a"
format_stamp: "Formatted at 2026-08-12 08:03:43 on dist-test-slave-5bn2"
I20260812 08:03:43.504268  4046 fs_report.cc:389] FS layout report
--------------------
wal directory: /tmp/dist-test-taskcOJ6CH/test-tmp/client-test.3.KeepAlivePeriodically_KeepAlivePeriodicallyTest.TestStopKeepAlivePeriodically_1.1786521811522831-4046-0/minicluster-data/ts-1-root
metadata directory: /tmp/dist-test-taskcOJ6CH/test-tmp/client-test.3.KeepAlivePeriodically_KeepAlivePeriodicallyTest.TestStopKeepAlivePeriodically_1.1786521811522831-4046-0/minicluster-data/ts-1-root
1 data directories: /tmp/dist-test-taskcOJ6CH/test-tmp/client-test.3.KeepAlivePeriodically_KeepAlivePeriodicallyTest.TestStopKeepAlivePeriodically_1.1786521811522831-4046-0/minicluster-data/ts-1-root/data
Total live blocks: 0
Total live bytes: 0
Total live bytes (after alignment): 0
Total number of LBM containers: 0 (0 full)
Did not check for missing blocks
Did not check for orphaned blocks
Total full LBM containers with extra space: 0 (0 repaired)
Total full LBM container extra space in bytes: 0 (0 repaired)
Total incomplete LBM containers: 0 (0 repaired)
Total LBM partial records: 0 (0 repaired)
Total corrupted LBM metadata records in RocksDB: 0 (0 repaired)
I20260812 08:03:43.510421 14195 heartbeater.cc:499] Master 127.3.243.190:40885 was elected leader, sending a full tablet report...
I20260812 08:03:43.521113  4046 rpc_server.cc:225] running with OpenSSL 1.1.1  11 Sep 2018
I20260812 08:03:43.521406  4046 kserver.cc:163] Server-wide thread pool size limit: 3276
I20260812 08:03:43.522272  4046 ts_tablet_manager.cc:585] Loaded tablet metadata (0 total tablets, 0 live tablets)
I20260812 08:03:43.522321  4046 ts_tablet_manager.cc:531] Time spent load tablet metadata: real 0.000s	user 0.000s	sys 0.000s
I20260812 08:03:43.522363  4046 ts_tablet_manager.cc:616] Registered 0 tablets
I20260812 08:03:43.522384  4046 ts_tablet_manager.cc:595] Time spent register tablets: real 0.000s	user 0.000s	sys 0.000s
I20260812 08:03:43.527742  4046 rpc_server.cc:307] RPC server started. Bound to: 127.3.243.130:40353
I20260812 08:03:43.527796 14333 acceptor_pool.cc:272] collecting diagnostics on the listening RPC socket 127.3.243.130:40353 every 8 connection(s)
I20260812 08:03:43.528584  4046 file_cache.cc:504] Constructed file cache file cache with capacity 419430
I20260812 08:03:43.528713 14334 heartbeater.cc:344] Connected to a master server at 127.3.243.190:40885
I20260812 08:03:43.528787 14334 heartbeater.cc:461] Registering TS with master...
I20260812 08:03:43.528985 14334 heartbeater.cc:507] Master 127.3.243.190:40885 requested a full tablet report, sending...
I20260812 08:03:43.529531 13950 ts_manager.cc:194] Registered new tserver with Master: ed1eb7e476a644219381f206ed5f1a5a (127.3.243.130:40353)
I20260812 08:03:43.530109 13950 master_service.cc:502] Signed X509 certificate for tserver {username='slave'} at 127.0.0.1:53128
W20260812 08:03:43.531073 14342 instance_detector.cc:116] could not retrieve Azure instance metadata: Network error: curl error: HTTP response code said error: The requested URL returned error: 404
W20260812 08:03:43.531216 14341 instance_detector.cc:116] could not retrieve AWS instance metadata: Network error: curl error: HTTP response code said error: The requested URL returned error: 404
W20260812 08:03:43.531394 14347 instance_detector.cc:116] could not retrieve OpenStack instance metadata: Network error: curl error: HTTP response code said error: The requested URL returned error: 404
I20260812 08:03:43.531468  4046 server_base.cc:1061] running on GCE node
I20260812 08:03:43.531697  4046 hybrid_clock.cc:584] initializing the hybrid clock with 'system_unsync' time source
W20260812 08:03:43.531754  4046 system_unsync_time.cc:38] NTP support is disabled. Clock error bounds will not be accurate. This configuration is not suitable for distributed clusters.
I20260812 08:03:43.531773  4046 hybrid_clock.cc:648] HybridClock initialized: now 1786521823531773 us; error 0 us; skew 500 ppm
I20260812 08:03:43.532616  4046 webserver.cc:533] Webserver started at http://127.3.243.131:43453/ using document root <none> and password file <none>
I20260812 08:03:43.532763  4046 fs_manager.cc:362] Metadata directory not provided
I20260812 08:03:43.532819  4046 fs_manager.cc:368] Using write-ahead log directory (fs_wal_dir) as metadata directory
I20260812 08:03:43.532888  4046 server_base.cc:909] This appears to be a new deployment of Kudu; creating new FS layout
I20260812 08:03:43.533354  4046 fs_manager.cc:1068] Generated new instance metadata in path /tmp/dist-test-taskcOJ6CH/test-tmp/client-test.3.KeepAlivePeriodically_KeepAlivePeriodicallyTest.TestStopKeepAlivePeriodically_1.1786521811522831-4046-0/minicluster-data/ts-2-root/instance:
uuid: "4a717d8ceb0e46fa8e7ba0f308dd32e1"
format_stamp: "Formatted at 2026-08-12 08:03:43 on dist-test-slave-5bn2"
I20260812 08:03:43.534762  4046 fs_manager.cc:696] Time spent creating directory manager: real 0.001s	user 0.002s	sys 0.000s
I20260812 08:03:43.535620 14357 log_block_manager.cc:4127] Time spent loading block containers with low live blocks: real 0.000s	user 0.000s	sys 0.000s
I20260812 08:03:43.535815  4046 fs_manager.cc:730] Time spent opening block manager: real 0.001s	user 0.001s	sys 0.000s
I20260812 08:03:43.535883  4046 fs_manager.cc:647] Opened local filesystem: /tmp/dist-test-taskcOJ6CH/test-tmp/client-test.3.KeepAlivePeriodically_KeepAlivePeriodicallyTest.TestStopKeepAlivePeriodically_1.1786521811522831-4046-0/minicluster-data/ts-2-root
uuid: "4a717d8ceb0e46fa8e7ba0f308dd32e1"
format_stamp: "Formatted at 2026-08-12 08:03:43 on dist-test-slave-5bn2"
I20260812 08:03:43.535950  4046 fs_report.cc:389] FS layout report
--------------------
wal directory: /tmp/dist-test-taskcOJ6CH/test-tmp/client-test.3.KeepAlivePeriodically_KeepAlivePeriodicallyTest.TestStopKeepAlivePeriodically_1.1786521811522831-4046-0/minicluster-data/ts-2-root
metadata directory: /tmp/dist-test-taskcOJ6CH/test-tmp/client-test.3.KeepAlivePeriodically_KeepAlivePeriodicallyTest.TestStopKeepAlivePeriodically_1.1786521811522831-4046-0/minicluster-data/ts-2-root
1 data directories: /tmp/dist-test-taskcOJ6CH/test-tmp/client-test.3.KeepAlivePeriodically_KeepAlivePeriodicallyTest.TestStopKeepAlivePeriodically_1.1786521811522831-4046-0/minicluster-data/ts-2-root/data
Total live blocks: 0
Total live bytes: 0
Total live bytes (after alignment): 0
Total number of LBM containers: 0 (0 full)
Did not check for missing blocks
Did not check for orphaned blocks
Total full LBM containers with extra space: 0 (0 repaired)
Total full LBM container extra space in bytes: 0 (0 repaired)
Total incomplete LBM containers: 0 (0 repaired)
Total LBM partial records: 0 (0 repaired)
Total corrupted LBM metadata records in RocksDB: 0 (0 repaired)
I20260812 08:03:43.541131 14334 heartbeater.cc:499] Master 127.3.243.190:40885 was elected leader, sending a full tablet report...
I20260812 08:03:43.554586  4046 rpc_server.cc:225] running with OpenSSL 1.1.1  11 Sep 2018
I20260812 08:03:43.555047  4046 kserver.cc:163] Server-wide thread pool size limit: 3276
I20260812 08:03:43.555907  4046 ts_tablet_manager.cc:585] Loaded tablet metadata (0 total tablets, 0 live tablets)
I20260812 08:03:43.555958  4046 ts_tablet_manager.cc:531] Time spent load tablet metadata: real 0.000s	user 0.000s	sys 0.000s
I20260812 08:03:43.556023  4046 ts_tablet_manager.cc:616] Registered 0 tablets
I20260812 08:03:43.556051  4046 ts_tablet_manager.cc:595] Time spent register tablets: real 0.000s	user 0.000s	sys 0.000s
I20260812 08:03:43.561303  4046 rpc_server.cc:307] RPC server started. Bound to: 127.3.243.131:41111
I20260812 08:03:43.561465 14493 acceptor_pool.cc:272] collecting diagnostics on the listening RPC socket 127.3.243.131:41111 every 8 connection(s)
I20260812 08:03:43.562512 14494 heartbeater.cc:344] Connected to a master server at 127.3.243.190:40885
I20260812 08:03:43.562588 14494 heartbeater.cc:461] Registering TS with master...
I20260812 08:03:43.562773 14494 heartbeater.cc:507] Master 127.3.243.190:40885 requested a full tablet report, sending...
I20260812 08:03:43.563315 13950 ts_manager.cc:194] Registered new tserver with Master: 4a717d8ceb0e46fa8e7ba0f308dd32e1 (127.3.243.131:41111)
I20260812 08:03:43.563884 13950 master_service.cc:502] Signed X509 certificate for tserver {username='slave'} at 127.0.0.1:53154
I20260812 08:03:43.564276  4046 internal_mini_cluster.cc:371] 3 TS(s) registered with all masters after 0.002322263s
I20260812 08:03:43.571126 13950 catalog_manager.cc:2283] Servicing CreateTable request from {username='slave'} at 127.0.0.1:53176:
name: "client-testtb"
schema {
  columns {
    name: "key"
    type: INT32
    is_key: true
    is_nullable: false
    encoding: AUTO_ENCODING
    compression: DEFAULT_COMPRESSION
    cfile_block_size: 0
    immutable: false
  }
  columns {
    name: "int_val"
    type: INT32
    is_key: false
    is_nullable: false
    encoding: AUTO_ENCODING
    compression: DEFAULT_COMPRESSION
    cfile_block_size: 0
    immutable: false
  }
  columns {
    name: "string_val"
    type: STRING
    is_key: false
    is_nullable: true
    encoding: AUTO_ENCODING
    compression: DEFAULT_COMPRESSION
    cfile_block_size: 0
    immutable: false
  }
  columns {
    name: "non_null_with_default"
    type: INT32
    is_key: false
    is_nullable: false
    read_default_value: "90\000\000"
    encoding: AUTO_ENCODING
    compression: DEFAULT_COMPRESSION
    cfile_block_size: 0
    immutable: false
  }
}
num_replicas: 3
split_rows_range_bounds {
}
partition_schema {
  hash_schema {
    columns {
      name: "key"
    }
    num_buckets: 3
    seed: 0
  }
}
W20260812 08:03:43.571640 13950 catalog_manager.cc:7099] The number of live tablet servers is not enough to re-replicate a tablet replica of the newly created table client-testtb in case of a server failure: 4 tablet servers would be needed, 3 are available. Consider bringing up more tablet servers.
I20260812 08:03:43.574653 14494 heartbeater.cc:499] Master 127.3.243.190:40885 was elected leader, sending a full tablet report...
