I20260812 08:03:48.297971 17099 data_dirs.cc:400] Could only allocate 1 dirs of requested 3 for tablet cafa13ef89c44838b484c9e6a3108198. 1 dirs total, 0 dirs full, 0 dirs failed
I20260812 08:03:48.300460 17182 tablet_bootstrap.cc:492] T b5e93dfffa764a5486e027b93a96c28d P 7ac60f2b421a4d94934fb8f294fcff6c: Bootstrap starting.
I20260812 08:03:48.301235 17182 tablet_bootstrap.cc:654] T b5e93dfffa764a5486e027b93a96c28d P 7ac60f2b421a4d94934fb8f294fcff6c: Neither blocks nor log segments found. Creating new log.
I20260812 08:03:48.302260 17182 tablet_bootstrap.cc:492] T b5e93dfffa764a5486e027b93a96c28d P 7ac60f2b421a4d94934fb8f294fcff6c: No bootstrap required, opened a new log
I20260812 08:03:48.302351 17182 ts_tablet_manager.cc:1403] T b5e93dfffa764a5486e027b93a96c28d P 7ac60f2b421a4d94934fb8f294fcff6c: Time spent bootstrapping tablet: real 0.002s	user 0.001s	sys 0.000s
I20260812 08:03:48.302742 17182 raft_consensus.cc:359] T b5e93dfffa764a5486e027b93a96c28d P 7ac60f2b421a4d94934fb8f294fcff6c [term 0 FOLLOWER]: Replica starting. Triggering 0 pending ops. Active config: opid_index: -1 OBSOLETE_local: true peers { permanent_uuid: "7ac60f2b421a4d94934fb8f294fcff6c" member_type: VOTER last_known_addr { host: "127.3.243.129" port: 46809 } }
I20260812 08:03:48.302867 17182 raft_consensus.cc:385] T b5e93dfffa764a5486e027b93a96c28d P 7ac60f2b421a4d94934fb8f294fcff6c [term 0 FOLLOWER]: Consensus starting up: Expiring failure detector timer to make a prompt election more likely
I20260812 08:03:48.302908 17182 raft_consensus.cc:740] T b5e93dfffa764a5486e027b93a96c28d P 7ac60f2b421a4d94934fb8f294fcff6c [term 0 FOLLOWER]: Becoming Follower/Learner. State: Replica: 7ac60f2b421a4d94934fb8f294fcff6c, State: Initialized, Role: FOLLOWER
I20260812 08:03:48.303047 17182 consensus_queue.cc:260] T b5e93dfffa764a5486e027b93a96c28d P 7ac60f2b421a4d94934fb8f294fcff6c [NON_LEADER]: Queue going to NON_LEADER mode. State: All replicated index: 0, Majority replicated index: 0, Committed index: 0, Last appended: 0.0, Last appended by leader: 0, Current term: 0, Majority size: -1, State: 0, Mode: NON_LEADER, active raft config: opid_index: -1 OBSOLETE_local: true peers { permanent_uuid: "7ac60f2b421a4d94934fb8f294fcff6c" member_type: VOTER last_known_addr { host: "127.3.243.129" port: 46809 } }
I20260812 08:03:48.303153 17182 raft_consensus.cc:399] T b5e93dfffa764a5486e027b93a96c28d P 7ac60f2b421a4d94934fb8f294fcff6c [term 0 FOLLOWER]: Only one voter in the Raft config. Triggering election immediately
I20260812 08:03:48.303196 17182 raft_consensus.cc:493] T b5e93dfffa764a5486e027b93a96c28d P 7ac60f2b421a4d94934fb8f294fcff6c [term 0 FOLLOWER]: Starting leader election (initial election of a single-replica configuration)
I20260812 08:03:48.303248 17182 raft_consensus.cc:3060] T b5e93dfffa764a5486e027b93a96c28d P 7ac60f2b421a4d94934fb8f294fcff6c [term 0 FOLLOWER]: Advancing to term 1
I20260812 08:03:48.304128 17182 raft_consensus.cc:515] T b5e93dfffa764a5486e027b93a96c28d P 7ac60f2b421a4d94934fb8f294fcff6c [term 1 FOLLOWER]: Starting leader election with config: opid_index: -1 OBSOLETE_local: true peers { permanent_uuid: "7ac60f2b421a4d94934fb8f294fcff6c" member_type: VOTER last_known_addr { host: "127.3.243.129" port: 46809 } }
I20260812 08:03:48.304270 17182 leader_election.cc:304] T b5e93dfffa764a5486e027b93a96c28d P 7ac60f2b421a4d94934fb8f294fcff6c [CANDIDATE]: Term 1 election: Election decided. Result: candidate won. Election summary: received 1 responses out of 1 voters: 1 yes votes; 0 no votes. yes voters: 7ac60f2b421a4d94934fb8f294fcff6c; no voters: 
I20260812 08:03:48.304487 17182 leader_election.cc:290] T b5e93dfffa764a5486e027b93a96c28d P 7ac60f2b421a4d94934fb8f294fcff6c [CANDIDATE]: Term 1 election: Requested vote from peers 
I20260812 08:03:48.304606 17184 raft_consensus.cc:2804] T b5e93dfffa764a5486e027b93a96c28d P 7ac60f2b421a4d94934fb8f294fcff6c [term 1 FOLLOWER]: Leader election won for term 1
I20260812 08:03:48.304832 17182 ts_tablet_manager.cc:1434] T b5e93dfffa764a5486e027b93a96c28d P 7ac60f2b421a4d94934fb8f294fcff6c: Time spent starting tablet: real 0.002s	user 0.003s	sys 0.000s
I20260812 08:03:48.304844 17184 raft_consensus.cc:697] T b5e93dfffa764a5486e027b93a96c28d P 7ac60f2b421a4d94934fb8f294fcff6c [term 1 LEADER]: Becoming Leader. State: Replica: 7ac60f2b421a4d94934fb8f294fcff6c, State: Running, Role: LEADER
I20260812 08:03:48.305038 17182 tablet_bootstrap.cc:492] T cafa13ef89c44838b484c9e6a3108198 P 7ac60f2b421a4d94934fb8f294fcff6c: Bootstrap starting.
I20260812 08:03:48.305032 17184 consensus_queue.cc:237] T b5e93dfffa764a5486e027b93a96c28d P 7ac60f2b421a4d94934fb8f294fcff6c [LEADER]: Queue going to LEADER mode. State: All replicated index: 0, Majority replicated index: 0, Committed index: 0, Last appended: 0.0, Last appended by leader: 0, Current term: 1, Majority size: 1, State: 0, Mode: LEADER, active raft config: opid_index: -1 OBSOLETE_local: true peers { permanent_uuid: "7ac60f2b421a4d94934fb8f294fcff6c" member_type: VOTER last_known_addr { host: "127.3.243.129" port: 46809 } }
I20260812 08:03:48.305913 17182 tablet_bootstrap.cc:654] T cafa13ef89c44838b484c9e6a3108198 P 7ac60f2b421a4d94934fb8f294fcff6c: Neither blocks nor log segments found. Creating new log.
I20260812 08:03:48.307152 17182 tablet_bootstrap.cc:492] T cafa13ef89c44838b484c9e6a3108198 P 7ac60f2b421a4d94934fb8f294fcff6c: No bootstrap required, opened a new log
I20260812 08:03:48.307160 16928 catalog_manager.cc:5719] T b5e93dfffa764a5486e027b93a96c28d P 7ac60f2b421a4d94934fb8f294fcff6c reported cstate change: term changed from 0 to 1, leader changed from <none> to 7ac60f2b421a4d94934fb8f294fcff6c (127.3.243.129). New cstate: current_term: 1 leader_uuid: "7ac60f2b421a4d94934fb8f294fcff6c" committed_config { opid_index: -1 OBSOLETE_local: true peers { permanent_uuid: "7ac60f2b421a4d94934fb8f294fcff6c" member_type: VOTER last_known_addr { host: "127.3.243.129" port: 46809 } health_report { overall_health: HEALTHY } } }
I20260812 08:03:48.307322 17182 ts_tablet_manager.cc:1403] T cafa13ef89c44838b484c9e6a3108198 P 7ac60f2b421a4d94934fb8f294fcff6c: Time spent bootstrapping tablet: real 0.002s	user 0.002s	sys 0.000s
I20260812 08:03:48.307929 17182 raft_consensus.cc:359] T cafa13ef89c44838b484c9e6a3108198 P 7ac60f2b421a4d94934fb8f294fcff6c [term 0 FOLLOWER]: Replica starting. Triggering 0 pending ops. Active config: opid_index: -1 OBSOLETE_local: true peers { permanent_uuid: "7ac60f2b421a4d94934fb8f294fcff6c" member_type: VOTER last_known_addr { host: "127.3.243.129" port: 46809 } }
I20260812 08:03:48.308019 17182 raft_consensus.cc:385] T cafa13ef89c44838b484c9e6a3108198 P 7ac60f2b421a4d94934fb8f294fcff6c [term 0 FOLLOWER]: Consensus starting up: Expiring failure detector timer to make a prompt election more likely
I20260812 08:03:48.308053 17182 raft_consensus.cc:740] T cafa13ef89c44838b484c9e6a3108198 P 7ac60f2b421a4d94934fb8f294fcff6c [term 0 FOLLOWER]: Becoming Follower/Learner. State: Replica: 7ac60f2b421a4d94934fb8f294fcff6c, State: Initialized, Role: FOLLOWER
I20260812 08:03:48.308185 17182 consensus_queue.cc:260] T cafa13ef89c44838b484c9e6a3108198 P 7ac60f2b421a4d94934fb8f294fcff6c [NON_LEADER]: Queue going to NON_LEADER mode. State: All replicated index: 0, Majority replicated index: 0, Committed index: 0, Last appended: 0.0, Last appended by leader: 0, Current term: 0, Majority size: -1, State: 0, Mode: NON_LEADER, active raft config: opid_index: -1 OBSOLETE_local: true peers { permanent_uuid: "7ac60f2b421a4d94934fb8f294fcff6c" member_type: VOTER last_known_addr { host: "127.3.243.129" port: 46809 } }
I20260812 08:03:48.308284 17182 raft_consensus.cc:399] T cafa13ef89c44838b484c9e6a3108198 P 7ac60f2b421a4d94934fb8f294fcff6c [term 0 FOLLOWER]: Only one voter in the Raft config. Triggering election immediately
I20260812 08:03:48.308322 17182 raft_consensus.cc:493] T cafa13ef89c44838b484c9e6a3108198 P 7ac60f2b421a4d94934fb8f294fcff6c [term 0 FOLLOWER]: Starting leader election (initial election of a single-replica configuration)
I20260812 08:03:48.308377 17182 raft_consensus.cc:3060] T cafa13ef89c44838b484c9e6a3108198 P 7ac60f2b421a4d94934fb8f294fcff6c [term 0 FOLLOWER]: Advancing to term 1
I20260812 08:03:48.309211 17182 raft_consensus.cc:515] T cafa13ef89c44838b484c9e6a3108198 P 7ac60f2b421a4d94934fb8f294fcff6c [term 1 FOLLOWER]: Starting leader election with config: opid_index: -1 OBSOLETE_local: true peers { permanent_uuid: "7ac60f2b421a4d94934fb8f294fcff6c" member_type: VOTER last_known_addr { host: "127.3.243.129" port: 46809 } }
I20260812 08:03:48.309363 17182 leader_election.cc:304] T cafa13ef89c44838b484c9e6a3108198 P 7ac60f2b421a4d94934fb8f294fcff6c [CANDIDATE]: Term 1 election: Election decided. Result: candidate won. Election summary: received 1 responses out of 1 voters: 1 yes votes; 0 no votes. yes voters: 7ac60f2b421a4d94934fb8f294fcff6c; no voters: 
I20260812 08:03:48.309806 17182 leader_election.cc:290] T cafa13ef89c44838b484c9e6a3108198 P 7ac60f2b421a4d94934fb8f294fcff6c [CANDIDATE]: Term 1 election: Requested vote from peers 
I20260812 08:03:48.309885 17184 raft_consensus.cc:2804] T cafa13ef89c44838b484c9e6a3108198 P 7ac60f2b421a4d94934fb8f294fcff6c [term 1 FOLLOWER]: Leader election won for term 1
I20260812 08:03:48.309960 17184 raft_consensus.cc:697] T cafa13ef89c44838b484c9e6a3108198 P 7ac60f2b421a4d94934fb8f294fcff6c [term 1 LEADER]: Becoming Leader. State: Replica: 7ac60f2b421a4d94934fb8f294fcff6c, State: Running, Role: LEADER
I20260812 08:03:48.310065 17184 consensus_queue.cc:237] T cafa13ef89c44838b484c9e6a3108198 P 7ac60f2b421a4d94934fb8f294fcff6c [LEADER]: Queue going to LEADER mode. State: All replicated index: 0, Majority replicated index: 0, Committed index: 0, Last appended: 0.0, Last appended by leader: 0, Current term: 1, Majority size: 1, State: 0, Mode: LEADER, active raft config: opid_index: -1 OBSOLETE_local: true peers { permanent_uuid: "7ac60f2b421a4d94934fb8f294fcff6c" member_type: VOTER last_known_addr { host: "127.3.243.129" port: 46809 } }
I20260812 08:03:48.310063 17182 ts_tablet_manager.cc:1434] T cafa13ef89c44838b484c9e6a3108198 P 7ac60f2b421a4d94934fb8f294fcff6c: Time spent starting tablet: real 0.003s	user 0.002s	sys 0.000s
I20260812 08:03:48.312247 16925 catalog_manager.cc:5719] T cafa13ef89c44838b484c9e6a3108198 P 7ac60f2b421a4d94934fb8f294fcff6c reported cstate change: term changed from 0 to 1, leader changed from <none> to 7ac60f2b421a4d94934fb8f294fcff6c (127.3.243.129). New cstate: current_term: 1 leader_uuid: "7ac60f2b421a4d94934fb8f294fcff6c" committed_config { opid_index: -1 OBSOLETE_local: true peers { permanent_uuid: "7ac60f2b421a4d94934fb8f294fcff6c" member_type: VOTER last_known_addr { host: "127.3.243.129" port: 46809 } health_report { overall_health: HEALTHY } } }
I20260812 08:03:48.318089 16925 catalog_manager.cc:2283] Servicing CreateTable request from {username='slave'} at 127.0.0.1:55536:
name: "table_ea_noflush_DOUBLE"
schema {
  columns {
    name: "key"
    type: INT64
    is_key: true
    is_nullable: false
    encoding: AUTO_ENCODING
    compression: DEFAULT_COMPRESSION
    cfile_block_size: 0
    immutable: false
  }
  columns {
    name: "arr_0"
    type: NESTED
    is_key: false
    is_nullable: true
    encoding: PLAIN_ENCODING
    compression: DEFAULT_COMPRESSION
    cfile_block_size: 0
    immutable: false
    nested_type {
      array {
        type: DOUBLE
      }
    }
  }
}
num_replicas: 1
split_rows_range_bounds {
  rows: "\010\001\000\377\377\377\377\377\377\377\377\t\001\000c\000\000\000\000\000\000\000""\010\001\000\377\377\377\377\377\377\377\377\t\001\000c\000\000\000\000\000\000\000"
  indirect_data: """"
}
partition_schema {
  range_schema {
    columns {
      name: "key"
    }
  }
}
I20260812 08:03:48.322309 17101 tablet_service.cc:1511] Processing CreateTablet for tablet f82be284f94b46fbaa7863cee25671a6 (DEFAULT_TABLE table=table_ea_noflush_DOUBLE [id=6bcf7595c96143f5b19f7a0c82945a12]), partition=RANGE (key) PARTITION 0 <= VALUES < 100
I20260812 08:03:48.322626 17101 data_dirs.cc:400] Could only allocate 1 dirs of requested 3 for tablet f82be284f94b46fbaa7863cee25671a6. 1 dirs total, 0 dirs full, 0 dirs failed
I20260812 08:03:48.324363 17182 tablet_bootstrap.cc:492] T f82be284f94b46fbaa7863cee25671a6 P 7ac60f2b421a4d94934fb8f294fcff6c: Bootstrap starting.
I20260812 08:03:48.325323 17182 tablet_bootstrap.cc:654] T f82be284f94b46fbaa7863cee25671a6 P 7ac60f2b421a4d94934fb8f294fcff6c: Neither blocks nor log segments found. Creating new log.
I20260812 08:03:48.326433 17182 tablet_bootstrap.cc:492] T f82be284f94b46fbaa7863cee25671a6 P 7ac60f2b421a4d94934fb8f294fcff6c: No bootstrap required, opened a new log
I20260812 08:03:48.326517 17182 ts_tablet_manager.cc:1403] T f82be284f94b46fbaa7863cee25671a6 P 7ac60f2b421a4d94934fb8f294fcff6c: Time spent bootstrapping tablet: real 0.002s	user 0.002s	sys 0.000s
I20260812 08:03:48.326915 17182 raft_consensus.cc:359] T f82be284f94b46fbaa7863cee25671a6 P 7ac60f2b421a4d94934fb8f294fcff6c [term 0 FOLLOWER]: Replica starting. Triggering 0 pending ops. Active config: opid_index: -1 OBSOLETE_local: true peers { permanent_uuid: "7ac60f2b421a4d94934fb8f294fcff6c" member_type: VOTER last_known_addr { host: "127.3.243.129" port: 46809 } }
I20260812 08:03:48.327006 17182 raft_consensus.cc:385] T f82be284f94b46fbaa7863cee25671a6 P 7ac60f2b421a4d94934fb8f294fcff6c [term 0 FOLLOWER]: Consensus starting up: Expiring failure detector timer to make a prompt election more likely
I20260812 08:03:48.327040 17182 raft_consensus.cc:740] T f82be284f94b46fbaa7863cee25671a6 P 7ac60f2b421a4d94934fb8f294fcff6c [term 0 FOLLOWER]: Becoming Follower/Learner. State: Replica: 7ac60f2b421a4d94934fb8f294fcff6c, State: Initialized, Role: FOLLOWER
I20260812 08:03:48.327160 17182 consensus_queue.cc:260] T f82be284f94b46fbaa7863cee25671a6 P 7ac60f2b421a4d94934fb8f294fcff6c [NON_LEADER]: Queue going to NON_LEADER mode. State: All replicated index: 0, Majority replicated index: 0, Committed index: 0, Last appended: 0.0, Last appended by leader: 0, Current term: 0, Majority size: -1, State: 0, Mode: NON_LEADER, active raft config: opid_index: -1 OBSOLETE_local: true peers { permanent_uuid: "7ac60f2b421a4d94934fb8f294fcff6c" member_type: VOTER last_known_addr { host: "127.3.243.129" port: 46809 } }
I20260812 08:03:48.327224 17182 raft_consensus.cc:399] T f82be284f94b46fbaa7863cee25671a6 P 7ac60f2b421a4d94934fb8f294fcff6c [term 0 FOLLOWER]: Only one voter in the Raft config. Triggering election immediately
I20260812 08:03:48.327255 17182 raft_consensus.cc:493] T f82be284f94b46fbaa7863cee25671a6 P 7ac60f2b421a4d94934fb8f294fcff6c [term 0 FOLLOWER]: Starting leader election (initial election of a single-replica configuration)
I20260812 08:03:48.327301 17182 raft_consensus.cc:3060] T f82be284f94b46fbaa7863cee25671a6 P 7ac60f2b421a4d94934fb8f294fcff6c [term 0 FOLLOWER]: Advancing to term 1
I20260812 08:03:48.328127 17182 raft_consensus.cc:515] T f82be284f94b46fbaa7863cee25671a6 P 7ac60f2b421a4d94934fb8f294fcff6c [term 1 FOLLOWER]: Starting leader election with config: opid_index: -1 OBSOLETE_local: true peers { permanent_uuid: "7ac60f2b421a4d94934fb8f294fcff6c" member_type: VOTER last_known_addr { host: "127.3.243.129" port: 46809 } }
I20260812 08:03:48.328256 17182 leader_election.cc:304] T f82be284f94b46fbaa7863cee25671a6 P 7ac60f2b421a4d94934fb8f294fcff6c [CANDIDATE]: Term 1 election: Election decided. Result: candidate won. Election summary: received 1 responses out of 1 voters: 1 yes votes; 0 no votes. yes voters: 7ac60f2b421a4d94934fb8f294fcff6c; no voters: 
I20260812 08:03:48.328352 17182 leader_election.cc:290] T f82be284f94b46fbaa7863cee25671a6 P 7ac60f2b421a4d94934fb8f294fcff6c [CANDIDATE]: Term 1 election: Requested vote from peers 
I20260812 08:03:48.328428 17186 raft_consensus.cc:2804] T f82be284f94b46fbaa7863cee25671a6 P 7ac60f2b421a4d94934fb8f294fcff6c [term 1 FOLLOWER]: Leader election won for term 1
I20260812 08:03:48.328531 17186 raft_consensus.cc:697] T f82be284f94b46fbaa7863cee25671a6 P 7ac60f2b421a4d94934fb8f294fcff6c [term 1 LEADER]: Becoming Leader. State: Replica: 7ac60f2b421a4d94934fb8f294fcff6c, State: Running, Role: LEADER
I20260812 08:03:48.328568 17182 ts_tablet_manager.cc:1434] T f82be284f94b46fbaa7863cee25671a6 P 7ac60f2b421a4d94934fb8f294fcff6c: Time spent starting tablet: real 0.002s	user 0.001s	sys 0.000s
I20260812 08:03:48.328645 17186 consensus_queue.cc:237] T f82be284f94b46fbaa7863cee25671a6 P 7ac60f2b421a4d94934fb8f294fcff6c [LEADER]: Queue going to LEADER mode. State: All replicated index: 0, Majority replicated index: 0, Committed index: 0, Last appended: 0.0, Last appended by leader: 0, Current term: 1, Majority size: 1, State: 0, Mode: LEADER, active raft config: opid_index: -1 OBSOLETE_local: true peers { permanent_uuid: "7ac60f2b421a4d94934fb8f294fcff6c" member_type: VOTER last_known_addr { host: "127.3.243.129" port: 46809 } }
I20260812 08:03:48.329823 16925 catalog_manager.cc:5719] T f82be284f94b46fbaa7863cee25671a6 P 7ac60f2b421a4d94934fb8f294fcff6c reported cstate change: term changed from 0 to 1, leader changed from <none> to 7ac60f2b421a4d94934fb8f294fcff6c (127.3.243.129). New cstate: current_term: 1 leader_uuid: "7ac60f2b421a4d94934fb8f294fcff6c" committed_config { opid_index: -1 OBSOLETE_local: true peers { permanent_uuid: "7ac60f2b421a4d94934fb8f294fcff6c" member_type: VOTER last_known_addr { host: "127.3.243.129" port: 46809 } health_report { overall_health: HEALTHY } } }
I20260812 08:03:48.345279 16925 catalog_manager.cc:2533] Servicing SoftDeleteTable request from {username='slave'} at 127.0.0.1:55536:
table { table_name: "table_ea_noflush_DOUBLE" } modify_external_catalogs: true
I20260812 08:03:48.345397 16925 catalog_manager.cc:2781] Servicing DeleteTable request from {username='slave'} at 127.0.0.1:55536:
table { table_name: "table_ea_noflush_DOUBLE" } modify_external_catalogs: true
I20260812 08:03:48.346941 16925 catalog_manager.cc:6006] T 00000000000000000000000000000000 P 0676206c4ada4ae89e19bb4220c5d1e1: Sending DeleteTablet for 1 replicas of tablet f82be284f94b46fbaa7863cee25671a6
I20260812 08:03:48.347411 17101 tablet_service.cc:1558] Processing DeleteTablet for tablet f82be284f94b46fbaa7863cee25671a6 with delete_type TABLET_DATA_DELETED (Table deleted at 2026-08-12 08:03:48 UTC) from {username='slave'} at 127.0.0.1:52584
I20260812 08:03:48.347715 17199 tablet_replica.cc:333] T f82be284f94b46fbaa7863cee25671a6 P 7ac60f2b421a4d94934fb8f294fcff6c: stopping tablet replica
I20260812 08:03:48.347874 17199 raft_consensus.cc:2243] T f82be284f94b46fbaa7863cee25671a6 P 7ac60f2b421a4d94934fb8f294fcff6c [term 1 LEADER]: Raft consensus shutting down.
I20260812 08:03:48.348002 17199 raft_consensus.cc:2272] T f82be284f94b46fbaa7863cee25671a6 P 7ac60f2b421a4d94934fb8f294fcff6c [term 1 FOLLOWER]: Raft consensus is shut down!
I20260812 08:03:48.348037  4046 tablet_server.cc:179] TabletServer@127.3.243.129:0 shutting down...
I20260812 08:03:48.348974 17199 ts_tablet_manager.cc:1916] T f82be284f94b46fbaa7863cee25671a6 P 7ac60f2b421a4d94934fb8f294fcff6c: Deleting tablet data with delete state TABLET_DATA_DELETED
I20260812 08:03:48.351287 17199 ts_tablet_manager.cc:1929] T f82be284f94b46fbaa7863cee25671a6 P 7ac60f2b421a4d94934fb8f294fcff6c: tablet deleted with delete type TABLET_DATA_DELETED: last-logged OpId 1.2
I20260812 08:03:48.351361 17199 log.cc:1199] T f82be284f94b46fbaa7863cee25671a6 P 7ac60f2b421a4d94934fb8f294fcff6c: Deleting WAL directory at /tmp/dist-test-taskcOJ6CH/test-tmp/client-test.3.Params_ArrayColumnParamTest.EmptyAndNullArrays_34.1786521811522831-4046-0/minicluster-data/ts-0-root/wals/f82be284f94b46fbaa7863cee25671a6
I20260812 08:03:48.351619 17199 ts_tablet_manager.cc:1950] T f82be284f94b46fbaa7863cee25671a6 P 7ac60f2b421a4d94934fb8f294fcff6c: Deleting consensus metadata
I20260812 08:03:48.352169  4046 ts_tablet_manager.cc:1507] Shutting down tablet manager...
I20260812 08:03:48.352563  4046 tablet_replica.cc:333] T b5e93dfffa764a5486e027b93a96c28d P 7ac60f2b421a4d94934fb8f294fcff6c: stopping tablet replica
I20260812 08:03:48.352567 16903 catalog_manager.cc:5050] TS 7ac60f2b421a4d94934fb8f294fcff6c (127.3.243.129:46809): tablet f82be284f94b46fbaa7863cee25671a6 (table table_ea_noflush_DOUBLE [id=6bcf7595c96143f5b19f7a0c82945a12]) successfully deleted
I20260812 08:03:48.352669  4046 raft_consensus.cc:2243] T b5e93dfffa764a5486e027b93a96c28d P 7ac60f2b421a4d94934fb8f294fcff6c [term 1 LEADER]: Raft consensus shutting down.
I20260812 08:03:48.352744  4046 raft_consensus.cc:2272] T b5e93dfffa764a5486e027b93a96c28d P 7ac60f2b421a4d94934fb8f294fcff6c [term 1 FOLLOWER]: Raft consensus is shut down!
I20260812 08:03:48.353193  4046 tablet_replica.cc:333] T cafa13ef89c44838b484c9e6a3108198 P 7ac60f2b421a4d94934fb8f294fcff6c: stopping tablet replica
I20260812 08:03:48.353263  4046 raft_consensus.cc:2243] T cafa13ef89c44838b484c9e6a3108198 P 7ac60f2b421a4d94934fb8f294fcff6c [term 1 LEADER]: Raft consensus shutting down.
I20260812 08:03:48.353332  4046 raft_consensus.cc:2272] T cafa13ef89c44838b484c9e6a3108198 P 7ac60f2b421a4d94934fb8f294fcff6c [term 1 FOLLOWER]: Raft consensus is shut down!
I20260812 08:03:48.365984  4046 tablet_server.cc:196] TabletServer@127.3.243.129:0 shutdown complete.
I20260812 08:03:48.368386  4046 master.cc:562] Master@127.3.243.190:35321 shutting down...
I20260812 08:03:48.372098  4046 raft_consensus.cc:2243] T 00000000000000000000000000000000 P 0676206c4ada4ae89e19bb4220c5d1e1 [term 1 LEADER]: Raft consensus shutting down.
I20260812 08:03:48.372262  4046 raft_consensus.cc:2272] T 00000000000000000000000000000000 P 0676206c4ada4ae89e19bb4220c5d1e1 [term 1 FOLLOWER]: Raft consensus is shut down!
I20260812 08:03:48.372406  4046 tablet_replica.cc:333] T 00000000000000000000000000000000 P 0676206c4ada4ae89e19bb4220c5d1e1: stopping tablet replica
I20260812 08:03:48.385076  4046 master.cc:584] Master@127.3.243.190:35321 shutdown complete.
[       OK ] Params/ArrayColumnParamTest.EmptyAndNullArrays/34 (248 ms)
[ RUN      ] Params/ArrayColumnParamTest.EmptyAndNullArrays/42
I20260812 08:03:48.390208  4046 internal_mini_cluster.cc:156] Creating distributed mini masters. Addrs: 127.3.243.190:33817
I20260812 08:03:48.390559  4046 file_cache.cc:504] Constructed file cache file cache with capacity 419430
W20260812 08:03:48.392318 17200 instance_detector.cc:116] could not retrieve AWS instance metadata: Network error: curl error: HTTP response code said error: The requested URL returned error: 404
W20260812 08:03:48.392314 17205 instance_detector.cc:116] could not retrieve OpenStack instance metadata: Network error: curl error: HTTP response code said error: The requested URL returned error: 404
W20260812 08:03:48.392314 17202 instance_detector.cc:116] could not retrieve Azure instance metadata: Network error: curl error: HTTP response code said error: The requested URL returned error: 404
I20260812 08:03:48.392860  4046 server_base.cc:1061] running on GCE node
I20260812 08:03:48.393002  4046 hybrid_clock.cc:584] initializing the hybrid clock with 'system_unsync' time source
W20260812 08:03:48.393042  4046 system_unsync_time.cc:38] NTP support is disabled. Clock error bounds will not be accurate. This configuration is not suitable for distributed clusters.
I20260812 08:03:48.393057  4046 hybrid_clock.cc:648] HybridClock initialized: now 1786521828393057 us; error 0 us; skew 500 ppm
I20260812 08:03:48.393795  4046 webserver.cc:533] Webserver started at http://127.3.243.190:35551/ using document root <none> and password file <none>
I20260812 08:03:48.393918  4046 fs_manager.cc:362] Metadata directory not provided
I20260812 08:03:48.393965  4046 fs_manager.cc:368] Using write-ahead log directory (fs_wal_dir) as metadata directory
I20260812 08:03:48.394033  4046 server_base.cc:909] This appears to be a new deployment of Kudu; creating new FS layout
I20260812 08:03:48.394383  4046 fs_manager.cc:1068] Generated new instance metadata in path /tmp/dist-test-taskcOJ6CH/test-tmp/client-test.3.Params_ArrayColumnParamTest.EmptyAndNullArrays_42.1786521811522831-4046-0/minicluster-data/master-0-root/instance:
uuid: "a44a43f0b2734cb58cee50804a85bbfd"
format_stamp: "Formatted at 2026-08-12 08:03:48 on dist-test-slave-5bn2"
I20260812 08:03:48.395795  4046 fs_manager.cc:696] Time spent creating directory manager: real 0.001s	user 0.000s	sys 0.002s
I20260812 08:03:48.396617 17212 log_block_manager.cc:4127] Time spent loading block containers with low live blocks: real 0.000s	user 0.000s	sys 0.000s
I20260812 08:03:48.396842  4046 fs_manager.cc:730] Time spent opening block manager: real 0.001s	user 0.000s	sys 0.001s
I20260812 08:03:48.396906  4046 fs_manager.cc:647] Opened local filesystem: /tmp/dist-test-taskcOJ6CH/test-tmp/client-test.3.Params_ArrayColumnParamTest.EmptyAndNullArrays_42.1786521811522831-4046-0/minicluster-data/master-0-root
uuid: "a44a43f0b2734cb58cee50804a85bbfd"
format_stamp: "Formatted at 2026-08-12 08:03:48 on dist-test-slave-5bn2"
I20260812 08:03:48.396970  4046 fs_report.cc:389] FS layout report
--------------------
wal directory: /tmp/dist-test-taskcOJ6CH/test-tmp/client-test.3.Params_ArrayColumnParamTest.EmptyAndNullArrays_42.1786521811522831-4046-0/minicluster-data/master-0-root
metadata directory: /tmp/dist-test-taskcOJ6CH/test-tmp/client-test.3.Params_ArrayColumnParamTest.EmptyAndNullArrays_42.1786521811522831-4046-0/minicluster-data/master-0-root
1 data directories: /tmp/dist-test-taskcOJ6CH/test-tmp/client-test.3.Params_ArrayColumnParamTest.EmptyAndNullArrays_42.1786521811522831-4046-0/minicluster-data/master-0-root/data
Total live blocks: 0
Total live bytes: 0
Total live bytes (after alignment): 0
Total number of LBM containers: 0 (0 full)
Did not check for missing blocks
Did not check for orphaned blocks
Total full LBM containers with extra space: 0 (0 repaired)
Total full LBM container extra space in bytes: 0 (0 repaired)
Total incomplete LBM containers: 0 (0 repaired)
Total LBM partial records: 0 (0 repaired)
Total corrupted LBM metadata records in RocksDB: 0 (0 repaired)
I20260812 08:03:48.406145  4046 rpc_server.cc:225] running with OpenSSL 1.1.1  11 Sep 2018
I20260812 08:03:48.406459  4046 kserver.cc:163] Server-wide thread pool size limit: 3276
I20260812 08:03:48.410666  4046 rpc_server.cc:307] RPC server started. Bound to: 127.3.243.190:33817
I20260812 08:03:48.411048 17303 acceptor_pool.cc:272] collecting diagnostics on the listening RPC socket 127.3.243.190:33817 every 8 connection(s)
I20260812 08:03:48.411629 17304 data_dirs.cc:400] Could only allocate 1 dirs of requested 3 for tablet 00000000000000000000000000000000. 1 dirs total, 0 dirs full, 0 dirs failed
I20260812 08:03:48.413350 17304 tablet_bootstrap.cc:492] T 00000000000000000000000000000000 P a44a43f0b2734cb58cee50804a85bbfd: Bootstrap starting.
I20260812 08:03:48.414108 17304 tablet_bootstrap.cc:654] T 00000000000000000000000000000000 P a44a43f0b2734cb58cee50804a85bbfd: Neither blocks nor log segments found. Creating new log.
I20260812 08:03:48.415079 17304 tablet_bootstrap.cc:492] T 00000000000000000000000000000000 P a44a43f0b2734cb58cee50804a85bbfd: No bootstrap required, opened a new log
I20260812 08:03:48.415452 17304 raft_consensus.cc:359] T 00000000000000000000000000000000 P a44a43f0b2734cb58cee50804a85bbfd [term 0 FOLLOWER]: Replica starting. Triggering 0 pending ops. Active config: opid_index: -1 OBSOLETE_local: true peers { permanent_uuid: "a44a43f0b2734cb58cee50804a85bbfd" member_type: VOTER }
I20260812 08:03:48.415539 17304 raft_consensus.cc:385] T 00000000000000000000000000000000 P a44a43f0b2734cb58cee50804a85bbfd [term 0 FOLLOWER]: Consensus starting up: Expiring failure detector timer to make a prompt election more likely
I20260812 08:03:48.415567 17304 raft_consensus.cc:740] T 00000000000000000000000000000000 P a44a43f0b2734cb58cee50804a85bbfd [term 0 FOLLOWER]: Becoming Follower/Learner. State: Replica: a44a43f0b2734cb58cee50804a85bbfd, State: Initialized, Role: FOLLOWER
I20260812 08:03:48.415704 17304 consensus_queue.cc:260] T 00000000000000000000000000000000 P a44a43f0b2734cb58cee50804a85bbfd [NON_LEADER]: Queue going to NON_LEADER mode. State: All replicated index: 0, Majority replicated index: 0, Committed index: 0, Last appended: 0.0, Last appended by leader: 0, Current term: 0, Majority size: -1, State: 0, Mode: NON_LEADER, active raft config: opid_index: -1 OBSOLETE_local: true peers { permanent_uuid: "a44a43f0b2734cb58cee50804a85bbfd" member_type: VOTER }
I20260812 08:03:48.415786 17304 raft_consensus.cc:399] T 00000000000000000000000000000000 P a44a43f0b2734cb58cee50804a85bbfd [term 0 FOLLOWER]: Only one voter in the Raft config. Triggering election immediately
I20260812 08:03:48.415822 17304 raft_consensus.cc:493] T 00000000000000000000000000000000 P a44a43f0b2734cb58cee50804a85bbfd [term 0 FOLLOWER]: Starting leader election (initial election of a single-replica configuration)
I20260812 08:03:48.415871 17304 raft_consensus.cc:3060] T 00000000000000000000000000000000 P a44a43f0b2734cb58cee50804a85bbfd [term 0 FOLLOWER]: Advancing to term 1
I20260812 08:03:48.416561 17304 raft_consensus.cc:515] T 00000000000000000000000000000000 P a44a43f0b2734cb58cee50804a85bbfd [term 1 FOLLOWER]: Starting leader election with config: opid_index: -1 OBSOLETE_local: true peers { permanent_uuid: "a44a43f0b2734cb58cee50804a85bbfd" member_type: VOTER }
I20260812 08:03:48.416688 17304 leader_election.cc:304] T 00000000000000000000000000000000 P a44a43f0b2734cb58cee50804a85bbfd [CANDIDATE]: Term 1 election: Election decided. Result: candidate won. Election summary: received 1 responses out of 1 voters: 1 yes votes; 0 no votes. yes voters: a44a43f0b2734cb58cee50804a85bbfd; no voters: 
I20260812 08:03:48.416857 17304 leader_election.cc:290] T 00000000000000000000000000000000 P a44a43f0b2734cb58cee50804a85bbfd [CANDIDATE]: Term 1 election: Requested vote from peers 
I20260812 08:03:48.416932 17309 raft_consensus.cc:2804] T 00000000000000000000000000000000 P a44a43f0b2734cb58cee50804a85bbfd [term 1 FOLLOWER]: Leader election won for term 1
I20260812 08:03:48.417125 17309 raft_consensus.cc:697] T 00000000000000000000000000000000 P a44a43f0b2734cb58cee50804a85bbfd [term 1 LEADER]: Becoming Leader. State: Replica: a44a43f0b2734cb58cee50804a85bbfd, State: Running, Role: LEADER
I20260812 08:03:48.417285 17304 sys_catalog.cc:565] T 00000000000000000000000000000000 P a44a43f0b2734cb58cee50804a85bbfd [sys.catalog]: configured and running, proceeding with master startup.
I20260812 08:03:48.417279 17309 consensus_queue.cc:237] T 00000000000000000000000000000000 P a44a43f0b2734cb58cee50804a85bbfd [LEADER]: Queue going to LEADER mode. State: All replicated index: 0, Majority replicated index: 0, Committed index: 0, Last appended: 0.0, Last appended by leader: 0, Current term: 1, Majority size: 1, State: 0, Mode: LEADER, active raft config: opid_index: -1 OBSOLETE_local: true peers { permanent_uuid: "a44a43f0b2734cb58cee50804a85bbfd" member_type: VOTER }
I20260812 08:03:48.417730 17313 sys_catalog.cc:455] T 00000000000000000000000000000000 P a44a43f0b2734cb58cee50804a85bbfd [sys.catalog]: SysCatalogTable state changed. Reason: RaftConsensus started. Latest consensus state: current_term: 1 leader_uuid: "a44a43f0b2734cb58cee50804a85bbfd" committed_config { opid_index: -1 OBSOLETE_local: true peers { permanent_uuid: "a44a43f0b2734cb58cee50804a85bbfd" member_type: VOTER } }
I20260812 08:03:48.417757 17314 sys_catalog.cc:455] T 00000000000000000000000000000000 P a44a43f0b2734cb58cee50804a85bbfd [sys.catalog]: SysCatalogTable state changed. Reason: New leader a44a43f0b2734cb58cee50804a85bbfd. Latest consensus state: current_term: 1 leader_uuid: "a44a43f0b2734cb58cee50804a85bbfd" committed_config { opid_index: -1 OBSOLETE_local: true peers { permanent_uuid: "a44a43f0b2734cb58cee50804a85bbfd" member_type: VOTER } }
I20260812 08:03:48.417888 17313 sys_catalog.cc:458] T 00000000000000000000000000000000 P a44a43f0b2734cb58cee50804a85bbfd [sys.catalog]: This master's current role is: LEADER
I20260812 08:03:48.417908 17314 sys_catalog.cc:458] T 00000000000000000000000000000000 P a44a43f0b2734cb58cee50804a85bbfd [sys.catalog]: This master's current role is: LEADER
I20260812 08:03:48.418480 17323 catalog_manager.cc:1511] Loading table and tablet metadata into memory...
I20260812 08:03:48.419365 17323 catalog_manager.cc:1520] Initializing Kudu cluster ID...
I20260812 08:03:48.419620  4046 internal_mini_cluster.cc:184] Waiting to initialize catalog manager on master 0
I20260812 08:03:48.421123 17323 catalog_manager.cc:1383] Generated new cluster ID: fa37d2ae956f48b884bea19ddb03f525
I20260812 08:03:48.421176 17323 catalog_manager.cc:1531] Initializing Kudu internal certificate authority...
I20260812 08:03:48.440793 17323 catalog_manager.cc:1406] Generated new certificate authority record
I20260812 08:03:48.441340 17323 catalog_manager.cc:1540] Loading token signing keys...
I20260812 08:03:48.447044 17323 catalog_manager.cc:6092] T 00000000000000000000000000000000 P a44a43f0b2734cb58cee50804a85bbfd: Generated new TSK 0
I20260812 08:03:48.447202 17323 catalog_manager.cc:1550] Initializing in-progress tserver states...
I20260812 08:03:48.451733  4046 file_cache.cc:504] Constructed file cache file cache with capacity 419430
I20260812 08:03:48.453650  4046 server_base.cc:1061] running on GCE node
W20260812 08:03:48.453558 17338 instance_detector.cc:116] could not retrieve AWS instance metadata: Network error: curl error: HTTP response code said error: The requested URL returned error: 404
W20260812 08:03:48.453626 17346 instance_detector.cc:116] could not retrieve OpenStack instance metadata: Network error: curl error: HTTP response code said error: The requested URL returned error: 404
W20260812 08:03:48.453599 17341 instance_detector.cc:116] could not retrieve Azure instance metadata: Network error: curl error: HTTP response code said error: The requested URL returned error: 404
I20260812 08:03:48.453894  4046 hybrid_clock.cc:584] initializing the hybrid clock with 'system_unsync' time source
W20260812 08:03:48.453939  4046 system_unsync_time.cc:38] NTP support is disabled. Clock error bounds will not be accurate. This configuration is not suitable for distributed clusters.
I20260812 08:03:48.453960  4046 hybrid_clock.cc:648] HybridClock initialized: now 1786521828453960 us; error 0 us; skew 500 ppm
I20260812 08:03:48.454818  4046 webserver.cc:533] Webserver started at http://127.3.243.129:42443/ using document root <none> and password file <none>
I20260812 08:03:48.455000  4046 fs_manager.cc:362] Metadata directory not provided
I20260812 08:03:48.455054  4046 fs_manager.cc:368] Using write-ahead log directory (fs_wal_dir) as metadata directory
I20260812 08:03:48.455129  4046 server_base.cc:909] This appears to be a new deployment of Kudu; creating new FS layout
I20260812 08:03:48.455497  4046 fs_manager.cc:1068] Generated new instance metadata in path /tmp/dist-test-taskcOJ6CH/test-tmp/client-test.3.Params_ArrayColumnParamTest.EmptyAndNullArrays_42.1786521811522831-4046-0/minicluster-data/ts-0-root/instance:
uuid: "356d86a0b0fb440da1df86592e9a4763"
format_stamp: "Formatted at 2026-08-12 08:03:48 on dist-test-slave-5bn2"
I20260812 08:03:48.456868  4046 fs_manager.cc:696] Time spent creating directory manager: real 0.001s	user 0.000s	sys 0.002s
I20260812 08:03:48.457688 17352 log_block_manager.cc:4127] Time spent loading block containers with low live blocks: real 0.000s	user 0.000s	sys 0.000s
I20260812 08:03:48.457885  4046 fs_manager.cc:730] Time spent opening block manager: real 0.001s	user 0.000s	sys 0.001s
I20260812 08:03:48.457952  4046 fs_manager.cc:647] Opened local filesystem: /tmp/dist-test-taskcOJ6CH/test-tmp/client-test.3.Params_ArrayColumnParamTest.EmptyAndNullArrays_42.1786521811522831-4046-0/minicluster-data/ts-0-root
uuid: "356d86a0b0fb440da1df86592e9a4763"
format_stamp: "Formatted at 2026-08-12 08:03:48 on dist-test-slave-5bn2"
I20260812 08:03:48.458026  4046 fs_report.cc:389] FS layout report
--------------------
wal directory: /tmp/dist-test-taskcOJ6CH/test-tmp/client-test.3.Params_ArrayColumnParamTest.EmptyAndNullArrays_42.1786521811522831-4046-0/minicluster-data/ts-0-root
metadata directory: /tmp/dist-test-taskcOJ6CH/test-tmp/client-test.3.Params_ArrayColumnParamTest.EmptyAndNullArrays_42.1786521811522831-4046-0/minicluster-data/ts-0-root
1 data directories: /tmp/dist-test-taskcOJ6CH/test-tmp/client-test.3.Params_ArrayColumnParamTest.EmptyAndNullArrays_42.1786521811522831-4046-0/minicluster-data/ts-0-root/data
Total live blocks: 0
Total live bytes: 0
Total live bytes (after alignment): 0
Total number of LBM containers: 0 (0 full)
Did not check for missing blocks
Did not check for orphaned blocks
Total full LBM containers with extra space: 0 (0 repaired)
Total full LBM container extra space in bytes: 0 (0 repaired)
Total incomplete LBM containers: 0 (0 repaired)
Total LBM partial records: 0 (0 repaired)
Total corrupted LBM metadata records in RocksDB: 0 (0 repaired)
I20260812 08:03:48.469205  4046 rpc_server.cc:225] running with OpenSSL 1.1.1  11 Sep 2018
I20260812 08:03:48.469558  4046 kserver.cc:163] Server-wide thread pool size limit: 3276
I20260812 08:03:48.470371  4046 ts_tablet_manager.cc:585] Loaded tablet metadata (0 total tablets, 0 live tablets)
I20260812 08:03:48.470427  4046 ts_tablet_manager.cc:531] Time spent load tablet metadata: real 0.000s	user 0.000s	sys 0.000s
I20260812 08:03:48.470470  4046 ts_tablet_manager.cc:616] Registered 0 tablets
I20260812 08:03:48.470496  4046 ts_tablet_manager.cc:595] Time spent register tablets: real 0.000s	user 0.000s	sys 0.000s
I20260812 08:03:48.475606  4046 rpc_server.cc:307] RPC server started. Bound to: 127.3.243.129:37201
I20260812 08:03:48.476366 17455 acceptor_pool.cc:272] collecting diagnostics on the listening RPC socket 127.3.243.129:37201 every 8 connection(s)
I20260812 08:03:48.476742 17459 heartbeater.cc:344] Connected to a master server at 127.3.243.190:33817
I20260812 08:03:48.476830 17459 heartbeater.cc:461] Registering TS with master...
I20260812 08:03:48.477026 17459 heartbeater.cc:507] Master 127.3.243.190:33817 requested a full tablet report, sending...
I20260812 08:03:48.477600 17236 ts_manager.cc:194] Registered new tserver with Master: 356d86a0b0fb440da1df86592e9a4763 (127.3.243.129:37201)
I20260812 08:03:48.478335  4046 internal_mini_cluster.cc:371] 1 TS(s) registered with all masters after 0.002256221s
I20260812 08:03:48.478488 17236 master_service.cc:502] Signed X509 certificate for tserver {username='slave'} at 127.0.0.1:33480
I20260812 08:03:48.484506 17236 catalog_manager.cc:2283] Servicing CreateTable request from {username='slave'} at 127.0.0.1:33498:
name: "client-testtb"
schema {
  columns {
    name: "key"
    type: INT32
    is_key: true
    is_nullable: false
    encoding: AUTO_ENCODING
    compression: DEFAULT_COMPRESSION
    cfile_block_size: 0
    immutable: false
  }
  columns {
    name: "int_val"
    type: INT32
    is_key: false
    is_nullable: false
    encoding: AUTO_ENCODING
    compression: DEFAULT_COMPRESSION
    cfile_block_size: 0
    immutable: false
  }
  columns {
    name: "string_val"
    type: STRING
    is_key: false
    is_nullable: true
    encoding: AUTO_ENCODING
    compression: DEFAULT_COMPRESSION
    cfile_block_size: 0
    immutable: false
  }
  columns {
    name: "non_null_with_default"
    type: INT32
    is_key: false
    is_nullable: false
    read_default_value: "90\000\000"
    encoding: AUTO_ENCODING
    compression: DEFAULT_COMPRESSION
    cfile_block_size: 0
    immutable: false
  }
}
num_replicas: 1
split_rows_range_bounds {
  rows: "\004\001\000\t\000\000\000""\004\001\000\t\000\000\000"
  indirect_data: """"
}
partition_schema {
  range_schema {
    columns {
      name: "key"
    }
  }
}
I20260812 08:03:48.489322 17459 heartbeater.cc:499] Master 127.3.243.190:33817 was elected leader, sending a full tablet report...
I20260812 08:03:48.492965 17397 tablet_service.cc:1511] Processing CreateTablet for tablet 284e0d56ff7d46b6aa91e15aa2daedc6 (DEFAULT_TABLE table=client-testtb [id=ae318b512d6046b19ea22730dd9d8514]), partition=RANGE (key) PARTITION VALUES < 9
I20260812 08:03:48.493021 17396 tablet_service.cc:1511] Processing CreateTablet for tablet 9a48a94598e84e9a82998bc8d9e5ceee (DEFAULT_TABLE table=client-testtb [id=ae318b512d6046b19ea22730dd9d8514]), partition=RANGE (key) PARTITION 9 <= VALUES
I20260812 08:03:48.493239 17397 data_dirs.cc:400] Could only allocate 1 dirs of requested 3 for tablet 284e0d56ff7d46b6aa91e15aa2daedc6. 1 dirs total, 0 dirs full, 0 dirs failed
I20260812 08:03:48.493400 17396 data_dirs.cc:400] Could only allocate 1 dirs of requested 3 for tablet 9a48a94598e84e9a82998bc8d9e5ceee. 1 dirs total, 0 dirs full, 0 dirs failed
I20260812 08:03:48.495648 17475 tablet_bootstrap.cc:492] T 284e0d56ff7d46b6aa91e15aa2daedc6 P 356d86a0b0fb440da1df86592e9a4763: Bootstrap starting.
I20260812 08:03:48.496423 17475 tablet_bootstrap.cc:654] T 284e0d56ff7d46b6aa91e15aa2daedc6 P 356d86a0b0fb440da1df86592e9a4763: Neither blocks nor log segments found. Creating new log.
I20260812 08:03:48.497318 17475 tablet_bootstrap.cc:492] T 284e0d56ff7d46b6aa91e15aa2daedc6 P 356d86a0b0fb440da1df86592e9a4763: No bootstrap required, opened a new log
I20260812 08:03:48.497390 17475 ts_tablet_manager.cc:1403] T 284e0d56ff7d46b6aa91e15aa2daedc6 P 356d86a0b0fb440da1df86592e9a4763: Time spent bootstrapping tablet: real 0.002s	user 0.001s	sys 0.000s
I20260812 08:03:48.497731 17475 raft_consensus.cc:359] T 284e0d56ff7d46b6aa91e15aa2daedc6 P 356d86a0b0fb440da1df86592e9a4763 [term 0 FOLLOWER]: Replica starting. Triggering 0 pending ops. Active config: opid_index: -1 OBSOLETE_local: true peers { permanent_uuid: "356d86a0b0fb440da1df86592e9a4763" member_type: VOTER last_known_addr { host: "127.3.243.129" port: 37201 } }
I20260812 08:03:48.497831 17475 raft_consensus.cc:385] T 284e0d56ff7d46b6aa91e15aa2daedc6 P 356d86a0b0fb440da1df86592e9a4763 [term 0 FOLLOWER]: Consensus starting up: Expiring failure detector timer to make a prompt election more likely
I20260812 08:03:48.497864 17475 raft_consensus.cc:740] T 284e0d56ff7d46b6aa91e15aa2daedc6 P 356d86a0b0fb440da1df86592e9a4763 [term 0 FOLLOWER]: Becoming Follower/Learner. State: Replica: 356d86a0b0fb440da1df86592e9a4763, State: Initialized, Role: FOLLOWER
I20260812 08:03:48.498013 17475 consensus_queue.cc:260] T 284e0d56ff7d46b6aa91e15aa2daedc6 P 356d86a0b0fb440da1df86592e9a4763 [NON_LEADER]: Queue going to NON_LEADER mode. State: All replicated index: 0, Majority replicated index: 0, Committed index: 0, Last appended: 0.0, Last appended by leader: 0, Current term: 0, Majority size: -1, State: 0, Mode: NON_LEADER, active raft config: opid_index: -1 OBSOLETE_local: true peers { permanent_uuid: "356d86a0b0fb440da1df86592e9a4763" member_type: VOTER last_known_addr { host: "127.3.243.129" port: 37201 } }
I20260812 08:03:48.498109 17475 raft_consensus.cc:399] T 284e0d56ff7d46b6aa91e15aa2daedc6 P 356d86a0b0fb440da1df86592e9a4763 [term 0 FOLLOWER]: Only one voter in the Raft config. Triggering election immediately
I20260812 08:03:48.498152 17475 raft_consensus.cc:493] T 284e0d56ff7d46b6aa91e15aa2daedc6 P 356d86a0b0fb440da1df86592e9a4763 [term 0 FOLLOWER]: Starting leader election (initial election of a single-replica configuration)
I20260812 08:03:48.498193 17475 raft_consensus.cc:3060] T 284e0d56ff7d46b6aa91e15aa2daedc6 P 356d86a0b0fb440da1df86592e9a4763 [term 0 FOLLOWER]: Advancing to term 1
I20260812 08:03:48.498896 17475 raft_consensus.cc:515] T 284e0d56ff7d46b6aa91e15aa2daedc6 P 356d86a0b0fb440da1df86592e9a4763 [term 1 FOLLOWER]: Starting leader election with config: opid_index: -1 OBSOLETE_local: true peers { permanent_uuid: "356d86a0b0fb440da1df86592e9a4763" member_type: VOTER last_known_addr { host: "127.3.243.129" port: 37201 } }
I20260812 08:03:48.499033 17475 leader_election.cc:304] T 284e0d56ff7d46b6aa91e15aa2daedc6 P 356d86a0b0fb440da1df86592e9a4763 [CANDIDATE]: Term 1 election: Election decided. Result: candidate won. Election summary: received 1 responses out of 1 voters: 1 yes votes; 0 no votes. yes voters: 356d86a0b0fb440da1df86592e9a4763; no voters: 
I20260812 08:03:48.499188 17475 leader_election.cc:290] T 284e0d56ff7d46b6aa91e15aa2daedc6 P 356d86a0b0fb440da1df86592e9a4763 [CANDIDATE]: Term 1 election: Requested vote from peers 
I20260812 08:03:48.499310 17481 raft_consensus.cc:2804] T 284e0d56ff7d46b6aa91e15aa2daedc6 P 356d86a0b0fb440da1df86592e9a4763 [term 1 FOLLOWER]: Leader election won for term 1
I20260812 08:03:48.499493 17475 ts_tablet_manager.cc:1434] T 284e0d56ff7d46b6aa91e15aa2daedc6 P 356d86a0b0fb440da1df86592e9a4763: Time spent starting tablet: real 0.002s	user 0.000s	sys 0.002s
I20260812 08:03:48.499584 17481 raft_consensus.cc:697] T 284e0d56ff7d46b6aa91e15aa2daedc6 P 356d86a0b0fb440da1df86592e9a4763 [term 1 LEADER]: Becoming Leader. State: Replica: 356d86a0b0fb440da1df86592e9a4763, State: Running, Role: LEADER
I20260812 08:03:48.499692 17475 tablet_bootstrap.cc:492] T 9a48a94598e84e9a82998bc8d9e5ceee P 356d86a0b0fb440da1df86592e9a4763: Bootstrap starting.
I20260812 08:03:48.499735 17481 consensus_queue.cc:237] T 284e0d56ff7d46b6aa91e15aa2daedc6 P 356d86a0b0fb440da1df86592e9a4763 [LEADER]: Queue going to LEADER mode. State: All replicated index: 0, Majority replicated index: 0, Committed index: 0, Last appended: 0.0, Last appended by leader: 0, Current term: 1, Majority size: 1, State: 0, Mode: LEADER, active raft config: opid_index: -1 OBSOLETE_local: true peers { permanent_uuid: "356d86a0b0fb440da1df86592e9a4763" member_type: VOTER last_known_addr { host: "127.3.243.129" port: 37201 } }
I20260812 08:03:48.500440 17475 tablet_bootstrap.cc:654] T 9a48a94598e84e9a82998bc8d9e5ceee P 356d86a0b0fb440da1df86592e9a4763: Neither blocks nor log segments found. Creating new log.
I20260812 08:03:48.500963 17236 catalog_manager.cc:5719] T 284e0d56ff7d46b6aa91e15aa2daedc6 P 356d86a0b0fb440da1df86592e9a4763 reported cstate change: term changed from 0 to 1, leader changed from <none> to 356d86a0b0fb440da1df86592e9a4763 (127.3.243.129). New cstate: current_term: 1 leader_uuid: "356d86a0b0fb440da1df86592e9a4763" committed_config { opid_index: -1 OBSOLETE_local: true peers { permanent_uuid: "356d86a0b0fb440da1df86592e9a4763" member_type: VOTER last_known_addr { host: "127.3.243.129" port: 37201 } health_report { overall_health: HEALTHY } } }
I20260812 08:03:48.501380 17475 tablet_bootstrap.cc:492] T 9a48a94598e84e9a82998bc8d9e5ceee P 356d86a0b0fb440da1df86592e9a4763: No bootstrap required, opened a new log
I20260812 08:03:48.501464 17475 ts_tablet_manager.cc:1403] T 9a48a94598e84e9a82998bc8d9e5ceee P 356d86a0b0fb440da1df86592e9a4763: Time spent bootstrapping tablet: real 0.002s	user 0.000s	sys 0.001s
I20260812 08:03:48.501809 17475 raft_consensus.cc:359] T 9a48a94598e84e9a82998bc8d9e5ceee P 356d86a0b0fb440da1df86592e9a4763 [term 0 FOLLOWER]: Replica starting. Triggering 0 pending ops. Active config: opid_index: -1 OBSOLETE_local: true peers { permanent_uuid: "356d86a0b0fb440da1df86592e9a4763" member_type: VOTER last_known_addr { host: "127.3.243.129" port: 37201 } }
I20260812 08:03:48.501895 17475 raft_consensus.cc:385] T 9a48a94598e84e9a82998bc8d9e5ceee P 356d86a0b0fb440da1df86592e9a4763 [term 0 FOLLOWER]: Consensus starting up: Expiring failure detector timer to make a prompt election more likely
I20260812 08:03:48.501943 17475 raft_consensus.cc:740] T 9a48a94598e84e9a82998bc8d9e5ceee P 356d86a0b0fb440da1df86592e9a4763 [term 0 FOLLOWER]: Becoming Follower/Learner. State: Replica: 356d86a0b0fb440da1df86592e9a4763, State: Initialized, Role: FOLLOWER
I20260812 08:03:48.502058 17475 consensus_queue.cc:260] T 9a48a94598e84e9a82998bc8d9e5ceee P 356d86a0b0fb440da1df86592e9a4763 [NON_LEADER]: Queue going to NON_LEADER mode. State: All replicated index: 0, Majority replicated index: 0, Committed index: 0, Last appended: 0.0, Last appended by leader: 0, Current term: 0, Majority size: -1, State: 0, Mode: NON_LEADER, active raft config: opid_index: -1 OBSOLETE_local: true peers { permanent_uuid: "356d86a0b0fb440da1df86592e9a4763" member_type: VOTER last_known_addr { host: "127.3.243.129" port: 37201 } }
I20260812 08:03:48.502146 17475 raft_consensus.cc:399] T 9a48a94598e84e9a82998bc8d9e5ceee P 356d86a0b0fb440da1df86592e9a4763 [term 0 FOLLOWER]: Only one voter in the Raft config. Triggering election immediately
I20260812 08:03:48.502185 17475 raft_consensus.cc:493] T 9a48a94598e84e9a82998bc8d9e5ceee P 356d86a0b0fb440da1df86592e9a4763 [term 0 FOLLOWER]: Starting leader election (initial election of a single-replica configuration)
I20260812 08:03:48.502231 17475 raft_consensus.cc:3060] T 9a48a94598e84e9a82998bc8d9e5ceee P 356d86a0b0fb440da1df86592e9a4763 [term 0 FOLLOWER]: Advancing to term 1
I20260812 08:03:48.503147 17475 raft_consensus.cc:515] T 9a48a94598e84e9a82998bc8d9e5ceee P 356d86a0b0fb440da1df86592e9a4763 [term 1 FOLLOWER]: Starting leader election with config: opid_index: -1 OBSOLETE_local: true peers { permanent_uuid: "356d86a0b0fb440da1df86592e9a4763" member_type: VOTER last_known_addr { host: "127.3.243.129" port: 37201 } }
I20260812 08:03:48.503262 17475 leader_election.cc:304] T 9a48a94598e84e9a82998bc8d9e5ceee P 356d86a0b0fb440da1df86592e9a4763 [CANDIDATE]: Term 1 election: Election decided. Result: candidate won. Election summary: received 1 responses out of 1 voters: 1 yes votes; 0 no votes. yes voters: 356d86a0b0fb440da1df86592e9a4763; no voters: 
I20260812 08:03:48.503365 17475 leader_election.cc:290] T 9a48a94598e84e9a82998bc8d9e5ceee P 356d86a0b0fb440da1df86592e9a4763 [CANDIDATE]: Term 1 election: Requested vote from peers 
I20260812 08:03:48.503538 17483 raft_consensus.cc:2804] T 9a48a94598e84e9a82998bc8d9e5ceee P 356d86a0b0fb440da1df86592e9a4763 [term 1 FOLLOWER]: Leader election won for term 1
