I20260812 07:59:50.345943 14171 tablet_service.cc:1511] Processing CreateTablet for tablet e20a377502394a12bc7e2c0db235b72e (DEFAULT_TABLE table=test_table_4 [id=db0d5d4f7a5c46d2abd643d7560c0b9a]), partition=RANGE (key) PARTITION VALUES < 214748364
I20260812 07:59:50.346331 14171 data_dirs.cc:400] Could only allocate 1 dirs of requested 3 for tablet e20a377502394a12bc7e2c0db235b72e. 1 dirs total, 0 dirs full, 0 dirs failed
I20260812 07:59:50.346257 14170 tablet_service.cc:1511] Processing CreateTablet for tablet e73fedf5cb2c483499393ea2e211ed6e (DEFAULT_TABLE table=test_table_4 [id=db0d5d4f7a5c46d2abd643d7560c0b9a]), partition=RANGE (key) PARTITION 214748364 <= VALUES < 429496728
I20260812 07:59:50.346550 14170 data_dirs.cc:400] Could only allocate 1 dirs of requested 3 for tablet e73fedf5cb2c483499393ea2e211ed6e. 1 dirs total, 0 dirs full, 0 dirs failed
I20260812 07:59:50.346751 14167 tablet_service.cc:1511] Processing CreateTablet for tablet 2ddb144772ac4d89b9069069c4594a73 (DEFAULT_TABLE table=test_table_4 [id=db0d5d4f7a5c46d2abd643d7560c0b9a]), partition=RANGE (key) PARTITION 429496728 <= VALUES < 644245092
I20260812 07:59:50.347023 14167 data_dirs.cc:400] Could only allocate 1 dirs of requested 3 for tablet 2ddb144772ac4d89b9069069c4594a73. 1 dirs total, 0 dirs full, 0 dirs failed
I20260812 07:59:50.348088 14172 tablet_service.cc:1511] Processing CreateTablet for tablet ef5c6e44b7ec46fda78c32d831554cb1 (DEFAULT_TABLE table=test_table_4 [id=db0d5d4f7a5c46d2abd643d7560c0b9a]), partition=RANGE (key) PARTITION 644245092 <= VALUES < 858993456
I20260812 07:59:50.348369 14172 data_dirs.cc:400] Could only allocate 1 dirs of requested 3 for tablet ef5c6e44b7ec46fda78c32d831554cb1. 1 dirs total, 0 dirs full, 0 dirs failed
I20260812 07:59:50.348464 14173 tablet_service.cc:1511] Processing CreateTablet for tablet 728216d1ca6e4c359cb39c1aebe65df4 (DEFAULT_TABLE table=test_table_4 [id=db0d5d4f7a5c46d2abd643d7560c0b9a]), partition=RANGE (key) PARTITION 858993456 <= VALUES < 1073741820
I20260812 07:59:50.348708 14173 data_dirs.cc:400] Could only allocate 1 dirs of requested 3 for tablet 728216d1ca6e4c359cb39c1aebe65df4. 1 dirs total, 0 dirs full, 0 dirs failed
I20260812 07:59:50.348846 14233 tablet_bootstrap.cc:492] T e73fedf5cb2c483499393ea2e211ed6e P a343bbcd5502480e808a0b322e32d1f2: Bootstrap starting.
I20260812 07:59:50.349080 14175 tablet_service.cc:1511] Processing CreateTablet for tablet 5a8ba5576fe24bc38361cf720c8d4b86 (DEFAULT_TABLE table=test_table_4 [id=db0d5d4f7a5c46d2abd643d7560c0b9a]), partition=RANGE (key) PARTITION 1932735276 <= VALUES
I20260812 07:59:50.349298 14175 data_dirs.cc:400] Could only allocate 1 dirs of requested 3 for tablet 5a8ba5576fe24bc38361cf720c8d4b86. 1 dirs total, 0 dirs full, 0 dirs failed
I20260812 07:59:50.349959 14233 tablet_bootstrap.cc:654] T e73fedf5cb2c483499393ea2e211ed6e P a343bbcd5502480e808a0b322e32d1f2: Neither blocks nor log segments found. Creating new log.
I20260812 07:59:50.350562 14174 tablet_service.cc:1511] Processing CreateTablet for tablet 52922b7994de48aaa9fb391e0e4487e7 (DEFAULT_TABLE table=test_table_4 [id=db0d5d4f7a5c46d2abd643d7560c0b9a]), partition=RANGE (key) PARTITION 1073741820 <= VALUES < 1288490184
I20260812 07:59:50.350817 14174 data_dirs.cc:400] Could only allocate 1 dirs of requested 3 for tablet 52922b7994de48aaa9fb391e0e4487e7. 1 dirs total, 0 dirs full, 0 dirs failed
I20260812 07:59:50.352442 14166 tablet_service.cc:1511] Processing CreateTablet for tablet c06bbdb3ff434bdab2afa438b792170c (DEFAULT_TABLE table=test_table_4 [id=db0d5d4f7a5c46d2abd643d7560c0b9a]), partition=RANGE (key) PARTITION 1288490184 <= VALUES < 1503238548
I20260812 07:59:50.352721 14166 data_dirs.cc:400] Could only allocate 1 dirs of requested 3 for tablet c06bbdb3ff434bdab2afa438b792170c. 1 dirs total, 0 dirs full, 0 dirs failed
I20260812 07:59:50.353281 14233 tablet_bootstrap.cc:492] T e73fedf5cb2c483499393ea2e211ed6e P a343bbcd5502480e808a0b322e32d1f2: No bootstrap required, opened a new log
I20260812 07:59:50.353390 14233 ts_tablet_manager.cc:1403] T e73fedf5cb2c483499393ea2e211ed6e P a343bbcd5502480e808a0b322e32d1f2: Time spent bootstrapping tablet: real 0.005s	user 0.000s	sys 0.002s
I20260812 07:59:50.354030 14233 raft_consensus.cc:359] T e73fedf5cb2c483499393ea2e211ed6e P a343bbcd5502480e808a0b322e32d1f2 [term 0 FOLLOWER]: Replica starting. Triggering 0 pending ops. Active config: opid_index: -1 OBSOLETE_local: true peers { permanent_uuid: "a343bbcd5502480e808a0b322e32d1f2" member_type: VOTER last_known_addr { host: "127.8.54.1" port: 35559 } }
I20260812 07:59:50.354130 14233 raft_consensus.cc:385] T e73fedf5cb2c483499393ea2e211ed6e P a343bbcd5502480e808a0b322e32d1f2 [term 0 FOLLOWER]: Consensus starting up: Expiring failure detector timer to make a prompt election more likely
I20260812 07:59:50.354173 14233 raft_consensus.cc:740] T e73fedf5cb2c483499393ea2e211ed6e P a343bbcd5502480e808a0b322e32d1f2 [term 0 FOLLOWER]: Becoming Follower/Learner. State: Replica: a343bbcd5502480e808a0b322e32d1f2, State: Initialized, Role: FOLLOWER
I20260812 07:59:50.354285 14233 consensus_queue.cc:260] T e73fedf5cb2c483499393ea2e211ed6e P a343bbcd5502480e808a0b322e32d1f2 [NON_LEADER]: Queue going to NON_LEADER mode. State: All replicated index: 0, Majority replicated index: 0, Committed index: 0, Last appended: 0.0, Last appended by leader: 0, Current term: 0, Majority size: -1, State: 0, Mode: NON_LEADER, active raft config: opid_index: -1 OBSOLETE_local: true peers { permanent_uuid: "a343bbcd5502480e808a0b322e32d1f2" member_type: VOTER last_known_addr { host: "127.8.54.1" port: 35559 } }
I20260812 07:59:50.354372 14233 raft_consensus.cc:399] T e73fedf5cb2c483499393ea2e211ed6e P a343bbcd5502480e808a0b322e32d1f2 [term 0 FOLLOWER]: Only one voter in the Raft config. Triggering election immediately
I20260812 07:59:50.354358 14169 tablet_service.cc:1511] Processing CreateTablet for tablet 5d9cb6d398a243a1a4dd269f985a25a2 (DEFAULT_TABLE table=test_table_4 [id=db0d5d4f7a5c46d2abd643d7560c0b9a]), partition=RANGE (key) PARTITION 1503238548 <= VALUES < 1717986912
I20260812 07:59:50.354453 14233 raft_consensus.cc:493] T e73fedf5cb2c483499393ea2e211ed6e P a343bbcd5502480e808a0b322e32d1f2 [term 0 FOLLOWER]: Starting leader election (initial election of a single-replica configuration)
I20260812 07:59:50.354518 14233 raft_consensus.cc:3060] T e73fedf5cb2c483499393ea2e211ed6e P a343bbcd5502480e808a0b322e32d1f2 [term 0 FOLLOWER]: Advancing to term 1
I20260812 07:59:50.354622 14169 data_dirs.cc:400] Could only allocate 1 dirs of requested 3 for tablet 5d9cb6d398a243a1a4dd269f985a25a2. 1 dirs total, 0 dirs full, 0 dirs failed
I20260812 07:59:50.355314 14233 raft_consensus.cc:515] T e73fedf5cb2c483499393ea2e211ed6e P a343bbcd5502480e808a0b322e32d1f2 [term 1 FOLLOWER]: Starting leader election with config: opid_index: -1 OBSOLETE_local: true peers { permanent_uuid: "a343bbcd5502480e808a0b322e32d1f2" member_type: VOTER last_known_addr { host: "127.8.54.1" port: 35559 } }
I20260812 07:59:50.355432 14233 leader_election.cc:304] T e73fedf5cb2c483499393ea2e211ed6e P a343bbcd5502480e808a0b322e32d1f2 [CANDIDATE]: Term 1 election: Election decided. Result: candidate won. Election summary: received 1 responses out of 1 voters: 1 yes votes; 0 no votes. yes voters: a343bbcd5502480e808a0b322e32d1f2; no voters: 
I20260812 07:59:50.355590 14233 leader_election.cc:290] T e73fedf5cb2c483499393ea2e211ed6e P a343bbcd5502480e808a0b322e32d1f2 [CANDIDATE]: Term 1 election: Requested vote from peers 
I20260812 07:59:50.355641 14235 raft_consensus.cc:2804] T e73fedf5cb2c483499393ea2e211ed6e P a343bbcd5502480e808a0b322e32d1f2 [term 1 FOLLOWER]: Leader election won for term 1
I20260812 07:59:50.355727 14235 raft_consensus.cc:697] T e73fedf5cb2c483499393ea2e211ed6e P a343bbcd5502480e808a0b322e32d1f2 [term 1 LEADER]: Becoming Leader. State: Replica: a343bbcd5502480e808a0b322e32d1f2, State: Running, Role: LEADER
I20260812 07:59:50.355856 14235 consensus_queue.cc:237] T e73fedf5cb2c483499393ea2e211ed6e P a343bbcd5502480e808a0b322e32d1f2 [LEADER]: Queue going to LEADER mode. State: All replicated index: 0, Majority replicated index: 0, Committed index: 0, Last appended: 0.0, Last appended by leader: 0, Current term: 1, Majority size: 1, State: 0, Mode: LEADER, active raft config: opid_index: -1 OBSOLETE_local: true peers { permanent_uuid: "a343bbcd5502480e808a0b322e32d1f2" member_type: VOTER last_known_addr { host: "127.8.54.1" port: 35559 } }
I20260812 07:59:50.355924 14233 ts_tablet_manager.cc:1434] T e73fedf5cb2c483499393ea2e211ed6e P a343bbcd5502480e808a0b322e32d1f2: Time spent starting tablet: real 0.002s	user 0.002s	sys 0.000s
I20260812 07:59:50.356127 14233 tablet_bootstrap.cc:492] T 2ddb144772ac4d89b9069069c4594a73 P a343bbcd5502480e808a0b322e32d1f2: Bootstrap starting.
I20260812 07:59:50.354067 14168 tablet_service.cc:1511] Processing CreateTablet for tablet 3d3c42a8df9b43a8a6b6727c17294286 (DEFAULT_TABLE table=test_table_4 [id=db0d5d4f7a5c46d2abd643d7560c0b9a]), partition=RANGE (key) PARTITION 1717986912 <= VALUES < 1932735276
I20260812 07:59:50.357254 14168 data_dirs.cc:400] Could only allocate 1 dirs of requested 3 for tablet 3d3c42a8df9b43a8a6b6727c17294286. 1 dirs total, 0 dirs full, 0 dirs failed
I20260812 07:59:50.357311 14233 tablet_bootstrap.cc:654] T 2ddb144772ac4d89b9069069c4594a73 P a343bbcd5502480e808a0b322e32d1f2: Neither blocks nor log segments found. Creating new log.
I20260812 07:59:50.358999 14233 tablet_bootstrap.cc:492] T 2ddb144772ac4d89b9069069c4594a73 P a343bbcd5502480e808a0b322e32d1f2: No bootstrap required, opened a new log
I20260812 07:59:50.359095 14233 ts_tablet_manager.cc:1403] T 2ddb144772ac4d89b9069069c4594a73 P a343bbcd5502480e808a0b322e32d1f2: Time spent bootstrapping tablet: real 0.003s	user 0.002s	sys 0.000s
I20260812 07:59:50.359103 14066 catalog_manager.cc:5719] T e73fedf5cb2c483499393ea2e211ed6e P a343bbcd5502480e808a0b322e32d1f2 reported cstate change: term changed from 0 to 1, leader changed from <none> to a343bbcd5502480e808a0b322e32d1f2 (127.8.54.1). New cstate: current_term: 1 leader_uuid: "a343bbcd5502480e808a0b322e32d1f2" committed_config { opid_index: -1 OBSOLETE_local: true peers { permanent_uuid: "a343bbcd5502480e808a0b322e32d1f2" member_type: VOTER last_known_addr { host: "127.8.54.1" port: 35559 } health_report { overall_health: HEALTHY } } }
I20260812 07:59:50.359521 14233 raft_consensus.cc:359] T 2ddb144772ac4d89b9069069c4594a73 P a343bbcd5502480e808a0b322e32d1f2 [term 0 FOLLOWER]: Replica starting. Triggering 0 pending ops. Active config: opid_index: -1 OBSOLETE_local: true peers { permanent_uuid: "a343bbcd5502480e808a0b322e32d1f2" member_type: VOTER last_known_addr { host: "127.8.54.1" port: 35559 } }
I20260812 07:59:50.359619 14233 raft_consensus.cc:385] T 2ddb144772ac4d89b9069069c4594a73 P a343bbcd5502480e808a0b322e32d1f2 [term 0 FOLLOWER]: Consensus starting up: Expiring failure detector timer to make a prompt election more likely
I20260812 07:59:50.359652 14233 raft_consensus.cc:740] T 2ddb144772ac4d89b9069069c4594a73 P a343bbcd5502480e808a0b322e32d1f2 [term 0 FOLLOWER]: Becoming Follower/Learner. State: Replica: a343bbcd5502480e808a0b322e32d1f2, State: Initialized, Role: FOLLOWER
I20260812 07:59:50.359791 14233 consensus_queue.cc:260] T 2ddb144772ac4d89b9069069c4594a73 P a343bbcd5502480e808a0b322e32d1f2 [NON_LEADER]: Queue going to NON_LEADER mode. State: All replicated index: 0, Majority replicated index: 0, Committed index: 0, Last appended: 0.0, Last appended by leader: 0, Current term: 0, Majority size: -1, State: 0, Mode: NON_LEADER, active raft config: opid_index: -1 OBSOLETE_local: true peers { permanent_uuid: "a343bbcd5502480e808a0b322e32d1f2" member_type: VOTER last_known_addr { host: "127.8.54.1" port: 35559 } }
I20260812 07:59:50.359875 14233 raft_consensus.cc:399] T 2ddb144772ac4d89b9069069c4594a73 P a343bbcd5502480e808a0b322e32d1f2 [term 0 FOLLOWER]: Only one voter in the Raft config. Triggering election immediately
I20260812 07:59:50.359900 14233 raft_consensus.cc:493] T 2ddb144772ac4d89b9069069c4594a73 P a343bbcd5502480e808a0b322e32d1f2 [term 0 FOLLOWER]: Starting leader election (initial election of a single-replica configuration)
I20260812 07:59:50.359982 14233 raft_consensus.cc:3060] T 2ddb144772ac4d89b9069069c4594a73 P a343bbcd5502480e808a0b322e32d1f2 [term 0 FOLLOWER]: Advancing to term 1
I20260812 07:59:50.360679 14233 raft_consensus.cc:515] T 2ddb144772ac4d89b9069069c4594a73 P a343bbcd5502480e808a0b322e32d1f2 [term 1 FOLLOWER]: Starting leader election with config: opid_index: -1 OBSOLETE_local: true peers { permanent_uuid: "a343bbcd5502480e808a0b322e32d1f2" member_type: VOTER last_known_addr { host: "127.8.54.1" port: 35559 } }
I20260812 07:59:50.360809 14233 leader_election.cc:304] T 2ddb144772ac4d89b9069069c4594a73 P a343bbcd5502480e808a0b322e32d1f2 [CANDIDATE]: Term 1 election: Election decided. Result: candidate won. Election summary: received 1 responses out of 1 voters: 1 yes votes; 0 no votes. yes voters: a343bbcd5502480e808a0b322e32d1f2; no voters: 
I20260812 07:59:50.360919 14233 leader_election.cc:290] T 2ddb144772ac4d89b9069069c4594a73 P a343bbcd5502480e808a0b322e32d1f2 [CANDIDATE]: Term 1 election: Requested vote from peers 
I20260812 07:59:50.360968 14236 raft_consensus.cc:2804] T 2ddb144772ac4d89b9069069c4594a73 P a343bbcd5502480e808a0b322e32d1f2 [term 1 FOLLOWER]: Leader election won for term 1
I20260812 07:59:50.361071 14236 raft_consensus.cc:697] T 2ddb144772ac4d89b9069069c4594a73 P a343bbcd5502480e808a0b322e32d1f2 [term 1 LEADER]: Becoming Leader. State: Replica: a343bbcd5502480e808a0b322e32d1f2, State: Running, Role: LEADER
I20260812 07:59:50.361171 14233 ts_tablet_manager.cc:1434] T 2ddb144772ac4d89b9069069c4594a73 P a343bbcd5502480e808a0b322e32d1f2: Time spent starting tablet: real 0.002s	user 0.000s	sys 0.000s
I20260812 07:59:50.361191 14236 consensus_queue.cc:237] T 2ddb144772ac4d89b9069069c4594a73 P a343bbcd5502480e808a0b322e32d1f2 [LEADER]: Queue going to LEADER mode. State: All replicated index: 0, Majority replicated index: 0, Committed index: 0, Last appended: 0.0, Last appended by leader: 0, Current term: 1, Majority size: 1, State: 0, Mode: LEADER, active raft config: opid_index: -1 OBSOLETE_local: true peers { permanent_uuid: "a343bbcd5502480e808a0b322e32d1f2" member_type: VOTER last_known_addr { host: "127.8.54.1" port: 35559 } }
I20260812 07:59:50.361374 14233 tablet_bootstrap.cc:492] T ef5c6e44b7ec46fda78c32d831554cb1 P a343bbcd5502480e808a0b322e32d1f2: Bootstrap starting.
I20260812 07:59:50.362455 14233 tablet_bootstrap.cc:654] T ef5c6e44b7ec46fda78c32d831554cb1 P a343bbcd5502480e808a0b322e32d1f2: Neither blocks nor log segments found. Creating new log.
I20260812 07:59:50.362926 14066 catalog_manager.cc:5719] T 2ddb144772ac4d89b9069069c4594a73 P a343bbcd5502480e808a0b322e32d1f2 reported cstate change: term changed from 0 to 1, leader changed from <none> to a343bbcd5502480e808a0b322e32d1f2 (127.8.54.1). New cstate: current_term: 1 leader_uuid: "a343bbcd5502480e808a0b322e32d1f2" committed_config { opid_index: -1 OBSOLETE_local: true peers { permanent_uuid: "a343bbcd5502480e808a0b322e32d1f2" member_type: VOTER last_known_addr { host: "127.8.54.1" port: 35559 } health_report { overall_health: HEALTHY } } }
I20260812 07:59:50.363790 14233 tablet_bootstrap.cc:492] T ef5c6e44b7ec46fda78c32d831554cb1 P a343bbcd5502480e808a0b322e32d1f2: No bootstrap required, opened a new log
I20260812 07:59:50.363909 14233 ts_tablet_manager.cc:1403] T ef5c6e44b7ec46fda78c32d831554cb1 P a343bbcd5502480e808a0b322e32d1f2: Time spent bootstrapping tablet: real 0.003s	user 0.002s	sys 0.000s
I20260812 07:59:50.364324 14233 raft_consensus.cc:359] T ef5c6e44b7ec46fda78c32d831554cb1 P a343bbcd5502480e808a0b322e32d1f2 [term 0 FOLLOWER]: Replica starting. Triggering 0 pending ops. Active config: opid_index: -1 OBSOLETE_local: true peers { permanent_uuid: "a343bbcd5502480e808a0b322e32d1f2" member_type: VOTER last_known_addr { host: "127.8.54.1" port: 35559 } }
I20260812 07:59:50.364430 14233 raft_consensus.cc:385] T ef5c6e44b7ec46fda78c32d831554cb1 P a343bbcd5502480e808a0b322e32d1f2 [term 0 FOLLOWER]: Consensus starting up: Expiring failure detector timer to make a prompt election more likely
I20260812 07:59:50.364485 14233 raft_consensus.cc:740] T ef5c6e44b7ec46fda78c32d831554cb1 P a343bbcd5502480e808a0b322e32d1f2 [term 0 FOLLOWER]: Becoming Follower/Learner. State: Replica: a343bbcd5502480e808a0b322e32d1f2, State: Initialized, Role: FOLLOWER
I20260812 07:59:50.364611 14233 consensus_queue.cc:260] T ef5c6e44b7ec46fda78c32d831554cb1 P a343bbcd5502480e808a0b322e32d1f2 [NON_LEADER]: Queue going to NON_LEADER mode. State: All replicated index: 0, Majority replicated index: 0, Committed index: 0, Last appended: 0.0, Last appended by leader: 0, Current term: 0, Majority size: -1, State: 0, Mode: NON_LEADER, active raft config: opid_index: -1 OBSOLETE_local: true peers { permanent_uuid: "a343bbcd5502480e808a0b322e32d1f2" member_type: VOTER last_known_addr { host: "127.8.54.1" port: 35559 } }
I20260812 07:59:50.364692 14233 raft_consensus.cc:399] T ef5c6e44b7ec46fda78c32d831554cb1 P a343bbcd5502480e808a0b322e32d1f2 [term 0 FOLLOWER]: Only one voter in the Raft config. Triggering election immediately
I20260812 07:59:50.364732 14233 raft_consensus.cc:493] T ef5c6e44b7ec46fda78c32d831554cb1 P a343bbcd5502480e808a0b322e32d1f2 [term 0 FOLLOWER]: Starting leader election (initial election of a single-replica configuration)
I20260812 07:59:50.364786 14233 raft_consensus.cc:3060] T ef5c6e44b7ec46fda78c32d831554cb1 P a343bbcd5502480e808a0b322e32d1f2 [term 0 FOLLOWER]: Advancing to term 1
I20260812 07:59:50.365495 14233 raft_consensus.cc:515] T ef5c6e44b7ec46fda78c32d831554cb1 P a343bbcd5502480e808a0b322e32d1f2 [term 1 FOLLOWER]: Starting leader election with config: opid_index: -1 OBSOLETE_local: true peers { permanent_uuid: "a343bbcd5502480e808a0b322e32d1f2" member_type: VOTER last_known_addr { host: "127.8.54.1" port: 35559 } }
I20260812 07:59:50.365602 14233 leader_election.cc:304] T ef5c6e44b7ec46fda78c32d831554cb1 P a343bbcd5502480e808a0b322e32d1f2 [CANDIDATE]: Term 1 election: Election decided. Result: candidate won. Election summary: received 1 responses out of 1 voters: 1 yes votes; 0 no votes. yes voters: a343bbcd5502480e808a0b322e32d1f2; no voters: 
I20260812 07:59:50.365698 14233 leader_election.cc:290] T ef5c6e44b7ec46fda78c32d831554cb1 P a343bbcd5502480e808a0b322e32d1f2 [CANDIDATE]: Term 1 election: Requested vote from peers 
I20260812 07:59:50.365769 14235 raft_consensus.cc:2804] T ef5c6e44b7ec46fda78c32d831554cb1 P a343bbcd5502480e808a0b322e32d1f2 [term 1 FOLLOWER]: Leader election won for term 1
I20260812 07:59:50.365943 14235 raft_consensus.cc:697] T ef5c6e44b7ec46fda78c32d831554cb1 P a343bbcd5502480e808a0b322e32d1f2 [term 1 LEADER]: Becoming Leader. State: Replica: a343bbcd5502480e808a0b322e32d1f2, State: Running, Role: LEADER
I20260812 07:59:50.366001 14233 ts_tablet_manager.cc:1434] T ef5c6e44b7ec46fda78c32d831554cb1 P a343bbcd5502480e808a0b322e32d1f2: Time spent starting tablet: real 0.002s	user 0.002s	sys 0.000s
I20260812 07:59:50.366057 14235 consensus_queue.cc:237] T ef5c6e44b7ec46fda78c32d831554cb1 P a343bbcd5502480e808a0b322e32d1f2 [LEADER]: Queue going to LEADER mode. State: All replicated index: 0, Majority replicated index: 0, Committed index: 0, Last appended: 0.0, Last appended by leader: 0, Current term: 1, Majority size: 1, State: 0, Mode: LEADER, active raft config: opid_index: -1 OBSOLETE_local: true peers { permanent_uuid: "a343bbcd5502480e808a0b322e32d1f2" member_type: VOTER last_known_addr { host: "127.8.54.1" port: 35559 } }
I20260812 07:59:50.366147 14233 tablet_bootstrap.cc:492] T 5a8ba5576fe24bc38361cf720c8d4b86 P a343bbcd5502480e808a0b322e32d1f2: Bootstrap starting.
I20260812 07:59:50.367136 14233 tablet_bootstrap.cc:654] T 5a8ba5576fe24bc38361cf720c8d4b86 P a343bbcd5502480e808a0b322e32d1f2: Neither blocks nor log segments found. Creating new log.
I20260812 07:59:50.367993 14066 catalog_manager.cc:5719] T ef5c6e44b7ec46fda78c32d831554cb1 P a343bbcd5502480e808a0b322e32d1f2 reported cstate change: term changed from 0 to 1, leader changed from <none> to a343bbcd5502480e808a0b322e32d1f2 (127.8.54.1). New cstate: current_term: 1 leader_uuid: "a343bbcd5502480e808a0b322e32d1f2" committed_config { opid_index: -1 OBSOLETE_local: true peers { permanent_uuid: "a343bbcd5502480e808a0b322e32d1f2" member_type: VOTER last_known_addr { host: "127.8.54.1" port: 35559 } health_report { overall_health: HEALTHY } } }
I20260812 07:59:50.368330 14233 tablet_bootstrap.cc:492] T 5a8ba5576fe24bc38361cf720c8d4b86 P a343bbcd5502480e808a0b322e32d1f2: No bootstrap required, opened a new log
I20260812 07:59:50.368427 14233 ts_tablet_manager.cc:1403] T 5a8ba5576fe24bc38361cf720c8d4b86 P a343bbcd5502480e808a0b322e32d1f2: Time spent bootstrapping tablet: real 0.002s	user 0.002s	sys 0.000s
I20260812 07:59:50.368938 14233 raft_consensus.cc:359] T 5a8ba5576fe24bc38361cf720c8d4b86 P a343bbcd5502480e808a0b322e32d1f2 [term 0 FOLLOWER]: Replica starting. Triggering 0 pending ops. Active config: opid_index: -1 OBSOLETE_local: true peers { permanent_uuid: "a343bbcd5502480e808a0b322e32d1f2" member_type: VOTER last_known_addr { host: "127.8.54.1" port: 35559 } }
I20260812 07:59:50.369045 14233 raft_consensus.cc:385] T 5a8ba5576fe24bc38361cf720c8d4b86 P a343bbcd5502480e808a0b322e32d1f2 [term 0 FOLLOWER]: Consensus starting up: Expiring failure detector timer to make a prompt election more likely
I20260812 07:59:50.369083 14233 raft_consensus.cc:740] T 5a8ba5576fe24bc38361cf720c8d4b86 P a343bbcd5502480e808a0b322e32d1f2 [term 0 FOLLOWER]: Becoming Follower/Learner. State: Replica: a343bbcd5502480e808a0b322e32d1f2, State: Initialized, Role: FOLLOWER
I20260812 07:59:50.369226 14233 consensus_queue.cc:260] T 5a8ba5576fe24bc38361cf720c8d4b86 P a343bbcd5502480e808a0b322e32d1f2 [NON_LEADER]: Queue going to NON_LEADER mode. State: All replicated index: 0, Majority replicated index: 0, Committed index: 0, Last appended: 0.0, Last appended by leader: 0, Current term: 0, Majority size: -1, State: 0, Mode: NON_LEADER, active raft config: opid_index: -1 OBSOLETE_local: true peers { permanent_uuid: "a343bbcd5502480e808a0b322e32d1f2" member_type: VOTER last_known_addr { host: "127.8.54.1" port: 35559 } }
I20260812 07:59:50.369349 14233 raft_consensus.cc:399] T 5a8ba5576fe24bc38361cf720c8d4b86 P a343bbcd5502480e808a0b322e32d1f2 [term 0 FOLLOWER]: Only one voter in the Raft config. Triggering election immediately
I20260812 07:59:50.369436 14233 raft_consensus.cc:493] T 5a8ba5576fe24bc38361cf720c8d4b86 P a343bbcd5502480e808a0b322e32d1f2 [term 0 FOLLOWER]: Starting leader election (initial election of a single-replica configuration)
I20260812 07:59:50.369500 14233 raft_consensus.cc:3060] T 5a8ba5576fe24bc38361cf720c8d4b86 P a343bbcd5502480e808a0b322e32d1f2 [term 0 FOLLOWER]: Advancing to term 1
I20260812 07:59:50.370344 14233 raft_consensus.cc:515] T 5a8ba5576fe24bc38361cf720c8d4b86 P a343bbcd5502480e808a0b322e32d1f2 [term 1 FOLLOWER]: Starting leader election with config: opid_index: -1 OBSOLETE_local: true peers { permanent_uuid: "a343bbcd5502480e808a0b322e32d1f2" member_type: VOTER last_known_addr { host: "127.8.54.1" port: 35559 } }
I20260812 07:59:50.370461 14233 leader_election.cc:304] T 5a8ba5576fe24bc38361cf720c8d4b86 P a343bbcd5502480e808a0b322e32d1f2 [CANDIDATE]: Term 1 election: Election decided. Result: candidate won. Election summary: received 1 responses out of 1 voters: 1 yes votes; 0 no votes. yes voters: a343bbcd5502480e808a0b322e32d1f2; no voters: 
I20260812 07:59:50.370611 14233 leader_election.cc:290] T 5a8ba5576fe24bc38361cf720c8d4b86 P a343bbcd5502480e808a0b322e32d1f2 [CANDIDATE]: Term 1 election: Requested vote from peers 
I20260812 07:59:50.370671 14235 raft_consensus.cc:2804] T 5a8ba5576fe24bc38361cf720c8d4b86 P a343bbcd5502480e808a0b322e32d1f2 [term 1 FOLLOWER]: Leader election won for term 1
I20260812 07:59:50.370761 14235 raft_consensus.cc:697] T 5a8ba5576fe24bc38361cf720c8d4b86 P a343bbcd5502480e808a0b322e32d1f2 [term 1 LEADER]: Becoming Leader. State: Replica: a343bbcd5502480e808a0b322e32d1f2, State: Running, Role: LEADER
I20260812 07:59:50.370867 14235 consensus_queue.cc:237] T 5a8ba5576fe24bc38361cf720c8d4b86 P a343bbcd5502480e808a0b322e32d1f2 [LEADER]: Queue going to LEADER mode. State: All replicated index: 0, Majority replicated index: 0, Committed index: 0, Last appended: 0.0, Last appended by leader: 0, Current term: 1, Majority size: 1, State: 0, Mode: LEADER, active raft config: opid_index: -1 OBSOLETE_local: true peers { permanent_uuid: "a343bbcd5502480e808a0b322e32d1f2" member_type: VOTER last_known_addr { host: "127.8.54.1" port: 35559 } }
I20260812 07:59:50.370908 14233 ts_tablet_manager.cc:1434] T 5a8ba5576fe24bc38361cf720c8d4b86 P a343bbcd5502480e808a0b322e32d1f2: Time spent starting tablet: real 0.002s	user 0.003s	sys 0.000s
I20260812 07:59:50.371105 14233 tablet_bootstrap.cc:492] T 52922b7994de48aaa9fb391e0e4487e7 P a343bbcd5502480e808a0b322e32d1f2: Bootstrap starting.
I20260812 07:59:50.372089 14233 tablet_bootstrap.cc:654] T 52922b7994de48aaa9fb391e0e4487e7 P a343bbcd5502480e808a0b322e32d1f2: Neither blocks nor log segments found. Creating new log.
I20260812 07:59:50.373382 14233 tablet_bootstrap.cc:492] T 52922b7994de48aaa9fb391e0e4487e7 P a343bbcd5502480e808a0b322e32d1f2: No bootstrap required, opened a new log
I20260812 07:59:50.373291 14066 catalog_manager.cc:5719] T 5a8ba5576fe24bc38361cf720c8d4b86 P a343bbcd5502480e808a0b322e32d1f2 reported cstate change: term changed from 0 to 1, leader changed from <none> to a343bbcd5502480e808a0b322e32d1f2 (127.8.54.1). New cstate: current_term: 1 leader_uuid: "a343bbcd5502480e808a0b322e32d1f2" committed_config { opid_index: -1 OBSOLETE_local: true peers { permanent_uuid: "a343bbcd5502480e808a0b322e32d1f2" member_type: VOTER last_known_addr { host: "127.8.54.1" port: 35559 } health_report { overall_health: HEALTHY } } }
I20260812 07:59:50.373476 14233 ts_tablet_manager.cc:1403] T 52922b7994de48aaa9fb391e0e4487e7 P a343bbcd5502480e808a0b322e32d1f2: Time spent bootstrapping tablet: real 0.002s	user 0.002s	sys 0.000s
I20260812 07:59:50.373948 14233 raft_consensus.cc:359] T 52922b7994de48aaa9fb391e0e4487e7 P a343bbcd5502480e808a0b322e32d1f2 [term 0 FOLLOWER]: Replica starting. Triggering 0 pending ops. Active config: opid_index: -1 OBSOLETE_local: true peers { permanent_uuid: "a343bbcd5502480e808a0b322e32d1f2" member_type: VOTER last_known_addr { host: "127.8.54.1" port: 35559 } }
I20260812 07:59:50.374027 14233 raft_consensus.cc:385] T 52922b7994de48aaa9fb391e0e4487e7 P a343bbcd5502480e808a0b322e32d1f2 [term 0 FOLLOWER]: Consensus starting up: Expiring failure detector timer to make a prompt election more likely
I20260812 07:59:50.374047 14233 raft_consensus.cc:740] T 52922b7994de48aaa9fb391e0e4487e7 P a343bbcd5502480e808a0b322e32d1f2 [term 0 FOLLOWER]: Becoming Follower/Learner. State: Replica: a343bbcd5502480e808a0b322e32d1f2, State: Initialized, Role: FOLLOWER
I20260812 07:59:50.374186 14233 consensus_queue.cc:260] T 52922b7994de48aaa9fb391e0e4487e7 P a343bbcd5502480e808a0b322e32d1f2 [NON_LEADER]: Queue going to NON_LEADER mode. State: All replicated index: 0, Majority replicated index: 0, Committed index: 0, Last appended: 0.0, Last appended by leader: 0, Current term: 0, Majority size: -1, State: 0, Mode: NON_LEADER, active raft config: opid_index: -1 OBSOLETE_local: true peers { permanent_uuid: "a343bbcd5502480e808a0b322e32d1f2" member_type: VOTER last_known_addr { host: "127.8.54.1" port: 35559 } }
I20260812 07:59:50.374256 14233 raft_consensus.cc:399] T 52922b7994de48aaa9fb391e0e4487e7 P a343bbcd5502480e808a0b322e32d1f2 [term 0 FOLLOWER]: Only one voter in the Raft config. Triggering election immediately
I20260812 07:59:50.374317 14233 raft_consensus.cc:493] T 52922b7994de48aaa9fb391e0e4487e7 P a343bbcd5502480e808a0b322e32d1f2 [term 0 FOLLOWER]: Starting leader election (initial election of a single-replica configuration)
I20260812 07:59:50.374375 14233 raft_consensus.cc:3060] T 52922b7994de48aaa9fb391e0e4487e7 P a343bbcd5502480e808a0b322e32d1f2 [term 0 FOLLOWER]: Advancing to term 1
I20260812 07:59:50.375330 14233 raft_consensus.cc:515] T 52922b7994de48aaa9fb391e0e4487e7 P a343bbcd5502480e808a0b322e32d1f2 [term 1 FOLLOWER]: Starting leader election with config: opid_index: -1 OBSOLETE_local: true peers { permanent_uuid: "a343bbcd5502480e808a0b322e32d1f2" member_type: VOTER last_known_addr { host: "127.8.54.1" port: 35559 } }
I20260812 07:59:50.375495 14233 leader_election.cc:304] T 52922b7994de48aaa9fb391e0e4487e7 P a343bbcd5502480e808a0b322e32d1f2 [CANDIDATE]: Term 1 election: Election decided. Result: candidate won. Election summary: received 1 responses out of 1 voters: 1 yes votes; 0 no votes. yes voters: a343bbcd5502480e808a0b322e32d1f2; no voters: 
I20260812 07:59:50.375602 14233 leader_election.cc:290] T 52922b7994de48aaa9fb391e0e4487e7 P a343bbcd5502480e808a0b322e32d1f2 [CANDIDATE]: Term 1 election: Requested vote from peers 
I20260812 07:59:50.375649 14237 raft_consensus.cc:2804] T 52922b7994de48aaa9fb391e0e4487e7 P a343bbcd5502480e808a0b322e32d1f2 [term 1 FOLLOWER]: Leader election won for term 1
I20260812 07:59:50.375774 14237 raft_consensus.cc:697] T 52922b7994de48aaa9fb391e0e4487e7 P a343bbcd5502480e808a0b322e32d1f2 [term 1 LEADER]: Becoming Leader. State: Replica: a343bbcd5502480e808a0b322e32d1f2, State: Running, Role: LEADER
I20260812 07:59:50.375890 14233 ts_tablet_manager.cc:1434] T 52922b7994de48aaa9fb391e0e4487e7 P a343bbcd5502480e808a0b322e32d1f2: Time spent starting tablet: real 0.002s	user 0.001s	sys 0.000s
I20260812 07:59:50.375900 14237 consensus_queue.cc:237] T 52922b7994de48aaa9fb391e0e4487e7 P a343bbcd5502480e808a0b322e32d1f2 [LEADER]: Queue going to LEADER mode. State: All replicated index: 0, Majority replicated index: 0, Committed index: 0, Last appended: 0.0, Last appended by leader: 0, Current term: 1, Majority size: 1, State: 0, Mode: LEADER, active raft config: opid_index: -1 OBSOLETE_local: true peers { permanent_uuid: "a343bbcd5502480e808a0b322e32d1f2" member_type: VOTER last_known_addr { host: "127.8.54.1" port: 35559 } }
I20260812 07:59:50.376088 14233 tablet_bootstrap.cc:492] T e20a377502394a12bc7e2c0db235b72e P a343bbcd5502480e808a0b322e32d1f2: Bootstrap starting.
I20260812 07:59:50.377103 14233 tablet_bootstrap.cc:654] T e20a377502394a12bc7e2c0db235b72e P a343bbcd5502480e808a0b322e32d1f2: Neither blocks nor log segments found. Creating new log.
I20260812 07:59:50.377691 14066 catalog_manager.cc:5719] T 52922b7994de48aaa9fb391e0e4487e7 P a343bbcd5502480e808a0b322e32d1f2 reported cstate change: term changed from 0 to 1, leader changed from <none> to a343bbcd5502480e808a0b322e32d1f2 (127.8.54.1). New cstate: current_term: 1 leader_uuid: "a343bbcd5502480e808a0b322e32d1f2" committed_config { opid_index: -1 OBSOLETE_local: true peers { permanent_uuid: "a343bbcd5502480e808a0b322e32d1f2" member_type: VOTER last_known_addr { host: "127.8.54.1" port: 35559 } health_report { overall_health: HEALTHY } } }
I20260812 07:59:50.378201 14233 tablet_bootstrap.cc:492] T e20a377502394a12bc7e2c0db235b72e P a343bbcd5502480e808a0b322e32d1f2: No bootstrap required, opened a new log
I20260812 07:59:50.378379 14233 ts_tablet_manager.cc:1403] T e20a377502394a12bc7e2c0db235b72e P a343bbcd5502480e808a0b322e32d1f2: Time spent bootstrapping tablet: real 0.002s	user 0.002s	sys 0.000s
I20260812 07:59:50.378885 14233 raft_consensus.cc:359] T e20a377502394a12bc7e2c0db235b72e P a343bbcd5502480e808a0b322e32d1f2 [term 0 FOLLOWER]: Replica starting. Triggering 0 pending ops. Active config: opid_index: -1 OBSOLETE_local: true peers { permanent_uuid: "a343bbcd5502480e808a0b322e32d1f2" member_type: VOTER last_known_addr { host: "127.8.54.1" port: 35559 } }
I20260812 07:59:50.378990 14233 raft_consensus.cc:385] T e20a377502394a12bc7e2c0db235b72e P a343bbcd5502480e808a0b322e32d1f2 [term 0 FOLLOWER]: Consensus starting up: Expiring failure detector timer to make a prompt election more likely
I20260812 07:59:50.379040 14233 raft_consensus.cc:740] T e20a377502394a12bc7e2c0db235b72e P a343bbcd5502480e808a0b322e32d1f2 [term 0 FOLLOWER]: Becoming Follower/Learner. State: Replica: a343bbcd5502480e808a0b322e32d1f2, State: Initialized, Role: FOLLOWER
I20260812 07:59:50.379170 14233 consensus_queue.cc:260] T e20a377502394a12bc7e2c0db235b72e P a343bbcd5502480e808a0b322e32d1f2 [NON_LEADER]: Queue going to NON_LEADER mode. State: All replicated index: 0, Majority replicated index: 0, Committed index: 0, Last appended: 0.0, Last appended by leader: 0, Current term: 0, Majority size: -1, State: 0, Mode: NON_LEADER, active raft config: opid_index: -1 OBSOLETE_local: true peers { permanent_uuid: "a343bbcd5502480e808a0b322e32d1f2" member_type: VOTER last_known_addr { host: "127.8.54.1" port: 35559 } }
I20260812 07:59:50.379372 14233 raft_consensus.cc:399] T e20a377502394a12bc7e2c0db235b72e P a343bbcd5502480e808a0b322e32d1f2 [term 0 FOLLOWER]: Only one voter in the Raft config. Triggering election immediately
I20260812 07:59:50.379426 14233 raft_consensus.cc:493] T e20a377502394a12bc7e2c0db235b72e P a343bbcd5502480e808a0b322e32d1f2 [term 0 FOLLOWER]: Starting leader election (initial election of a single-replica configuration)
I20260812 07:59:50.379501 14233 raft_consensus.cc:3060] T e20a377502394a12bc7e2c0db235b72e P a343bbcd5502480e808a0b322e32d1f2 [term 0 FOLLOWER]: Advancing to term 1
I20260812 07:59:50.380491 14233 raft_consensus.cc:515] T e20a377502394a12bc7e2c0db235b72e P a343bbcd5502480e808a0b322e32d1f2 [term 1 FOLLOWER]: Starting leader election with config: opid_index: -1 OBSOLETE_local: true peers { permanent_uuid: "a343bbcd5502480e808a0b322e32d1f2" member_type: VOTER last_known_addr { host: "127.8.54.1" port: 35559 } }
I20260812 07:59:50.380628 14233 leader_election.cc:304] T e20a377502394a12bc7e2c0db235b72e P a343bbcd5502480e808a0b322e32d1f2 [CANDIDATE]: Term 1 election: Election decided. Result: candidate won. Election summary: received 1 responses out of 1 voters: 1 yes votes; 0 no votes. yes voters: a343bbcd5502480e808a0b322e32d1f2; no voters: 
I20260812 07:59:50.380718 14233 leader_election.cc:290] T e20a377502394a12bc7e2c0db235b72e P a343bbcd5502480e808a0b322e32d1f2 [CANDIDATE]: Term 1 election: Requested vote from peers 
I20260812 07:59:50.380770 14237 raft_consensus.cc:2804] T e20a377502394a12bc7e2c0db235b72e P a343bbcd5502480e808a0b322e32d1f2 [term 1 FOLLOWER]: Leader election won for term 1
I20260812 07:59:50.380856 14237 raft_consensus.cc:697] T e20a377502394a12bc7e2c0db235b72e P a343bbcd5502480e808a0b322e32d1f2 [term 1 LEADER]: Becoming Leader. State: Replica: a343bbcd5502480e808a0b322e32d1f2, State: Running, Role: LEADER
I20260812 07:59:50.380960 14233 ts_tablet_manager.cc:1434] T e20a377502394a12bc7e2c0db235b72e P a343bbcd5502480e808a0b322e32d1f2: Time spent starting tablet: real 0.003s	user 0.001s	sys 0.000s
I20260812 07:59:50.380950 14237 consensus_queue.cc:237] T e20a377502394a12bc7e2c0db235b72e P a343bbcd5502480e808a0b322e32d1f2 [LEADER]: Queue going to LEADER mode. State: All replicated index: 0, Majority replicated index: 0, Committed index: 0, Last appended: 0.0, Last appended by leader: 0, Current term: 1, Majority size: 1, State: 0, Mode: LEADER, active raft config: opid_index: -1 OBSOLETE_local: true peers { permanent_uuid: "a343bbcd5502480e808a0b322e32d1f2" member_type: VOTER last_known_addr { host: "127.8.54.1" port: 35559 } }
I20260812 07:59:50.381153 14233 tablet_bootstrap.cc:492] T c06bbdb3ff434bdab2afa438b792170c P a343bbcd5502480e808a0b322e32d1f2: Bootstrap starting.
I20260812 07:59:50.382179 14233 tablet_bootstrap.cc:654] T c06bbdb3ff434bdab2afa438b792170c P a343bbcd5502480e808a0b322e32d1f2: Neither blocks nor log segments found. Creating new log.
I20260812 07:59:50.383435 14233 tablet_bootstrap.cc:492] T c06bbdb3ff434bdab2afa438b792170c P a343bbcd5502480e808a0b322e32d1f2: No bootstrap required, opened a new log
I20260812 07:59:50.383535 14233 ts_tablet_manager.cc:1403] T c06bbdb3ff434bdab2afa438b792170c P a343bbcd5502480e808a0b322e32d1f2: Time spent bootstrapping tablet: real 0.002s	user 0.002s	sys 0.000s
I20260812 07:59:50.383597 14066 catalog_manager.cc:5719] T e20a377502394a12bc7e2c0db235b72e P a343bbcd5502480e808a0b322e32d1f2 reported cstate change: term changed from 0 to 1, leader changed from <none> to a343bbcd5502480e808a0b322e32d1f2 (127.8.54.1). New cstate: current_term: 1 leader_uuid: "a343bbcd5502480e808a0b322e32d1f2" committed_config { opid_index: -1 OBSOLETE_local: true peers { permanent_uuid: "a343bbcd5502480e808a0b322e32d1f2" member_type: VOTER last_known_addr { host: "127.8.54.1" port: 35559 } health_report { overall_health: HEALTHY } } }
I20260812 07:59:50.383930 14233 raft_consensus.cc:359] T c06bbdb3ff434bdab2afa438b792170c P a343bbcd5502480e808a0b322e32d1f2 [term 0 FOLLOWER]: Replica starting. Triggering 0 pending ops. Active config: opid_index: -1 OBSOLETE_local: true peers { permanent_uuid: "a343bbcd5502480e808a0b322e32d1f2" member_type: VOTER last_known_addr { host: "127.8.54.1" port: 35559 } }
I20260812 07:59:50.384024 14233 raft_consensus.cc:385] T c06bbdb3ff434bdab2afa438b792170c P a343bbcd5502480e808a0b322e32d1f2 [term 0 FOLLOWER]: Consensus starting up: Expiring failure detector timer to make a prompt election more likely
I20260812 07:59:50.384075 14233 raft_consensus.cc:740] T c06bbdb3ff434bdab2afa438b792170c P a343bbcd5502480e808a0b322e32d1f2 [term 0 FOLLOWER]: Becoming Follower/Learner. State: Replica: a343bbcd5502480e808a0b322e32d1f2, State: Initialized, Role: FOLLOWER
I20260812 07:59:50.384196 14233 consensus_queue.cc:260] T c06bbdb3ff434bdab2afa438b792170c P a343bbcd5502480e808a0b322e32d1f2 [NON_LEADER]: Queue going to NON_LEADER mode. State: All replicated index: 0, Majority replicated index: 0, Committed index: 0, Last appended: 0.0, Last appended by leader: 0, Current term: 0, Majority size: -1, State: 0, Mode: NON_LEADER, active raft config: opid_index: -1 OBSOLETE_local: true peers { permanent_uuid: "a343bbcd5502480e808a0b322e32d1f2" member_type: VOTER last_known_addr { host: "127.8.54.1" port: 35559 } }
I20260812 07:59:50.384279 14233 raft_consensus.cc:399] T c06bbdb3ff434bdab2afa438b792170c P a343bbcd5502480e808a0b322e32d1f2 [term 0 FOLLOWER]: Only one voter in the Raft config. Triggering election immediately
I20260812 07:59:50.384333 14233 raft_consensus.cc:493] T c06bbdb3ff434bdab2afa438b792170c P a343bbcd5502480e808a0b322e32d1f2 [term 0 FOLLOWER]: Starting leader election (initial election of a single-replica configuration)
I20260812 07:59:50.384385 14233 raft_consensus.cc:3060] T c06bbdb3ff434bdab2afa438b792170c P a343bbcd5502480e808a0b322e32d1f2 [term 0 FOLLOWER]: Advancing to term 1
I20260812 07:59:50.385164 14233 raft_consensus.cc:515] T c06bbdb3ff434bdab2afa438b792170c P a343bbcd5502480e808a0b322e32d1f2 [term 1 FOLLOWER]: Starting leader election with config: opid_index: -1 OBSOLETE_local: true peers { permanent_uuid: "a343bbcd5502480e808a0b322e32d1f2" member_type: VOTER last_known_addr { host: "127.8.54.1" port: 35559 } }
I20260812 07:59:50.385279 14233 leader_election.cc:304] T c06bbdb3ff434bdab2afa438b792170c P a343bbcd5502480e808a0b322e32d1f2 [CANDIDATE]: Term 1 election: Election decided. Result: candidate won. Election summary: received 1 responses out of 1 voters: 1 yes votes; 0 no votes. yes voters: a343bbcd5502480e808a0b322e32d1f2; no voters: 
I20260812 07:59:50.385402 14233 leader_election.cc:290] T c06bbdb3ff434bdab2afa438b792170c P a343bbcd5502480e808a0b322e32d1f2 [CANDIDATE]: Term 1 election: Requested vote from peers 
I20260812 07:59:50.385484 14237 raft_consensus.cc:2804] T c06bbdb3ff434bdab2afa438b792170c P a343bbcd5502480e808a0b322e32d1f2 [term 1 FOLLOWER]: Leader election won for term 1
I20260812 07:59:50.385600 14237 raft_consensus.cc:697] T c06bbdb3ff434bdab2afa438b792170c P a343bbcd5502480e808a0b322e32d1f2 [term 1 LEADER]: Becoming Leader. State: Replica: a343bbcd5502480e808a0b322e32d1f2, State: Running, Role: LEADER
I20260812 07:59:50.385632 14233 ts_tablet_manager.cc:1434] T c06bbdb3ff434bdab2afa438b792170c P a343bbcd5502480e808a0b322e32d1f2: Time spent starting tablet: real 0.002s	user 0.000s	sys 0.000s
I20260812 07:59:50.385716 14237 consensus_queue.cc:237] T c06bbdb3ff434bdab2afa438b792170c P a343bbcd5502480e808a0b322e32d1f2 [LEADER]: Queue going to LEADER mode. State: All replicated index: 0, Majority replicated index: 0, Committed index: 0, Last appended: 0.0, Last appended by leader: 0, Current term: 1, Majority size: 1, State: 0, Mode: LEADER, active raft config: opid_index: -1 OBSOLETE_local: true peers { permanent_uuid: "a343bbcd5502480e808a0b322e32d1f2" member_type: VOTER last_known_addr { host: "127.8.54.1" port: 35559 } }
I20260812 07:59:50.385773 14233 tablet_bootstrap.cc:492] T 5d9cb6d398a243a1a4dd269f985a25a2 P a343bbcd5502480e808a0b322e32d1f2: Bootstrap starting.
I20260812 07:59:50.386700 14233 tablet_bootstrap.cc:654] T 5d9cb6d398a243a1a4dd269f985a25a2 P a343bbcd5502480e808a0b322e32d1f2: Neither blocks nor log segments found. Creating new log.
I20260812 07:59:50.387537 14066 catalog_manager.cc:5719] T c06bbdb3ff434bdab2afa438b792170c P a343bbcd5502480e808a0b322e32d1f2 reported cstate change: term changed from 0 to 1, leader changed from <none> to a343bbcd5502480e808a0b322e32d1f2 (127.8.54.1). New cstate: current_term: 1 leader_uuid: "a343bbcd5502480e808a0b322e32d1f2" committed_config { opid_index: -1 OBSOLETE_local: true peers { permanent_uuid: "a343bbcd5502480e808a0b322e32d1f2" member_type: VOTER last_known_addr { host: "127.8.54.1" port: 35559 } health_report { overall_health: HEALTHY } } }
I20260812 07:59:50.387696 14233 tablet_bootstrap.cc:492] T 5d9cb6d398a243a1a4dd269f985a25a2 P a343bbcd5502480e808a0b322e32d1f2: No bootstrap required, opened a new log
I20260812 07:59:50.387775 14233 ts_tablet_manager.cc:1403] T 5d9cb6d398a243a1a4dd269f985a25a2 P a343bbcd5502480e808a0b322e32d1f2: Time spent bootstrapping tablet: real 0.002s	user 0.001s	sys 0.000s
I20260812 07:59:50.388370 14233 raft_consensus.cc:359] T 5d9cb6d398a243a1a4dd269f985a25a2 P a343bbcd5502480e808a0b322e32d1f2 [term 0 FOLLOWER]: Replica starting. Triggering 0 pending ops. Active config: opid_index: -1 OBSOLETE_local: true peers { permanent_uuid: "a343bbcd5502480e808a0b322e32d1f2" member_type: VOTER last_known_addr { host: "127.8.54.1" port: 35559 } }
I20260812 07:59:50.388464 14233 raft_consensus.cc:385] T 5d9cb6d398a243a1a4dd269f985a25a2 P a343bbcd5502480e808a0b322e32d1f2 [term 0 FOLLOWER]: Consensus starting up: Expiring failure detector timer to make a prompt election more likely
I20260812 07:59:50.388504 14233 raft_consensus.cc:740] T 5d9cb6d398a243a1a4dd269f985a25a2 P a343bbcd5502480e808a0b322e32d1f2 [term 0 FOLLOWER]: Becoming Follower/Learner. State: Replica: a343bbcd5502480e808a0b322e32d1f2, State: Initialized, Role: FOLLOWER
I20260812 07:59:50.388651 14233 consensus_queue.cc:260] T 5d9cb6d398a243a1a4dd269f985a25a2 P a343bbcd5502480e808a0b322e32d1f2 [NON_LEADER]: Queue going to NON_LEADER mode. State: All replicated index: 0, Majority replicated index: 0, Committed index: 0, Last appended: 0.0, Last appended by leader: 0, Current term: 0, Majority size: -1, State: 0, Mode: NON_LEADER, active raft config: opid_index: -1 OBSOLETE_local: true peers { permanent_uuid: "a343bbcd5502480e808a0b322e32d1f2" member_type: VOTER last_known_addr { host: "127.8.54.1" port: 35559 } }
I20260812 07:59:50.388741 14233 raft_consensus.cc:399] T 5d9cb6d398a243a1a4dd269f985a25a2 P a343bbcd5502480e808a0b322e32d1f2 [term 0 FOLLOWER]: Only one voter in the Raft config. Triggering election immediately
I20260812 07:59:50.388777 14233 raft_consensus.cc:493] T 5d9cb6d398a243a1a4dd269f985a25a2 P a343bbcd5502480e808a0b322e32d1f2 [term 0 FOLLOWER]: Starting leader election (initial election of a single-replica configuration)
I20260812 07:59:50.388813 14233 raft_consensus.cc:3060] T 5d9cb6d398a243a1a4dd269f985a25a2 P a343bbcd5502480e808a0b322e32d1f2 [term 0 FOLLOWER]: Advancing to term 1
I20260812 07:59:50.389608 14233 raft_consensus.cc:515] T 5d9cb6d398a243a1a4dd269f985a25a2 P a343bbcd5502480e808a0b322e32d1f2 [term 1 FOLLOWER]: Starting leader election with config: opid_index: -1 OBSOLETE_local: true peers { permanent_uuid: "a343bbcd5502480e808a0b322e32d1f2" member_type: VOTER last_known_addr { host: "127.8.54.1" port: 35559 } }
I20260812 07:59:50.389729 14233 leader_election.cc:304] T 5d9cb6d398a243a1a4dd269f985a25a2 P a343bbcd5502480e808a0b322e32d1f2 [CANDIDATE]: Term 1 election: Election decided. Result: candidate won. Election summary: received 1 responses out of 1 voters: 1 yes votes; 0 no votes. yes voters: a343bbcd5502480e808a0b322e32d1f2; no voters: 
I20260812 07:59:50.389863 14233 leader_election.cc:290] T 5d9cb6d398a243a1a4dd269f985a25a2 P a343bbcd5502480e808a0b322e32d1f2 [CANDIDATE]: Term 1 election: Requested vote from peers 
I20260812 07:59:50.389932 14237 raft_consensus.cc:2804] T 5d9cb6d398a243a1a4dd269f985a25a2 P a343bbcd5502480e808a0b322e32d1f2 [term 1 FOLLOWER]: Leader election won for term 1
I20260812 07:59:50.390041 14237 raft_consensus.cc:697] T 5d9cb6d398a243a1a4dd269f985a25a2 P a343bbcd5502480e808a0b322e32d1f2 [term 1 LEADER]: Becoming Leader. State: Replica: a343bbcd5502480e808a0b322e32d1f2, State: Running, Role: LEADER
I20260812 07:59:50.390162 14233 ts_tablet_manager.cc:1434] T 5d9cb6d398a243a1a4dd269f985a25a2 P a343bbcd5502480e808a0b322e32d1f2: Time spent starting tablet: real 0.002s	user 0.003s	sys 0.000s
I20260812 07:59:50.390157 14237 consensus_queue.cc:237] T 5d9cb6d398a243a1a4dd269f985a25a2 P a343bbcd5502480e808a0b322e32d1f2 [LEADER]: Queue going to LEADER mode. State: All replicated index: 0, Majority replicated index: 0, Committed index: 0, Last appended: 0.0, Last appended by leader: 0, Current term: 1, Majority size: 1, State: 0, Mode: LEADER, active raft config: opid_index: -1 OBSOLETE_local: true peers { permanent_uuid: "a343bbcd5502480e808a0b322e32d1f2" member_type: VOTER last_known_addr { host: "127.8.54.1" port: 35559 } }
I20260812 07:59:50.390377 14233 tablet_bootstrap.cc:492] T 728216d1ca6e4c359cb39c1aebe65df4 P a343bbcd5502480e808a0b322e32d1f2: Bootstrap starting.
I20260812 07:59:50.391360 14233 tablet_bootstrap.cc:654] T 728216d1ca6e4c359cb39c1aebe65df4 P a343bbcd5502480e808a0b322e32d1f2: Neither blocks nor log segments found. Creating new log.
I20260812 07:59:50.392379 14233 tablet_bootstrap.cc:492] T 728216d1ca6e4c359cb39c1aebe65df4 P a343bbcd5502480e808a0b322e32d1f2: No bootstrap required, opened a new log
I20260812 07:59:50.392447 14233 ts_tablet_manager.cc:1403] T 728216d1ca6e4c359cb39c1aebe65df4 P a343bbcd5502480e808a0b322e32d1f2: Time spent bootstrapping tablet: real 0.002s	user 0.002s	sys 0.000s
I20260812 07:59:50.392357 14066 catalog_manager.cc:5719] T 5d9cb6d398a243a1a4dd269f985a25a2 P a343bbcd5502480e808a0b322e32d1f2 reported cstate change: term changed from 0 to 1, leader changed from <none> to a343bbcd5502480e808a0b322e32d1f2 (127.8.54.1). New cstate: current_term: 1 leader_uuid: "a343bbcd5502480e808a0b322e32d1f2" committed_config { opid_index: -1 OBSOLETE_local: true peers { permanent_uuid: "a343bbcd5502480e808a0b322e32d1f2" member_type: VOTER last_known_addr { host: "127.8.54.1" port: 35559 } health_report { overall_health: HEALTHY } } }
I20260812 07:59:50.392779 14233 raft_consensus.cc:359] T 728216d1ca6e4c359cb39c1aebe65df4 P a343bbcd5502480e808a0b322e32d1f2 [term 0 FOLLOWER]: Replica starting. Triggering 0 pending ops. Active config: opid_index: -1 OBSOLETE_local: true peers { permanent_uuid: "a343bbcd5502480e808a0b322e32d1f2" member_type: VOTER last_known_addr { host: "127.8.54.1" port: 35559 } }
I20260812 07:59:50.392871 14233 raft_consensus.cc:385] T 728216d1ca6e4c359cb39c1aebe65df4 P a343bbcd5502480e808a0b322e32d1f2 [term 0 FOLLOWER]: Consensus starting up: Expiring failure detector timer to make a prompt election more likely
I20260812 07:59:50.392903 14233 raft_consensus.cc:740] T 728216d1ca6e4c359cb39c1aebe65df4 P a343bbcd5502480e808a0b322e32d1f2 [term 0 FOLLOWER]: Becoming Follower/Learner. State: Replica: a343bbcd5502480e808a0b322e32d1f2, State: Initialized, Role: FOLLOWER
I20260812 07:59:50.393009 14233 consensus_queue.cc:260] T 728216d1ca6e4c359cb39c1aebe65df4 P a343bbcd5502480e808a0b322e32d1f2 [NON_LEADER]: Queue going to NON_LEADER mode. State: All replicated index: 0, Majority replicated index: 0, Committed index: 0, Last appended: 0.0, Last appended by leader: 0, Current term: 0, Majority size: -1, State: 0, Mode: NON_LEADER, active raft config: opid_index: -1 OBSOLETE_local: true peers { permanent_uuid: "a343bbcd5502480e808a0b322e32d1f2" member_type: VOTER last_known_addr { host: "127.8.54.1" port: 35559 } }
I20260812 07:59:50.393092 14233 raft_consensus.cc:399] T 728216d1ca6e4c359cb39c1aebe65df4 P a343bbcd5502480e808a0b322e32d1f2 [term 0 FOLLOWER]: Only one voter in the Raft config. Triggering election immediately
I20260812 07:59:50.393128 14233 raft_consensus.cc:493] T 728216d1ca6e4c359cb39c1aebe65df4 P a343bbcd5502480e808a0b322e32d1f2 [term 0 FOLLOWER]: Starting leader election (initial election of a single-replica configuration)
I20260812 07:59:50.393175 14233 raft_consensus.cc:3060] T 728216d1ca6e4c359cb39c1aebe65df4 P a343bbcd5502480e808a0b322e32d1f2 [term 0 FOLLOWER]: Advancing to term 1
I20260812 07:59:50.394099 14233 raft_consensus.cc:515] T 728216d1ca6e4c359cb39c1aebe65df4 P a343bbcd5502480e808a0b322e32d1f2 [term 1 FOLLOWER]: Starting leader election with config: opid_index: -1 OBSOLETE_local: true peers { permanent_uuid: "a343bbcd5502480e808a0b322e32d1f2" member_type: VOTER last_known_addr { host: "127.8.54.1" port: 35559 } }
