I20260812 08:02:34.837678  1794 raft_consensus.cc:515] T f324365278014730b1ab60514671b4c6 P de450b3806d0410bb545b47772936689 [term 0 FOLLOWER]: Starting pre-election with config: opid_index: -1 OBSOLETE_local: false peers { permanent_uuid: "74b36c9330e54750a929313350d322d2" member_type: VOTER last_known_addr { host: "127.26.94.129" port: 34285 } } peers { permanent_uuid: "de450b3806d0410bb545b47772936689" member_type: VOTER last_known_addr { host: "127.26.94.130" port: 41729 } } peers { permanent_uuid: "cd07b30865744e86aec094e7955e06ef" member_type: VOTER last_known_addr { host: "127.26.94.131" port: 40677 } }
I20260812 08:02:34.838310  1794 leader_election.cc:290] T f324365278014730b1ab60514671b4c6 P de450b3806d0410bb545b47772936689 [CANDIDATE]: Term 1 pre-election: Requested pre-vote from peers 74b36c9330e54750a929313350d322d2 (127.26.94.129:34285), cd07b30865744e86aec094e7955e06ef (127.26.94.131:40677)
I20260812 08:02:34.842132  1380 tablet_service.cc:1917] Received RequestConsensusVote() RPC: tablet_id: "f324365278014730b1ab60514671b4c6" candidate_uuid: "de450b3806d0410bb545b47772936689" candidate_term: 1 candidate_status { last_received { term: 0 index: 0 } } ignore_live_leader: false dest_uuid: "74b36c9330e54750a929313350d322d2" is_pre_election: true
I20260812 08:02:34.842301  1380 raft_consensus.cc:2468] T f324365278014730b1ab60514671b4c6 P 74b36c9330e54750a929313350d322d2 [term 0 FOLLOWER]: Leader pre-election vote request: Granting yes vote for candidate de450b3806d0410bb545b47772936689 in term 0.
I20260812 08:02:34.842694  1468 leader_election.cc:304] T f324365278014730b1ab60514671b4c6 P de450b3806d0410bb545b47772936689 [CANDIDATE]: Term 1 pre-election: Election decided. Result: candidate won. Election summary: received 2 responses out of 3 voters: 2 yes votes; 0 no votes. yes voters: 74b36c9330e54750a929313350d322d2, de450b3806d0410bb545b47772936689; no voters: 
I20260812 08:02:34.842694  1655 tablet_service.cc:1917] Received RequestConsensusVote() RPC: tablet_id: "f324365278014730b1ab60514671b4c6" candidate_uuid: "de450b3806d0410bb545b47772936689" candidate_term: 1 candidate_status { last_received { term: 0 index: 0 } } ignore_live_leader: false dest_uuid: "cd07b30865744e86aec094e7955e06ef" is_pre_election: true
I20260812 08:02:34.842890  1655 raft_consensus.cc:2468] T f324365278014730b1ab60514671b4c6 P cd07b30865744e86aec094e7955e06ef [term 0 FOLLOWER]: Leader pre-election vote request: Granting yes vote for candidate de450b3806d0410bb545b47772936689 in term 0.
I20260812 08:02:34.842975  1794 raft_consensus.cc:2804] T f324365278014730b1ab60514671b4c6 P de450b3806d0410bb545b47772936689 [term 0 FOLLOWER]: Leader pre-election won for term 1
I20260812 08:02:34.843032  1794 raft_consensus.cc:493] T f324365278014730b1ab60514671b4c6 P de450b3806d0410bb545b47772936689 [term 0 FOLLOWER]: Starting leader election (no leader contacted us within the election timeout)
I20260812 08:02:34.843088  1794 raft_consensus.cc:3060] T f324365278014730b1ab60514671b4c6 P de450b3806d0410bb545b47772936689 [term 0 FOLLOWER]: Advancing to term 1
I20260812 08:02:34.844388  1794 raft_consensus.cc:515] T f324365278014730b1ab60514671b4c6 P de450b3806d0410bb545b47772936689 [term 1 FOLLOWER]: Starting leader election with config: opid_index: -1 OBSOLETE_local: false peers { permanent_uuid: "74b36c9330e54750a929313350d322d2" member_type: VOTER last_known_addr { host: "127.26.94.129" port: 34285 } } peers { permanent_uuid: "de450b3806d0410bb545b47772936689" member_type: VOTER last_known_addr { host: "127.26.94.130" port: 41729 } } peers { permanent_uuid: "cd07b30865744e86aec094e7955e06ef" member_type: VOTER last_known_addr { host: "127.26.94.131" port: 40677 } }
I20260812 08:02:34.844798  1794 leader_election.cc:290] T f324365278014730b1ab60514671b4c6 P de450b3806d0410bb545b47772936689 [CANDIDATE]: Term 1 election: Requested vote from peers 74b36c9330e54750a929313350d322d2 (127.26.94.129:34285), cd07b30865744e86aec094e7955e06ef (127.26.94.131:40677)
I20260812 08:02:34.845119  1380 tablet_service.cc:1917] Received RequestConsensusVote() RPC: tablet_id: "f324365278014730b1ab60514671b4c6" candidate_uuid: "de450b3806d0410bb545b47772936689" candidate_term: 1 candidate_status { last_received { term: 0 index: 0 } } ignore_live_leader: false dest_uuid: "74b36c9330e54750a929313350d322d2"
I20260812 08:02:34.845212  1655 tablet_service.cc:1917] Received RequestConsensusVote() RPC: tablet_id: "f324365278014730b1ab60514671b4c6" candidate_uuid: "de450b3806d0410bb545b47772936689" candidate_term: 1 candidate_status { last_received { term: 0 index: 0 } } ignore_live_leader: false dest_uuid: "cd07b30865744e86aec094e7955e06ef"
I20260812 08:02:34.845235  1380 raft_consensus.cc:3060] T f324365278014730b1ab60514671b4c6 P 74b36c9330e54750a929313350d322d2 [term 0 FOLLOWER]: Advancing to term 1
I20260812 08:02:34.845326  1655 raft_consensus.cc:3060] T f324365278014730b1ab60514671b4c6 P cd07b30865744e86aec094e7955e06ef [term 0 FOLLOWER]: Advancing to term 1
I20260812 08:02:34.846076  1840 raft_consensus.cc:493] T 56b165631b154a14bda8549825496b93 P 74b36c9330e54750a929313350d322d2 [term 0 FOLLOWER]: Starting pre-election (no leader contacted us within the election timeout)
I20260812 08:02:34.846153  1655 raft_consensus.cc:2468] T f324365278014730b1ab60514671b4c6 P cd07b30865744e86aec094e7955e06ef [term 1 FOLLOWER]: Leader election vote request: Granting yes vote for candidate de450b3806d0410bb545b47772936689 in term 1.
I20260812 08:02:34.846190  1840 raft_consensus.cc:515] T 56b165631b154a14bda8549825496b93 P 74b36c9330e54750a929313350d322d2 [term 0 FOLLOWER]: Starting pre-election with config: opid_index: -1 OBSOLETE_local: false peers { permanent_uuid: "74b36c9330e54750a929313350d322d2" member_type: VOTER last_known_addr { host: "127.26.94.129" port: 34285 } } peers { permanent_uuid: "de450b3806d0410bb545b47772936689" member_type: VOTER last_known_addr { host: "127.26.94.130" port: 41729 } } peers { permanent_uuid: "cd07b30865744e86aec094e7955e06ef" member_type: VOTER last_known_addr { host: "127.26.94.131" port: 40677 } }
I20260812 08:02:34.846155  1380 raft_consensus.cc:2468] T f324365278014730b1ab60514671b4c6 P 74b36c9330e54750a929313350d322d2 [term 1 FOLLOWER]: Leader election vote request: Granting yes vote for candidate de450b3806d0410bb545b47772936689 in term 1.
I20260812 08:02:34.846580  1468 leader_election.cc:304] T f324365278014730b1ab60514671b4c6 P de450b3806d0410bb545b47772936689 [CANDIDATE]: Term 1 election: Election decided. Result: candidate won. Election summary: received 2 responses out of 3 voters: 2 yes votes; 0 no votes. yes voters: cd07b30865744e86aec094e7955e06ef, de450b3806d0410bb545b47772936689; no voters: 
I20260812 08:02:34.846872  1794 raft_consensus.cc:2804] T f324365278014730b1ab60514671b4c6 P de450b3806d0410bb545b47772936689 [term 1 FOLLOWER]: Leader election won for term 1
I20260812 08:02:34.846936  1655 tablet_service.cc:1917] Received RequestConsensusVote() RPC: tablet_id: "56b165631b154a14bda8549825496b93" candidate_uuid: "74b36c9330e54750a929313350d322d2" candidate_term: 1 candidate_status { last_received { term: 0 index: 0 } } ignore_live_leader: false dest_uuid: "cd07b30865744e86aec094e7955e06ef" is_pre_election: true
I20260812 08:02:34.846982  1794 raft_consensus.cc:697] T f324365278014730b1ab60514671b4c6 P de450b3806d0410bb545b47772936689 [term 1 LEADER]: Becoming Leader. State: Replica: de450b3806d0410bb545b47772936689, State: Running, Role: LEADER
I20260812 08:02:34.846989  1840 leader_election.cc:290] T 56b165631b154a14bda8549825496b93 P 74b36c9330e54750a929313350d322d2 [CANDIDATE]: Term 1 pre-election: Requested pre-vote from peers de450b3806d0410bb545b47772936689 (127.26.94.130:41729), cd07b30865744e86aec094e7955e06ef (127.26.94.131:40677)
I20260812 08:02:34.847065  1655 raft_consensus.cc:2468] T 56b165631b154a14bda8549825496b93 P cd07b30865744e86aec094e7955e06ef [term 0 FOLLOWER]: Leader pre-election vote request: Granting yes vote for candidate 74b36c9330e54750a929313350d322d2 in term 0.
I20260812 08:02:34.847152  1794 consensus_queue.cc:237] T f324365278014730b1ab60514671b4c6 P de450b3806d0410bb545b47772936689 [LEADER]: Queue going to LEADER mode. State: All replicated index: 0, Majority replicated index: 0, Committed index: 0, Last appended: 0.0, Last appended by leader: 0, Current term: 1, Majority size: 2, State: 0, Mode: LEADER, active raft config: opid_index: -1 OBSOLETE_local: false peers { permanent_uuid: "74b36c9330e54750a929313350d322d2" member_type: VOTER last_known_addr { host: "127.26.94.129" port: 34285 } } peers { permanent_uuid: "de450b3806d0410bb545b47772936689" member_type: VOTER last_known_addr { host: "127.26.94.130" port: 41729 } } peers { permanent_uuid: "cd07b30865744e86aec094e7955e06ef" member_type: VOTER last_known_addr { host: "127.26.94.131" port: 40677 } }
I20260812 08:02:34.847390  1321 leader_election.cc:304] T 56b165631b154a14bda8549825496b93 P 74b36c9330e54750a929313350d322d2 [CANDIDATE]: Term 1 pre-election: Election decided. Result: candidate won. Election summary: received 2 responses out of 3 voters: 2 yes votes; 0 no votes. yes voters: 74b36c9330e54750a929313350d322d2, cd07b30865744e86aec094e7955e06ef; no voters: 
I20260812 08:02:34.847576  1840 raft_consensus.cc:2804] T 56b165631b154a14bda8549825496b93 P 74b36c9330e54750a929313350d322d2 [term 0 FOLLOWER]: Leader pre-election won for term 1
I20260812 08:02:34.847637  1840 raft_consensus.cc:493] T 56b165631b154a14bda8549825496b93 P 74b36c9330e54750a929313350d322d2 [term 0 FOLLOWER]: Starting leader election (no leader contacted us within the election timeout)
I20260812 08:02:34.847682  1840 raft_consensus.cc:3060] T 56b165631b154a14bda8549825496b93 P 74b36c9330e54750a929313350d322d2 [term 0 FOLLOWER]: Advancing to term 1
I20260812 08:02:34.848258  1523 tablet_service.cc:1917] Received RequestConsensusVote() RPC: tablet_id: "56b165631b154a14bda8549825496b93" candidate_uuid: "74b36c9330e54750a929313350d322d2" candidate_term: 1 candidate_status { last_received { term: 0 index: 0 } } ignore_live_leader: false dest_uuid: "de450b3806d0410bb545b47772936689" is_pre_election: true
I20260812 08:02:34.848383  1523 raft_consensus.cc:2468] T 56b165631b154a14bda8549825496b93 P de450b3806d0410bb545b47772936689 [term 0 FOLLOWER]: Leader pre-election vote request: Granting yes vote for candidate 74b36c9330e54750a929313350d322d2 in term 0.
I20260812 08:02:34.848683  1840 raft_consensus.cc:515] T 56b165631b154a14bda8549825496b93 P 74b36c9330e54750a929313350d322d2 [term 1 FOLLOWER]: Starting leader election with config: opid_index: -1 OBSOLETE_local: false peers { permanent_uuid: "74b36c9330e54750a929313350d322d2" member_type: VOTER last_known_addr { host: "127.26.94.129" port: 34285 } } peers { permanent_uuid: "de450b3806d0410bb545b47772936689" member_type: VOTER last_known_addr { host: "127.26.94.130" port: 41729 } } peers { permanent_uuid: "cd07b30865744e86aec094e7955e06ef" member_type: VOTER last_known_addr { host: "127.26.94.131" port: 40677 } }
I20260812 08:02:34.849305  1523 tablet_service.cc:1917] Received RequestConsensusVote() RPC: tablet_id: "56b165631b154a14bda8549825496b93" candidate_uuid: "74b36c9330e54750a929313350d322d2" candidate_term: 1 candidate_status { last_received { term: 0 index: 0 } } ignore_live_leader: false dest_uuid: "de450b3806d0410bb545b47772936689"
I20260812 08:02:34.849356  1655 tablet_service.cc:1917] Received RequestConsensusVote() RPC: tablet_id: "56b165631b154a14bda8549825496b93" candidate_uuid: "74b36c9330e54750a929313350d322d2" candidate_term: 1 candidate_status { last_received { term: 0 index: 0 } } ignore_live_leader: false dest_uuid: "cd07b30865744e86aec094e7955e06ef"
I20260812 08:02:34.849414  1523 raft_consensus.cc:3060] T 56b165631b154a14bda8549825496b93 P de450b3806d0410bb545b47772936689 [term 0 FOLLOWER]: Advancing to term 1
I20260812 08:02:34.849428  1655 raft_consensus.cc:3060] T 56b165631b154a14bda8549825496b93 P cd07b30865744e86aec094e7955e06ef [term 0 FOLLOWER]: Advancing to term 1
I20260812 08:02:34.850335  1523 raft_consensus.cc:2468] T 56b165631b154a14bda8549825496b93 P de450b3806d0410bb545b47772936689 [term 1 FOLLOWER]: Leader election vote request: Granting yes vote for candidate 74b36c9330e54750a929313350d322d2 in term 1.
I20260812 08:02:34.850340  1655 raft_consensus.cc:2468] T 56b165631b154a14bda8549825496b93 P cd07b30865744e86aec094e7955e06ef [term 1 FOLLOWER]: Leader election vote request: Granting yes vote for candidate 74b36c9330e54750a929313350d322d2 in term 1.
I20260812 08:02:34.850737  1319 leader_election.cc:304] T 56b165631b154a14bda8549825496b93 P 74b36c9330e54750a929313350d322d2 [CANDIDATE]: Term 1 election: Election decided. Result: candidate won. Election summary: received 3 responses out of 3 voters: 3 yes votes; 0 no votes. yes voters: 74b36c9330e54750a929313350d322d2, cd07b30865744e86aec094e7955e06ef, de450b3806d0410bb545b47772936689; no voters: 
I20260812 08:02:34.851061  1792 raft_consensus.cc:2804] T 56b165631b154a14bda8549825496b93 P 74b36c9330e54750a929313350d322d2 [term 1 FOLLOWER]: Leader election won for term 1
I20260812 08:02:34.851830  1792 raft_consensus.cc:697] T 56b165631b154a14bda8549825496b93 P 74b36c9330e54750a929313350d322d2 [term 1 LEADER]: Becoming Leader. State: Replica: 74b36c9330e54750a929313350d322d2, State: Running, Role: LEADER
I20260812 08:02:34.852005  1792 consensus_queue.cc:237] T 56b165631b154a14bda8549825496b93 P 74b36c9330e54750a929313350d322d2 [LEADER]: Queue going to LEADER mode. State: All replicated index: 0, Majority replicated index: 0, Committed index: 0, Last appended: 0.0, Last appended by leader: 0, Current term: 1, Majority size: 2, State: 0, Mode: LEADER, active raft config: opid_index: -1 OBSOLETE_local: false peers { permanent_uuid: "74b36c9330e54750a929313350d322d2" member_type: VOTER last_known_addr { host: "127.26.94.129" port: 34285 } } peers { permanent_uuid: "de450b3806d0410bb545b47772936689" member_type: VOTER last_known_addr { host: "127.26.94.130" port: 41729 } } peers { permanent_uuid: "cd07b30865744e86aec094e7955e06ef" member_type: VOTER last_known_addr { host: "127.26.94.131" port: 40677 } }
I20260812 08:02:34.853734  1794 raft_consensus.cc:493] T 7aceee75127541e6921c864bddc78889 P de450b3806d0410bb545b47772936689 [term 0 FOLLOWER]: Starting pre-election (no leader contacted us within the election timeout)
I20260812 08:02:34.853832  1794 raft_consensus.cc:515] T 7aceee75127541e6921c864bddc78889 P de450b3806d0410bb545b47772936689 [term 0 FOLLOWER]: Starting pre-election with config: opid_index: -1 OBSOLETE_local: false peers { permanent_uuid: "74b36c9330e54750a929313350d322d2" member_type: VOTER last_known_addr { host: "127.26.94.129" port: 34285 } } peers { permanent_uuid: "de450b3806d0410bb545b47772936689" member_type: VOTER last_known_addr { host: "127.26.94.130" port: 41729 } } peers { permanent_uuid: "cd07b30865744e86aec094e7955e06ef" member_type: VOTER last_known_addr { host: "127.26.94.131" port: 40677 } }
I20260812 08:02:34.854178  1794 leader_election.cc:290] T 7aceee75127541e6921c864bddc78889 P de450b3806d0410bb545b47772936689 [CANDIDATE]: Term 1 pre-election: Requested pre-vote from peers 74b36c9330e54750a929313350d322d2 (127.26.94.129:34285), cd07b30865744e86aec094e7955e06ef (127.26.94.131:40677)
I20260812 08:02:34.854440  1052 catalog_manager.cc:5719] T 56b165631b154a14bda8549825496b93 P 74b36c9330e54750a929313350d322d2 reported cstate change: term changed from 0 to 1, leader changed from <none> to 74b36c9330e54750a929313350d322d2 (127.26.94.129). New cstate: current_term: 1 leader_uuid: "74b36c9330e54750a929313350d322d2" committed_config { opid_index: -1 OBSOLETE_local: false peers { permanent_uuid: "74b36c9330e54750a929313350d322d2" member_type: VOTER last_known_addr { host: "127.26.94.129" port: 34285 } health_report { overall_health: HEALTHY } } peers { permanent_uuid: "de450b3806d0410bb545b47772936689" member_type: VOTER last_known_addr { host: "127.26.94.130" port: 41729 } health_report { overall_health: UNKNOWN } } peers { permanent_uuid: "cd07b30865744e86aec094e7955e06ef" member_type: VOTER last_known_addr { host: "127.26.94.131" port: 40677 } health_report { overall_health: UNKNOWN } } }
I20260812 08:02:34.854668  1380 tablet_service.cc:1917] Received RequestConsensusVote() RPC: tablet_id: "7aceee75127541e6921c864bddc78889" candidate_uuid: "de450b3806d0410bb545b47772936689" candidate_term: 1 candidate_status { last_received { term: 0 index: 0 } } ignore_live_leader: false dest_uuid: "74b36c9330e54750a929313350d322d2" is_pre_election: true
I20260812 08:02:34.854729  1840 leader_election.cc:290] T 56b165631b154a14bda8549825496b93 P 74b36c9330e54750a929313350d322d2 [CANDIDATE]: Term 1 election: Requested vote from peers de450b3806d0410bb545b47772936689 (127.26.94.130:41729), cd07b30865744e86aec094e7955e06ef (127.26.94.131:40677)
I20260812 08:02:34.854763  1380 raft_consensus.cc:2468] T 7aceee75127541e6921c864bddc78889 P 74b36c9330e54750a929313350d322d2 [term 0 FOLLOWER]: Leader pre-election vote request: Granting yes vote for candidate de450b3806d0410bb545b47772936689 in term 0.
I20260812 08:02:34.854785  1655 tablet_service.cc:1917] Received RequestConsensusVote() RPC: tablet_id: "7aceee75127541e6921c864bddc78889" candidate_uuid: "de450b3806d0410bb545b47772936689" candidate_term: 1 candidate_status { last_received { term: 0 index: 0 } } ignore_live_leader: false dest_uuid: "cd07b30865744e86aec094e7955e06ef" is_pre_election: true
I20260812 08:02:34.854916  1655 raft_consensus.cc:2468] T 7aceee75127541e6921c864bddc78889 P cd07b30865744e86aec094e7955e06ef [term 0 FOLLOWER]: Leader pre-election vote request: Granting yes vote for candidate de450b3806d0410bb545b47772936689 in term 0.
I20260812 08:02:34.855160  1468 leader_election.cc:304] T 7aceee75127541e6921c864bddc78889 P de450b3806d0410bb545b47772936689 [CANDIDATE]: Term 1 pre-election: Election decided. Result: candidate won. Election summary: received 2 responses out of 3 voters: 2 yes votes; 0 no votes. yes voters: cd07b30865744e86aec094e7955e06ef, de450b3806d0410bb545b47772936689; no voters: 
I20260812 08:02:34.855332  1794 raft_consensus.cc:2804] T 7aceee75127541e6921c864bddc78889 P de450b3806d0410bb545b47772936689 [term 0 FOLLOWER]: Leader pre-election won for term 1
I20260812 08:02:34.855402  1794 raft_consensus.cc:493] T 7aceee75127541e6921c864bddc78889 P de450b3806d0410bb545b47772936689 [term 0 FOLLOWER]: Starting leader election (no leader contacted us within the election timeout)
I20260812 08:02:34.855455  1794 raft_consensus.cc:3060] T 7aceee75127541e6921c864bddc78889 P de450b3806d0410bb545b47772936689 [term 0 FOLLOWER]: Advancing to term 1
I20260812 08:02:34.855540  1053 catalog_manager.cc:5719] T f324365278014730b1ab60514671b4c6 P de450b3806d0410bb545b47772936689 reported cstate change: term changed from 0 to 1, leader changed from <none> to de450b3806d0410bb545b47772936689 (127.26.94.130). New cstate: current_term: 1 leader_uuid: "de450b3806d0410bb545b47772936689" committed_config { opid_index: -1 OBSOLETE_local: false peers { permanent_uuid: "74b36c9330e54750a929313350d322d2" member_type: VOTER last_known_addr { host: "127.26.94.129" port: 34285 } health_report { overall_health: UNKNOWN } } peers { permanent_uuid: "de450b3806d0410bb545b47772936689" member_type: VOTER last_known_addr { host: "127.26.94.130" port: 41729 } health_report { overall_health: HEALTHY } } peers { permanent_uuid: "cd07b30865744e86aec094e7955e06ef" member_type: VOTER last_known_addr { host: "127.26.94.131" port: 40677 } health_report { overall_health: UNKNOWN } } }
I20260812 08:02:34.856307  1794 raft_consensus.cc:515] T 7aceee75127541e6921c864bddc78889 P de450b3806d0410bb545b47772936689 [term 1 FOLLOWER]: Starting leader election with config: opid_index: -1 OBSOLETE_local: false peers { permanent_uuid: "74b36c9330e54750a929313350d322d2" member_type: VOTER last_known_addr { host: "127.26.94.129" port: 34285 } } peers { permanent_uuid: "de450b3806d0410bb545b47772936689" member_type: VOTER last_known_addr { host: "127.26.94.130" port: 41729 } } peers { permanent_uuid: "cd07b30865744e86aec094e7955e06ef" member_type: VOTER last_known_addr { host: "127.26.94.131" port: 40677 } }
I20260812 08:02:34.856689  1794 leader_election.cc:290] T 7aceee75127541e6921c864bddc78889 P de450b3806d0410bb545b47772936689 [CANDIDATE]: Term 1 election: Requested vote from peers 74b36c9330e54750a929313350d322d2 (127.26.94.129:34285), cd07b30865744e86aec094e7955e06ef (127.26.94.131:40677)
I20260812 08:02:34.857095  1380 tablet_service.cc:1917] Received RequestConsensusVote() RPC: tablet_id: "7aceee75127541e6921c864bddc78889" candidate_uuid: "de450b3806d0410bb545b47772936689" candidate_term: 1 candidate_status { last_received { term: 0 index: 0 } } ignore_live_leader: false dest_uuid: "74b36c9330e54750a929313350d322d2"
I20260812 08:02:34.857074  1655 tablet_service.cc:1917] Received RequestConsensusVote() RPC: tablet_id: "7aceee75127541e6921c864bddc78889" candidate_uuid: "de450b3806d0410bb545b47772936689" candidate_term: 1 candidate_status { last_received { term: 0 index: 0 } } ignore_live_leader: false dest_uuid: "cd07b30865744e86aec094e7955e06ef"
I20260812 08:02:34.857239  1380 raft_consensus.cc:3060] T 7aceee75127541e6921c864bddc78889 P 74b36c9330e54750a929313350d322d2 [term 0 FOLLOWER]: Advancing to term 1
I20260812 08:02:34.857250  1655 raft_consensus.cc:3060] T 7aceee75127541e6921c864bddc78889 P cd07b30865744e86aec094e7955e06ef [term 0 FOLLOWER]: Advancing to term 1
I20260812 08:02:34.858172  1380 raft_consensus.cc:2468] T 7aceee75127541e6921c864bddc78889 P 74b36c9330e54750a929313350d322d2 [term 1 FOLLOWER]: Leader election vote request: Granting yes vote for candidate de450b3806d0410bb545b47772936689 in term 1.
I20260812 08:02:34.858266  1655 raft_consensus.cc:2468] T 7aceee75127541e6921c864bddc78889 P cd07b30865744e86aec094e7955e06ef [term 1 FOLLOWER]: Leader election vote request: Granting yes vote for candidate de450b3806d0410bb545b47772936689 in term 1.
I20260812 08:02:34.858500  1468 leader_election.cc:304] T 7aceee75127541e6921c864bddc78889 P de450b3806d0410bb545b47772936689 [CANDIDATE]: Term 1 election: Election decided. Result: candidate won. Election summary: received 2 responses out of 3 voters: 2 yes votes; 0 no votes. yes voters: 74b36c9330e54750a929313350d322d2, de450b3806d0410bb545b47772936689; no voters: 
I20260812 08:02:34.858665  1794 raft_consensus.cc:2804] T 7aceee75127541e6921c864bddc78889 P de450b3806d0410bb545b47772936689 [term 1 FOLLOWER]: Leader election won for term 1
I20260812 08:02:34.858760  1794 raft_consensus.cc:697] T 7aceee75127541e6921c864bddc78889 P de450b3806d0410bb545b47772936689 [term 1 LEADER]: Becoming Leader. State: Replica: de450b3806d0410bb545b47772936689, State: Running, Role: LEADER
I20260812 08:02:34.858896  1794 consensus_queue.cc:237] T 7aceee75127541e6921c864bddc78889 P de450b3806d0410bb545b47772936689 [LEADER]: Queue going to LEADER mode. State: All replicated index: 0, Majority replicated index: 0, Committed index: 0, Last appended: 0.0, Last appended by leader: 0, Current term: 1, Majority size: 2, State: 0, Mode: LEADER, active raft config: opid_index: -1 OBSOLETE_local: false peers { permanent_uuid: "74b36c9330e54750a929313350d322d2" member_type: VOTER last_known_addr { host: "127.26.94.129" port: 34285 } } peers { permanent_uuid: "de450b3806d0410bb545b47772936689" member_type: VOTER last_known_addr { host: "127.26.94.130" port: 41729 } } peers { permanent_uuid: "cd07b30865744e86aec094e7955e06ef" member_type: VOTER last_known_addr { host: "127.26.94.131" port: 40677 } }
I20260812 08:02:34.861089  1794 raft_consensus.cc:493] T fd349453af024f18a87fdb23e85059c4 P de450b3806d0410bb545b47772936689 [term 0 FOLLOWER]: Starting pre-election (no leader contacted us within the election timeout)
I20260812 08:02:34.861203  1794 raft_consensus.cc:515] T fd349453af024f18a87fdb23e85059c4 P de450b3806d0410bb545b47772936689 [term 0 FOLLOWER]: Starting pre-election with config: opid_index: -1 OBSOLETE_local: false peers { permanent_uuid: "74b36c9330e54750a929313350d322d2" member_type: VOTER last_known_addr { host: "127.26.94.129" port: 34285 } } peers { permanent_uuid: "de450b3806d0410bb545b47772936689" member_type: VOTER last_known_addr { host: "127.26.94.130" port: 41729 } } peers { permanent_uuid: "cd07b30865744e86aec094e7955e06ef" member_type: VOTER last_known_addr { host: "127.26.94.131" port: 40677 } }
I20260812 08:02:34.861557  1794 leader_election.cc:290] T fd349453af024f18a87fdb23e85059c4 P de450b3806d0410bb545b47772936689 [CANDIDATE]: Term 1 pre-election: Requested pre-vote from peers 74b36c9330e54750a929313350d322d2 (127.26.94.129:34285), cd07b30865744e86aec094e7955e06ef (127.26.94.131:40677)
I20260812 08:02:34.861968  1655 tablet_service.cc:1917] Received RequestConsensusVote() RPC: tablet_id: "fd349453af024f18a87fdb23e85059c4" candidate_uuid: "de450b3806d0410bb545b47772936689" candidate_term: 1 candidate_status { last_received { term: 0 index: 0 } } ignore_live_leader: false dest_uuid: "cd07b30865744e86aec094e7955e06ef" is_pre_election: true
I20260812 08:02:34.862020  1380 tablet_service.cc:1917] Received RequestConsensusVote() RPC: tablet_id: "fd349453af024f18a87fdb23e85059c4" candidate_uuid: "de450b3806d0410bb545b47772936689" candidate_term: 1 candidate_status { last_received { term: 0 index: 0 } } ignore_live_leader: false dest_uuid: "74b36c9330e54750a929313350d322d2" is_pre_election: true
I20260812 08:02:34.862098  1380 raft_consensus.cc:2468] T fd349453af024f18a87fdb23e85059c4 P 74b36c9330e54750a929313350d322d2 [term 0 FOLLOWER]: Leader pre-election vote request: Granting yes vote for candidate de450b3806d0410bb545b47772936689 in term 0.
I20260812 08:02:34.862098  1655 raft_consensus.cc:2468] T fd349453af024f18a87fdb23e85059c4 P cd07b30865744e86aec094e7955e06ef [term 0 FOLLOWER]: Leader pre-election vote request: Granting yes vote for candidate de450b3806d0410bb545b47772936689 in term 0.
I20260812 08:02:34.862512  1468 leader_election.cc:304] T fd349453af024f18a87fdb23e85059c4 P de450b3806d0410bb545b47772936689 [CANDIDATE]: Term 1 pre-election: Election decided. Result: candidate won. Election summary: received 2 responses out of 3 voters: 2 yes votes; 0 no votes. yes voters: 74b36c9330e54750a929313350d322d2, de450b3806d0410bb545b47772936689; no voters: 
I20260812 08:02:34.862848  1794 raft_consensus.cc:2804] T fd349453af024f18a87fdb23e85059c4 P de450b3806d0410bb545b47772936689 [term 0 FOLLOWER]: Leader pre-election won for term 1
I20260812 08:02:34.862911  1794 raft_consensus.cc:493] T fd349453af024f18a87fdb23e85059c4 P de450b3806d0410bb545b47772936689 [term 0 FOLLOWER]: Starting leader election (no leader contacted us within the election timeout)
I20260812 08:02:34.862953  1794 raft_consensus.cc:3060] T fd349453af024f18a87fdb23e85059c4 P de450b3806d0410bb545b47772936689 [term 0 FOLLOWER]: Advancing to term 1
I20260812 08:02:34.863173  1052 catalog_manager.cc:5719] T 7aceee75127541e6921c864bddc78889 P de450b3806d0410bb545b47772936689 reported cstate change: term changed from 0 to 1, leader changed from <none> to de450b3806d0410bb545b47772936689 (127.26.94.130). New cstate: current_term: 1 leader_uuid: "de450b3806d0410bb545b47772936689" committed_config { opid_index: -1 OBSOLETE_local: false peers { permanent_uuid: "74b36c9330e54750a929313350d322d2" member_type: VOTER last_known_addr { host: "127.26.94.129" port: 34285 } health_report { overall_health: UNKNOWN } } peers { permanent_uuid: "de450b3806d0410bb545b47772936689" member_type: VOTER last_known_addr { host: "127.26.94.130" port: 41729 } health_report { overall_health: HEALTHY } } peers { permanent_uuid: "cd07b30865744e86aec094e7955e06ef" member_type: VOTER last_known_addr { host: "127.26.94.131" port: 40677 } health_report { overall_health: UNKNOWN } } }
I20260812 08:02:34.864003  1794 raft_consensus.cc:515] T fd349453af024f18a87fdb23e85059c4 P de450b3806d0410bb545b47772936689 [term 1 FOLLOWER]: Starting leader election with config: opid_index: -1 OBSOLETE_local: false peers { permanent_uuid: "74b36c9330e54750a929313350d322d2" member_type: VOTER last_known_addr { host: "127.26.94.129" port: 34285 } } peers { permanent_uuid: "de450b3806d0410bb545b47772936689" member_type: VOTER last_known_addr { host: "127.26.94.130" port: 41729 } } peers { permanent_uuid: "cd07b30865744e86aec094e7955e06ef" member_type: VOTER last_known_addr { host: "127.26.94.131" port: 40677 } }
I20260812 08:02:34.864347  1794 leader_election.cc:290] T fd349453af024f18a87fdb23e85059c4 P de450b3806d0410bb545b47772936689 [CANDIDATE]: Term 1 election: Requested vote from peers 74b36c9330e54750a929313350d322d2 (127.26.94.129:34285), cd07b30865744e86aec094e7955e06ef (127.26.94.131:40677)
I20260812 08:02:34.865367  1380 tablet_service.cc:1917] Received RequestConsensusVote() RPC: tablet_id: "fd349453af024f18a87fdb23e85059c4" candidate_uuid: "de450b3806d0410bb545b47772936689" candidate_term: 1 candidate_status { last_received { term: 0 index: 0 } } ignore_live_leader: false dest_uuid: "74b36c9330e54750a929313350d322d2"
I20260812 08:02:34.865463  1380 raft_consensus.cc:3060] T fd349453af024f18a87fdb23e85059c4 P 74b36c9330e54750a929313350d322d2 [term 0 FOLLOWER]: Advancing to term 1
I20260812 08:02:34.865504  1655 tablet_service.cc:1917] Received RequestConsensusVote() RPC: tablet_id: "fd349453af024f18a87fdb23e85059c4" candidate_uuid: "de450b3806d0410bb545b47772936689" candidate_term: 1 candidate_status { last_received { term: 0 index: 0 } } ignore_live_leader: false dest_uuid: "cd07b30865744e86aec094e7955e06ef"
I20260812 08:02:34.865623  1655 raft_consensus.cc:3060] T fd349453af024f18a87fdb23e85059c4 P cd07b30865744e86aec094e7955e06ef [term 0 FOLLOWER]: Advancing to term 1
I20260812 08:02:34.866281  1380 raft_consensus.cc:2468] T fd349453af024f18a87fdb23e85059c4 P 74b36c9330e54750a929313350d322d2 [term 1 FOLLOWER]: Leader election vote request: Granting yes vote for candidate de450b3806d0410bb545b47772936689 in term 1.
I20260812 08:02:34.866602  1655 raft_consensus.cc:2468] T fd349453af024f18a87fdb23e85059c4 P cd07b30865744e86aec094e7955e06ef [term 1 FOLLOWER]: Leader election vote request: Granting yes vote for candidate de450b3806d0410bb545b47772936689 in term 1.
I20260812 08:02:34.866679  1468 leader_election.cc:304] T fd349453af024f18a87fdb23e85059c4 P de450b3806d0410bb545b47772936689 [CANDIDATE]: Term 1 election: Election decided. Result: candidate won. Election summary: received 2 responses out of 3 voters: 2 yes votes; 0 no votes. yes voters: 74b36c9330e54750a929313350d322d2, de450b3806d0410bb545b47772936689; no voters: 
I20260812 08:02:34.867045  1794 raft_consensus.cc:2804] T fd349453af024f18a87fdb23e85059c4 P de450b3806d0410bb545b47772936689 [term 1 FOLLOWER]: Leader election won for term 1
I20260812 08:02:34.867143  1794 raft_consensus.cc:697] T fd349453af024f18a87fdb23e85059c4 P de450b3806d0410bb545b47772936689 [term 1 LEADER]: Becoming Leader. State: Replica: de450b3806d0410bb545b47772936689, State: Running, Role: LEADER
I20260812 08:02:34.867296  1794 consensus_queue.cc:237] T fd349453af024f18a87fdb23e85059c4 P de450b3806d0410bb545b47772936689 [LEADER]: Queue going to LEADER mode. State: All replicated index: 0, Majority replicated index: 0, Committed index: 0, Last appended: 0.0, Last appended by leader: 0, Current term: 1, Majority size: 2, State: 0, Mode: LEADER, active raft config: opid_index: -1 OBSOLETE_local: false peers { permanent_uuid: "74b36c9330e54750a929313350d322d2" member_type: VOTER last_known_addr { host: "127.26.94.129" port: 34285 } } peers { permanent_uuid: "de450b3806d0410bb545b47772936689" member_type: VOTER last_known_addr { host: "127.26.94.130" port: 41729 } } peers { permanent_uuid: "cd07b30865744e86aec094e7955e06ef" member_type: VOTER last_known_addr { host: "127.26.94.131" port: 40677 } }
I20260812 08:02:34.869778  1052 catalog_manager.cc:5719] T fd349453af024f18a87fdb23e85059c4 P de450b3806d0410bb545b47772936689 reported cstate change: term changed from 0 to 1, leader changed from <none> to de450b3806d0410bb545b47772936689 (127.26.94.130). New cstate: current_term: 1 leader_uuid: "de450b3806d0410bb545b47772936689" committed_config { opid_index: -1 OBSOLETE_local: false peers { permanent_uuid: "74b36c9330e54750a929313350d322d2" member_type: VOTER last_known_addr { host: "127.26.94.129" port: 34285 } health_report { overall_health: UNKNOWN } } peers { permanent_uuid: "de450b3806d0410bb545b47772936689" member_type: VOTER last_known_addr { host: "127.26.94.130" port: 41729 } health_report { overall_health: HEALTHY } } peers { permanent_uuid: "cd07b30865744e86aec094e7955e06ef" member_type: VOTER last_known_addr { host: "127.26.94.131" port: 40677 } health_report { overall_health: UNKNOWN } } }
I20260812 08:02:34.870772  1785 raft_consensus.cc:493] T 81c62be257ff468b80d48051f0f43ea6 P cd07b30865744e86aec094e7955e06ef [term 0 FOLLOWER]: Starting pre-election (no leader contacted us within the election timeout)
I20260812 08:02:34.870878  1785 raft_consensus.cc:515] T 81c62be257ff468b80d48051f0f43ea6 P cd07b30865744e86aec094e7955e06ef [term 0 FOLLOWER]: Starting pre-election with config: opid_index: -1 OBSOLETE_local: false peers { permanent_uuid: "74b36c9330e54750a929313350d322d2" member_type: VOTER last_known_addr { host: "127.26.94.129" port: 34285 } } peers { permanent_uuid: "de450b3806d0410bb545b47772936689" member_type: VOTER last_known_addr { host: "127.26.94.130" port: 41729 } } peers { permanent_uuid: "cd07b30865744e86aec094e7955e06ef" member_type: VOTER last_known_addr { host: "127.26.94.131" port: 40677 } }
I20260812 08:02:34.871263  1785 leader_election.cc:290] T 81c62be257ff468b80d48051f0f43ea6 P cd07b30865744e86aec094e7955e06ef [CANDIDATE]: Term 1 pre-election: Requested pre-vote from peers 74b36c9330e54750a929313350d322d2 (127.26.94.129:34285), de450b3806d0410bb545b47772936689 (127.26.94.130:41729)
I20260812 08:02:34.871642  1523 tablet_service.cc:1917] Received RequestConsensusVote() RPC: tablet_id: "81c62be257ff468b80d48051f0f43ea6" candidate_uuid: "cd07b30865744e86aec094e7955e06ef" candidate_term: 1 candidate_status { last_received { term: 0 index: 0 } } ignore_live_leader: false dest_uuid: "de450b3806d0410bb545b47772936689" is_pre_election: true
I20260812 08:02:34.871718  1380 tablet_service.cc:1917] Received RequestConsensusVote() RPC: tablet_id: "81c62be257ff468b80d48051f0f43ea6" candidate_uuid: "cd07b30865744e86aec094e7955e06ef" candidate_term: 1 candidate_status { last_received { term: 0 index: 0 } } ignore_live_leader: false dest_uuid: "74b36c9330e54750a929313350d322d2" is_pre_election: true
I20260812 08:02:34.871758  1523 raft_consensus.cc:2468] T 81c62be257ff468b80d48051f0f43ea6 P de450b3806d0410bb545b47772936689 [term 0 FOLLOWER]: Leader pre-election vote request: Granting yes vote for candidate cd07b30865744e86aec094e7955e06ef in term 0.
I20260812 08:02:34.871797  1380 raft_consensus.cc:2468] T 81c62be257ff468b80d48051f0f43ea6 P 74b36c9330e54750a929313350d322d2 [term 0 FOLLOWER]: Leader pre-election vote request: Granting yes vote for candidate cd07b30865744e86aec094e7955e06ef in term 0.
I20260812 08:02:34.872066  1603 leader_election.cc:304] T 81c62be257ff468b80d48051f0f43ea6 P cd07b30865744e86aec094e7955e06ef [CANDIDATE]: Term 1 pre-election: Election decided. Result: candidate won. Election summary: received 2 responses out of 3 voters: 2 yes votes; 0 no votes. yes voters: 74b36c9330e54750a929313350d322d2, cd07b30865744e86aec094e7955e06ef; no voters: 
I20260812 08:02:34.872231  1785 raft_consensus.cc:2804] T 81c62be257ff468b80d48051f0f43ea6 P cd07b30865744e86aec094e7955e06ef [term 0 FOLLOWER]: Leader pre-election won for term 1
I20260812 08:02:34.872303  1785 raft_consensus.cc:493] T 81c62be257ff468b80d48051f0f43ea6 P cd07b30865744e86aec094e7955e06ef [term 0 FOLLOWER]: Starting leader election (no leader contacted us within the election timeout)
I20260812 08:02:34.872340  1785 raft_consensus.cc:3060] T 81c62be257ff468b80d48051f0f43ea6 P cd07b30865744e86aec094e7955e06ef [term 0 FOLLOWER]: Advancing to term 1
I20260812 08:02:34.873476  1785 raft_consensus.cc:515] T 81c62be257ff468b80d48051f0f43ea6 P cd07b30865744e86aec094e7955e06ef [term 1 FOLLOWER]: Starting leader election with config: opid_index: -1 OBSOLETE_local: false peers { permanent_uuid: "74b36c9330e54750a929313350d322d2" member_type: VOTER last_known_addr { host: "127.26.94.129" port: 34285 } } peers { permanent_uuid: "de450b3806d0410bb545b47772936689" member_type: VOTER last_known_addr { host: "127.26.94.130" port: 41729 } } peers { permanent_uuid: "cd07b30865744e86aec094e7955e06ef" member_type: VOTER last_known_addr { host: "127.26.94.131" port: 40677 } }
I20260812 08:02:34.873848  1785 leader_election.cc:290] T 81c62be257ff468b80d48051f0f43ea6 P cd07b30865744e86aec094e7955e06ef [CANDIDATE]: Term 1 election: Requested vote from peers 74b36c9330e54750a929313350d322d2 (127.26.94.129:34285), de450b3806d0410bb545b47772936689 (127.26.94.130:41729)
I20260812 08:02:34.874562  1380 tablet_service.cc:1917] Received RequestConsensusVote() RPC: tablet_id: "81c62be257ff468b80d48051f0f43ea6" candidate_uuid: "cd07b30865744e86aec094e7955e06ef" candidate_term: 1 candidate_status { last_received { term: 0 index: 0 } } ignore_live_leader: false dest_uuid: "74b36c9330e54750a929313350d322d2"
I20260812 08:02:34.874681  1380 raft_consensus.cc:3060] T 81c62be257ff468b80d48051f0f43ea6 P 74b36c9330e54750a929313350d322d2 [term 0 FOLLOWER]: Advancing to term 1
I20260812 08:02:34.875671  1523 tablet_service.cc:1917] Received RequestConsensusVote() RPC: tablet_id: "81c62be257ff468b80d48051f0f43ea6" candidate_uuid: "cd07b30865744e86aec094e7955e06ef" candidate_term: 1 candidate_status { last_received { term: 0 index: 0 } } ignore_live_leader: false dest_uuid: "de450b3806d0410bb545b47772936689"
I20260812 08:02:34.875785  1523 raft_consensus.cc:3060] T 81c62be257ff468b80d48051f0f43ea6 P de450b3806d0410bb545b47772936689 [term 0 FOLLOWER]: Advancing to term 1
I20260812 08:02:34.876791  1523 raft_consensus.cc:2468] T 81c62be257ff468b80d48051f0f43ea6 P de450b3806d0410bb545b47772936689 [term 1 FOLLOWER]: Leader election vote request: Granting yes vote for candidate cd07b30865744e86aec094e7955e06ef in term 1.
I20260812 08:02:34.875684  1380 raft_consensus.cc:2468] T 81c62be257ff468b80d48051f0f43ea6 P 74b36c9330e54750a929313350d322d2 [term 1 FOLLOWER]: Leader election vote request: Granting yes vote for candidate cd07b30865744e86aec094e7955e06ef in term 1.
I20260812 08:02:34.877168  1602 leader_election.cc:304] T 81c62be257ff468b80d48051f0f43ea6 P cd07b30865744e86aec094e7955e06ef [CANDIDATE]: Term 1 election: Election decided. Result: candidate won. Election summary: received 2 responses out of 3 voters: 2 yes votes; 0 no votes. yes voters: cd07b30865744e86aec094e7955e06ef, de450b3806d0410bb545b47772936689; no voters: 
I20260812 08:02:34.877343  1785 raft_consensus.cc:2804] T 81c62be257ff468b80d48051f0f43ea6 P cd07b30865744e86aec094e7955e06ef [term 1 FOLLOWER]: Leader election won for term 1
I20260812 08:02:34.877444  1785 raft_consensus.cc:697] T 81c62be257ff468b80d48051f0f43ea6 P cd07b30865744e86aec094e7955e06ef [term 1 LEADER]: Becoming Leader. State: Replica: cd07b30865744e86aec094e7955e06ef, State: Running, Role: LEADER
I20260812 08:02:34.877604  1785 consensus_queue.cc:237] T 81c62be257ff468b80d48051f0f43ea6 P cd07b30865744e86aec094e7955e06ef [LEADER]: Queue going to LEADER mode. State: All replicated index: 0, Majority replicated index: 0, Committed index: 0, Last appended: 0.0, Last appended by leader: 0, Current term: 1, Majority size: 2, State: 0, Mode: LEADER, active raft config: opid_index: -1 OBSOLETE_local: false peers { permanent_uuid: "74b36c9330e54750a929313350d322d2" member_type: VOTER last_known_addr { host: "127.26.94.129" port: 34285 } } peers { permanent_uuid: "de450b3806d0410bb545b47772936689" member_type: VOTER last_known_addr { host: "127.26.94.130" port: 41729 } } peers { permanent_uuid: "cd07b30865744e86aec094e7955e06ef" member_type: VOTER last_known_addr { host: "127.26.94.131" port: 40677 } }
I20260812 08:02:34.880395  1052 catalog_manager.cc:5719] T 81c62be257ff468b80d48051f0f43ea6 P cd07b30865744e86aec094e7955e06ef reported cstate change: term changed from 0 to 1, leader changed from <none> to cd07b30865744e86aec094e7955e06ef (127.26.94.131). New cstate: current_term: 1 leader_uuid: "cd07b30865744e86aec094e7955e06ef" committed_config { opid_index: -1 OBSOLETE_local: false peers { permanent_uuid: "74b36c9330e54750a929313350d322d2" member_type: VOTER last_known_addr { host: "127.26.94.129" port: 34285 } health_report { overall_health: UNKNOWN } } peers { permanent_uuid: "de450b3806d0410bb545b47772936689" member_type: VOTER last_known_addr { host: "127.26.94.130" port: 41729 } health_report { overall_health: UNKNOWN } } peers { permanent_uuid: "cd07b30865744e86aec094e7955e06ef" member_type: VOTER last_known_addr { host: "127.26.94.131" port: 40677 } health_report { overall_health: HEALTHY } } }
I20260812 08:02:34.900519  1845 raft_consensus.cc:493] T 7c8143784ce44618934b98ffaf027107 P 74b36c9330e54750a929313350d322d2 [term 0 FOLLOWER]: Starting pre-election (no leader contacted us within the election timeout)
I20260812 08:02:34.900674  1845 raft_consensus.cc:515] T 7c8143784ce44618934b98ffaf027107 P 74b36c9330e54750a929313350d322d2 [term 0 FOLLOWER]: Starting pre-election with config: opid_index: -1 OBSOLETE_local: false peers { permanent_uuid: "74b36c9330e54750a929313350d322d2" member_type: VOTER last_known_addr { host: "127.26.94.129" port: 34285 } } peers { permanent_uuid: "de450b3806d0410bb545b47772936689" member_type: VOTER last_known_addr { host: "127.26.94.130" port: 41729 } } peers { permanent_uuid: "cd07b30865744e86aec094e7955e06ef" member_type: VOTER last_known_addr { host: "127.26.94.131" port: 40677 } }
I20260812 08:02:34.901162  1845 leader_election.cc:290] T 7c8143784ce44618934b98ffaf027107 P 74b36c9330e54750a929313350d322d2 [CANDIDATE]: Term 1 pre-election: Requested pre-vote from peers de450b3806d0410bb545b47772936689 (127.26.94.130:41729), cd07b30865744e86aec094e7955e06ef (127.26.94.131:40677)
I20260812 08:02:34.901435  1523 tablet_service.cc:1917] Received RequestConsensusVote() RPC: tablet_id: "7c8143784ce44618934b98ffaf027107" candidate_uuid: "74b36c9330e54750a929313350d322d2" candidate_term: 1 candidate_status { last_received { term: 0 index: 0 } } ignore_live_leader: false dest_uuid: "de450b3806d0410bb545b47772936689" is_pre_election: true
I20260812 08:02:34.901571  1523 raft_consensus.cc:2468] T 7c8143784ce44618934b98ffaf027107 P de450b3806d0410bb545b47772936689 [term 0 FOLLOWER]: Leader pre-election vote request: Granting yes vote for candidate 74b36c9330e54750a929313350d322d2 in term 0.
I20260812 08:02:34.901593  1655 tablet_service.cc:1917] Received RequestConsensusVote() RPC: tablet_id: "7c8143784ce44618934b98ffaf027107" candidate_uuid: "74b36c9330e54750a929313350d322d2" candidate_term: 1 candidate_status { last_received { term: 0 index: 0 } } ignore_live_leader: false dest_uuid: "cd07b30865744e86aec094e7955e06ef" is_pre_election: true
I20260812 08:02:34.901726  1655 raft_consensus.cc:2468] T 7c8143784ce44618934b98ffaf027107 P cd07b30865744e86aec094e7955e06ef [term 0 FOLLOWER]: Leader pre-election vote request: Granting yes vote for candidate 74b36c9330e54750a929313350d322d2 in term 0.
I20260812 08:02:34.902045  1321 leader_election.cc:304] T 7c8143784ce44618934b98ffaf027107 P 74b36c9330e54750a929313350d322d2 [CANDIDATE]: Term 1 pre-election: Election decided. Result: candidate won. Election summary: received 2 responses out of 3 voters: 2 yes votes; 0 no votes. yes voters: 74b36c9330e54750a929313350d322d2, cd07b30865744e86aec094e7955e06ef; no voters: 
I20260812 08:02:34.902256  1845 raft_consensus.cc:2804] T 7c8143784ce44618934b98ffaf027107 P 74b36c9330e54750a929313350d322d2 [term 0 FOLLOWER]: Leader pre-election won for term 1
I20260812 08:02:34.902323  1845 raft_consensus.cc:493] T 7c8143784ce44618934b98ffaf027107 P 74b36c9330e54750a929313350d322d2 [term 0 FOLLOWER]: Starting leader election (no leader contacted us within the election timeout)
I20260812 08:02:34.902411  1845 raft_consensus.cc:3060] T 7c8143784ce44618934b98ffaf027107 P 74b36c9330e54750a929313350d322d2 [term 0 FOLLOWER]: Advancing to term 1
I20260812 08:02:34.903600  1845 raft_consensus.cc:515] T 7c8143784ce44618934b98ffaf027107 P 74b36c9330e54750a929313350d322d2 [term 1 FOLLOWER]: Starting leader election with config: opid_index: -1 OBSOLETE_local: false peers { permanent_uuid: "74b36c9330e54750a929313350d322d2" member_type: VOTER last_known_addr { host: "127.26.94.129" port: 34285 } } peers { permanent_uuid: "de450b3806d0410bb545b47772936689" member_type: VOTER last_known_addr { host: "127.26.94.130" port: 41729 } } peers { permanent_uuid: "cd07b30865744e86aec094e7955e06ef" member_type: VOTER last_known_addr { host: "127.26.94.131" port: 40677 } }
I20260812 08:02:34.903991  1845 leader_election.cc:290] T 7c8143784ce44618934b98ffaf027107 P 74b36c9330e54750a929313350d322d2 [CANDIDATE]: Term 1 election: Requested vote from peers de450b3806d0410bb545b47772936689 (127.26.94.130:41729), cd07b30865744e86aec094e7955e06ef (127.26.94.131:40677)
I20260812 08:02:34.904261  1523 tablet_service.cc:1917] Received RequestConsensusVote() RPC: tablet_id: "7c8143784ce44618934b98ffaf027107" candidate_uuid: "74b36c9330e54750a929313350d322d2" candidate_term: 1 candidate_status { last_received { term: 0 index: 0 } } ignore_live_leader: false dest_uuid: "de450b3806d0410bb545b47772936689"
I20260812 08:02:34.904261  1655 tablet_service.cc:1917] Received RequestConsensusVote() RPC: tablet_id: "7c8143784ce44618934b98ffaf027107" candidate_uuid: "74b36c9330e54750a929313350d322d2" candidate_term: 1 candidate_status { last_received { term: 0 index: 0 } } ignore_live_leader: false dest_uuid: "cd07b30865744e86aec094e7955e06ef"
I20260812 08:02:34.904430  1655 raft_consensus.cc:3060] T 7c8143784ce44618934b98ffaf027107 P cd07b30865744e86aec094e7955e06ef [term 0 FOLLOWER]: Advancing to term 1
I20260812 08:02:34.904444  1523 raft_consensus.cc:3060] T 7c8143784ce44618934b98ffaf027107 P de450b3806d0410bb545b47772936689 [term 0 FOLLOWER]: Advancing to term 1
I20260812 08:02:34.905416  1655 raft_consensus.cc:2468] T 7c8143784ce44618934b98ffaf027107 P cd07b30865744e86aec094e7955e06ef [term 1 FOLLOWER]: Leader election vote request: Granting yes vote for candidate 74b36c9330e54750a929313350d322d2 in term 1.
I20260812 08:02:34.905452  1523 raft_consensus.cc:2468] T 7c8143784ce44618934b98ffaf027107 P de450b3806d0410bb545b47772936689 [term 1 FOLLOWER]: Leader election vote request: Granting yes vote for candidate 74b36c9330e54750a929313350d322d2 in term 1.
I20260812 08:02:34.905771  1319 leader_election.cc:304] T 7c8143784ce44618934b98ffaf027107 P 74b36c9330e54750a929313350d322d2 [CANDIDATE]: Term 1 election: Election decided. Result: candidate won. Election summary: received 2 responses out of 3 voters: 2 yes votes; 0 no votes. yes voters: 74b36c9330e54750a929313350d322d2, de450b3806d0410bb545b47772936689; no voters: 
I20260812 08:02:34.906082  1845 raft_consensus.cc:2804] T 7c8143784ce44618934b98ffaf027107 P 74b36c9330e54750a929313350d322d2 [term 1 FOLLOWER]: Leader election won for term 1
I20260812 08:02:34.906189  1845 raft_consensus.cc:697] T 7c8143784ce44618934b98ffaf027107 P 74b36c9330e54750a929313350d322d2 [term 1 LEADER]: Becoming Leader. State: Replica: 74b36c9330e54750a929313350d322d2, State: Running, Role: LEADER
I20260812 08:02:34.906344  1845 consensus_queue.cc:237] T 7c8143784ce44618934b98ffaf027107 P 74b36c9330e54750a929313350d322d2 [LEADER]: Queue going to LEADER mode. State: All replicated index: 0, Majority replicated index: 0, Committed index: 0, Last appended: 0.0, Last appended by leader: 0, Current term: 1, Majority size: 2, State: 0, Mode: LEADER, active raft config: opid_index: -1 OBSOLETE_local: false peers { permanent_uuid: "74b36c9330e54750a929313350d322d2" member_type: VOTER last_known_addr { host: "127.26.94.129" port: 34285 } } peers { permanent_uuid: "de450b3806d0410bb545b47772936689" member_type: VOTER last_known_addr { host: "127.26.94.130" port: 41729 } } peers { permanent_uuid: "cd07b30865744e86aec094e7955e06ef" member_type: VOTER last_known_addr { host: "127.26.94.131" port: 40677 } }
I20260812 08:02:34.911859  1052 catalog_manager.cc:5719] T 7c8143784ce44618934b98ffaf027107 P 74b36c9330e54750a929313350d322d2 reported cstate change: term changed from 0 to 1, leader changed from <none> to 74b36c9330e54750a929313350d322d2 (127.26.94.129). New cstate: current_term: 1 leader_uuid: "74b36c9330e54750a929313350d322d2" committed_config { opid_index: -1 OBSOLETE_local: false peers { permanent_uuid: "74b36c9330e54750a929313350d322d2" member_type: VOTER last_known_addr { host: "127.26.94.129" port: 34285 } health_report { overall_health: HEALTHY } } peers { permanent_uuid: "de450b3806d0410bb545b47772936689" member_type: VOTER last_known_addr { host: "127.26.94.130" port: 41729 } health_report { overall_health: UNKNOWN } } peers { permanent_uuid: "cd07b30865744e86aec094e7955e06ef" member_type: VOTER last_known_addr { host: "127.26.94.131" port: 40677 } health_report { overall_health: UNKNOWN } } }
I20260812 08:02:34.919340  1794 raft_consensus.cc:493] T 423764034eb644d4b6d1a409e5472113 P de450b3806d0410bb545b47772936689 [term 0 FOLLOWER]: Starting pre-election (no leader contacted us within the election timeout)
