I20260812 08:00:03.887010  8431 consensus_queue.cc:260] T f76cd77c06384786be643438f0721886 P 2243d52b518f43a496c93d6c16680ab9 [NON_LEADER]: Queue going to NON_LEADER mode. State: All replicated index: 0, Majority replicated index: 0, Committed index: 0, Last appended: 0.0, Last appended by leader: 0, Current term: 0, Majority size: -1, State: 0, Mode: NON_LEADER, active raft config: opid_index: -1 OBSOLETE_local: false peers { permanent_uuid: "2243d52b518f43a496c93d6c16680ab9" member_type: VOTER last_known_addr { host: "127.7.106.131" port: 38415 } } peers { permanent_uuid: "10d557810d614c9085fd64fa8009830f" member_type: VOTER last_known_addr { host: "127.7.106.130" port: 32775 } } peers { permanent_uuid: "2c5947e2e917467fb0eb0987018eb61e" member_type: VOTER last_known_addr { host: "127.7.106.129" port: 34723 } }
I20260812 08:00:03.887079  8428 raft_consensus.cc:359] T 6b4de8a87b9c4c9e9639b1a751a60914 P 10d557810d614c9085fd64fa8009830f [term 0 FOLLOWER]: Replica starting. Triggering 0 pending ops. Active config: opid_index: -1 OBSOLETE_local: false peers { permanent_uuid: "2c5947e2e917467fb0eb0987018eb61e" member_type: VOTER last_known_addr { host: "127.7.106.129" port: 34723 } } peers { permanent_uuid: "10d557810d614c9085fd64fa8009830f" member_type: VOTER last_known_addr { host: "127.7.106.130" port: 32775 } } peers { permanent_uuid: "2243d52b518f43a496c93d6c16680ab9" member_type: VOTER last_known_addr { host: "127.7.106.131" port: 38415 } }
I20260812 08:00:03.887192  8428 raft_consensus.cc:385] T 6b4de8a87b9c4c9e9639b1a751a60914 P 10d557810d614c9085fd64fa8009830f [term 0 FOLLOWER]: Consensus starting up: Expiring failure detector timer to make a prompt election more likely
I20260812 08:00:03.887226  8428 raft_consensus.cc:740] T 6b4de8a87b9c4c9e9639b1a751a60914 P 10d557810d614c9085fd64fa8009830f [term 0 FOLLOWER]: Becoming Follower/Learner. State: Replica: 10d557810d614c9085fd64fa8009830f, State: Initialized, Role: FOLLOWER
I20260812 08:00:03.887267  8431 ts_tablet_manager.cc:1434] T f76cd77c06384786be643438f0721886 P 2243d52b518f43a496c93d6c16680ab9: Time spent starting tablet: real 0.001s	user 0.001s	sys 0.000s
I20260812 08:00:03.887374  8428 consensus_queue.cc:260] T 6b4de8a87b9c4c9e9639b1a751a60914 P 10d557810d614c9085fd64fa8009830f [NON_LEADER]: Queue going to NON_LEADER mode. State: All replicated index: 0, Majority replicated index: 0, Committed index: 0, Last appended: 0.0, Last appended by leader: 0, Current term: 0, Majority size: -1, State: 0, Mode: NON_LEADER, active raft config: opid_index: -1 OBSOLETE_local: false peers { permanent_uuid: "2c5947e2e917467fb0eb0987018eb61e" member_type: VOTER last_known_addr { host: "127.7.106.129" port: 34723 } } peers { permanent_uuid: "10d557810d614c9085fd64fa8009830f" member_type: VOTER last_known_addr { host: "127.7.106.130" port: 32775 } } peers { permanent_uuid: "2243d52b518f43a496c93d6c16680ab9" member_type: VOTER last_known_addr { host: "127.7.106.131" port: 38415 } }
I20260812 08:00:03.887456  8431 tablet_bootstrap.cc:492] T 71c16a31f90145089548184e2184238f P 2243d52b518f43a496c93d6c16680ab9: Bootstrap starting.
I20260812 08:00:03.887492  8430 tablet_bootstrap.cc:654] T 6b4de8a87b9c4c9e9639b1a751a60914 P 2c5947e2e917467fb0eb0987018eb61e: Neither blocks nor log segments found. Creating new log.
I20260812 08:00:03.887648  8428 ts_tablet_manager.cc:1434] T 6b4de8a87b9c4c9e9639b1a751a60914 P 10d557810d614c9085fd64fa8009830f: Time spent starting tablet: real 0.001s	user 0.001s	sys 0.000s
I20260812 08:00:03.887818  8428 tablet_bootstrap.cc:492] T 81fb2672dc62485198718c6ad630d9e0 P 10d557810d614c9085fd64fa8009830f: Bootstrap starting.
I20260812 08:00:03.888655  8431 tablet_bootstrap.cc:654] T 71c16a31f90145089548184e2184238f P 2243d52b518f43a496c93d6c16680ab9: Neither blocks nor log segments found. Creating new log.
I20260812 08:00:03.889724  8428 tablet_bootstrap.cc:654] T 81fb2672dc62485198718c6ad630d9e0 P 10d557810d614c9085fd64fa8009830f: Neither blocks nor log segments found. Creating new log.
I20260812 08:00:03.891242  8428 tablet_bootstrap.cc:492] T 81fb2672dc62485198718c6ad630d9e0 P 10d557810d614c9085fd64fa8009830f: No bootstrap required, opened a new log
I20260812 08:00:03.891337  8428 ts_tablet_manager.cc:1403] T 81fb2672dc62485198718c6ad630d9e0 P 10d557810d614c9085fd64fa8009830f: Time spent bootstrapping tablet: real 0.004s	user 0.002s	sys 0.000s
I20260812 08:00:03.891798  8428 raft_consensus.cc:359] T 81fb2672dc62485198718c6ad630d9e0 P 10d557810d614c9085fd64fa8009830f [term 0 FOLLOWER]: Replica starting. Triggering 0 pending ops. Active config: opid_index: -1 OBSOLETE_local: false peers { permanent_uuid: "2c5947e2e917467fb0eb0987018eb61e" member_type: VOTER last_known_addr { host: "127.7.106.129" port: 34723 } } peers { permanent_uuid: "10d557810d614c9085fd64fa8009830f" member_type: VOTER last_known_addr { host: "127.7.106.130" port: 32775 } } peers { permanent_uuid: "2243d52b518f43a496c93d6c16680ab9" member_type: VOTER last_known_addr { host: "127.7.106.131" port: 38415 } }
I20260812 08:00:03.891925  8428 raft_consensus.cc:385] T 81fb2672dc62485198718c6ad630d9e0 P 10d557810d614c9085fd64fa8009830f [term 0 FOLLOWER]: Consensus starting up: Expiring failure detector timer to make a prompt election more likely
I20260812 08:00:03.891965  8428 raft_consensus.cc:740] T 81fb2672dc62485198718c6ad630d9e0 P 10d557810d614c9085fd64fa8009830f [term 0 FOLLOWER]: Becoming Follower/Learner. State: Replica: 10d557810d614c9085fd64fa8009830f, State: Initialized, Role: FOLLOWER
I20260812 08:00:03.892088  8428 consensus_queue.cc:260] T 81fb2672dc62485198718c6ad630d9e0 P 10d557810d614c9085fd64fa8009830f [NON_LEADER]: Queue going to NON_LEADER mode. State: All replicated index: 0, Majority replicated index: 0, Committed index: 0, Last appended: 0.0, Last appended by leader: 0, Current term: 0, Majority size: -1, State: 0, Mode: NON_LEADER, active raft config: opid_index: -1 OBSOLETE_local: false peers { permanent_uuid: "2c5947e2e917467fb0eb0987018eb61e" member_type: VOTER last_known_addr { host: "127.7.106.129" port: 34723 } } peers { permanent_uuid: "10d557810d614c9085fd64fa8009830f" member_type: VOTER last_known_addr { host: "127.7.106.130" port: 32775 } } peers { permanent_uuid: "2243d52b518f43a496c93d6c16680ab9" member_type: VOTER last_known_addr { host: "127.7.106.131" port: 38415 } }
I20260812 08:00:03.892377  8428 ts_tablet_manager.cc:1434] T 81fb2672dc62485198718c6ad630d9e0 P 10d557810d614c9085fd64fa8009830f: Time spent starting tablet: real 0.001s	user 0.000s	sys 0.000s
I20260812 08:00:03.892450  8113 tablet_service.cc:1917] Received RequestConsensusVote() RPC: tablet_id: "2890cf9f3d404b87b4cc2c4559f958e2" candidate_uuid: "2243d52b518f43a496c93d6c16680ab9" candidate_term: 1 candidate_status { last_received { term: 0 index: 0 } } ignore_live_leader: false dest_uuid: "10d557810d614c9085fd64fa8009830f" is_pre_election: true
I20260812 08:00:03.892551  8428 tablet_bootstrap.cc:492] T 2890cf9f3d404b87b4cc2c4559f958e2 P 10d557810d614c9085fd64fa8009830f: Bootstrap starting.
W20260812 08:00:03.893347  8219 leader_election.cc:343] T 2890cf9f3d404b87b4cc2c4559f958e2 P 2243d52b518f43a496c93d6c16680ab9 [CANDIDATE]: Term 1 pre-election: Tablet error from VoteRequest() call to peer 10d557810d614c9085fd64fa8009830f (127.7.106.130:32775): Illegal state: must be running to vote when last-logged opid is not known
I20260812 08:00:03.893574  8428 tablet_bootstrap.cc:654] T 2890cf9f3d404b87b4cc2c4559f958e2 P 10d557810d614c9085fd64fa8009830f: Neither blocks nor log segments found. Creating new log.
W20260812 08:00:03.893839  7972 tablet.cc:2406] T 191f3e9c9f63465d840ba6b205a9b1fe P 2c5947e2e917467fb0eb0987018eb61e: Can't schedule compaction. Clean time has not been advanced past its initial value.
I20260812 08:00:03.894912  8428 tablet_bootstrap.cc:492] T 2890cf9f3d404b87b4cc2c4559f958e2 P 10d557810d614c9085fd64fa8009830f: No bootstrap required, opened a new log
I20260812 08:00:03.895004  8428 ts_tablet_manager.cc:1403] T 2890cf9f3d404b87b4cc2c4559f958e2 P 10d557810d614c9085fd64fa8009830f: Time spent bootstrapping tablet: real 0.002s	user 0.002s	sys 0.000s
I20260812 08:00:03.895445  8428 raft_consensus.cc:359] T 2890cf9f3d404b87b4cc2c4559f958e2 P 10d557810d614c9085fd64fa8009830f [term 0 FOLLOWER]: Replica starting. Triggering 0 pending ops. Active config: opid_index: -1 OBSOLETE_local: false peers { permanent_uuid: "10d557810d614c9085fd64fa8009830f" member_type: VOTER last_known_addr { host: "127.7.106.130" port: 32775 } } peers { permanent_uuid: "2c5947e2e917467fb0eb0987018eb61e" member_type: VOTER last_known_addr { host: "127.7.106.129" port: 34723 } } peers { permanent_uuid: "2243d52b518f43a496c93d6c16680ab9" member_type: VOTER last_known_addr { host: "127.7.106.131" port: 38415 } }
I20260812 08:00:03.895558  8428 raft_consensus.cc:385] T 2890cf9f3d404b87b4cc2c4559f958e2 P 10d557810d614c9085fd64fa8009830f [term 0 FOLLOWER]: Consensus starting up: Expiring failure detector timer to make a prompt election more likely
I20260812 08:00:03.895598  8428 raft_consensus.cc:740] T 2890cf9f3d404b87b4cc2c4559f958e2 P 10d557810d614c9085fd64fa8009830f [term 0 FOLLOWER]: Becoming Follower/Learner. State: Replica: 10d557810d614c9085fd64fa8009830f, State: Initialized, Role: FOLLOWER
I20260812 08:00:03.895717  8428 consensus_queue.cc:260] T 2890cf9f3d404b87b4cc2c4559f958e2 P 10d557810d614c9085fd64fa8009830f [NON_LEADER]: Queue going to NON_LEADER mode. State: All replicated index: 0, Majority replicated index: 0, Committed index: 0, Last appended: 0.0, Last appended by leader: 0, Current term: 0, Majority size: -1, State: 0, Mode: NON_LEADER, active raft config: opid_index: -1 OBSOLETE_local: false peers { permanent_uuid: "10d557810d614c9085fd64fa8009830f" member_type: VOTER last_known_addr { host: "127.7.106.130" port: 32775 } } peers { permanent_uuid: "2c5947e2e917467fb0eb0987018eb61e" member_type: VOTER last_known_addr { host: "127.7.106.129" port: 34723 } } peers { permanent_uuid: "2243d52b518f43a496c93d6c16680ab9" member_type: VOTER last_known_addr { host: "127.7.106.131" port: 38415 } }
I20260812 08:00:03.895835  8431 tablet_bootstrap.cc:492] T 71c16a31f90145089548184e2184238f P 2243d52b518f43a496c93d6c16680ab9: No bootstrap required, opened a new log
I20260812 08:00:03.895908  8431 ts_tablet_manager.cc:1403] T 71c16a31f90145089548184e2184238f P 2243d52b518f43a496c93d6c16680ab9: Time spent bootstrapping tablet: real 0.009s	user 0.002s	sys 0.000s
I20260812 08:00:03.895939  8483 raft_consensus.cc:493] T a20f0b469e76444ea9261e6ec354d467 P 2243d52b518f43a496c93d6c16680ab9 [term 0 FOLLOWER]: Starting pre-election (no leader contacted us within the election timeout)
I20260812 08:00:03.895987  8428 ts_tablet_manager.cc:1434] T 2890cf9f3d404b87b4cc2c4559f958e2 P 10d557810d614c9085fd64fa8009830f: Time spent starting tablet: real 0.001s	user 0.001s	sys 0.000s
I20260812 08:00:03.896026  8483 raft_consensus.cc:515] T a20f0b469e76444ea9261e6ec354d467 P 2243d52b518f43a496c93d6c16680ab9 [term 0 FOLLOWER]: Starting pre-election with config: opid_index: -1 OBSOLETE_local: false peers { permanent_uuid: "2c5947e2e917467fb0eb0987018eb61e" member_type: VOTER last_known_addr { host: "127.7.106.129" port: 34723 } } peers { permanent_uuid: "10d557810d614c9085fd64fa8009830f" member_type: VOTER last_known_addr { host: "127.7.106.130" port: 32775 } } peers { permanent_uuid: "2243d52b518f43a496c93d6c16680ab9" member_type: VOTER last_known_addr { host: "127.7.106.131" port: 38415 } }
I20260812 08:00:03.896160  8428 tablet_bootstrap.cc:492] T 71c16a31f90145089548184e2184238f P 10d557810d614c9085fd64fa8009830f: Bootstrap starting.
I20260812 08:00:03.896338  8430 tablet_bootstrap.cc:492] T 6b4de8a87b9c4c9e9639b1a751a60914 P 2c5947e2e917467fb0eb0987018eb61e: No bootstrap required, opened a new log
I20260812 08:00:03.896332  8431 raft_consensus.cc:359] T 71c16a31f90145089548184e2184238f P 2243d52b518f43a496c93d6c16680ab9 [term 0 FOLLOWER]: Replica starting. Triggering 0 pending ops. Active config: opid_index: -1 OBSOLETE_local: false peers { permanent_uuid: "2c5947e2e917467fb0eb0987018eb61e" member_type: VOTER last_known_addr { host: "127.7.106.129" port: 34723 } } peers { permanent_uuid: "10d557810d614c9085fd64fa8009830f" member_type: VOTER last_known_addr { host: "127.7.106.130" port: 32775 } } peers { permanent_uuid: "2243d52b518f43a496c93d6c16680ab9" member_type: VOTER last_known_addr { host: "127.7.106.131" port: 38415 } }
I20260812 08:00:03.896420  8430 ts_tablet_manager.cc:1403] T 6b4de8a87b9c4c9e9639b1a751a60914 P 2c5947e2e917467fb0eb0987018eb61e: Time spent bootstrapping tablet: real 0.010s	user 0.002s	sys 0.000s
I20260812 08:00:03.896409  8483 leader_election.cc:290] T a20f0b469e76444ea9261e6ec354d467 P 2243d52b518f43a496c93d6c16680ab9 [CANDIDATE]: Term 1 pre-election: Requested pre-vote from peers 2c5947e2e917467fb0eb0987018eb61e (127.7.106.129:34723), 10d557810d614c9085fd64fa8009830f (127.7.106.130:32775)
I20260812 08:00:03.896422  8431 raft_consensus.cc:385] T 71c16a31f90145089548184e2184238f P 2243d52b518f43a496c93d6c16680ab9 [term 0 FOLLOWER]: Consensus starting up: Expiring failure detector timer to make a prompt election more likely
I20260812 08:00:03.896872  8431 raft_consensus.cc:740] T 71c16a31f90145089548184e2184238f P 2243d52b518f43a496c93d6c16680ab9 [term 0 FOLLOWER]: Becoming Follower/Learner. State: Replica: 2243d52b518f43a496c93d6c16680ab9, State: Initialized, Role: FOLLOWER
I20260812 08:00:03.896970  7896 tablet_service.cc:1917] Received RequestConsensusVote() RPC: tablet_id: "2890cf9f3d404b87b4cc2c4559f958e2" candidate_uuid: "2243d52b518f43a496c93d6c16680ab9" candidate_term: 1 candidate_status { last_received { term: 0 index: 0 } } ignore_live_leader: false dest_uuid: "2c5947e2e917467fb0eb0987018eb61e" is_pre_election: true
I20260812 08:00:03.896932  8430 raft_consensus.cc:359] T 6b4de8a87b9c4c9e9639b1a751a60914 P 2c5947e2e917467fb0eb0987018eb61e [term 0 FOLLOWER]: Replica starting. Triggering 0 pending ops. Active config: opid_index: -1 OBSOLETE_local: false peers { permanent_uuid: "2c5947e2e917467fb0eb0987018eb61e" member_type: VOTER last_known_addr { host: "127.7.106.129" port: 34723 } } peers { permanent_uuid: "10d557810d614c9085fd64fa8009830f" member_type: VOTER last_known_addr { host: "127.7.106.130" port: 32775 } } peers { permanent_uuid: "2243d52b518f43a496c93d6c16680ab9" member_type: VOTER last_known_addr { host: "127.7.106.131" port: 38415 } }
I20260812 08:00:03.897001  8431 consensus_queue.cc:260] T 71c16a31f90145089548184e2184238f P 2243d52b518f43a496c93d6c16680ab9 [NON_LEADER]: Queue going to NON_LEADER mode. State: All replicated index: 0, Majority replicated index: 0, Committed index: 0, Last appended: 0.0, Last appended by leader: 0, Current term: 0, Majority size: -1, State: 0, Mode: NON_LEADER, active raft config: opid_index: -1 OBSOLETE_local: false peers { permanent_uuid: "2c5947e2e917467fb0eb0987018eb61e" member_type: VOTER last_known_addr { host: "127.7.106.129" port: 34723 } } peers { permanent_uuid: "10d557810d614c9085fd64fa8009830f" member_type: VOTER last_known_addr { host: "127.7.106.130" port: 32775 } } peers { permanent_uuid: "2243d52b518f43a496c93d6c16680ab9" member_type: VOTER last_known_addr { host: "127.7.106.131" port: 38415 } }
I20260812 08:00:03.897069  8430 raft_consensus.cc:385] T 6b4de8a87b9c4c9e9639b1a751a60914 P 2c5947e2e917467fb0eb0987018eb61e [term 0 FOLLOWER]: Consensus starting up: Expiring failure detector timer to make a prompt election more likely
I20260812 08:00:03.897111  8430 raft_consensus.cc:740] T 6b4de8a87b9c4c9e9639b1a751a60914 P 2c5947e2e917467fb0eb0987018eb61e [term 0 FOLLOWER]: Becoming Follower/Learner. State: Replica: 2c5947e2e917467fb0eb0987018eb61e, State: Initialized, Role: FOLLOWER
I20260812 08:00:03.897231  7896 raft_consensus.cc:2468] T 2890cf9f3d404b87b4cc2c4559f958e2 P 2c5947e2e917467fb0eb0987018eb61e [term 0 FOLLOWER]: Leader pre-election vote request: Granting yes vote for candidate 2243d52b518f43a496c93d6c16680ab9 in term 0.
I20260812 08:00:03.897269  8431 ts_tablet_manager.cc:1434] T 71c16a31f90145089548184e2184238f P 2243d52b518f43a496c93d6c16680ab9: Time spent starting tablet: real 0.001s	user 0.001s	sys 0.000s
I20260812 08:00:03.897300  8428 tablet_bootstrap.cc:654] T 71c16a31f90145089548184e2184238f P 10d557810d614c9085fd64fa8009830f: Neither blocks nor log segments found. Creating new log.
I20260812 08:00:03.897256  8430 consensus_queue.cc:260] T 6b4de8a87b9c4c9e9639b1a751a60914 P 2c5947e2e917467fb0eb0987018eb61e [NON_LEADER]: Queue going to NON_LEADER mode. State: All replicated index: 0, Majority replicated index: 0, Committed index: 0, Last appended: 0.0, Last appended by leader: 0, Current term: 0, Majority size: -1, State: 0, Mode: NON_LEADER, active raft config: opid_index: -1 OBSOLETE_local: false peers { permanent_uuid: "2c5947e2e917467fb0eb0987018eb61e" member_type: VOTER last_known_addr { host: "127.7.106.129" port: 34723 } } peers { permanent_uuid: "10d557810d614c9085fd64fa8009830f" member_type: VOTER last_known_addr { host: "127.7.106.130" port: 32775 } } peers { permanent_uuid: "2243d52b518f43a496c93d6c16680ab9" member_type: VOTER last_known_addr { host: "127.7.106.131" port: 38415 } }
I20260812 08:00:03.897449  8431 tablet_bootstrap.cc:492] T 9efabf9b3f58489d8189ed500fc6f040 P 2243d52b518f43a496c93d6c16680ab9: Bootstrap starting.
I20260812 08:00:03.897580  8430 ts_tablet_manager.cc:1434] T 6b4de8a87b9c4c9e9639b1a751a60914 P 2c5947e2e917467fb0eb0987018eb61e: Time spent starting tablet: real 0.001s	user 0.001s	sys 0.000s
I20260812 08:00:03.897754  8430 tablet_bootstrap.cc:492] T 49c4e061058e4ffc96765b4708f126bf P 2c5947e2e917467fb0eb0987018eb61e: Bootstrap starting.
I20260812 08:00:03.898254  8451 raft_consensus.cc:493] T f76cd77c06384786be643438f0721886 P 10d557810d614c9085fd64fa8009830f [term 0 FOLLOWER]: Starting pre-election (no leader contacted us within the election timeout)
I20260812 08:00:03.898386  8451 raft_consensus.cc:515] T f76cd77c06384786be643438f0721886 P 10d557810d614c9085fd64fa8009830f [term 0 FOLLOWER]: Starting pre-election with config: opid_index: -1 OBSOLETE_local: false peers { permanent_uuid: "2243d52b518f43a496c93d6c16680ab9" member_type: VOTER last_known_addr { host: "127.7.106.131" port: 38415 } } peers { permanent_uuid: "10d557810d614c9085fd64fa8009830f" member_type: VOTER last_known_addr { host: "127.7.106.130" port: 32775 } } peers { permanent_uuid: "2c5947e2e917467fb0eb0987018eb61e" member_type: VOTER last_known_addr { host: "127.7.106.129" port: 34723 } }
I20260812 08:00:03.898501  8431 tablet_bootstrap.cc:654] T 9efabf9b3f58489d8189ed500fc6f040 P 2243d52b518f43a496c93d6c16680ab9: Neither blocks nor log segments found. Creating new log.
I20260812 08:00:03.898993  8430 tablet_bootstrap.cc:654] T 49c4e061058e4ffc96765b4708f126bf P 2c5947e2e917467fb0eb0987018eb61e: Neither blocks nor log segments found. Creating new log.
I20260812 08:00:03.899539  8451 leader_election.cc:290] T f76cd77c06384786be643438f0721886 P 10d557810d614c9085fd64fa8009830f [CANDIDATE]: Term 1 pre-election: Requested pre-vote from peers 2243d52b518f43a496c93d6c16680ab9 (127.7.106.131:38415), 2c5947e2e917467fb0eb0987018eb61e (127.7.106.129:34723)
I20260812 08:00:03.900028  8220 leader_election.cc:304] T 2890cf9f3d404b87b4cc2c4559f958e2 P 2243d52b518f43a496c93d6c16680ab9 [CANDIDATE]: Term 1 pre-election: Election decided. Result: candidate won. Election summary: received 3 responses out of 3 voters: 2 yes votes; 1 no votes. yes voters: 2243d52b518f43a496c93d6c16680ab9, 2c5947e2e917467fb0eb0987018eb61e; no voters: 10d557810d614c9085fd64fa8009830f
I20260812 08:00:03.900105  8431 tablet_bootstrap.cc:492] T 9efabf9b3f58489d8189ed500fc6f040 P 2243d52b518f43a496c93d6c16680ab9: No bootstrap required, opened a new log
I20260812 08:00:03.900169  8431 ts_tablet_manager.cc:1403] T 9efabf9b3f58489d8189ed500fc6f040 P 2243d52b518f43a496c93d6c16680ab9: Time spent bootstrapping tablet: real 0.003s	user 0.002s	sys 0.000s
I20260812 08:00:03.900607  8431 raft_consensus.cc:359] T 9efabf9b3f58489d8189ed500fc6f040 P 2243d52b518f43a496c93d6c16680ab9 [term 0 FOLLOWER]: Replica starting. Triggering 0 pending ops. Active config: opid_index: -1 OBSOLETE_local: false peers { permanent_uuid: "2c5947e2e917467fb0eb0987018eb61e" member_type: VOTER last_known_addr { host: "127.7.106.129" port: 34723 } } peers { permanent_uuid: "10d557810d614c9085fd64fa8009830f" member_type: VOTER last_known_addr { host: "127.7.106.130" port: 32775 } } peers { permanent_uuid: "2243d52b518f43a496c93d6c16680ab9" member_type: VOTER last_known_addr { host: "127.7.106.131" port: 38415 } }
I20260812 08:00:03.900736  8431 raft_consensus.cc:385] T 9efabf9b3f58489d8189ed500fc6f040 P 2243d52b518f43a496c93d6c16680ab9 [term 0 FOLLOWER]: Consensus starting up: Expiring failure detector timer to make a prompt election more likely
I20260812 08:00:03.900779  8431 raft_consensus.cc:740] T 9efabf9b3f58489d8189ed500fc6f040 P 2243d52b518f43a496c93d6c16680ab9 [term 0 FOLLOWER]: Becoming Follower/Learner. State: Replica: 2243d52b518f43a496c93d6c16680ab9, State: Initialized, Role: FOLLOWER
I20260812 08:00:03.900918  8431 consensus_queue.cc:260] T 9efabf9b3f58489d8189ed500fc6f040 P 2243d52b518f43a496c93d6c16680ab9 [NON_LEADER]: Queue going to NON_LEADER mode. State: All replicated index: 0, Majority replicated index: 0, Committed index: 0, Last appended: 0.0, Last appended by leader: 0, Current term: 0, Majority size: -1, State: 0, Mode: NON_LEADER, active raft config: opid_index: -1 OBSOLETE_local: false peers { permanent_uuid: "2c5947e2e917467fb0eb0987018eb61e" member_type: VOTER last_known_addr { host: "127.7.106.129" port: 34723 } } peers { permanent_uuid: "10d557810d614c9085fd64fa8009830f" member_type: VOTER last_known_addr { host: "127.7.106.130" port: 32775 } } peers { permanent_uuid: "2243d52b518f43a496c93d6c16680ab9" member_type: VOTER last_known_addr { host: "127.7.106.131" port: 38415 } }
I20260812 08:00:03.901244  8440 raft_consensus.cc:2804] T 2890cf9f3d404b87b4cc2c4559f958e2 P 2243d52b518f43a496c93d6c16680ab9 [term 0 FOLLOWER]: Leader pre-election won for term 1
I20260812 08:00:03.901345  8440 raft_consensus.cc:493] T 2890cf9f3d404b87b4cc2c4559f958e2 P 2243d52b518f43a496c93d6c16680ab9 [term 0 FOLLOWER]: Starting leader election (no leader contacted us within the election timeout)
I20260812 08:00:03.901422  8440 raft_consensus.cc:3060] T 2890cf9f3d404b87b4cc2c4559f958e2 P 2243d52b518f43a496c93d6c16680ab9 [term 0 FOLLOWER]: Advancing to term 1
I20260812 08:00:03.901666  7896 tablet_service.cc:1917] Received RequestConsensusVote() RPC: tablet_id: "a20f0b469e76444ea9261e6ec354d467" candidate_uuid: "2243d52b518f43a496c93d6c16680ab9" candidate_term: 1 candidate_status { last_received { term: 0 index: 0 } } ignore_live_leader: false dest_uuid: "2c5947e2e917467fb0eb0987018eb61e" is_pre_election: true
I20260812 08:00:03.901760  8431 ts_tablet_manager.cc:1434] T 9efabf9b3f58489d8189ed500fc6f040 P 2243d52b518f43a496c93d6c16680ab9: Time spent starting tablet: real 0.002s	user 0.001s	sys 0.000s
I20260812 08:00:03.901782  7896 raft_consensus.cc:2468] T a20f0b469e76444ea9261e6ec354d467 P 2c5947e2e917467fb0eb0987018eb61e [term 0 FOLLOWER]: Leader pre-election vote request: Granting yes vote for candidate 2243d52b518f43a496c93d6c16680ab9 in term 0.
I20260812 08:00:03.901939  8431 tablet_bootstrap.cc:492] T 3c8b1566fc7d4a43907d8274333d66d5 P 2243d52b518f43a496c93d6c16680ab9: Bootstrap starting.
I20260812 08:00:03.902154  8220 leader_election.cc:304] T a20f0b469e76444ea9261e6ec354d467 P 2243d52b518f43a496c93d6c16680ab9 [CANDIDATE]: Term 1 pre-election: Election decided. Result: candidate won. Election summary: received 2 responses out of 3 voters: 2 yes votes; 0 no votes. yes voters: 2243d52b518f43a496c93d6c16680ab9, 2c5947e2e917467fb0eb0987018eb61e; no voters: 
I20260812 08:00:03.902326  8483 raft_consensus.cc:2804] T a20f0b469e76444ea9261e6ec354d467 P 2243d52b518f43a496c93d6c16680ab9 [term 0 FOLLOWER]: Leader pre-election won for term 1
I20260812 08:00:03.902386  8483 raft_consensus.cc:493] T a20f0b469e76444ea9261e6ec354d467 P 2243d52b518f43a496c93d6c16680ab9 [term 0 FOLLOWER]: Starting leader election (no leader contacted us within the election timeout)
I20260812 08:00:03.902422  8483 raft_consensus.cc:3060] T a20f0b469e76444ea9261e6ec354d467 P 2243d52b518f43a496c93d6c16680ab9 [term 0 FOLLOWER]: Advancing to term 1
I20260812 08:00:03.902662  8440 raft_consensus.cc:515] T 2890cf9f3d404b87b4cc2c4559f958e2 P 2243d52b518f43a496c93d6c16680ab9 [term 1 FOLLOWER]: Starting leader election with config: opid_index: -1 OBSOLETE_local: false peers { permanent_uuid: "10d557810d614c9085fd64fa8009830f" member_type: VOTER last_known_addr { host: "127.7.106.130" port: 32775 } } peers { permanent_uuid: "2c5947e2e917467fb0eb0987018eb61e" member_type: VOTER last_known_addr { host: "127.7.106.129" port: 34723 } } peers { permanent_uuid: "2243d52b518f43a496c93d6c16680ab9" member_type: VOTER last_known_addr { host: "127.7.106.131" port: 38415 } }
I20260812 08:00:03.902823  8431 tablet_bootstrap.cc:654] T 3c8b1566fc7d4a43907d8274333d66d5 P 2243d52b518f43a496c93d6c16680ab9: Neither blocks nor log segments found. Creating new log.
I20260812 08:00:03.903031  8440 leader_election.cc:290] T 2890cf9f3d404b87b4cc2c4559f958e2 P 2243d52b518f43a496c93d6c16680ab9 [CANDIDATE]: Term 1 election: Requested vote from peers 10d557810d614c9085fd64fa8009830f (127.7.106.130:32775), 2c5947e2e917467fb0eb0987018eb61e (127.7.106.129:34723)
I20260812 08:00:03.903407  8483 raft_consensus.cc:515] T a20f0b469e76444ea9261e6ec354d467 P 2243d52b518f43a496c93d6c16680ab9 [term 1 FOLLOWER]: Starting leader election with config: opid_index: -1 OBSOLETE_local: false peers { permanent_uuid: "2c5947e2e917467fb0eb0987018eb61e" member_type: VOTER last_known_addr { host: "127.7.106.129" port: 34723 } } peers { permanent_uuid: "10d557810d614c9085fd64fa8009830f" member_type: VOTER last_known_addr { host: "127.7.106.130" port: 32775 } } peers { permanent_uuid: "2243d52b518f43a496c93d6c16680ab9" member_type: VOTER last_known_addr { host: "127.7.106.131" port: 38415 } }
I20260812 08:00:03.903402  8110 tablet_service.cc:1917] Received RequestConsensusVote() RPC: tablet_id: "2890cf9f3d404b87b4cc2c4559f958e2" candidate_uuid: "2243d52b518f43a496c93d6c16680ab9" candidate_term: 1 candidate_status { last_received { term: 0 index: 0 } } ignore_live_leader: false dest_uuid: "10d557810d614c9085fd64fa8009830f"
I20260812 08:00:03.903532  8113 tablet_service.cc:1917] Received RequestConsensusVote() RPC: tablet_id: "a20f0b469e76444ea9261e6ec354d467" candidate_uuid: "2243d52b518f43a496c93d6c16680ab9" candidate_term: 1 candidate_status { last_received { term: 0 index: 0 } } ignore_live_leader: false dest_uuid: "10d557810d614c9085fd64fa8009830f" is_pre_election: true
I20260812 08:00:03.903558  8110 raft_consensus.cc:3060] T 2890cf9f3d404b87b4cc2c4559f958e2 P 10d557810d614c9085fd64fa8009830f [term 0 FOLLOWER]: Advancing to term 1
I20260812 08:00:03.903728  8483 leader_election.cc:290] T a20f0b469e76444ea9261e6ec354d467 P 2243d52b518f43a496c93d6c16680ab9 [CANDIDATE]: Term 1 election: Requested vote from peers 2c5947e2e917467fb0eb0987018eb61e (127.7.106.129:34723), 10d557810d614c9085fd64fa8009830f (127.7.106.130:32775)
I20260812 08:00:03.904127  8428 tablet_bootstrap.cc:492] T 71c16a31f90145089548184e2184238f P 10d557810d614c9085fd64fa8009830f: No bootstrap required, opened a new log
I20260812 08:00:03.904178  8430 tablet_bootstrap.cc:492] T 49c4e061058e4ffc96765b4708f126bf P 2c5947e2e917467fb0eb0987018eb61e: No bootstrap required, opened a new log
I20260812 08:00:03.904204  8428 ts_tablet_manager.cc:1403] T 71c16a31f90145089548184e2184238f P 10d557810d614c9085fd64fa8009830f: Time spent bootstrapping tablet: real 0.008s	user 0.000s	sys 0.002s
I20260812 08:00:03.904253  8430 ts_tablet_manager.cc:1403] T 49c4e061058e4ffc96765b4708f126bf P 2c5947e2e917467fb0eb0987018eb61e: Time spent bootstrapping tablet: real 0.007s	user 0.002s	sys 0.000s
I20260812 08:00:03.904673  8428 raft_consensus.cc:359] T 71c16a31f90145089548184e2184238f P 10d557810d614c9085fd64fa8009830f [term 0 FOLLOWER]: Replica starting. Triggering 0 pending ops. Active config: opid_index: -1 OBSOLETE_local: false peers { permanent_uuid: "2c5947e2e917467fb0eb0987018eb61e" member_type: VOTER last_known_addr { host: "127.7.106.129" port: 34723 } } peers { permanent_uuid: "10d557810d614c9085fd64fa8009830f" member_type: VOTER last_known_addr { host: "127.7.106.130" port: 32775 } } peers { permanent_uuid: "2243d52b518f43a496c93d6c16680ab9" member_type: VOTER last_known_addr { host: "127.7.106.131" port: 38415 } }
I20260812 08:00:03.904798  8428 raft_consensus.cc:385] T 71c16a31f90145089548184e2184238f P 10d557810d614c9085fd64fa8009830f [term 0 FOLLOWER]: Consensus starting up: Expiring failure detector timer to make a prompt election more likely
I20260812 08:00:03.904754  8430 raft_consensus.cc:359] T 49c4e061058e4ffc96765b4708f126bf P 2c5947e2e917467fb0eb0987018eb61e [term 0 FOLLOWER]: Replica starting. Triggering 0 pending ops. Active config: opid_index: -1 OBSOLETE_local: false peers { permanent_uuid: "10d557810d614c9085fd64fa8009830f" member_type: VOTER last_known_addr { host: "127.7.106.130" port: 32775 } } peers { permanent_uuid: "2c5947e2e917467fb0eb0987018eb61e" member_type: VOTER last_known_addr { host: "127.7.106.129" port: 34723 } } peers { permanent_uuid: "2243d52b518f43a496c93d6c16680ab9" member_type: VOTER last_known_addr { host: "127.7.106.131" port: 38415 } }
I20260812 08:00:03.904848  8428 raft_consensus.cc:740] T 71c16a31f90145089548184e2184238f P 10d557810d614c9085fd64fa8009830f [term 0 FOLLOWER]: Becoming Follower/Learner. State: Replica: 10d557810d614c9085fd64fa8009830f, State: Initialized, Role: FOLLOWER
I20260812 08:00:03.904868  8430 raft_consensus.cc:385] T 49c4e061058e4ffc96765b4708f126bf P 2c5947e2e917467fb0eb0987018eb61e [term 0 FOLLOWER]: Consensus starting up: Expiring failure detector timer to make a prompt election more likely
I20260812 08:00:03.904906  8430 raft_consensus.cc:740] T 49c4e061058e4ffc96765b4708f126bf P 2c5947e2e917467fb0eb0987018eb61e [term 0 FOLLOWER]: Becoming Follower/Learner. State: Replica: 2c5947e2e917467fb0eb0987018eb61e, State: Initialized, Role: FOLLOWER
I20260812 08:00:03.904976  8428 consensus_queue.cc:260] T 71c16a31f90145089548184e2184238f P 10d557810d614c9085fd64fa8009830f [NON_LEADER]: Queue going to NON_LEADER mode. State: All replicated index: 0, Majority replicated index: 0, Committed index: 0, Last appended: 0.0, Last appended by leader: 0, Current term: 0, Majority size: -1, State: 0, Mode: NON_LEADER, active raft config: opid_index: -1 OBSOLETE_local: false peers { permanent_uuid: "2c5947e2e917467fb0eb0987018eb61e" member_type: VOTER last_known_addr { host: "127.7.106.129" port: 34723 } } peers { permanent_uuid: "10d557810d614c9085fd64fa8009830f" member_type: VOTER last_known_addr { host: "127.7.106.130" port: 32775 } } peers { permanent_uuid: "2243d52b518f43a496c93d6c16680ab9" member_type: VOTER last_known_addr { host: "127.7.106.131" port: 38415 } }
I20260812 08:00:03.905033  8430 consensus_queue.cc:260] T 49c4e061058e4ffc96765b4708f126bf P 2c5947e2e917467fb0eb0987018eb61e [NON_LEADER]: Queue going to NON_LEADER mode. State: All replicated index: 0, Majority replicated index: 0, Committed index: 0, Last appended: 0.0, Last appended by leader: 0, Current term: 0, Majority size: -1, State: 0, Mode: NON_LEADER, active raft config: opid_index: -1 OBSOLETE_local: false peers { permanent_uuid: "10d557810d614c9085fd64fa8009830f" member_type: VOTER last_known_addr { host: "127.7.106.130" port: 32775 } } peers { permanent_uuid: "2c5947e2e917467fb0eb0987018eb61e" member_type: VOTER last_known_addr { host: "127.7.106.129" port: 34723 } } peers { permanent_uuid: "2243d52b518f43a496c93d6c16680ab9" member_type: VOTER last_known_addr { host: "127.7.106.131" port: 38415 } }
W20260812 08:00:03.905062  8219 leader_election.cc:343] T a20f0b469e76444ea9261e6ec354d467 P 2243d52b518f43a496c93d6c16680ab9 [CANDIDATE]: Term 1 pre-election: Tablet error from VoteRequest() call to peer 10d557810d614c9085fd64fa8009830f (127.7.106.130:32775): Illegal state: must be running to vote when last-logged opid is not known
I20260812 08:00:03.905282  8113 tablet_service.cc:1917] Received RequestConsensusVote() RPC: tablet_id: "a20f0b469e76444ea9261e6ec354d467" candidate_uuid: "2243d52b518f43a496c93d6c16680ab9" candidate_term: 1 candidate_status { last_received { term: 0 index: 0 } } ignore_live_leader: false dest_uuid: "10d557810d614c9085fd64fa8009830f"
I20260812 08:00:03.905334  8428 ts_tablet_manager.cc:1434] T 71c16a31f90145089548184e2184238f P 10d557810d614c9085fd64fa8009830f: Time spent starting tablet: real 0.001s	user 0.000s	sys 0.001s
I20260812 08:00:03.905398  8430 ts_tablet_manager.cc:1434] T 49c4e061058e4ffc96765b4708f126bf P 2c5947e2e917467fb0eb0987018eb61e: Time spent starting tablet: real 0.001s	user 0.001s	sys 0.000s
I20260812 08:00:03.905488  8428 tablet_bootstrap.cc:492] T a20f0b469e76444ea9261e6ec354d467 P 10d557810d614c9085fd64fa8009830f: Bootstrap starting.
I20260812 08:00:03.905575  8430 tablet_bootstrap.cc:492] T 4668a347610746aca038ca44f7fab584 P 2c5947e2e917467fb0eb0987018eb61e: Bootstrap starting.
W20260812 08:00:03.905725  8219 leader_election.cc:343] T a20f0b469e76444ea9261e6ec354d467 P 2243d52b518f43a496c93d6c16680ab9 [CANDIDATE]: Term 1 election: Tablet error from VoteRequest() call to peer 10d557810d614c9085fd64fa8009830f (127.7.106.130:32775): Illegal state: must be running to vote when last-logged opid is not known
I20260812 08:00:03.904708  8110 raft_consensus.cc:2468] T 2890cf9f3d404b87b4cc2c4559f958e2 P 10d557810d614c9085fd64fa8009830f [term 1 FOLLOWER]: Leader election vote request: Granting yes vote for candidate 2243d52b518f43a496c93d6c16680ab9 in term 1.
I20260812 08:00:03.906237  8219 leader_election.cc:304] T 2890cf9f3d404b87b4cc2c4559f958e2 P 2243d52b518f43a496c93d6c16680ab9 [CANDIDATE]: Term 1 election: Election decided. Result: candidate won. Election summary: received 2 responses out of 3 voters: 2 yes votes; 0 no votes. yes voters: 10d557810d614c9085fd64fa8009830f, 2243d52b518f43a496c93d6c16680ab9; no voters: 
I20260812 08:00:03.906461  8483 raft_consensus.cc:2804] T 2890cf9f3d404b87b4cc2c4559f958e2 P 2243d52b518f43a496c93d6c16680ab9 [term 1 FOLLOWER]: Leader election won for term 1
I20260812 08:00:03.906561  8483 raft_consensus.cc:697] T 2890cf9f3d404b87b4cc2c4559f958e2 P 2243d52b518f43a496c93d6c16680ab9 [term 1 LEADER]: Becoming Leader. State: Replica: 2243d52b518f43a496c93d6c16680ab9, State: Running, Role: LEADER
I20260812 08:00:03.906605  8428 tablet_bootstrap.cc:654] T a20f0b469e76444ea9261e6ec354d467 P 10d557810d614c9085fd64fa8009830f: Neither blocks nor log segments found. Creating new log.
I20260812 08:00:03.906622  8430 tablet_bootstrap.cc:654] T 4668a347610746aca038ca44f7fab584 P 2c5947e2e917467fb0eb0987018eb61e: Neither blocks nor log segments found. Creating new log.
I20260812 08:00:03.906864  8483 consensus_queue.cc:237] T 2890cf9f3d404b87b4cc2c4559f958e2 P 2243d52b518f43a496c93d6c16680ab9 [LEADER]: Queue going to LEADER mode. State: All replicated index: 0, Majority replicated index: 0, Committed index: 0, Last appended: 0.0, Last appended by leader: 0, Current term: 1, Majority size: 2, State: 0, Mode: LEADER, active raft config: opid_index: -1 OBSOLETE_local: false peers { permanent_uuid: "10d557810d614c9085fd64fa8009830f" member_type: VOTER last_known_addr { host: "127.7.106.130" port: 32775 } } peers { permanent_uuid: "2c5947e2e917467fb0eb0987018eb61e" member_type: VOTER last_known_addr { host: "127.7.106.129" port: 34723 } } peers { permanent_uuid: "2243d52b518f43a496c93d6c16680ab9" member_type: VOTER last_known_addr { host: "127.7.106.131" port: 38415 } }
I20260812 08:00:03.907850  8428 tablet_bootstrap.cc:492] T a20f0b469e76444ea9261e6ec354d467 P 10d557810d614c9085fd64fa8009830f: No bootstrap required, opened a new log
I20260812 08:00:03.907917  7896 tablet_service.cc:1917] Received RequestConsensusVote() RPC: tablet_id: "2890cf9f3d404b87b4cc2c4559f958e2" candidate_uuid: "2243d52b518f43a496c93d6c16680ab9" candidate_term: 1 candidate_status { last_received { term: 0 index: 0 } } ignore_live_leader: false dest_uuid: "2c5947e2e917467fb0eb0987018eb61e"
I20260812 08:00:03.908033  7894 tablet_service.cc:1917] Received RequestConsensusVote() RPC: tablet_id: "a20f0b469e76444ea9261e6ec354d467" candidate_uuid: "2243d52b518f43a496c93d6c16680ab9" candidate_term: 1 candidate_status { last_received { term: 0 index: 0 } } ignore_live_leader: false dest_uuid: "2c5947e2e917467fb0eb0987018eb61e"
I20260812 08:00:03.908027  7896 raft_consensus.cc:3060] T 2890cf9f3d404b87b4cc2c4559f958e2 P 2c5947e2e917467fb0eb0987018eb61e [term 0 FOLLOWER]: Advancing to term 1
I20260812 08:00:03.908169  7894 raft_consensus.cc:3060] T a20f0b469e76444ea9261e6ec354d467 P 2c5947e2e917467fb0eb0987018eb61e [term 0 FOLLOWER]: Advancing to term 1
I20260812 08:00:03.909271  7896 raft_consensus.cc:2468] T 2890cf9f3d404b87b4cc2c4559f958e2 P 2c5947e2e917467fb0eb0987018eb61e [term 1 FOLLOWER]: Leader election vote request: Granting yes vote for candidate 2243d52b518f43a496c93d6c16680ab9 in term 1.
I20260812 08:00:03.909401  7894 raft_consensus.cc:2468] T a20f0b469e76444ea9261e6ec354d467 P 2c5947e2e917467fb0eb0987018eb61e [term 1 FOLLOWER]: Leader election vote request: Granting yes vote for candidate 2243d52b518f43a496c93d6c16680ab9 in term 1.
I20260812 08:00:03.909545  8428 ts_tablet_manager.cc:1403] T a20f0b469e76444ea9261e6ec354d467 P 10d557810d614c9085fd64fa8009830f: Time spent bootstrapping tablet: real 0.004s	user 0.001s	sys 0.001s
I20260812 08:00:03.909703  8220 leader_election.cc:304] T a20f0b469e76444ea9261e6ec354d467 P 2243d52b518f43a496c93d6c16680ab9 [CANDIDATE]: Term 1 election: Election decided. Result: candidate won. Election summary: received 3 responses out of 3 voters: 2 yes votes; 1 no votes. yes voters: 2243d52b518f43a496c93d6c16680ab9, 2c5947e2e917467fb0eb0987018eb61e; no voters: 10d557810d614c9085fd64fa8009830f
I20260812 08:00:03.909942  8483 raft_consensus.cc:2804] T a20f0b469e76444ea9261e6ec354d467 P 2243d52b518f43a496c93d6c16680ab9 [term 1 FOLLOWER]: Leader election won for term 1
I20260812 08:00:03.910043  8483 raft_consensus.cc:697] T a20f0b469e76444ea9261e6ec354d467 P 2243d52b518f43a496c93d6c16680ab9 [term 1 LEADER]: Becoming Leader. State: Replica: 2243d52b518f43a496c93d6c16680ab9, State: Running, Role: LEADER
I20260812 08:00:03.910063  8428 raft_consensus.cc:359] T a20f0b469e76444ea9261e6ec354d467 P 10d557810d614c9085fd64fa8009830f [term 0 FOLLOWER]: Replica starting. Triggering 0 pending ops. Active config: opid_index: -1 OBSOLETE_local: false peers { permanent_uuid: "2c5947e2e917467fb0eb0987018eb61e" member_type: VOTER last_known_addr { host: "127.7.106.129" port: 34723 } } peers { permanent_uuid: "10d557810d614c9085fd64fa8009830f" member_type: VOTER last_known_addr { host: "127.7.106.130" port: 32775 } } peers { permanent_uuid: "2243d52b518f43a496c93d6c16680ab9" member_type: VOTER last_known_addr { host: "127.7.106.131" port: 38415 } }
I20260812 08:00:03.910192  8428 raft_consensus.cc:385] T a20f0b469e76444ea9261e6ec354d467 P 10d557810d614c9085fd64fa8009830f [term 0 FOLLOWER]: Consensus starting up: Expiring failure detector timer to make a prompt election more likely
I20260812 08:00:03.910166  8483 consensus_queue.cc:237] T a20f0b469e76444ea9261e6ec354d467 P 2243d52b518f43a496c93d6c16680ab9 [LEADER]: Queue going to LEADER mode. State: All replicated index: 0, Majority replicated index: 0, Committed index: 0, Last appended: 0.0, Last appended by leader: 0, Current term: 1, Majority size: 2, State: 0, Mode: LEADER, active raft config: opid_index: -1 OBSOLETE_local: false peers { permanent_uuid: "2c5947e2e917467fb0eb0987018eb61e" member_type: VOTER last_known_addr { host: "127.7.106.129" port: 34723 } } peers { permanent_uuid: "10d557810d614c9085fd64fa8009830f" member_type: VOTER last_known_addr { host: "127.7.106.130" port: 32775 } } peers { permanent_uuid: "2243d52b518f43a496c93d6c16680ab9" member_type: VOTER last_known_addr { host: "127.7.106.131" port: 38415 } }
I20260812 08:00:03.910230  8428 raft_consensus.cc:740] T a20f0b469e76444ea9261e6ec354d467 P 10d557810d614c9085fd64fa8009830f [term 0 FOLLOWER]: Becoming Follower/Learner. State: Replica: 10d557810d614c9085fd64fa8009830f, State: Initialized, Role: FOLLOWER
I20260812 08:00:03.910343  8428 consensus_queue.cc:260] T a20f0b469e76444ea9261e6ec354d467 P 10d557810d614c9085fd64fa8009830f [NON_LEADER]: Queue going to NON_LEADER mode. State: All replicated index: 0, Majority replicated index: 0, Committed index: 0, Last appended: 0.0, Last appended by leader: 0, Current term: 0, Majority size: -1, State: 0, Mode: NON_LEADER, active raft config: opid_index: -1 OBSOLETE_local: false peers { permanent_uuid: "2c5947e2e917467fb0eb0987018eb61e" member_type: VOTER last_known_addr { host: "127.7.106.129" port: 34723 } } peers { permanent_uuid: "10d557810d614c9085fd64fa8009830f" member_type: VOTER last_known_addr { host: "127.7.106.130" port: 32775 } } peers { permanent_uuid: "2243d52b518f43a496c93d6c16680ab9" member_type: VOTER last_known_addr { host: "127.7.106.131" port: 38415 } }
I20260812 08:00:03.910696  8428 ts_tablet_manager.cc:1434] T a20f0b469e76444ea9261e6ec354d467 P 10d557810d614c9085fd64fa8009830f: Time spent starting tablet: real 0.001s	user 0.001s	sys 0.000s
I20260812 08:00:03.910883  8428 tablet_bootstrap.cc:492] T 465a6fb7bf03429aa3f66630a08a9dc3 P 10d557810d614c9085fd64fa8009830f: Bootstrap starting.
I20260812 08:00:03.911867  8428 tablet_bootstrap.cc:654] T 465a6fb7bf03429aa3f66630a08a9dc3 P 10d557810d614c9085fd64fa8009830f: Neither blocks nor log segments found. Creating new log.
I20260812 08:00:03.911684  7660 catalog_manager.cc:5719] T 2890cf9f3d404b87b4cc2c4559f958e2 P 2243d52b518f43a496c93d6c16680ab9 reported cstate change: term changed from 0 to 1, leader changed from <none> to 2243d52b518f43a496c93d6c16680ab9 (127.7.106.131). New cstate: current_term: 1 leader_uuid: "2243d52b518f43a496c93d6c16680ab9" committed_config { opid_index: -1 OBSOLETE_local: false peers { permanent_uuid: "10d557810d614c9085fd64fa8009830f" member_type: VOTER last_known_addr { host: "127.7.106.130" port: 32775 } health_report { overall_health: UNKNOWN } } peers { permanent_uuid: "2c5947e2e917467fb0eb0987018eb61e" member_type: VOTER last_known_addr { host: "127.7.106.129" port: 34723 } health_report { overall_health: UNKNOWN } } peers { permanent_uuid: "2243d52b518f43a496c93d6c16680ab9" member_type: VOTER last_known_addr { host: "127.7.106.131" port: 38415 } health_report { overall_health: HEALTHY } } }
I20260812 08:00:03.912774  8430 tablet_bootstrap.cc:492] T 4668a347610746aca038ca44f7fab584 P 2c5947e2e917467fb0eb0987018eb61e: No bootstrap required, opened a new log
I20260812 08:00:03.912874  8430 ts_tablet_manager.cc:1403] T 4668a347610746aca038ca44f7fab584 P 2c5947e2e917467fb0eb0987018eb61e: Time spent bootstrapping tablet: real 0.007s	user 0.002s	sys 0.000s
I20260812 08:00:03.913357  8430 raft_consensus.cc:359] T 4668a347610746aca038ca44f7fab584 P 2c5947e2e917467fb0eb0987018eb61e [term 0 FOLLOWER]: Replica starting. Triggering 0 pending ops. Active config: opid_index: -1 OBSOLETE_local: false peers { permanent_uuid: "10d557810d614c9085fd64fa8009830f" member_type: VOTER last_known_addr { host: "127.7.106.130" port: 32775 } } peers { permanent_uuid: "2c5947e2e917467fb0eb0987018eb61e" member_type: VOTER last_known_addr { host: "127.7.106.129" port: 34723 } } peers { permanent_uuid: "2243d52b518f43a496c93d6c16680ab9" member_type: VOTER last_known_addr { host: "127.7.106.131" port: 38415 } }
I20260812 08:00:03.913461  8430 raft_consensus.cc:385] T 4668a347610746aca038ca44f7fab584 P 2c5947e2e917467fb0eb0987018eb61e [term 0 FOLLOWER]: Consensus starting up: Expiring failure detector timer to make a prompt election more likely
I20260812 08:00:03.913492  8430 raft_consensus.cc:740] T 4668a347610746aca038ca44f7fab584 P 2c5947e2e917467fb0eb0987018eb61e [term 0 FOLLOWER]: Becoming Follower/Learner. State: Replica: 2c5947e2e917467fb0eb0987018eb61e, State: Initialized, Role: FOLLOWER
I20260812 08:00:03.913651  8431 tablet_bootstrap.cc:492] T 3c8b1566fc7d4a43907d8274333d66d5 P 2243d52b518f43a496c93d6c16680ab9: No bootstrap required, opened a new log
I20260812 08:00:03.913609  8430 consensus_queue.cc:260] T 4668a347610746aca038ca44f7fab584 P 2c5947e2e917467fb0eb0987018eb61e [NON_LEADER]: Queue going to NON_LEADER mode. State: All replicated index: 0, Majority replicated index: 0, Committed index: 0, Last appended: 0.0, Last appended by leader: 0, Current term: 0, Majority size: -1, State: 0, Mode: NON_LEADER, active raft config: opid_index: -1 OBSOLETE_local: false peers { permanent_uuid: "10d557810d614c9085fd64fa8009830f" member_type: VOTER last_known_addr { host: "127.7.106.130" port: 32775 } } peers { permanent_uuid: "2c5947e2e917467fb0eb0987018eb61e" member_type: VOTER last_known_addr { host: "127.7.106.129" port: 34723 } } peers { permanent_uuid: "2243d52b518f43a496c93d6c16680ab9" member_type: VOTER last_known_addr { host: "127.7.106.131" port: 38415 } }
I20260812 08:00:03.913724  8431 ts_tablet_manager.cc:1403] T 3c8b1566fc7d4a43907d8274333d66d5 P 2243d52b518f43a496c93d6c16680ab9: Time spent bootstrapping tablet: real 0.012s	user 0.002s	sys 0.000s
I20260812 08:00:03.913965  8430 ts_tablet_manager.cc:1434] T 4668a347610746aca038ca44f7fab584 P 2c5947e2e917467fb0eb0987018eb61e: Time spent starting tablet: real 0.001s	user 0.001s	sys 0.000s
I20260812 08:00:03.914136  8430 tablet_bootstrap.cc:492] T 81fb2672dc62485198718c6ad630d9e0 P 2c5947e2e917467fb0eb0987018eb61e: Bootstrap starting.
I20260812 08:00:03.914160  8431 raft_consensus.cc:359] T 3c8b1566fc7d4a43907d8274333d66d5 P 2243d52b518f43a496c93d6c16680ab9 [term 0 FOLLOWER]: Replica starting. Triggering 0 pending ops. Active config: opid_index: -1 OBSOLETE_local: false peers { permanent_uuid: "2c5947e2e917467fb0eb0987018eb61e" member_type: VOTER last_known_addr { host: "127.7.106.129" port: 34723 } } peers { permanent_uuid: "10d557810d614c9085fd64fa8009830f" member_type: VOTER last_known_addr { host: "127.7.106.130" port: 32775 } } peers { permanent_uuid: "2243d52b518f43a496c93d6c16680ab9" member_type: VOTER last_known_addr { host: "127.7.106.131" port: 38415 } }
I20260812 08:00:03.914242  8431 raft_consensus.cc:385] T 3c8b1566fc7d4a43907d8274333d66d5 P 2243d52b518f43a496c93d6c16680ab9 [term 0 FOLLOWER]: Consensus starting up: Expiring failure detector timer to make a prompt election more likely
I20260812 08:00:03.914271  8431 raft_consensus.cc:740] T 3c8b1566fc7d4a43907d8274333d66d5 P 2243d52b518f43a496c93d6c16680ab9 [term 0 FOLLOWER]: Becoming Follower/Learner. State: Replica: 2243d52b518f43a496c93d6c16680ab9, State: Initialized, Role: FOLLOWER
I20260812 08:00:03.914397  8431 consensus_queue.cc:260] T 3c8b1566fc7d4a43907d8274333d66d5 P 2243d52b518f43a496c93d6c16680ab9 [NON_LEADER]: Queue going to NON_LEADER mode. State: All replicated index: 0, Majority replicated index: 0, Committed index: 0, Last appended: 0.0, Last appended by leader: 0, Current term: 0, Majority size: -1, State: 0, Mode: NON_LEADER, active raft config: opid_index: -1 OBSOLETE_local: false peers { permanent_uuid: "2c5947e2e917467fb0eb0987018eb61e" member_type: VOTER last_known_addr { host: "127.7.106.129" port: 34723 } } peers { permanent_uuid: "10d557810d614c9085fd64fa8009830f" member_type: VOTER last_known_addr { host: "127.7.106.130" port: 32775 } } peers { permanent_uuid: "2243d52b518f43a496c93d6c16680ab9" member_type: VOTER last_known_addr { host: "127.7.106.131" port: 38415 } }
I20260812 08:00:03.914692  8431 ts_tablet_manager.cc:1434] T 3c8b1566fc7d4a43907d8274333d66d5 P 2243d52b518f43a496c93d6c16680ab9: Time spent starting tablet: real 0.001s	user 0.001s	sys 0.000s
I20260812 08:00:03.914845  8431 tablet_bootstrap.cc:492] T 2847b1b098694c869ac05f582745d10c P 2243d52b518f43a496c93d6c16680ab9: Bootstrap starting.
I20260812 08:00:03.915122  8430 tablet_bootstrap.cc:654] T 81fb2672dc62485198718c6ad630d9e0 P 2c5947e2e917467fb0eb0987018eb61e: Neither blocks nor log segments found. Creating new log.
I20260812 08:00:03.915975  8431 tablet_bootstrap.cc:654] T 2847b1b098694c869ac05f582745d10c P 2243d52b518f43a496c93d6c16680ab9: Neither blocks nor log segments found. Creating new log.
I20260812 08:00:03.917565  8430 tablet_bootstrap.cc:492] T 81fb2672dc62485198718c6ad630d9e0 P 2c5947e2e917467fb0eb0987018eb61e: No bootstrap required, opened a new log
I20260812 08:00:03.917652  8430 ts_tablet_manager.cc:1403] T 81fb2672dc62485198718c6ad630d9e0 P 2c5947e2e917467fb0eb0987018eb61e: Time spent bootstrapping tablet: real 0.004s	user 0.002s	sys 0.000s
I20260812 08:00:03.918560  8431 tablet_bootstrap.cc:492] T 2847b1b098694c869ac05f582745d10c P 2243d52b518f43a496c93d6c16680ab9: No bootstrap required, opened a new log
I20260812 08:00:03.918643  8431 ts_tablet_manager.cc:1403] T 2847b1b098694c869ac05f582745d10c P 2243d52b518f43a496c93d6c16680ab9: Time spent bootstrapping tablet: real 0.004s	user 0.000s	sys 0.002s
