I20260812 08:01:34.090765 31300 tablet_bootstrap.cc:492] T 4828187c102e471fac34faaf08e7b7f8 P e05e9ba5273b48d28bd4509789f570c8: No bootstrap required, opened a new log
I20260812 08:01:34.090909 31300 ts_tablet_manager.cc:1403] T 4828187c102e471fac34faaf08e7b7f8 P e05e9ba5273b48d28bd4509789f570c8: Time spent bootstrapping tablet: real 0.003s	user 0.000s	sys 0.003s
I20260812 08:01:34.091347 31106 tablet_service.cc:1511] Processing CreateTablet for tablet 75dc3e4c3dcf4fd4a9e4811a7cfde9a1 (DEFAULT_TABLE table=range_aware_rebalance_new_range [id=7b63f75d5cd84359aa0f0c60cd338820]), partition=HASH (key) PARTITION 3, RANGE (key) PARTITION 0 <= VALUES < 10
I20260812 08:01:34.091645 31106 data_dirs.cc:400] Could only allocate 1 dirs of requested 3 for tablet 75dc3e4c3dcf4fd4a9e4811a7cfde9a1. 1 dirs total, 0 dirs full, 0 dirs failed
I20260812 08:01:34.091567 31300 raft_consensus.cc:359] T 4828187c102e471fac34faaf08e7b7f8 P e05e9ba5273b48d28bd4509789f570c8 [term 0 FOLLOWER]: Replica starting. Triggering 0 pending ops. Active config: opid_index: -1 OBSOLETE_local: false peers { permanent_uuid: "1c942c98224c4b91ad5727dd47194407" member_type: VOTER last_known_addr { host: "127.25.252.193" port: 35225 } } peers { permanent_uuid: "e05e9ba5273b48d28bd4509789f570c8" member_type: VOTER last_known_addr { host: "127.25.252.194" port: 34711 } } peers { permanent_uuid: "e9e39ca301144f7aa4e3f9c4bc8d9e05" member_type: VOTER last_known_addr { host: "127.25.252.195" port: 32915 } }
I20260812 08:01:34.091344 31108 tablet_service.cc:1511] Processing CreateTablet for tablet 5ac8ee55f14d41f7b34b905bde0e370c (DEFAULT_TABLE table=range_aware_rebalance_new_range [id=7b63f75d5cd84359aa0f0c60cd338820]), partition=HASH (key) PARTITION 1, RANGE (key) PARTITION 0 <= VALUES < 10
I20260812 08:01:34.091797 31300 raft_consensus.cc:385] T 4828187c102e471fac34faaf08e7b7f8 P e05e9ba5273b48d28bd4509789f570c8 [term 0 FOLLOWER]: Consensus starting up: Expiring failure detector timer to make a prompt election more likely
I20260812 08:01:34.091943 31300 raft_consensus.cc:740] T 4828187c102e471fac34faaf08e7b7f8 P e05e9ba5273b48d28bd4509789f570c8 [term 0 FOLLOWER]: Becoming Follower/Learner. State: Replica: e05e9ba5273b48d28bd4509789f570c8, State: Initialized, Role: FOLLOWER
I20260812 08:01:34.092041 31108 data_dirs.cc:400] Could only allocate 1 dirs of requested 3 for tablet 5ac8ee55f14d41f7b34b905bde0e370c. 1 dirs total, 0 dirs full, 0 dirs failed
I20260812 08:01:34.092234 31300 consensus_queue.cc:260] T 4828187c102e471fac34faaf08e7b7f8 P e05e9ba5273b48d28bd4509789f570c8 [NON_LEADER]: Queue going to NON_LEADER mode. State: All replicated index: 0, Majority replicated index: 0, Committed index: 0, Last appended: 0.0, Last appended by leader: 0, Current term: 0, Majority size: -1, State: 0, Mode: NON_LEADER, active raft config: opid_index: -1 OBSOLETE_local: false peers { permanent_uuid: "1c942c98224c4b91ad5727dd47194407" member_type: VOTER last_known_addr { host: "127.25.252.193" port: 35225 } } peers { permanent_uuid: "e05e9ba5273b48d28bd4509789f570c8" member_type: VOTER last_known_addr { host: "127.25.252.194" port: 34711 } } peers { permanent_uuid: "e9e39ca301144f7aa4e3f9c4bc8d9e05" member_type: VOTER last_known_addr { host: "127.25.252.195" port: 32915 } }
I20260812 08:01:34.092664 31300 ts_tablet_manager.cc:1434] T 4828187c102e471fac34faaf08e7b7f8 P e05e9ba5273b48d28bd4509789f570c8: Time spent starting tablet: real 0.002s	user 0.000s	sys 0.001s
I20260812 08:01:34.092918 31300 tablet_bootstrap.cc:492] T a7806011953040e98092c3c98721097d P e05e9ba5273b48d28bd4509789f570c8: Bootstrap starting.
I20260812 08:01:34.094017 31107 tablet_service.cc:1511] Processing CreateTablet for tablet fede67c80ff84f4c91ef77fbae930729 (DEFAULT_TABLE table=range_aware_rebalance_new_range [id=7b63f75d5cd84359aa0f0c60cd338820]), partition=HASH (key) PARTITION 2, RANGE (key) PARTITION 0 <= VALUES < 10
I20260812 08:01:34.094298 31107 data_dirs.cc:400] Could only allocate 1 dirs of requested 3 for tablet fede67c80ff84f4c91ef77fbae930729. 1 dirs total, 0 dirs full, 0 dirs failed
I20260812 08:01:34.094462 31300 tablet_bootstrap.cc:654] T a7806011953040e98092c3c98721097d P e05e9ba5273b48d28bd4509789f570c8: Neither blocks nor log segments found. Creating new log.
I20260812 08:01:34.096055 31299 tablet_bootstrap.cc:492] T 75dc3e4c3dcf4fd4a9e4811a7cfde9a1 P e9e39ca301144f7aa4e3f9c4bc8d9e05: No bootstrap required, opened a new log
I20260812 08:01:34.096194 31299 ts_tablet_manager.cc:1403] T 75dc3e4c3dcf4fd4a9e4811a7cfde9a1 P e9e39ca301144f7aa4e3f9c4bc8d9e05: Time spent bootstrapping tablet: real 0.009s	user 0.002s	sys 0.000s
I20260812 08:01:34.096747 31299 raft_consensus.cc:359] T 75dc3e4c3dcf4fd4a9e4811a7cfde9a1 P e9e39ca301144f7aa4e3f9c4bc8d9e05 [term 0 FOLLOWER]: Replica starting. Triggering 0 pending ops. Active config: opid_index: -1 OBSOLETE_local: false peers { permanent_uuid: "1c942c98224c4b91ad5727dd47194407" member_type: VOTER last_known_addr { host: "127.25.252.193" port: 35225 } } peers { permanent_uuid: "e05e9ba5273b48d28bd4509789f570c8" member_type: VOTER last_known_addr { host: "127.25.252.194" port: 34711 } } peers { permanent_uuid: "e9e39ca301144f7aa4e3f9c4bc8d9e05" member_type: VOTER last_known_addr { host: "127.25.252.195" port: 32915 } }
I20260812 08:01:34.096853 31299 raft_consensus.cc:385] T 75dc3e4c3dcf4fd4a9e4811a7cfde9a1 P e9e39ca301144f7aa4e3f9c4bc8d9e05 [term 0 FOLLOWER]: Consensus starting up: Expiring failure detector timer to make a prompt election more likely
I20260812 08:01:34.096881 31299 raft_consensus.cc:740] T 75dc3e4c3dcf4fd4a9e4811a7cfde9a1 P e9e39ca301144f7aa4e3f9c4bc8d9e05 [term 0 FOLLOWER]: Becoming Follower/Learner. State: Replica: e9e39ca301144f7aa4e3f9c4bc8d9e05, State: Initialized, Role: FOLLOWER
I20260812 08:01:34.096943 31296 tablet_bootstrap.cc:492] T 536a2128c9e642f9831e506e6b2731b4 P 1c942c98224c4b91ad5727dd47194407: No bootstrap required, opened a new log
I20260812 08:01:34.096055 31300 tablet_bootstrap.cc:492] T a7806011953040e98092c3c98721097d P e05e9ba5273b48d28bd4509789f570c8: No bootstrap required, opened a new log
I20260812 08:01:34.097060 31296 ts_tablet_manager.cc:1403] T 536a2128c9e642f9831e506e6b2731b4 P 1c942c98224c4b91ad5727dd47194407: Time spent bootstrapping tablet: real 0.021s	user 0.002s	sys 0.000s
I20260812 08:01:34.097106 31299 consensus_queue.cc:260] T 75dc3e4c3dcf4fd4a9e4811a7cfde9a1 P e9e39ca301144f7aa4e3f9c4bc8d9e05 [NON_LEADER]: Queue going to NON_LEADER mode. State: All replicated index: 0, Majority replicated index: 0, Committed index: 0, Last appended: 0.0, Last appended by leader: 0, Current term: 0, Majority size: -1, State: 0, Mode: NON_LEADER, active raft config: opid_index: -1 OBSOLETE_local: false peers { permanent_uuid: "1c942c98224c4b91ad5727dd47194407" member_type: VOTER last_known_addr { host: "127.25.252.193" port: 35225 } } peers { permanent_uuid: "e05e9ba5273b48d28bd4509789f570c8" member_type: VOTER last_known_addr { host: "127.25.252.194" port: 34711 } } peers { permanent_uuid: "e9e39ca301144f7aa4e3f9c4bc8d9e05" member_type: VOTER last_known_addr { host: "127.25.252.195" port: 32915 } }
I20260812 08:01:34.097585 31296 raft_consensus.cc:359] T 536a2128c9e642f9831e506e6b2731b4 P 1c942c98224c4b91ad5727dd47194407 [term 0 FOLLOWER]: Replica starting. Triggering 0 pending ops. Active config: opid_index: -1 OBSOLETE_local: false peers { permanent_uuid: "1c942c98224c4b91ad5727dd47194407" member_type: VOTER last_known_addr { host: "127.25.252.193" port: 35225 } } peers { permanent_uuid: "e05e9ba5273b48d28bd4509789f570c8" member_type: VOTER last_known_addr { host: "127.25.252.194" port: 34711 } } peers { permanent_uuid: "e9e39ca301144f7aa4e3f9c4bc8d9e05" member_type: VOTER last_known_addr { host: "127.25.252.195" port: 32915 } }
I20260812 08:01:34.097589 31299 ts_tablet_manager.cc:1434] T 75dc3e4c3dcf4fd4a9e4811a7cfde9a1 P e9e39ca301144f7aa4e3f9c4bc8d9e05: Time spent starting tablet: real 0.001s	user 0.001s	sys 0.000s
I20260812 08:01:34.097101 31300 ts_tablet_manager.cc:1403] T a7806011953040e98092c3c98721097d P e05e9ba5273b48d28bd4509789f570c8: Time spent bootstrapping tablet: real 0.004s	user 0.002s	sys 0.000s
I20260812 08:01:34.097711 31296 raft_consensus.cc:385] T 536a2128c9e642f9831e506e6b2731b4 P 1c942c98224c4b91ad5727dd47194407 [term 0 FOLLOWER]: Consensus starting up: Expiring failure detector timer to make a prompt election more likely
I20260812 08:01:34.097857 31296 raft_consensus.cc:740] T 536a2128c9e642f9831e506e6b2731b4 P 1c942c98224c4b91ad5727dd47194407 [term 0 FOLLOWER]: Becoming Follower/Learner. State: Replica: 1c942c98224c4b91ad5727dd47194407, State: Initialized, Role: FOLLOWER
I20260812 08:01:34.097967 31299 tablet_bootstrap.cc:492] T 5ac8ee55f14d41f7b34b905bde0e370c P e9e39ca301144f7aa4e3f9c4bc8d9e05: Bootstrap starting.
I20260812 08:01:34.097994 31296 consensus_queue.cc:260] T 536a2128c9e642f9831e506e6b2731b4 P 1c942c98224c4b91ad5727dd47194407 [NON_LEADER]: Queue going to NON_LEADER mode. State: All replicated index: 0, Majority replicated index: 0, Committed index: 0, Last appended: 0.0, Last appended by leader: 0, Current term: 0, Majority size: -1, State: 0, Mode: NON_LEADER, active raft config: opid_index: -1 OBSOLETE_local: false peers { permanent_uuid: "1c942c98224c4b91ad5727dd47194407" member_type: VOTER last_known_addr { host: "127.25.252.193" port: 35225 } } peers { permanent_uuid: "e05e9ba5273b48d28bd4509789f570c8" member_type: VOTER last_known_addr { host: "127.25.252.194" port: 34711 } } peers { permanent_uuid: "e9e39ca301144f7aa4e3f9c4bc8d9e05" member_type: VOTER last_known_addr { host: "127.25.252.195" port: 32915 } }
I20260812 08:01:34.098269 31300 raft_consensus.cc:359] T a7806011953040e98092c3c98721097d P e05e9ba5273b48d28bd4509789f570c8 [term 0 FOLLOWER]: Replica starting. Triggering 0 pending ops. Active config: opid_index: -1 OBSOLETE_local: false peers { permanent_uuid: "e05e9ba5273b48d28bd4509789f570c8" member_type: VOTER last_known_addr { host: "127.25.252.194" port: 34711 } } peers { permanent_uuid: "1c942c98224c4b91ad5727dd47194407" member_type: VOTER last_known_addr { host: "127.25.252.193" port: 35225 } } peers { permanent_uuid: "e9e39ca301144f7aa4e3f9c4bc8d9e05" member_type: VOTER last_known_addr { host: "127.25.252.195" port: 32915 } }
I20260812 08:01:34.098361 31296 ts_tablet_manager.cc:1434] T 536a2128c9e642f9831e506e6b2731b4 P 1c942c98224c4b91ad5727dd47194407: Time spent starting tablet: real 0.001s	user 0.001s	sys 0.000s
I20260812 08:01:34.098376 31300 raft_consensus.cc:385] T a7806011953040e98092c3c98721097d P e05e9ba5273b48d28bd4509789f570c8 [term 0 FOLLOWER]: Consensus starting up: Expiring failure detector timer to make a prompt election more likely
I20260812 08:01:34.098456 31300 raft_consensus.cc:740] T a7806011953040e98092c3c98721097d P e05e9ba5273b48d28bd4509789f570c8 [term 0 FOLLOWER]: Becoming Follower/Learner. State: Replica: e05e9ba5273b48d28bd4509789f570c8, State: Initialized, Role: FOLLOWER
I20260812 08:01:34.098567 31296 tablet_bootstrap.cc:492] T 51bb002083a740f29cd4e6f3e95291b7 P 1c942c98224c4b91ad5727dd47194407: Bootstrap starting.
I20260812 08:01:34.098618 31300 consensus_queue.cc:260] T a7806011953040e98092c3c98721097d P e05e9ba5273b48d28bd4509789f570c8 [NON_LEADER]: Queue going to NON_LEADER mode. State: All replicated index: 0, Majority replicated index: 0, Committed index: 0, Last appended: 0.0, Last appended by leader: 0, Current term: 0, Majority size: -1, State: 0, Mode: NON_LEADER, active raft config: opid_index: -1 OBSOLETE_local: false peers { permanent_uuid: "e05e9ba5273b48d28bd4509789f570c8" member_type: VOTER last_known_addr { host: "127.25.252.194" port: 34711 } } peers { permanent_uuid: "1c942c98224c4b91ad5727dd47194407" member_type: VOTER last_known_addr { host: "127.25.252.193" port: 35225 } } peers { permanent_uuid: "e9e39ca301144f7aa4e3f9c4bc8d9e05" member_type: VOTER last_known_addr { host: "127.25.252.195" port: 32915 } }
I20260812 08:01:34.099227 31299 tablet_bootstrap.cc:654] T 5ac8ee55f14d41f7b34b905bde0e370c P e9e39ca301144f7aa4e3f9c4bc8d9e05: Neither blocks nor log segments found. Creating new log.
I20260812 08:01:34.099387 31300 ts_tablet_manager.cc:1434] T a7806011953040e98092c3c98721097d P e05e9ba5273b48d28bd4509789f570c8: Time spent starting tablet: real 0.002s	user 0.001s	sys 0.000s
I20260812 08:01:34.099617 31300 tablet_bootstrap.cc:492] T b8d2561702884af59814410795d1fbc4 P e05e9ba5273b48d28bd4509789f570c8: Bootstrap starting.
I20260812 08:01:34.099639 31296 tablet_bootstrap.cc:654] T 51bb002083a740f29cd4e6f3e95291b7 P 1c942c98224c4b91ad5727dd47194407: Neither blocks nor log segments found. Creating new log.
I20260812 08:01:34.100853 31300 tablet_bootstrap.cc:654] T b8d2561702884af59814410795d1fbc4 P e05e9ba5273b48d28bd4509789f570c8: Neither blocks nor log segments found. Creating new log.
I20260812 08:01:34.102481 31300 tablet_bootstrap.cc:492] T b8d2561702884af59814410795d1fbc4 P e05e9ba5273b48d28bd4509789f570c8: No bootstrap required, opened a new log
I20260812 08:01:34.102603 31300 ts_tablet_manager.cc:1403] T b8d2561702884af59814410795d1fbc4 P e05e9ba5273b48d28bd4509789f570c8: Time spent bootstrapping tablet: real 0.003s	user 0.000s	sys 0.002s
I20260812 08:01:34.102910 31296 tablet_bootstrap.cc:492] T 51bb002083a740f29cd4e6f3e95291b7 P 1c942c98224c4b91ad5727dd47194407: No bootstrap required, opened a new log
I20260812 08:01:34.103163 31300 raft_consensus.cc:359] T b8d2561702884af59814410795d1fbc4 P e05e9ba5273b48d28bd4509789f570c8 [term 0 FOLLOWER]: Replica starting. Triggering 0 pending ops. Active config: opid_index: -1 OBSOLETE_local: false peers { permanent_uuid: "1c942c98224c4b91ad5727dd47194407" member_type: VOTER last_known_addr { host: "127.25.252.193" port: 35225 } } peers { permanent_uuid: "e05e9ba5273b48d28bd4509789f570c8" member_type: VOTER last_known_addr { host: "127.25.252.194" port: 34711 } } peers { permanent_uuid: "e9e39ca301144f7aa4e3f9c4bc8d9e05" member_type: VOTER last_known_addr { host: "127.25.252.195" port: 32915 } }
I20260812 08:01:34.103327 31300 raft_consensus.cc:385] T b8d2561702884af59814410795d1fbc4 P e05e9ba5273b48d28bd4509789f570c8 [term 0 FOLLOWER]: Consensus starting up: Expiring failure detector timer to make a prompt election more likely
I20260812 08:01:34.103386 31300 raft_consensus.cc:740] T b8d2561702884af59814410795d1fbc4 P e05e9ba5273b48d28bd4509789f570c8 [term 0 FOLLOWER]: Becoming Follower/Learner. State: Replica: e05e9ba5273b48d28bd4509789f570c8, State: Initialized, Role: FOLLOWER
I20260812 08:01:34.103493 31296 ts_tablet_manager.cc:1403] T 51bb002083a740f29cd4e6f3e95291b7 P 1c942c98224c4b91ad5727dd47194407: Time spent bootstrapping tablet: real 0.005s	user 0.002s	sys 0.000s
I20260812 08:01:34.103590 31300 consensus_queue.cc:260] T b8d2561702884af59814410795d1fbc4 P e05e9ba5273b48d28bd4509789f570c8 [NON_LEADER]: Queue going to NON_LEADER mode. State: All replicated index: 0, Majority replicated index: 0, Committed index: 0, Last appended: 0.0, Last appended by leader: 0, Current term: 0, Majority size: -1, State: 0, Mode: NON_LEADER, active raft config: opid_index: -1 OBSOLETE_local: false peers { permanent_uuid: "1c942c98224c4b91ad5727dd47194407" member_type: VOTER last_known_addr { host: "127.25.252.193" port: 35225 } } peers { permanent_uuid: "e05e9ba5273b48d28bd4509789f570c8" member_type: VOTER last_known_addr { host: "127.25.252.194" port: 34711 } } peers { permanent_uuid: "e9e39ca301144f7aa4e3f9c4bc8d9e05" member_type: VOTER last_known_addr { host: "127.25.252.195" port: 32915 } }
I20260812 08:01:34.104012 31296 raft_consensus.cc:359] T 51bb002083a740f29cd4e6f3e95291b7 P 1c942c98224c4b91ad5727dd47194407 [term 0 FOLLOWER]: Replica starting. Triggering 0 pending ops. Active config: opid_index: -1 OBSOLETE_local: false peers { permanent_uuid: "1c942c98224c4b91ad5727dd47194407" member_type: VOTER last_known_addr { host: "127.25.252.193" port: 35225 } } peers { permanent_uuid: "e05e9ba5273b48d28bd4509789f570c8" member_type: VOTER last_known_addr { host: "127.25.252.194" port: 34711 } } peers { permanent_uuid: "e9e39ca301144f7aa4e3f9c4bc8d9e05" member_type: VOTER last_known_addr { host: "127.25.252.195" port: 32915 } }
I20260812 08:01:34.104234 31300 ts_tablet_manager.cc:1434] T b8d2561702884af59814410795d1fbc4 P e05e9ba5273b48d28bd4509789f570c8: Time spent starting tablet: real 0.002s	user 0.000s	sys 0.002s
I20260812 08:01:34.104413 31300 tablet_bootstrap.cc:492] T 51bb002083a740f29cd4e6f3e95291b7 P e05e9ba5273b48d28bd4509789f570c8: Bootstrap starting.
I20260812 08:01:34.104665 31299 tablet_bootstrap.cc:492] T 5ac8ee55f14d41f7b34b905bde0e370c P e9e39ca301144f7aa4e3f9c4bc8d9e05: No bootstrap required, opened a new log
I20260812 08:01:34.104801 31299 ts_tablet_manager.cc:1403] T 5ac8ee55f14d41f7b34b905bde0e370c P e9e39ca301144f7aa4e3f9c4bc8d9e05: Time spent bootstrapping tablet: real 0.007s	user 0.000s	sys 0.002s
I20260812 08:01:34.104210 31296 raft_consensus.cc:385] T 51bb002083a740f29cd4e6f3e95291b7 P 1c942c98224c4b91ad5727dd47194407 [term 0 FOLLOWER]: Consensus starting up: Expiring failure detector timer to make a prompt election more likely
I20260812 08:01:34.105422 31299 raft_consensus.cc:359] T 5ac8ee55f14d41f7b34b905bde0e370c P e9e39ca301144f7aa4e3f9c4bc8d9e05 [term 0 FOLLOWER]: Replica starting. Triggering 0 pending ops. Active config: opid_index: -1 OBSOLETE_local: false peers { permanent_uuid: "1c942c98224c4b91ad5727dd47194407" member_type: VOTER last_known_addr { host: "127.25.252.193" port: 35225 } } peers { permanent_uuid: "e05e9ba5273b48d28bd4509789f570c8" member_type: VOTER last_known_addr { host: "127.25.252.194" port: 34711 } } peers { permanent_uuid: "e9e39ca301144f7aa4e3f9c4bc8d9e05" member_type: VOTER last_known_addr { host: "127.25.252.195" port: 32915 } }
I20260812 08:01:34.105522 31300 tablet_bootstrap.cc:654] T 51bb002083a740f29cd4e6f3e95291b7 P e05e9ba5273b48d28bd4509789f570c8: Neither blocks nor log segments found. Creating new log.
I20260812 08:01:34.105554 31299 raft_consensus.cc:385] T 5ac8ee55f14d41f7b34b905bde0e370c P e9e39ca301144f7aa4e3f9c4bc8d9e05 [term 0 FOLLOWER]: Consensus starting up: Expiring failure detector timer to make a prompt election more likely
I20260812 08:01:34.105531 31296 raft_consensus.cc:740] T 51bb002083a740f29cd4e6f3e95291b7 P 1c942c98224c4b91ad5727dd47194407 [term 0 FOLLOWER]: Becoming Follower/Learner. State: Replica: 1c942c98224c4b91ad5727dd47194407, State: Initialized, Role: FOLLOWER
I20260812 08:01:34.105623 31299 raft_consensus.cc:740] T 5ac8ee55f14d41f7b34b905bde0e370c P e9e39ca301144f7aa4e3f9c4bc8d9e05 [term 0 FOLLOWER]: Becoming Follower/Learner. State: Replica: e9e39ca301144f7aa4e3f9c4bc8d9e05, State: Initialized, Role: FOLLOWER
I20260812 08:01:34.105747 31296 consensus_queue.cc:260] T 51bb002083a740f29cd4e6f3e95291b7 P 1c942c98224c4b91ad5727dd47194407 [NON_LEADER]: Queue going to NON_LEADER mode. State: All replicated index: 0, Majority replicated index: 0, Committed index: 0, Last appended: 0.0, Last appended by leader: 0, Current term: 0, Majority size: -1, State: 0, Mode: NON_LEADER, active raft config: opid_index: -1 OBSOLETE_local: false peers { permanent_uuid: "1c942c98224c4b91ad5727dd47194407" member_type: VOTER last_known_addr { host: "127.25.252.193" port: 35225 } } peers { permanent_uuid: "e05e9ba5273b48d28bd4509789f570c8" member_type: VOTER last_known_addr { host: "127.25.252.194" port: 34711 } } peers { permanent_uuid: "e9e39ca301144f7aa4e3f9c4bc8d9e05" member_type: VOTER last_known_addr { host: "127.25.252.195" port: 32915 } }
I20260812 08:01:34.105749 31299 consensus_queue.cc:260] T 5ac8ee55f14d41f7b34b905bde0e370c P e9e39ca301144f7aa4e3f9c4bc8d9e05 [NON_LEADER]: Queue going to NON_LEADER mode. State: All replicated index: 0, Majority replicated index: 0, Committed index: 0, Last appended: 0.0, Last appended by leader: 0, Current term: 0, Majority size: -1, State: 0, Mode: NON_LEADER, active raft config: opid_index: -1 OBSOLETE_local: false peers { permanent_uuid: "1c942c98224c4b91ad5727dd47194407" member_type: VOTER last_known_addr { host: "127.25.252.193" port: 35225 } } peers { permanent_uuid: "e05e9ba5273b48d28bd4509789f570c8" member_type: VOTER last_known_addr { host: "127.25.252.194" port: 34711 } } peers { permanent_uuid: "e9e39ca301144f7aa4e3f9c4bc8d9e05" member_type: VOTER last_known_addr { host: "127.25.252.195" port: 32915 } }
I20260812 08:01:34.106035 31296 ts_tablet_manager.cc:1434] T 51bb002083a740f29cd4e6f3e95291b7 P 1c942c98224c4b91ad5727dd47194407: Time spent starting tablet: real 0.002s	user 0.001s	sys 0.000s
I20260812 08:01:34.106140 31299 ts_tablet_manager.cc:1434] T 5ac8ee55f14d41f7b34b905bde0e370c P e9e39ca301144f7aa4e3f9c4bc8d9e05: Time spent starting tablet: real 0.001s	user 0.000s	sys 0.001s
I20260812 08:01:34.106381 31299 tablet_bootstrap.cc:492] T fede67c80ff84f4c91ef77fbae930729 P e9e39ca301144f7aa4e3f9c4bc8d9e05: Bootstrap starting.
I20260812 08:01:34.106609 31296 tablet_bootstrap.cc:492] T b8d2561702884af59814410795d1fbc4 P 1c942c98224c4b91ad5727dd47194407: Bootstrap starting.
I20260812 08:01:34.107561 31299 tablet_bootstrap.cc:654] T fede67c80ff84f4c91ef77fbae930729 P e9e39ca301144f7aa4e3f9c4bc8d9e05: Neither blocks nor log segments found. Creating new log.
I20260812 08:01:34.107674 31296 tablet_bootstrap.cc:654] T b8d2561702884af59814410795d1fbc4 P 1c942c98224c4b91ad5727dd47194407: Neither blocks nor log segments found. Creating new log.
I20260812 08:01:34.109087 31296 tablet_bootstrap.cc:492] T b8d2561702884af59814410795d1fbc4 P 1c942c98224c4b91ad5727dd47194407: No bootstrap required, opened a new log
I20260812 08:01:34.109179 31296 ts_tablet_manager.cc:1403] T b8d2561702884af59814410795d1fbc4 P 1c942c98224c4b91ad5727dd47194407: Time spent bootstrapping tablet: real 0.003s	user 0.002s	sys 0.000s
I20260812 08:01:34.109705 31296 raft_consensus.cc:359] T b8d2561702884af59814410795d1fbc4 P 1c942c98224c4b91ad5727dd47194407 [term 0 FOLLOWER]: Replica starting. Triggering 0 pending ops. Active config: opid_index: -1 OBSOLETE_local: false peers { permanent_uuid: "1c942c98224c4b91ad5727dd47194407" member_type: VOTER last_known_addr { host: "127.25.252.193" port: 35225 } } peers { permanent_uuid: "e05e9ba5273b48d28bd4509789f570c8" member_type: VOTER last_known_addr { host: "127.25.252.194" port: 34711 } } peers { permanent_uuid: "e9e39ca301144f7aa4e3f9c4bc8d9e05" member_type: VOTER last_known_addr { host: "127.25.252.195" port: 32915 } }
I20260812 08:01:34.109828 31296 raft_consensus.cc:385] T b8d2561702884af59814410795d1fbc4 P 1c942c98224c4b91ad5727dd47194407 [term 0 FOLLOWER]: Consensus starting up: Expiring failure detector timer to make a prompt election more likely
I20260812 08:01:34.109894 31296 raft_consensus.cc:740] T b8d2561702884af59814410795d1fbc4 P 1c942c98224c4b91ad5727dd47194407 [term 0 FOLLOWER]: Becoming Follower/Learner. State: Replica: 1c942c98224c4b91ad5727dd47194407, State: Initialized, Role: FOLLOWER
I20260812 08:01:34.109956 31300 tablet_bootstrap.cc:492] T 51bb002083a740f29cd4e6f3e95291b7 P e05e9ba5273b48d28bd4509789f570c8: No bootstrap required, opened a new log
I20260812 08:01:34.110064 31300 ts_tablet_manager.cc:1403] T 51bb002083a740f29cd4e6f3e95291b7 P e05e9ba5273b48d28bd4509789f570c8: Time spent bootstrapping tablet: real 0.006s	user 0.000s	sys 0.002s
I20260812 08:01:34.110039 31296 consensus_queue.cc:260] T b8d2561702884af59814410795d1fbc4 P 1c942c98224c4b91ad5727dd47194407 [NON_LEADER]: Queue going to NON_LEADER mode. State: All replicated index: 0, Majority replicated index: 0, Committed index: 0, Last appended: 0.0, Last appended by leader: 0, Current term: 0, Majority size: -1, State: 0, Mode: NON_LEADER, active raft config: opid_index: -1 OBSOLETE_local: false peers { permanent_uuid: "1c942c98224c4b91ad5727dd47194407" member_type: VOTER last_known_addr { host: "127.25.252.193" port: 35225 } } peers { permanent_uuid: "e05e9ba5273b48d28bd4509789f570c8" member_type: VOTER last_known_addr { host: "127.25.252.194" port: 34711 } } peers { permanent_uuid: "e9e39ca301144f7aa4e3f9c4bc8d9e05" member_type: VOTER last_known_addr { host: "127.25.252.195" port: 32915 } }
I20260812 08:01:34.110352 31296 ts_tablet_manager.cc:1434] T b8d2561702884af59814410795d1fbc4 P 1c942c98224c4b91ad5727dd47194407: Time spent starting tablet: real 0.001s	user 0.001s	sys 0.000s
I20260812 08:01:34.110558 31296 tablet_bootstrap.cc:492] T 75dc3e4c3dcf4fd4a9e4811a7cfde9a1 P 1c942c98224c4b91ad5727dd47194407: Bootstrap starting.
I20260812 08:01:34.110574 31300 raft_consensus.cc:359] T 51bb002083a740f29cd4e6f3e95291b7 P e05e9ba5273b48d28bd4509789f570c8 [term 0 FOLLOWER]: Replica starting. Triggering 0 pending ops. Active config: opid_index: -1 OBSOLETE_local: false peers { permanent_uuid: "1c942c98224c4b91ad5727dd47194407" member_type: VOTER last_known_addr { host: "127.25.252.193" port: 35225 } } peers { permanent_uuid: "e05e9ba5273b48d28bd4509789f570c8" member_type: VOTER last_known_addr { host: "127.25.252.194" port: 34711 } } peers { permanent_uuid: "e9e39ca301144f7aa4e3f9c4bc8d9e05" member_type: VOTER last_known_addr { host: "127.25.252.195" port: 32915 } }
I20260812 08:01:34.110811 31300 raft_consensus.cc:385] T 51bb002083a740f29cd4e6f3e95291b7 P e05e9ba5273b48d28bd4509789f570c8 [term 0 FOLLOWER]: Consensus starting up: Expiring failure detector timer to make a prompt election more likely
I20260812 08:01:34.110848 31300 raft_consensus.cc:740] T 51bb002083a740f29cd4e6f3e95291b7 P e05e9ba5273b48d28bd4509789f570c8 [term 0 FOLLOWER]: Becoming Follower/Learner. State: Replica: e05e9ba5273b48d28bd4509789f570c8, State: Initialized, Role: FOLLOWER
I20260812 08:01:34.110980 31300 consensus_queue.cc:260] T 51bb002083a740f29cd4e6f3e95291b7 P e05e9ba5273b48d28bd4509789f570c8 [NON_LEADER]: Queue going to NON_LEADER mode. State: All replicated index: 0, Majority replicated index: 0, Committed index: 0, Last appended: 0.0, Last appended by leader: 0, Current term: 0, Majority size: -1, State: 0, Mode: NON_LEADER, active raft config: opid_index: -1 OBSOLETE_local: false peers { permanent_uuid: "1c942c98224c4b91ad5727dd47194407" member_type: VOTER last_known_addr { host: "127.25.252.193" port: 35225 } } peers { permanent_uuid: "e05e9ba5273b48d28bd4509789f570c8" member_type: VOTER last_known_addr { host: "127.25.252.194" port: 34711 } } peers { permanent_uuid: "e9e39ca301144f7aa4e3f9c4bc8d9e05" member_type: VOTER last_known_addr { host: "127.25.252.195" port: 32915 } }
I20260812 08:01:34.111336 31300 ts_tablet_manager.cc:1434] T 51bb002083a740f29cd4e6f3e95291b7 P e05e9ba5273b48d28bd4509789f570c8: Time spent starting tablet: real 0.001s	user 0.000s	sys 0.001s
I20260812 08:01:34.111545 31300 tablet_bootstrap.cc:492] T 536a2128c9e642f9831e506e6b2731b4 P e05e9ba5273b48d28bd4509789f570c8: Bootstrap starting.
I20260812 08:01:34.111706 31296 tablet_bootstrap.cc:654] T 75dc3e4c3dcf4fd4a9e4811a7cfde9a1 P 1c942c98224c4b91ad5727dd47194407: Neither blocks nor log segments found. Creating new log.
I20260812 08:01:34.112707 31300 tablet_bootstrap.cc:654] T 536a2128c9e642f9831e506e6b2731b4 P e05e9ba5273b48d28bd4509789f570c8: Neither blocks nor log segments found. Creating new log.
I20260812 08:01:34.113416 31299 tablet_bootstrap.cc:492] T fede67c80ff84f4c91ef77fbae930729 P e9e39ca301144f7aa4e3f9c4bc8d9e05: No bootstrap required, opened a new log
I20260812 08:01:34.113521 31299 ts_tablet_manager.cc:1403] T fede67c80ff84f4c91ef77fbae930729 P e9e39ca301144f7aa4e3f9c4bc8d9e05: Time spent bootstrapping tablet: real 0.007s	user 0.001s	sys 0.001s
I20260812 08:01:34.113886 31296 tablet_bootstrap.cc:492] T 75dc3e4c3dcf4fd4a9e4811a7cfde9a1 P 1c942c98224c4b91ad5727dd47194407: No bootstrap required, opened a new log
I20260812 08:01:34.113996 31296 ts_tablet_manager.cc:1403] T 75dc3e4c3dcf4fd4a9e4811a7cfde9a1 P 1c942c98224c4b91ad5727dd47194407: Time spent bootstrapping tablet: real 0.003s	user 0.002s	sys 0.000s
I20260812 08:01:34.114043 31299 raft_consensus.cc:359] T fede67c80ff84f4c91ef77fbae930729 P e9e39ca301144f7aa4e3f9c4bc8d9e05 [term 0 FOLLOWER]: Replica starting. Triggering 0 pending ops. Active config: opid_index: -1 OBSOLETE_local: false peers { permanent_uuid: "1c942c98224c4b91ad5727dd47194407" member_type: VOTER last_known_addr { host: "127.25.252.193" port: 35225 } } peers { permanent_uuid: "e05e9ba5273b48d28bd4509789f570c8" member_type: VOTER last_known_addr { host: "127.25.252.194" port: 34711 } } peers { permanent_uuid: "e9e39ca301144f7aa4e3f9c4bc8d9e05" member_type: VOTER last_known_addr { host: "127.25.252.195" port: 32915 } }
I20260812 08:01:34.114178 31299 raft_consensus.cc:385] T fede67c80ff84f4c91ef77fbae930729 P e9e39ca301144f7aa4e3f9c4bc8d9e05 [term 0 FOLLOWER]: Consensus starting up: Expiring failure detector timer to make a prompt election more likely
I20260812 08:01:34.114229 31299 raft_consensus.cc:740] T fede67c80ff84f4c91ef77fbae930729 P e9e39ca301144f7aa4e3f9c4bc8d9e05 [term 0 FOLLOWER]: Becoming Follower/Learner. State: Replica: e9e39ca301144f7aa4e3f9c4bc8d9e05, State: Initialized, Role: FOLLOWER
I20260812 08:01:34.114399 31299 consensus_queue.cc:260] T fede67c80ff84f4c91ef77fbae930729 P e9e39ca301144f7aa4e3f9c4bc8d9e05 [NON_LEADER]: Queue going to NON_LEADER mode. State: All replicated index: 0, Majority replicated index: 0, Committed index: 0, Last appended: 0.0, Last appended by leader: 0, Current term: 0, Majority size: -1, State: 0, Mode: NON_LEADER, active raft config: opid_index: -1 OBSOLETE_local: false peers { permanent_uuid: "1c942c98224c4b91ad5727dd47194407" member_type: VOTER last_known_addr { host: "127.25.252.193" port: 35225 } } peers { permanent_uuid: "e05e9ba5273b48d28bd4509789f570c8" member_type: VOTER last_known_addr { host: "127.25.252.194" port: 34711 } } peers { permanent_uuid: "e9e39ca301144f7aa4e3f9c4bc8d9e05" member_type: VOTER last_known_addr { host: "127.25.252.195" port: 32915 } }
I20260812 08:01:34.114516 31296 raft_consensus.cc:359] T 75dc3e4c3dcf4fd4a9e4811a7cfde9a1 P 1c942c98224c4b91ad5727dd47194407 [term 0 FOLLOWER]: Replica starting. Triggering 0 pending ops. Active config: opid_index: -1 OBSOLETE_local: false peers { permanent_uuid: "1c942c98224c4b91ad5727dd47194407" member_type: VOTER last_known_addr { host: "127.25.252.193" port: 35225 } } peers { permanent_uuid: "e05e9ba5273b48d28bd4509789f570c8" member_type: VOTER last_known_addr { host: "127.25.252.194" port: 34711 } } peers { permanent_uuid: "e9e39ca301144f7aa4e3f9c4bc8d9e05" member_type: VOTER last_known_addr { host: "127.25.252.195" port: 32915 } }
I20260812 08:01:34.114624 31296 raft_consensus.cc:385] T 75dc3e4c3dcf4fd4a9e4811a7cfde9a1 P 1c942c98224c4b91ad5727dd47194407 [term 0 FOLLOWER]: Consensus starting up: Expiring failure detector timer to make a prompt election more likely
I20260812 08:01:34.114668 31296 raft_consensus.cc:740] T 75dc3e4c3dcf4fd4a9e4811a7cfde9a1 P 1c942c98224c4b91ad5727dd47194407 [term 0 FOLLOWER]: Becoming Follower/Learner. State: Replica: 1c942c98224c4b91ad5727dd47194407, State: Initialized, Role: FOLLOWER
I20260812 08:01:34.114777 31296 consensus_queue.cc:260] T 75dc3e4c3dcf4fd4a9e4811a7cfde9a1 P 1c942c98224c4b91ad5727dd47194407 [NON_LEADER]: Queue going to NON_LEADER mode. State: All replicated index: 0, Majority replicated index: 0, Committed index: 0, Last appended: 0.0, Last appended by leader: 0, Current term: 0, Majority size: -1, State: 0, Mode: NON_LEADER, active raft config: opid_index: -1 OBSOLETE_local: false peers { permanent_uuid: "1c942c98224c4b91ad5727dd47194407" member_type: VOTER last_known_addr { host: "127.25.252.193" port: 35225 } } peers { permanent_uuid: "e05e9ba5273b48d28bd4509789f570c8" member_type: VOTER last_known_addr { host: "127.25.252.194" port: 34711 } } peers { permanent_uuid: "e9e39ca301144f7aa4e3f9c4bc8d9e05" member_type: VOTER last_known_addr { host: "127.25.252.195" port: 32915 } }
I20260812 08:01:34.115108 31296 ts_tablet_manager.cc:1434] T 75dc3e4c3dcf4fd4a9e4811a7cfde9a1 P 1c942c98224c4b91ad5727dd47194407: Time spent starting tablet: real 0.001s	user 0.001s	sys 0.000s
I20260812 08:01:34.114758 31299 ts_tablet_manager.cc:1434] T fede67c80ff84f4c91ef77fbae930729 P e9e39ca301144f7aa4e3f9c4bc8d9e05: Time spent starting tablet: real 0.001s	user 0.001s	sys 0.000s
I20260812 08:01:34.115257 31300 tablet_bootstrap.cc:492] T 536a2128c9e642f9831e506e6b2731b4 P e05e9ba5273b48d28bd4509789f570c8: No bootstrap required, opened a new log
I20260812 08:01:34.115468 31300 ts_tablet_manager.cc:1403] T 536a2128c9e642f9831e506e6b2731b4 P e05e9ba5273b48d28bd4509789f570c8: Time spent bootstrapping tablet: real 0.004s	user 0.000s	sys 0.002s
I20260812 08:01:34.115470 31299 tablet_bootstrap.cc:492] T 536a2128c9e642f9831e506e6b2731b4 P e9e39ca301144f7aa4e3f9c4bc8d9e05: Bootstrap starting.
I20260812 08:01:34.116000 31300 raft_consensus.cc:359] T 536a2128c9e642f9831e506e6b2731b4 P e05e9ba5273b48d28bd4509789f570c8 [term 0 FOLLOWER]: Replica starting. Triggering 0 pending ops. Active config: opid_index: -1 OBSOLETE_local: false peers { permanent_uuid: "1c942c98224c4b91ad5727dd47194407" member_type: VOTER last_known_addr { host: "127.25.252.193" port: 35225 } } peers { permanent_uuid: "e05e9ba5273b48d28bd4509789f570c8" member_type: VOTER last_known_addr { host: "127.25.252.194" port: 34711 } } peers { permanent_uuid: "e9e39ca301144f7aa4e3f9c4bc8d9e05" member_type: VOTER last_known_addr { host: "127.25.252.195" port: 32915 } }
I20260812 08:01:34.116168 31300 raft_consensus.cc:385] T 536a2128c9e642f9831e506e6b2731b4 P e05e9ba5273b48d28bd4509789f570c8 [term 0 FOLLOWER]: Consensus starting up: Expiring failure detector timer to make a prompt election more likely
I20260812 08:01:34.116228 31300 raft_consensus.cc:740] T 536a2128c9e642f9831e506e6b2731b4 P e05e9ba5273b48d28bd4509789f570c8 [term 0 FOLLOWER]: Becoming Follower/Learner. State: Replica: e05e9ba5273b48d28bd4509789f570c8, State: Initialized, Role: FOLLOWER
I20260812 08:01:34.116410 31300 consensus_queue.cc:260] T 536a2128c9e642f9831e506e6b2731b4 P e05e9ba5273b48d28bd4509789f570c8 [NON_LEADER]: Queue going to NON_LEADER mode. State: All replicated index: 0, Majority replicated index: 0, Committed index: 0, Last appended: 0.0, Last appended by leader: 0, Current term: 0, Majority size: -1, State: 0, Mode: NON_LEADER, active raft config: opid_index: -1 OBSOLETE_local: false peers { permanent_uuid: "1c942c98224c4b91ad5727dd47194407" member_type: VOTER last_known_addr { host: "127.25.252.193" port: 35225 } } peers { permanent_uuid: "e05e9ba5273b48d28bd4509789f570c8" member_type: VOTER last_known_addr { host: "127.25.252.194" port: 34711 } } peers { permanent_uuid: "e9e39ca301144f7aa4e3f9c4bc8d9e05" member_type: VOTER last_known_addr { host: "127.25.252.195" port: 32915 } }
I20260812 08:01:34.116705 31299 tablet_bootstrap.cc:654] T 536a2128c9e642f9831e506e6b2731b4 P e9e39ca301144f7aa4e3f9c4bc8d9e05: Neither blocks nor log segments found. Creating new log.
I20260812 08:01:34.116801 31300 ts_tablet_manager.cc:1434] T 536a2128c9e642f9831e506e6b2731b4 P e05e9ba5273b48d28bd4509789f570c8: Time spent starting tablet: real 0.001s	user 0.000s	sys 0.001s
I20260812 08:01:34.117018 31300 tablet_bootstrap.cc:492] T 75dc3e4c3dcf4fd4a9e4811a7cfde9a1 P e05e9ba5273b48d28bd4509789f570c8: Bootstrap starting.
I20260812 08:01:34.115291 31296 tablet_bootstrap.cc:492] T 4828187c102e471fac34faaf08e7b7f8 P 1c942c98224c4b91ad5727dd47194407: Bootstrap starting.
I20260812 08:01:34.118271 31300 tablet_bootstrap.cc:654] T 75dc3e4c3dcf4fd4a9e4811a7cfde9a1 P e05e9ba5273b48d28bd4509789f570c8: Neither blocks nor log segments found. Creating new log.
I20260812 08:01:34.118492 31296 tablet_bootstrap.cc:654] T 4828187c102e471fac34faaf08e7b7f8 P 1c942c98224c4b91ad5727dd47194407: Neither blocks nor log segments found. Creating new log.
I20260812 08:01:34.119620 31299 tablet_bootstrap.cc:492] T 536a2128c9e642f9831e506e6b2731b4 P e9e39ca301144f7aa4e3f9c4bc8d9e05: No bootstrap required, opened a new log
I20260812 08:01:34.119712 31299 ts_tablet_manager.cc:1403] T 536a2128c9e642f9831e506e6b2731b4 P e9e39ca301144f7aa4e3f9c4bc8d9e05: Time spent bootstrapping tablet: real 0.004s	user 0.002s	sys 0.000s
I20260812 08:01:34.119848 31296 tablet_bootstrap.cc:492] T 4828187c102e471fac34faaf08e7b7f8 P 1c942c98224c4b91ad5727dd47194407: No bootstrap required, opened a new log
I20260812 08:01:34.119930 31296 ts_tablet_manager.cc:1403] T 4828187c102e471fac34faaf08e7b7f8 P 1c942c98224c4b91ad5727dd47194407: Time spent bootstrapping tablet: real 0.005s	user 0.002s	sys 0.000s
I20260812 08:01:34.119963 31300 tablet_bootstrap.cc:492] T 75dc3e4c3dcf4fd4a9e4811a7cfde9a1 P e05e9ba5273b48d28bd4509789f570c8: No bootstrap required, opened a new log
I20260812 08:01:34.120061 31300 ts_tablet_manager.cc:1403] T 75dc3e4c3dcf4fd4a9e4811a7cfde9a1 P e05e9ba5273b48d28bd4509789f570c8: Time spent bootstrapping tablet: real 0.003s	user 0.002s	sys 0.000s
I20260812 08:01:34.120074 31299 raft_consensus.cc:359] T 536a2128c9e642f9831e506e6b2731b4 P e9e39ca301144f7aa4e3f9c4bc8d9e05 [term 0 FOLLOWER]: Replica starting. Triggering 0 pending ops. Active config: opid_index: -1 OBSOLETE_local: false peers { permanent_uuid: "1c942c98224c4b91ad5727dd47194407" member_type: VOTER last_known_addr { host: "127.25.252.193" port: 35225 } } peers { permanent_uuid: "e05e9ba5273b48d28bd4509789f570c8" member_type: VOTER last_known_addr { host: "127.25.252.194" port: 34711 } } peers { permanent_uuid: "e9e39ca301144f7aa4e3f9c4bc8d9e05" member_type: VOTER last_known_addr { host: "127.25.252.195" port: 32915 } }
I20260812 08:01:34.120152 31299 raft_consensus.cc:385] T 536a2128c9e642f9831e506e6b2731b4 P e9e39ca301144f7aa4e3f9c4bc8d9e05 [term 0 FOLLOWER]: Consensus starting up: Expiring failure detector timer to make a prompt election more likely
I20260812 08:01:34.120175 31299 raft_consensus.cc:740] T 536a2128c9e642f9831e506e6b2731b4 P e9e39ca301144f7aa4e3f9c4bc8d9e05 [term 0 FOLLOWER]: Becoming Follower/Learner. State: Replica: e9e39ca301144f7aa4e3f9c4bc8d9e05, State: Initialized, Role: FOLLOWER
I20260812 08:01:34.120318 31299 consensus_queue.cc:260] T 536a2128c9e642f9831e506e6b2731b4 P e9e39ca301144f7aa4e3f9c4bc8d9e05 [NON_LEADER]: Queue going to NON_LEADER mode. State: All replicated index: 0, Majority replicated index: 0, Committed index: 0, Last appended: 0.0, Last appended by leader: 0, Current term: 0, Majority size: -1, State: 0, Mode: NON_LEADER, active raft config: opid_index: -1 OBSOLETE_local: false peers { permanent_uuid: "1c942c98224c4b91ad5727dd47194407" member_type: VOTER last_known_addr { host: "127.25.252.193" port: 35225 } } peers { permanent_uuid: "e05e9ba5273b48d28bd4509789f570c8" member_type: VOTER last_known_addr { host: "127.25.252.194" port: 34711 } } peers { permanent_uuid: "e9e39ca301144f7aa4e3f9c4bc8d9e05" member_type: VOTER last_known_addr { host: "127.25.252.195" port: 32915 } }
I20260812 08:01:34.120383 31296 raft_consensus.cc:359] T 4828187c102e471fac34faaf08e7b7f8 P 1c942c98224c4b91ad5727dd47194407 [term 0 FOLLOWER]: Replica starting. Triggering 0 pending ops. Active config: opid_index: -1 OBSOLETE_local: false peers { permanent_uuid: "1c942c98224c4b91ad5727dd47194407" member_type: VOTER last_known_addr { host: "127.25.252.193" port: 35225 } } peers { permanent_uuid: "e05e9ba5273b48d28bd4509789f570c8" member_type: VOTER last_known_addr { host: "127.25.252.194" port: 34711 } } peers { permanent_uuid: "e9e39ca301144f7aa4e3f9c4bc8d9e05" member_type: VOTER last_known_addr { host: "127.25.252.195" port: 32915 } }
I20260812 08:01:34.120409 31300 raft_consensus.cc:359] T 75dc3e4c3dcf4fd4a9e4811a7cfde9a1 P e05e9ba5273b48d28bd4509789f570c8 [term 0 FOLLOWER]: Replica starting. Triggering 0 pending ops. Active config: opid_index: -1 OBSOLETE_local: false peers { permanent_uuid: "1c942c98224c4b91ad5727dd47194407" member_type: VOTER last_known_addr { host: "127.25.252.193" port: 35225 } } peers { permanent_uuid: "e05e9ba5273b48d28bd4509789f570c8" member_type: VOTER last_known_addr { host: "127.25.252.194" port: 34711 } } peers { permanent_uuid: "e9e39ca301144f7aa4e3f9c4bc8d9e05" member_type: VOTER last_known_addr { host: "127.25.252.195" port: 32915 } }
I20260812 08:01:34.120484 31296 raft_consensus.cc:385] T 4828187c102e471fac34faaf08e7b7f8 P 1c942c98224c4b91ad5727dd47194407 [term 0 FOLLOWER]: Consensus starting up: Expiring failure detector timer to make a prompt election more likely
I20260812 08:01:34.120541 31296 raft_consensus.cc:740] T 4828187c102e471fac34faaf08e7b7f8 P 1c942c98224c4b91ad5727dd47194407 [term 0 FOLLOWER]: Becoming Follower/Learner. State: Replica: 1c942c98224c4b91ad5727dd47194407, State: Initialized, Role: FOLLOWER
I20260812 08:01:34.120654 31299 ts_tablet_manager.cc:1434] T 536a2128c9e642f9831e506e6b2731b4 P e9e39ca301144f7aa4e3f9c4bc8d9e05: Time spent starting tablet: real 0.001s	user 0.000s	sys 0.000s
I20260812 08:01:34.120653 31296 consensus_queue.cc:260] T 4828187c102e471fac34faaf08e7b7f8 P 1c942c98224c4b91ad5727dd47194407 [NON_LEADER]: Queue going to NON_LEADER mode. State: All replicated index: 0, Majority replicated index: 0, Committed index: 0, Last appended: 0.0, Last appended by leader: 0, Current term: 0, Majority size: -1, State: 0, Mode: NON_LEADER, active raft config: opid_index: -1 OBSOLETE_local: false peers { permanent_uuid: "1c942c98224c4b91ad5727dd47194407" member_type: VOTER last_known_addr { host: "127.25.252.193" port: 35225 } } peers { permanent_uuid: "e05e9ba5273b48d28bd4509789f570c8" member_type: VOTER last_known_addr { host: "127.25.252.194" port: 34711 } } peers { permanent_uuid: "e9e39ca301144f7aa4e3f9c4bc8d9e05" member_type: VOTER last_known_addr { host: "127.25.252.195" port: 32915 } }
I20260812 08:01:34.120872 31299 tablet_bootstrap.cc:492] T a7806011953040e98092c3c98721097d P e9e39ca301144f7aa4e3f9c4bc8d9e05: Bootstrap starting.
I20260812 08:01:34.120494 31300 raft_consensus.cc:385] T 75dc3e4c3dcf4fd4a9e4811a7cfde9a1 P e05e9ba5273b48d28bd4509789f570c8 [term 0 FOLLOWER]: Consensus starting up: Expiring failure detector timer to make a prompt election more likely
I20260812 08:01:34.120997 31296 ts_tablet_manager.cc:1434] T 4828187c102e471fac34faaf08e7b7f8 P 1c942c98224c4b91ad5727dd47194407: Time spent starting tablet: real 0.001s	user 0.001s	sys 0.000s
I20260812 08:01:34.121086 31300 raft_consensus.cc:740] T 75dc3e4c3dcf4fd4a9e4811a7cfde9a1 P e05e9ba5273b48d28bd4509789f570c8 [term 0 FOLLOWER]: Becoming Follower/Learner. State: Replica: e05e9ba5273b48d28bd4509789f570c8, State: Initialized, Role: FOLLOWER
I20260812 08:01:34.121246 31296 tablet_bootstrap.cc:492] T a7806011953040e98092c3c98721097d P 1c942c98224c4b91ad5727dd47194407: Bootstrap starting.
I20260812 08:01:34.121220 31300 consensus_queue.cc:260] T 75dc3e4c3dcf4fd4a9e4811a7cfde9a1 P e05e9ba5273b48d28bd4509789f570c8 [NON_LEADER]: Queue going to NON_LEADER mode. State: All replicated index: 0, Majority replicated index: 0, Committed index: 0, Last appended: 0.0, Last appended by leader: 0, Current term: 0, Majority size: -1, State: 0, Mode: NON_LEADER, active raft config: opid_index: -1 OBSOLETE_local: false peers { permanent_uuid: "1c942c98224c4b91ad5727dd47194407" member_type: VOTER last_known_addr { host: "127.25.252.193" port: 35225 } } peers { permanent_uuid: "e05e9ba5273b48d28bd4509789f570c8" member_type: VOTER last_known_addr { host: "127.25.252.194" port: 34711 } } peers { permanent_uuid: "e9e39ca301144f7aa4e3f9c4bc8d9e05" member_type: VOTER last_known_addr { host: "127.25.252.195" port: 32915 } }
I20260812 08:01:34.121519 31300 ts_tablet_manager.cc:1434] T 75dc3e4c3dcf4fd4a9e4811a7cfde9a1 P e05e9ba5273b48d28bd4509789f570c8: Time spent starting tablet: real 0.001s	user 0.000s	sys 0.000s
I20260812 08:01:34.121716 31300 tablet_bootstrap.cc:492] T 5ac8ee55f14d41f7b34b905bde0e370c P e05e9ba5273b48d28bd4509789f570c8: Bootstrap starting.
I20260812 08:01:34.122013 31299 tablet_bootstrap.cc:654] T a7806011953040e98092c3c98721097d P e9e39ca301144f7aa4e3f9c4bc8d9e05: Neither blocks nor log segments found. Creating new log.
I20260812 08:01:34.122730 31300 tablet_bootstrap.cc:654] T 5ac8ee55f14d41f7b34b905bde0e370c P e05e9ba5273b48d28bd4509789f570c8: Neither blocks nor log segments found. Creating new log.
I20260812 08:01:34.124142 31296 tablet_bootstrap.cc:654] T a7806011953040e98092c3c98721097d P 1c942c98224c4b91ad5727dd47194407: Neither blocks nor log segments found. Creating new log.
I20260812 08:01:34.125068 31299 tablet_bootstrap.cc:492] T a7806011953040e98092c3c98721097d P e9e39ca301144f7aa4e3f9c4bc8d9e05: No bootstrap required, opened a new log
I20260812 08:01:34.125177 31299 ts_tablet_manager.cc:1403] T a7806011953040e98092c3c98721097d P e9e39ca301144f7aa4e3f9c4bc8d9e05: Time spent bootstrapping tablet: real 0.004s	user 0.000s	sys 0.002s
I20260812 08:01:34.125463 31296 tablet_bootstrap.cc:492] T a7806011953040e98092c3c98721097d P 1c942c98224c4b91ad5727dd47194407: No bootstrap required, opened a new log
I20260812 08:01:34.125569 31296 ts_tablet_manager.cc:1403] T a7806011953040e98092c3c98721097d P 1c942c98224c4b91ad5727dd47194407: Time spent bootstrapping tablet: real 0.004s	user 0.002s	sys 0.000s
I20260812 08:01:34.125633 31300 tablet_bootstrap.cc:492] T 5ac8ee55f14d41f7b34b905bde0e370c P e05e9ba5273b48d28bd4509789f570c8: No bootstrap required, opened a new log
I20260812 08:01:34.125735 31300 ts_tablet_manager.cc:1403] T 5ac8ee55f14d41f7b34b905bde0e370c P e05e9ba5273b48d28bd4509789f570c8: Time spent bootstrapping tablet: real 0.004s	user 0.001s	sys 0.001s
I20260812 08:01:34.125715 31299 raft_consensus.cc:359] T a7806011953040e98092c3c98721097d P e9e39ca301144f7aa4e3f9c4bc8d9e05 [term 0 FOLLOWER]: Replica starting. Triggering 0 pending ops. Active config: opid_index: -1 OBSOLETE_local: false peers { permanent_uuid: "e05e9ba5273b48d28bd4509789f570c8" member_type: VOTER last_known_addr { host: "127.25.252.194" port: 34711 } } peers { permanent_uuid: "1c942c98224c4b91ad5727dd47194407" member_type: VOTER last_known_addr { host: "127.25.252.193" port: 35225 } } peers { permanent_uuid: "e9e39ca301144f7aa4e3f9c4bc8d9e05" member_type: VOTER last_known_addr { host: "127.25.252.195" port: 32915 } }
I20260812 08:01:34.125829 31299 raft_consensus.cc:385] T a7806011953040e98092c3c98721097d P e9e39ca301144f7aa4e3f9c4bc8d9e05 [term 0 FOLLOWER]: Consensus starting up: Expiring failure detector timer to make a prompt election more likely
I20260812 08:01:34.125881 31299 raft_consensus.cc:740] T a7806011953040e98092c3c98721097d P e9e39ca301144f7aa4e3f9c4bc8d9e05 [term 0 FOLLOWER]: Becoming Follower/Learner. State: Replica: e9e39ca301144f7aa4e3f9c4bc8d9e05, State: Initialized, Role: FOLLOWER
I20260812 08:01:34.126029 31299 consensus_queue.cc:260] T a7806011953040e98092c3c98721097d P e9e39ca301144f7aa4e3f9c4bc8d9e05 [NON_LEADER]: Queue going to NON_LEADER mode. State: All replicated index: 0, Majority replicated index: 0, Committed index: 0, Last appended: 0.0, Last appended by leader: 0, Current term: 0, Majority size: -1, State: 0, Mode: NON_LEADER, active raft config: opid_index: -1 OBSOLETE_local: false peers { permanent_uuid: "e05e9ba5273b48d28bd4509789f570c8" member_type: VOTER last_known_addr { host: "127.25.252.194" port: 34711 } } peers { permanent_uuid: "1c942c98224c4b91ad5727dd47194407" member_type: VOTER last_known_addr { host: "127.25.252.193" port: 35225 } } peers { permanent_uuid: "e9e39ca301144f7aa4e3f9c4bc8d9e05" member_type: VOTER last_known_addr { host: "127.25.252.195" port: 32915 } }
I20260812 08:01:34.126066 31296 raft_consensus.cc:359] T a7806011953040e98092c3c98721097d P 1c942c98224c4b91ad5727dd47194407 [term 0 FOLLOWER]: Replica starting. Triggering 0 pending ops. Active config: opid_index: -1 OBSOLETE_local: false peers { permanent_uuid: "e05e9ba5273b48d28bd4509789f570c8" member_type: VOTER last_known_addr { host: "127.25.252.194" port: 34711 } } peers { permanent_uuid: "1c942c98224c4b91ad5727dd47194407" member_type: VOTER last_known_addr { host: "127.25.252.193" port: 35225 } } peers { permanent_uuid: "e9e39ca301144f7aa4e3f9c4bc8d9e05" member_type: VOTER last_known_addr { host: "127.25.252.195" port: 32915 } }
I20260812 08:01:34.126207 31296 raft_consensus.cc:385] T a7806011953040e98092c3c98721097d P 1c942c98224c4b91ad5727dd47194407 [term 0 FOLLOWER]: Consensus starting up: Expiring failure detector timer to make a prompt election more likely
I20260812 08:01:34.126256 31296 raft_consensus.cc:740] T a7806011953040e98092c3c98721097d P 1c942c98224c4b91ad5727dd47194407 [term 0 FOLLOWER]: Becoming Follower/Learner. State: Replica: 1c942c98224c4b91ad5727dd47194407, State: Initialized, Role: FOLLOWER
I20260812 08:01:34.126237 31300 raft_consensus.cc:359] T 5ac8ee55f14d41f7b34b905bde0e370c P e05e9ba5273b48d28bd4509789f570c8 [term 0 FOLLOWER]: Replica starting. Triggering 0 pending ops. Active config: opid_index: -1 OBSOLETE_local: false peers { permanent_uuid: "1c942c98224c4b91ad5727dd47194407" member_type: VOTER last_known_addr { host: "127.25.252.193" port: 35225 } } peers { permanent_uuid: "e05e9ba5273b48d28bd4509789f570c8" member_type: VOTER last_known_addr { host: "127.25.252.194" port: 34711 } } peers { permanent_uuid: "e9e39ca301144f7aa4e3f9c4bc8d9e05" member_type: VOTER last_known_addr { host: "127.25.252.195" port: 32915 } }
I20260812 08:01:34.126350 31300 raft_consensus.cc:385] T 5ac8ee55f14d41f7b34b905bde0e370c P e05e9ba5273b48d28bd4509789f570c8 [term 0 FOLLOWER]: Consensus starting up: Expiring failure detector timer to make a prompt election more likely
I20260812 08:01:34.126405 31300 raft_consensus.cc:740] T 5ac8ee55f14d41f7b34b905bde0e370c P e05e9ba5273b48d28bd4509789f570c8 [term 0 FOLLOWER]: Becoming Follower/Learner. State: Replica: e05e9ba5273b48d28bd4509789f570c8, State: Initialized, Role: FOLLOWER
