I20260812 08:02:28.926236 23440 tablet_service.cc:1917] Received RequestConsensusVote() RPC: tablet_id: "21ed101d57de4eb983765b92682e2b5f" candidate_uuid: "9c1d86a754e645269bc0796059331944" candidate_term: 5 candidate_status { last_received { term: 4 index: 8 } } ignore_live_leader: false dest_uuid: "585f93c1bf1d4cc8b7cf7e588a0584a9"
I20260812 08:02:28.926461 23441 tablet_service.cc:1917] Received RequestConsensusVote() RPC: tablet_id: "21ed101d57de4eb983765b92682e2b5f" candidate_uuid: "9c1d86a754e645269bc0796059331944" candidate_term: 6 candidate_status { last_received { term: 4 index: 8 } } ignore_live_leader: false dest_uuid: "585f93c1bf1d4cc8b7cf7e588a0584a9" is_pre_election: true
I20260812 08:02:28.926488 23447 tablet_service.cc:1917] Received RequestConsensusVote() RPC: tablet_id: "21ed101d57de4eb983765b92682e2b5f" candidate_uuid: "9c1d86a754e645269bc0796059331944" candidate_term: 6 candidate_status { last_received { term: 4 index: 8 } } ignore_live_leader: false dest_uuid: "585f93c1bf1d4cc8b7cf7e588a0584a9"
I20260812 08:02:28.926725 23449 raft_consensus.cc:3055] T 21ed101d57de4eb983765b92682e2b5f P 585f93c1bf1d4cc8b7cf7e588a0584a9 [term 4 LEADER]: Stepping down as leader of term 4
I20260812 08:02:28.926777 23449 raft_consensus.cc:740] T 21ed101d57de4eb983765b92682e2b5f P 585f93c1bf1d4cc8b7cf7e588a0584a9 [term 4 LEADER]: Becoming Follower/Learner. State: Replica: 585f93c1bf1d4cc8b7cf7e588a0584a9, State: Running, Role: LEADER
I20260812 08:02:28.926921 23449 consensus_queue.cc:260] T 21ed101d57de4eb983765b92682e2b5f P 585f93c1bf1d4cc8b7cf7e588a0584a9 [NON_LEADER]: Queue going to NON_LEADER mode. State: All replicated index: 0, Majority replicated index: 8, Committed index: 8, Last appended: 4.8, Last appended by leader: 8, Current term: 4, Majority size: -1, State: 0, Mode: NON_LEADER, active raft config: opid_index: -1 OBSOLETE_local: false peers { permanent_uuid: "8811a4670c574f729b04cebef39bc7aa" member_type: VOTER last_known_addr { host: "127.22.155.3" port: 44619 } } peers { permanent_uuid: "585f93c1bf1d4cc8b7cf7e588a0584a9" member_type: VOTER last_known_addr { host: "127.22.155.1" port: 46399 } } peers { permanent_uuid: "9c1d86a754e645269bc0796059331944" member_type: VOTER last_known_addr { host: "127.22.155.2" port: 33271 } }
I20260812 08:02:28.926986 24426 raft_consensus.cc:493] T 88f4b4af90a54b149dd1c350d0040d7c P 9c1d86a754e645269bc0796059331944 [term 6 FOLLOWER]: Starting pre-election (detected failure of leader 8811a4670c574f729b04cebef39bc7aa)
I20260812 08:02:28.927042 23449 raft_consensus.cc:3060] T 21ed101d57de4eb983765b92682e2b5f P 585f93c1bf1d4cc8b7cf7e588a0584a9 [term 4 FOLLOWER]: Advancing to term 6
I20260812 08:02:28.927176 24235 consensus_queue.cc:1059] T 88f4b4af90a54b149dd1c350d0040d7c P 585f93c1bf1d4cc8b7cf7e588a0584a9 [LEADER]: Peer responded invalid term: Peer: permanent_uuid: "9c1d86a754e645269bc0796059331944" member_type: VOTER last_known_addr { host: "127.22.155.2" port: 33271 }, Status: INVALID_TERM, Last received: 5.9, Next index: 10, Last known committed idx: 14, Time since last communication: 0.000s
I20260812 08:02:28.927323 24235 consensus_queue.cc:1059] T e82eb9371afc404ca426b35866b8fc52 P 585f93c1bf1d4cc8b7cf7e588a0584a9 [LEADER]: Peer responded invalid term: Peer: permanent_uuid: "9c1d86a754e645269bc0796059331944" member_type: VOTER last_known_addr { host: "127.22.155.2" port: 33271 }, Status: INVALID_TERM, Last received: 1.5, Next index: 6, Last known committed idx: 9, Time since last communication: 0.000s
I20260812 08:02:28.927088 24426 raft_consensus.cc:515] T 88f4b4af90a54b149dd1c350d0040d7c P 9c1d86a754e645269bc0796059331944 [term 6 FOLLOWER]: Starting pre-election with config: opid_index: -1 OBSOLETE_local: false peers { permanent_uuid: "585f93c1bf1d4cc8b7cf7e588a0584a9" member_type: VOTER last_known_addr { host: "127.22.155.1" port: 46399 } } peers { permanent_uuid: "9c1d86a754e645269bc0796059331944" member_type: VOTER last_known_addr { host: "127.22.155.2" port: 33271 } } peers { permanent_uuid: "8811a4670c574f729b04cebef39bc7aa" member_type: VOTER last_known_addr { host: "127.22.155.3" port: 44619 } }
I20260812 08:02:28.927479 24428 raft_consensus.cc:3055] T e82eb9371afc404ca426b35866b8fc52 P 585f93c1bf1d4cc8b7cf7e588a0584a9 [term 3 LEADER]: Stepping down as leader of term 3
I20260812 08:02:28.927542 24428 raft_consensus.cc:740] T e82eb9371afc404ca426b35866b8fc52 P 585f93c1bf1d4cc8b7cf7e588a0584a9 [term 3 LEADER]: Becoming Follower/Learner. State: Replica: 585f93c1bf1d4cc8b7cf7e588a0584a9, State: Running, Role: LEADER
I20260812 08:02:28.927788 24426 leader_election.cc:290] T 88f4b4af90a54b149dd1c350d0040d7c P 9c1d86a754e645269bc0796059331944 [CANDIDATE]: Term 7 pre-election: Requested pre-vote from peers 585f93c1bf1d4cc8b7cf7e588a0584a9 (127.22.155.1:46399), 8811a4670c574f729b04cebef39bc7aa (127.22.155.3:44619)
I20260812 08:02:28.927662 24428 consensus_queue.cc:260] T e82eb9371afc404ca426b35866b8fc52 P 585f93c1bf1d4cc8b7cf7e588a0584a9 [NON_LEADER]: Queue going to NON_LEADER mode. State: All replicated index: 0, Majority replicated index: 7, Committed index: 7, Last appended: 3.7, Last appended by leader: 7, Current term: 3, Majority size: -1, State: 0, Mode: NON_LEADER, active raft config: opid_index: -1 OBSOLETE_local: false peers { permanent_uuid: "585f93c1bf1d4cc8b7cf7e588a0584a9" member_type: VOTER last_known_addr { host: "127.22.155.1" port: 46399 } } peers { permanent_uuid: "9c1d86a754e645269bc0796059331944" member_type: VOTER last_known_addr { host: "127.22.155.2" port: 33271 } } peers { permanent_uuid: "8811a4670c574f729b04cebef39bc7aa" member_type: VOTER last_known_addr { host: "127.22.155.3" port: 44619 } }
I20260812 08:02:28.927968 24428 raft_consensus.cc:3060] T e82eb9371afc404ca426b35866b8fc52 P 585f93c1bf1d4cc8b7cf7e588a0584a9 [term 3 FOLLOWER]: Advancing to term 4
I20260812 08:02:28.928089 24424 leader_election.cc:290] T e82eb9371afc404ca426b35866b8fc52 P 9c1d86a754e645269bc0796059331944 [CANDIDATE]: Term 5 pre-election: Requested pre-vote from peers 585f93c1bf1d4cc8b7cf7e588a0584a9 (127.22.155.1:46399), 8811a4670c574f729b04cebef39bc7aa (127.22.155.3:44619)
I20260812 08:02:28.928284 23449 raft_consensus.cc:1275] T 21ed101d57de4eb983765b92682e2b5f P 585f93c1bf1d4cc8b7cf7e588a0584a9 [term 6 FOLLOWER]: Refusing update from remote peer 9c1d86a754e645269bc0796059331944: Log matching property violated. Preceding OpId in replica: term: 4 index: 8. Preceding OpId from leader: term: 6 index: 9. (index mismatch)
I20260812 08:02:28.928608 23450 tablet_service.cc:1917] Received RequestConsensusVote() RPC: tablet_id: "21ed101d57de4eb983765b92682e2b5f" candidate_uuid: "9c1d86a754e645269bc0796059331944" candidate_term: 6 candidate_status { last_received { term: 4 index: 8 } } ignore_live_leader: false dest_uuid: "585f93c1bf1d4cc8b7cf7e588a0584a9"
I20260812 08:02:28.929095 24424 consensus_queue.cc:1048] T 21ed101d57de4eb983765b92682e2b5f P 9c1d86a754e645269bc0796059331944 [LEADER]: Connected to new peer: Peer: permanent_uuid: "585f93c1bf1d4cc8b7cf7e588a0584a9" member_type: VOTER last_known_addr { host: "127.22.155.1" port: 46399 }, Status: LMP_MISMATCH, Last received: 0.0, Next index: 9, Last known committed idx: 8, Time since last communication: 0.000s
I20260812 08:02:28.929579 23450 raft_consensus.cc:2468] T 21ed101d57de4eb983765b92682e2b5f P 585f93c1bf1d4cc8b7cf7e588a0584a9 [term 6 FOLLOWER]: Leader election vote request: Granting yes vote for candidate 9c1d86a754e645269bc0796059331944 in term 6.
I20260812 08:02:28.929625 23420 tablet_service.cc:1917] Received RequestConsensusVote() RPC: tablet_id: "21ed101d57de4eb983765b92682e2b5f" candidate_uuid: "9c1d86a754e645269bc0796059331944" candidate_term: 6 candidate_status { last_received { term: 4 index: 8 } } ignore_live_leader: false dest_uuid: "585f93c1bf1d4cc8b7cf7e588a0584a9" is_pre_election: true
I20260812 08:02:28.929728 23420 raft_consensus.cc:2376] T 21ed101d57de4eb983765b92682e2b5f P 585f93c1bf1d4cc8b7cf7e588a0584a9 [term 6 FOLLOWER]: Leader pre-election vote request: Already granted yes vote for candidate 9c1d86a754e645269bc0796059331944 in term 6. Re-sending same reply.
I20260812 08:02:28.929939 23431 tablet_service.cc:1917] Received RequestConsensusVote() RPC: tablet_id: "88f4b4af90a54b149dd1c350d0040d7c" candidate_uuid: "9c1d86a754e645269bc0796059331944" candidate_term: 7 candidate_status { last_received { term: 5 index: 9 } } ignore_live_leader: false dest_uuid: "585f93c1bf1d4cc8b7cf7e588a0584a9" is_pre_election: true
I20260812 08:02:28.930140 23434 tablet_service.cc:1917] Received RequestConsensusVote() RPC: tablet_id: "21ed101d57de4eb983765b92682e2b5f" candidate_uuid: "9c1d86a754e645269bc0796059331944" candidate_term: 5 candidate_status { last_received { term: 4 index: 8 } } ignore_live_leader: false dest_uuid: "585f93c1bf1d4cc8b7cf7e588a0584a9"
W20260812 08:02:28.930301 23342 consensus_peers.cc:183] SignalRequest failed: Illegal state: peer closed
I20260812 08:02:28.930382 23435 tablet_service.cc:1917] Received RequestConsensusVote() RPC: tablet_id: "21ed101d57de4eb983765b92682e2b5f" candidate_uuid: "9c1d86a754e645269bc0796059331944" candidate_term: 5 candidate_status { last_received { term: 4 index: 8 } } ignore_live_leader: false dest_uuid: "585f93c1bf1d4cc8b7cf7e588a0584a9" is_pre_election: true
I20260812 08:02:28.930578 24318 consensus_queue.cc:765] T 88f4b4af90a54b149dd1c350d0040d7c P 585f93c1bf1d4cc8b7cf7e588a0584a9 [LEADER]: Error trying to read ahead of the log while preparing peer request: Incomplete: Op with index 14 is ahead of the local log (next sequential op: 13). Destination peer: Peer: permanent_uuid: "9c1d86a754e645269bc0796059331944" member_type: VOTER last_known_addr { host: "127.22.155.2" port: 33271 }, Status: INVALID_TERM, Last received: 6.14, Next index: 15, Last known committed idx: 14, Time since last communication: 0.004s
I20260812 08:02:28.930897 23438 tablet_service.cc:1917] Received RequestConsensusVote() RPC: tablet_id: "e82eb9371afc404ca426b35866b8fc52" candidate_uuid: "8811a4670c574f729b04cebef39bc7aa" candidate_term: 4 candidate_status { last_received { term: 3 index: 7 } } ignore_live_leader: false dest_uuid: "585f93c1bf1d4cc8b7cf7e588a0584a9"
W20260812 08:02:28.930932 23440 rpcz_store.cc:267] Call kudu.consensus.ConsensusService.RequestConsensusVote from 127.22.155.3:39087 (request call id 25) took 1039 ms (client timeout 80 ms). Trace:
W20260812 08:02:28.930989 23440 rpcz_store.cc:269] 0812 08:02:28.929658 (+     0us) service_pool.cc:167] Inserting onto call queue
0812 08:02:28.930797 (+  1139us) service_pool.cc:211] Skipping call since client already timed out
0812 08:02:28.930921 (+   124us) inbound_call.cc:177] Queueing failure response
Metrics: {}
I20260812 08:02:28.931154 23430 tablet_service.cc:1917] Received RequestConsensusVote() RPC: tablet_id: "21ed101d57de4eb983765b92682e2b5f" candidate_uuid: "8811a4670c574f729b04cebef39bc7aa" candidate_term: 5 candidate_status { last_received { term: 4 index: 8 } } ignore_live_leader: false dest_uuid: "585f93c1bf1d4cc8b7cf7e588a0584a9" is_pre_election: true
I20260812 08:02:28.931303 23441 tablet_service.cc:1917] Received RequestConsensusVote() RPC: tablet_id: "e82eb9371afc404ca426b35866b8fc52" candidate_uuid: "9c1d86a754e645269bc0796059331944" candidate_term: 5 candidate_status { last_received { term: 4 index: 9 } } ignore_live_leader: false dest_uuid: "585f93c1bf1d4cc8b7cf7e588a0584a9" is_pre_election: true
I20260812 08:02:28.931391 23428 tablet_service.cc:1917] Received RequestConsensusVote() RPC: tablet_id: "21ed101d57de4eb983765b92682e2b5f" candidate_uuid: "8811a4670c574f729b04cebef39bc7aa" candidate_term: 5 candidate_status { last_received { term: 4 index: 8 } } ignore_live_leader: false dest_uuid: "585f93c1bf1d4cc8b7cf7e588a0584a9"
I20260812 08:02:28.931576 23437 tablet_service.cc:1917] Received RequestConsensusVote() RPC: tablet_id: "21ed101d57de4eb983765b92682e2b5f" candidate_uuid: "8811a4670c574f729b04cebef39bc7aa" candidate_term: 5 candidate_status { last_received { term: 4 index: 8 } } ignore_live_leader: false dest_uuid: "585f93c1bf1d4cc8b7cf7e588a0584a9"
I20260812 08:02:28.931891 23438 raft_consensus.cc:2468] T e82eb9371afc404ca426b35866b8fc52 P 585f93c1bf1d4cc8b7cf7e588a0584a9 [term 4 FOLLOWER]: Leader election vote request: Granting yes vote for candidate 8811a4670c574f729b04cebef39bc7aa in term 4.
I20260812 08:02:28.932183 23436 raft_consensus.cc:1275] T e82eb9371afc404ca426b35866b8fc52 P 585f93c1bf1d4cc8b7cf7e588a0584a9 [term 4 FOLLOWER]: Refusing update from remote peer 8811a4670c574f729b04cebef39bc7aa: Log matching property violated. Preceding OpId in replica: term: 3 index: 7. Preceding OpId from leader: term: 4 index: 8. (index mismatch)
I20260812 08:02:28.932525 23450 tablet_service.cc:1917] Received RequestConsensusVote() RPC: tablet_id: "e82eb9371afc404ca426b35866b8fc52" candidate_uuid: "8811a4670c574f729b04cebef39bc7aa" candidate_term: 4 candidate_status { last_received { term: 3 index: 7 } } ignore_live_leader: false dest_uuid: "585f93c1bf1d4cc8b7cf7e588a0584a9"
I20260812 08:02:28.932610 23450 raft_consensus.cc:2376] T e82eb9371afc404ca426b35866b8fc52 P 585f93c1bf1d4cc8b7cf7e588a0584a9 [term 4 FOLLOWER]: Leader election vote request: Already granted yes vote for candidate 8811a4670c574f729b04cebef39bc7aa in term 4. Re-sending same reply.
I20260812 08:02:28.932917 23449 tablet_service.cc:1917] Received RequestConsensusVote() RPC: tablet_id: "88f4b4af90a54b149dd1c350d0040d7c" candidate_uuid: "9c1d86a754e645269bc0796059331944" candidate_term: 7 candidate_status { last_received { term: 6 index: 14 } } ignore_live_leader: false dest_uuid: "585f93c1bf1d4cc8b7cf7e588a0584a9" is_pre_election: true
I20260812 08:02:28.933036 24275 raft_consensus.cc:3055] T 88f4b4af90a54b149dd1c350d0040d7c P 585f93c1bf1d4cc8b7cf7e588a0584a9 [term 5 LEADER]: Stepping down as leader of term 5
I20260812 08:02:28.933099 24275 raft_consensus.cc:740] T 88f4b4af90a54b149dd1c350d0040d7c P 585f93c1bf1d4cc8b7cf7e588a0584a9 [term 5 LEADER]: Becoming Follower/Learner. State: Replica: 585f93c1bf1d4cc8b7cf7e588a0584a9, State: Running, Role: LEADER
I20260812 08:02:28.933214 24275 consensus_queue.cc:260] T 88f4b4af90a54b149dd1c350d0040d7c P 585f93c1bf1d4cc8b7cf7e588a0584a9 [NON_LEADER]: Queue going to NON_LEADER mode. State: All replicated index: 0, Majority replicated index: 12, Committed index: 12, Last appended: 5.12, Last appended by leader: 12, Current term: 5, Majority size: -1, State: 0, Mode: NON_LEADER, active raft config: opid_index: -1 OBSOLETE_local: false peers { permanent_uuid: "585f93c1bf1d4cc8b7cf7e588a0584a9" member_type: VOTER last_known_addr { host: "127.22.155.1" port: 46399 } } peers { permanent_uuid: "9c1d86a754e645269bc0796059331944" member_type: VOTER last_known_addr { host: "127.22.155.2" port: 33271 } } peers { permanent_uuid: "8811a4670c574f729b04cebef39bc7aa" member_type: VOTER last_known_addr { host: "127.22.155.3" port: 44619 } }
I20260812 08:02:28.933380 24275 raft_consensus.cc:3060] T 88f4b4af90a54b149dd1c350d0040d7c P 585f93c1bf1d4cc8b7cf7e588a0584a9 [term 5 FOLLOWER]: Advancing to term 6
W20260812 08:02:28.933531 24432 negotiation.cc:336] Failed RPC negotiation. Trace:
0812 08:02:28.930255 (+     0us) reactor.cc:730] Submitting negotiation task for server connection from 127.0.0.1:48346 (local address 127.22.155.1:46399)
0812 08:02:28.933128 (+  2873us) server_negotiation.cc:207] Beginning negotiation
0812 08:02:28.933134 (+     6us) server_negotiation.cc:400] Waiting for connection header
0812 08:02:28.933153 (+    19us) server_negotiation.cc:408] Connection header received
0812 08:02:28.933199 (+    46us) server_negotiation.cc:366] Received NEGOTIATE NegotiatePB request
0812 08:02:28.933203 (+     4us) server_negotiation.cc:462] Received NEGOTIATE request from client
0812 08:02:28.933258 (+    55us) server_negotiation.cc:378] Sending NEGOTIATE NegotiatePB response
0812 08:02:28.933390 (+   132us) negotiation.cc:326] Negotiation complete: Network error: Server connection negotiation failed: server connection from 127.0.0.1:48346: BlockingWrite error: write error: Broken pipe (error 32)
Metrics: {"server-negotiator.queue_time_us":2636,"thread_start_us":59,"threads_started":1}
I20260812 08:02:28.933761 23429 tablet_service.cc:1917] Received RequestConsensusVote() RPC: tablet_id: "21ed101d57de4eb983765b92682e2b5f" candidate_uuid: "8811a4670c574f729b04cebef39bc7aa" candidate_term: 5 candidate_status { last_received { term: 4 index: 8 } } ignore_live_leader: false dest_uuid: "585f93c1bf1d4cc8b7cf7e588a0584a9" is_pre_election: true
I20260812 08:02:28.934257 23420 tablet_service.cc:1917] Received RequestConsensusVote() RPC: tablet_id: "88f4b4af90a54b149dd1c350d0040d7c" candidate_uuid: "8811a4670c574f729b04cebef39bc7aa" candidate_term: 6 candidate_status { last_received { term: 5 index: 12 } } ignore_live_leader: false dest_uuid: "585f93c1bf1d4cc8b7cf7e588a0584a9"
I20260812 08:02:28.934315 23647 raft_consensus.cc:1240] T 21ed101d57de4eb983765b92682e2b5f P 9c1d86a754e645269bc0796059331944 [term 6 LEADER]: Rejecting Update request from peer 585f93c1bf1d4cc8b7cf7e588a0584a9 for earlier term 4. Current term is 6. Ops: []
I20260812 08:02:28.934342 23431 raft_consensus.cc:1275] T 88f4b4af90a54b149dd1c350d0040d7c P 585f93c1bf1d4cc8b7cf7e588a0584a9 [term 6 FOLLOWER]: Refusing update from remote peer 8811a4670c574f729b04cebef39bc7aa: Log matching property violated. Preceding OpId in replica: term: 5 index: 12. Preceding OpId from leader: term: 6 index: 14. (index mismatch)
W20260812 08:02:28.934835 24434 negotiation.cc:336] Failed RPC negotiation. Trace:
0812 08:02:28.931880 (+     0us) reactor.cc:730] Submitting negotiation task for server connection from 127.0.0.1:47152 (local address 127.22.155.1:46399)
0812 08:02:28.934093 (+  2213us) server_negotiation.cc:207] Beginning negotiation
0812 08:02:28.934099 (+     6us) server_negotiation.cc:400] Waiting for connection header
0812 08:02:28.934116 (+    17us) server_negotiation.cc:408] Connection header received
0812 08:02:28.934158 (+    42us) server_negotiation.cc:366] Received NEGOTIATE NegotiatePB request
0812 08:02:28.934509 (+   351us) server_negotiation.cc:462] Received NEGOTIATE request from client
0812 08:02:28.934563 (+    54us) server_negotiation.cc:378] Sending NEGOTIATE NegotiatePB response
0812 08:02:28.934689 (+   126us) negotiation.cc:326] Negotiation complete: Network error: Server connection negotiation failed: server connection from 127.0.0.1:47152: BlockingWrite error: write error: Broken pipe (error 32)
Metrics: {"server-negotiator.queue_time_us":1788,"thread_start_us":59,"threads_started":1}
W20260812 08:02:28.935290 24432 negotiation.cc:336] Failed RPC negotiation. Trace:
0812 08:02:28.932301 (+     0us) reactor.cc:730] Submitting negotiation task for server connection from 127.0.0.1:47140 (local address 127.22.155.1:46399)
0812 08:02:28.934976 (+  2675us) server_negotiation.cc:207] Beginning negotiation
0812 08:02:28.934982 (+     6us) server_negotiation.cc:400] Waiting for connection header
0812 08:02:28.934997 (+    15us) server_negotiation.cc:408] Connection header received
0812 08:02:28.935038 (+    41us) server_negotiation.cc:366] Received NEGOTIATE NegotiatePB request
0812 08:02:28.935041 (+     3us) server_negotiation.cc:462] Received NEGOTIATE request from client
0812 08:02:28.935089 (+    48us) server_negotiation.cc:378] Sending NEGOTIATE NegotiatePB response
0812 08:02:28.935190 (+   101us) negotiation.cc:326] Negotiation complete: Network error: Server connection negotiation failed: server connection from 127.0.0.1:47140: BlockingWrite error: write error: Broken pipe (error 32)
Metrics: {"server-negotiator.queue_time_us":2613,"thread_start_us":109,"threads_started":1}
W20260812 08:02:28.944866 23334 consensus_peers.cc:183] SignalRequest failed: Illegal state: peer closed
W20260812 08:02:28.948179 23341 consensus_peers.cc:183] SignalRequest failed: Illegal state: peer closed
W20260812 08:02:28.953373 23341 consensus_peers.cc:183] SignalRequest failed: Illegal state: peer closed
W20260812 08:02:28.964104 23334 consensus_peers.cc:183] SignalRequest failed: Illegal state: peer closed
W20260812 08:02:28.965214 24013 negotiation.cc:336] Failed RPC negotiation. Trace:
0812 08:02:28.458712 (+     0us) reactor.cc:730] Submitting negotiation task for client connection to 127.22.155.3:44619 (local address 127.0.0.1:37856)
0812 08:02:28.458854 (+   142us) negotiation.cc:107] Waiting for socket to connect
0812 08:02:28.458867 (+    13us) client_negotiation.cc:175] Beginning negotiation
0812 08:02:28.458935 (+    68us) client_negotiation.cc:262] Sending NEGOTIATE NegotiatePB request
0812 08:02:28.965122 (+506187us) negotiation.cc:326] Negotiation complete: Timed out: Client connection negotiation failed: client connection to 127.22.155.3:44619: received 0 of 4 requested bytes
Metrics: {"client-negotiator.queue_time_us":60}
W20260812 08:02:28.965356 24010 meta_cache.cc:302] tablet 88f4b4af90a54b149dd1c350d0040d7c: replica 8811a4670c574f729b04cebef39bc7aa (127.22.155.3:44619) has failed: Timed out: Client connection negotiation failed: client connection to 127.22.155.3:44619: received 0 of 4 requested bytes
W20260812 08:02:28.972157 23386 tablet_service.cc:731] failed op from {username='slave'} at 127.0.0.1:48360: Illegal state: replica 585f93c1bf1d4cc8b7cf7e588a0584a9 is not leader of this config: current role FOLLOWER
W20260812 08:02:28.976649 23341 consensus_peers.cc:183] SignalRequest failed: Illegal state: peer closed
W20260812 08:02:28.979892 23341 consensus_peers.cc:183] SignalRequest failed: Illegal state: peer closed
W20260812 08:02:28.980983 23618 tablet_service.cc:731] failed op from {username='slave'} at 127.0.0.1:54054: Illegal state: replica 9c1d86a754e645269bc0796059331944 is not leader of this config: current role FOLLOWER
W20260812 08:02:28.984505 23334 consensus_peers.cc:183] SignalRequest failed: Illegal state: peer closed
W20260812 08:02:28.997562 23341 consensus_peers.cc:183] SignalRequest failed: Illegal state: peer closed
W20260812 08:02:29.008921 23341 consensus_peers.cc:183] SignalRequest failed: Illegal state: peer closed
W20260812 08:02:29.010800 23334 consensus_peers.cc:183] SignalRequest failed: Illegal state: peer closed
W20260812 08:02:29.017167 23341 consensus_peers.cc:183] SignalRequest failed: Illegal state: peer closed
I20260812 08:02:29.023476 24275 raft_consensus.cc:493] T 88f4b4af90a54b149dd1c350d0040d7c P 585f93c1bf1d4cc8b7cf7e588a0584a9 [term 6 FOLLOWER]: Starting pre-election (no leader contacted us within the election timeout)
I20260812 08:02:29.023634 24275 raft_consensus.cc:515] T 88f4b4af90a54b149dd1c350d0040d7c P 585f93c1bf1d4cc8b7cf7e588a0584a9 [term 6 FOLLOWER]: Starting pre-election with config: opid_index: -1 OBSOLETE_local: false peers { permanent_uuid: "585f93c1bf1d4cc8b7cf7e588a0584a9" member_type: VOTER last_known_addr { host: "127.22.155.1" port: 46399 } } peers { permanent_uuid: "9c1d86a754e645269bc0796059331944" member_type: VOTER last_known_addr { host: "127.22.155.2" port: 33271 } } peers { permanent_uuid: "8811a4670c574f729b04cebef39bc7aa" member_type: VOTER last_known_addr { host: "127.22.155.3" port: 44619 } }
I20260812 08:02:29.024102 24275 leader_election.cc:290] T 88f4b4af90a54b149dd1c350d0040d7c P 585f93c1bf1d4cc8b7cf7e588a0584a9 [CANDIDATE]: Term 7 pre-election: Requested pre-vote from peers 9c1d86a754e645269bc0796059331944 (127.22.155.2:33271), 8811a4670c574f729b04cebef39bc7aa (127.22.155.3:44619)
I20260812 08:02:29.024535 23647 tablet_service.cc:1917] Received RequestConsensusVote() RPC: tablet_id: "88f4b4af90a54b149dd1c350d0040d7c" candidate_uuid: "585f93c1bf1d4cc8b7cf7e588a0584a9" candidate_term: 7 candidate_status { last_received { term: 5 index: 12 } } ignore_live_leader: false dest_uuid: "9c1d86a754e645269bc0796059331944" is_pre_election: true
I20260812 08:02:29.024755 23647 raft_consensus.cc:2410] T 88f4b4af90a54b149dd1c350d0040d7c P 9c1d86a754e645269bc0796059331944 [term 6 FOLLOWER]: Leader pre-election vote request: Denying vote to candidate 585f93c1bf1d4cc8b7cf7e588a0584a9 for term 7 because replica has last-logged OpId of term: 6 index: 14, which is greater than that of the candidate, which has last-logged OpId of term: 5 index: 12.
W20260812 08:02:29.029316 23334 consensus_peers.cc:183] SignalRequest failed: Illegal state: peer closed
W20260812 08:02:29.035643 23341 consensus_peers.cc:183] SignalRequest failed: Illegal state: peer closed
W20260812 08:02:29.036921 23341 consensus_peers.cc:183] SignalRequest failed: Illegal state: peer closed
I20260812 08:02:29.042161 24275 raft_consensus.cc:493] T e82eb9371afc404ca426b35866b8fc52 P 585f93c1bf1d4cc8b7cf7e588a0584a9 [term 4 FOLLOWER]: Starting pre-election (no leader contacted us within the election timeout)
I20260812 08:02:29.042464 24275 raft_consensus.cc:515] T e82eb9371afc404ca426b35866b8fc52 P 585f93c1bf1d4cc8b7cf7e588a0584a9 [term 4 FOLLOWER]: Starting pre-election with config: opid_index: -1 OBSOLETE_local: false peers { permanent_uuid: "585f93c1bf1d4cc8b7cf7e588a0584a9" member_type: VOTER last_known_addr { host: "127.22.155.1" port: 46399 } } peers { permanent_uuid: "9c1d86a754e645269bc0796059331944" member_type: VOTER last_known_addr { host: "127.22.155.2" port: 33271 } } peers { permanent_uuid: "8811a4670c574f729b04cebef39bc7aa" member_type: VOTER last_known_addr { host: "127.22.155.3" port: 44619 } }
I20260812 08:02:29.043167 24275 leader_election.cc:290] T e82eb9371afc404ca426b35866b8fc52 P 585f93c1bf1d4cc8b7cf7e588a0584a9 [CANDIDATE]: Term 5 pre-election: Requested pre-vote from peers 9c1d86a754e645269bc0796059331944 (127.22.155.2:33271), 8811a4670c574f729b04cebef39bc7aa (127.22.155.3:44619)
I20260812 08:02:29.043700 23647 tablet_service.cc:1917] Received RequestConsensusVote() RPC: tablet_id: "e82eb9371afc404ca426b35866b8fc52" candidate_uuid: "585f93c1bf1d4cc8b7cf7e588a0584a9" candidate_term: 5 candidate_status { last_received { term: 3 index: 7 } } ignore_live_leader: false dest_uuid: "9c1d86a754e645269bc0796059331944" is_pre_election: true
I20260812 08:02:29.043908 23647 raft_consensus.cc:2410] T e82eb9371afc404ca426b35866b8fc52 P 9c1d86a754e645269bc0796059331944 [term 4 FOLLOWER]: Leader pre-election vote request: Denying vote to candidate 585f93c1bf1d4cc8b7cf7e588a0584a9 for term 5 because replica has last-logged OpId of term: 4 index: 9, which is greater than that of the candidate, which has last-logged OpId of term: 3 index: 7.
W20260812 08:02:29.057991 23341 consensus_peers.cc:183] SignalRequest failed: Illegal state: peer closed
W20260812 08:02:29.058154 23341 consensus_peers.cc:183] SignalRequest failed: Illegal state: peer closed
W20260812 08:02:29.058928 23334 consensus_peers.cc:183] SignalRequest failed: Illegal state: peer closed
W20260812 08:02:29.079653 23341 consensus_peers.cc:183] SignalRequest failed: Illegal state: peer closed
W20260812 08:02:29.081983 23341 consensus_peers.cc:183] SignalRequest failed: Illegal state: peer closed
W20260812 08:02:29.087553 23334 consensus_peers.cc:183] SignalRequest failed: Illegal state: peer closed
W20260812 08:02:29.101521 23341 consensus_peers.cc:183] SignalRequest failed: Illegal state: peer closed
W20260812 08:02:29.101531 23568 leader_election.cc:336] T e82eb9371afc404ca426b35866b8fc52 P 9c1d86a754e645269bc0796059331944 [CANDIDATE]: Term 5 pre-election: RPC error from VoteRequest() call to peer 8811a4670c574f729b04cebef39bc7aa (127.22.155.3:44619): Timed out: RequestConsensusVote RPC to 127.22.155.3:44619 timed out after 0.083s (SENT)
I20260812 08:02:29.101658 23568 leader_election.cc:304] T e82eb9371afc404ca426b35866b8fc52 P 9c1d86a754e645269bc0796059331944 [CANDIDATE]: Term 5 pre-election: Election decided. Result: candidate lost. Election summary: received 3 responses out of 3 voters: 1 yes votes; 2 no votes. yes voters: 9c1d86a754e645269bc0796059331944; no voters: 585f93c1bf1d4cc8b7cf7e588a0584a9, 8811a4670c574f729b04cebef39bc7aa
I20260812 08:02:29.101902 24424 raft_consensus.cc:2749] T e82eb9371afc404ca426b35866b8fc52 P 9c1d86a754e645269bc0796059331944 [term 4 FOLLOWER]: Leader pre-election lost for term 5. Reason: could not achieve majority
W20260812 08:02:29.106798 23341 consensus_peers.cc:183] SignalRequest failed: Illegal state: peer closed
W20260812 08:02:29.109493 23334 consensus_peers.cc:183] SignalRequest failed: Illegal state: peer closed
W20260812 08:02:29.122192 23341 consensus_peers.cc:183] SignalRequest failed: Illegal state: peer closed
W20260812 08:02:29.123097 23568 leader_election.cc:336] T 88f4b4af90a54b149dd1c350d0040d7c P 9c1d86a754e645269bc0796059331944 [CANDIDATE]: Term 7 pre-election: RPC error from VoteRequest() call to peer 8811a4670c574f729b04cebef39bc7aa (127.22.155.3:44619): Timed out: RequestConsensusVote RPC to 127.22.155.3:44619 timed out after 0.094s (SENT)
I20260812 08:02:29.123175 23568 leader_election.cc:304] T 88f4b4af90a54b149dd1c350d0040d7c P 9c1d86a754e645269bc0796059331944 [CANDIDATE]: Term 7 pre-election: Election decided. Result: candidate lost. Election summary: received 3 responses out of 3 voters: 1 yes votes; 2 no votes. yes voters: 9c1d86a754e645269bc0796059331944; no voters: 585f93c1bf1d4cc8b7cf7e588a0584a9, 8811a4670c574f729b04cebef39bc7aa
I20260812 08:02:29.123364 24424 raft_consensus.cc:2749] T 88f4b4af90a54b149dd1c350d0040d7c P 9c1d86a754e645269bc0796059331944 [term 6 FOLLOWER]: Leader pre-election lost for term 7. Reason: could not achieve majority
W20260812 08:02:29.129631 23341 consensus_peers.cc:183] SignalRequest failed: Illegal state: peer closed
W20260812 08:02:29.132776 23334 consensus_peers.cc:183] SignalRequest failed: Illegal state: peer closed
W20260812 08:02:29.141280 23341 consensus_peers.cc:183] SignalRequest failed: Illegal state: peer closed
W20260812 08:02:29.152273 23341 consensus_peers.cc:183] SignalRequest failed: Illegal state: peer closed
W20260812 08:02:29.155200 23334 consensus_peers.cc:183] SignalRequest failed: Illegal state: peer closed
W20260812 08:02:29.168617 23341 consensus_peers.cc:183] SignalRequest failed: Illegal state: peer closed
W20260812 08:02:29.173959 23341 consensus_peers.cc:183] SignalRequest failed: Illegal state: peer closed
W20260812 08:02:29.176194 23334 consensus_peers.cc:183] SignalRequest failed: Illegal state: peer closed
W20260812 08:02:29.190995 23341 consensus_peers.cc:183] SignalRequest failed: Illegal state: peer closed
W20260812 08:02:29.193397 23341 consensus_peers.cc:183] SignalRequest failed: Illegal state: peer closed
W20260812 08:02:29.204758 23334 consensus_peers.cc:183] SignalRequest failed: Illegal state: peer closed
W20260812 08:02:29.212594 23341 consensus_peers.cc:183] SignalRequest failed: Illegal state: peer closed
I20260812 08:02:29.214089 24424 raft_consensus.cc:493] T e82eb9371afc404ca426b35866b8fc52 P 9c1d86a754e645269bc0796059331944 [term 4 FOLLOWER]: Starting pre-election (detected failure of leader 8811a4670c574f729b04cebef39bc7aa)
I20260812 08:02:29.214201 24424 raft_consensus.cc:515] T e82eb9371afc404ca426b35866b8fc52 P 9c1d86a754e645269bc0796059331944 [term 4 FOLLOWER]: Starting pre-election with config: opid_index: -1 OBSOLETE_local: false peers { permanent_uuid: "585f93c1bf1d4cc8b7cf7e588a0584a9" member_type: VOTER last_known_addr { host: "127.22.155.1" port: 46399 } } peers { permanent_uuid: "9c1d86a754e645269bc0796059331944" member_type: VOTER last_known_addr { host: "127.22.155.2" port: 33271 } } peers { permanent_uuid: "8811a4670c574f729b04cebef39bc7aa" member_type: VOTER last_known_addr { host: "127.22.155.3" port: 44619 } }
I20260812 08:02:29.214690 24424 leader_election.cc:290] T e82eb9371afc404ca426b35866b8fc52 P 9c1d86a754e645269bc0796059331944 [CANDIDATE]: Term 5 pre-election: Requested pre-vote from peers 585f93c1bf1d4cc8b7cf7e588a0584a9 (127.22.155.1:46399), 8811a4670c574f729b04cebef39bc7aa (127.22.155.3:44619)
W20260812 08:02:29.214859 23341 consensus_peers.cc:183] SignalRequest failed: Illegal state: peer closed
I20260812 08:02:29.215178 23447 tablet_service.cc:1917] Received RequestConsensusVote() RPC: tablet_id: "e82eb9371afc404ca426b35866b8fc52" candidate_uuid: "9c1d86a754e645269bc0796059331944" candidate_term: 5 candidate_status { last_received { term: 4 index: 9 } } ignore_live_leader: false dest_uuid: "585f93c1bf1d4cc8b7cf7e588a0584a9" is_pre_election: true
I20260812 08:02:29.215330 23447 raft_consensus.cc:2468] T e82eb9371afc404ca426b35866b8fc52 P 585f93c1bf1d4cc8b7cf7e588a0584a9 [term 4 FOLLOWER]: Leader pre-election vote request: Granting yes vote for candidate 9c1d86a754e645269bc0796059331944 in term 4.
I20260812 08:02:29.215704 23570 leader_election.cc:304] T e82eb9371afc404ca426b35866b8fc52 P 9c1d86a754e645269bc0796059331944 [CANDIDATE]: Term 5 pre-election: Election decided. Result: candidate won. Election summary: received 2 responses out of 3 voters: 2 yes votes; 0 no votes. yes voters: 585f93c1bf1d4cc8b7cf7e588a0584a9, 9c1d86a754e645269bc0796059331944; no voters: 
I20260812 08:02:29.215946 24424 raft_consensus.cc:2804] T e82eb9371afc404ca426b35866b8fc52 P 9c1d86a754e645269bc0796059331944 [term 4 FOLLOWER]: Leader pre-election won for term 5
I20260812 08:02:29.216027 24424 raft_consensus.cc:493] T e82eb9371afc404ca426b35866b8fc52 P 9c1d86a754e645269bc0796059331944 [term 4 FOLLOWER]: Starting leader election (detected failure of leader 8811a4670c574f729b04cebef39bc7aa)
I20260812 08:02:29.216089 24424 raft_consensus.cc:3060] T e82eb9371afc404ca426b35866b8fc52 P 9c1d86a754e645269bc0796059331944 [term 4 FOLLOWER]: Advancing to term 5
I20260812 08:02:29.217156 24424 raft_consensus.cc:515] T e82eb9371afc404ca426b35866b8fc52 P 9c1d86a754e645269bc0796059331944 [term 5 FOLLOWER]: Starting leader election with config: opid_index: -1 OBSOLETE_local: false peers { permanent_uuid: "585f93c1bf1d4cc8b7cf7e588a0584a9" member_type: VOTER last_known_addr { host: "127.22.155.1" port: 46399 } } peers { permanent_uuid: "9c1d86a754e645269bc0796059331944" member_type: VOTER last_known_addr { host: "127.22.155.2" port: 33271 } } peers { permanent_uuid: "8811a4670c574f729b04cebef39bc7aa" member_type: VOTER last_known_addr { host: "127.22.155.3" port: 44619 } }
I20260812 08:02:29.217561 24424 leader_election.cc:290] T e82eb9371afc404ca426b35866b8fc52 P 9c1d86a754e645269bc0796059331944 [CANDIDATE]: Term 5 election: Requested vote from peers 585f93c1bf1d4cc8b7cf7e588a0584a9 (127.22.155.1:46399), 8811a4670c574f729b04cebef39bc7aa (127.22.155.3:44619)
I20260812 08:02:29.217935 23447 tablet_service.cc:1917] Received RequestConsensusVote() RPC: tablet_id: "e82eb9371afc404ca426b35866b8fc52" candidate_uuid: "9c1d86a754e645269bc0796059331944" candidate_term: 5 candidate_status { last_received { term: 4 index: 9 } } ignore_live_leader: false dest_uuid: "585f93c1bf1d4cc8b7cf7e588a0584a9"
I20260812 08:02:29.218070 23447 raft_consensus.cc:3060] T e82eb9371afc404ca426b35866b8fc52 P 585f93c1bf1d4cc8b7cf7e588a0584a9 [term 4 FOLLOWER]: Advancing to term 5
I20260812 08:02:29.218911 23447 raft_consensus.cc:2468] T e82eb9371afc404ca426b35866b8fc52 P 585f93c1bf1d4cc8b7cf7e588a0584a9 [term 5 FOLLOWER]: Leader election vote request: Granting yes vote for candidate 9c1d86a754e645269bc0796059331944 in term 5.
I20260812 08:02:29.219216 23570 leader_election.cc:304] T e82eb9371afc404ca426b35866b8fc52 P 9c1d86a754e645269bc0796059331944 [CANDIDATE]: Term 5 election: Election decided. Result: candidate won. Election summary: received 2 responses out of 3 voters: 2 yes votes; 0 no votes. yes voters: 585f93c1bf1d4cc8b7cf7e588a0584a9, 9c1d86a754e645269bc0796059331944; no voters: 
I20260812 08:02:29.219393 24424 raft_consensus.cc:2804] T e82eb9371afc404ca426b35866b8fc52 P 9c1d86a754e645269bc0796059331944 [term 5 FOLLOWER]: Leader election won for term 5
I20260812 08:02:29.219506 24424 raft_consensus.cc:697] T e82eb9371afc404ca426b35866b8fc52 P 9c1d86a754e645269bc0796059331944 [term 5 LEADER]: Becoming Leader. State: Replica: 9c1d86a754e645269bc0796059331944, State: Running, Role: LEADER
I20260812 08:02:29.219660 24424 consensus_queue.cc:237] T e82eb9371afc404ca426b35866b8fc52 P 9c1d86a754e645269bc0796059331944 [LEADER]: Queue going to LEADER mode. State: All replicated index: 0, Majority replicated index: 9, Committed index: 9, Last appended: 4.9, Last appended by leader: 9, Current term: 5, Majority size: 2, State: 0, Mode: LEADER, active raft config: opid_index: -1 OBSOLETE_local: false peers { permanent_uuid: "585f93c1bf1d4cc8b7cf7e588a0584a9" member_type: VOTER last_known_addr { host: "127.22.155.1" port: 46399 } } peers { permanent_uuid: "9c1d86a754e645269bc0796059331944" member_type: VOTER last_known_addr { host: "127.22.155.2" port: 33271 } } peers { permanent_uuid: "8811a4670c574f729b04cebef39bc7aa" member_type: VOTER last_known_addr { host: "127.22.155.3" port: 44619 } }
I20260812 08:02:29.221288 23212 catalog_manager.cc:5719] T e82eb9371afc404ca426b35866b8fc52 P 9c1d86a754e645269bc0796059331944 reported cstate change: term changed from 4 to 5, leader changed from 8811a4670c574f729b04cebef39bc7aa (127.22.155.3) to 9c1d86a754e645269bc0796059331944 (127.22.155.2). New cstate: current_term: 5 leader_uuid: "9c1d86a754e645269bc0796059331944" committed_config { opid_index: -1 OBSOLETE_local: false peers { permanent_uuid: "585f93c1bf1d4cc8b7cf7e588a0584a9" member_type: VOTER last_known_addr { host: "127.22.155.1" port: 46399 } health_report { overall_health: UNKNOWN } } peers { permanent_uuid: "9c1d86a754e645269bc0796059331944" member_type: VOTER last_known_addr { host: "127.22.155.2" port: 33271 } health_report { overall_health: HEALTHY } } peers { permanent_uuid: "8811a4670c574f729b04cebef39bc7aa" member_type: VOTER last_known_addr { host: "127.22.155.3" port: 44619 } health_report { overall_health: UNKNOWN } } }
W20260812 08:02:29.225489 23334 consensus_peers.cc:183] SignalRequest failed: Illegal state: peer closed
W20260812 08:02:29.229660 23341 leader_election.cc:336] T 88f4b4af90a54b149dd1c350d0040d7c P 585f93c1bf1d4cc8b7cf7e588a0584a9 [CANDIDATE]: Term 7 pre-election: RPC error from VoteRequest() call to peer 8811a4670c574f729b04cebef39bc7aa (127.22.155.3:44619): Timed out: RequestConsensusVote RPC to 127.22.155.3:44619 timed out after 0.102s (SENT)
I20260812 08:02:29.229734 23341 leader_election.cc:304] T 88f4b4af90a54b149dd1c350d0040d7c P 585f93c1bf1d4cc8b7cf7e588a0584a9 [CANDIDATE]: Term 7 pre-election: Election decided. Result: candidate lost. Election summary: received 3 responses out of 3 voters: 1 yes votes; 2 no votes. yes voters: 585f93c1bf1d4cc8b7cf7e588a0584a9; no voters: 8811a4670c574f729b04cebef39bc7aa, 9c1d86a754e645269bc0796059331944
I20260812 08:02:29.229936 24275 raft_consensus.cc:2749] T 88f4b4af90a54b149dd1c350d0040d7c P 585f93c1bf1d4cc8b7cf7e588a0584a9 [term 6 FOLLOWER]: Leader pre-election lost for term 7. Reason: could not achieve majority
I20260812 08:02:29.231160 24426 raft_consensus.cc:493] T 88f4b4af90a54b149dd1c350d0040d7c P 9c1d86a754e645269bc0796059331944 [term 6 FOLLOWER]: Starting pre-election (detected failure of leader 8811a4670c574f729b04cebef39bc7aa)
I20260812 08:02:29.231271 24426 raft_consensus.cc:515] T 88f4b4af90a54b149dd1c350d0040d7c P 9c1d86a754e645269bc0796059331944 [term 6 FOLLOWER]: Starting pre-election with config: opid_index: -1 OBSOLETE_local: false peers { permanent_uuid: "585f93c1bf1d4cc8b7cf7e588a0584a9" member_type: VOTER last_known_addr { host: "127.22.155.1" port: 46399 } } peers { permanent_uuid: "9c1d86a754e645269bc0796059331944" member_type: VOTER last_known_addr { host: "127.22.155.2" port: 33271 } } peers { permanent_uuid: "8811a4670c574f729b04cebef39bc7aa" member_type: VOTER last_known_addr { host: "127.22.155.3" port: 44619 } }
I20260812 08:02:29.231719 24426 leader_election.cc:290] T 88f4b4af90a54b149dd1c350d0040d7c P 9c1d86a754e645269bc0796059331944 [CANDIDATE]: Term 7 pre-election: Requested pre-vote from peers 585f93c1bf1d4cc8b7cf7e588a0584a9 (127.22.155.1:46399), 8811a4670c574f729b04cebef39bc7aa (127.22.155.3:44619)
I20260812 08:02:29.232038 23431 tablet_service.cc:1917] Received RequestConsensusVote() RPC: tablet_id: "88f4b4af90a54b149dd1c350d0040d7c" candidate_uuid: "9c1d86a754e645269bc0796059331944" candidate_term: 7 candidate_status { last_received { term: 6 index: 14 } } ignore_live_leader: false dest_uuid: "585f93c1bf1d4cc8b7cf7e588a0584a9" is_pre_election: true
I20260812 08:02:29.232187 23431 raft_consensus.cc:2468] T 88f4b4af90a54b149dd1c350d0040d7c P 585f93c1bf1d4cc8b7cf7e588a0584a9 [term 6 FOLLOWER]: Leader pre-election vote request: Granting yes vote for candidate 9c1d86a754e645269bc0796059331944 in term 6.
I20260812 08:02:29.232475 23570 leader_election.cc:304] T 88f4b4af90a54b149dd1c350d0040d7c P 9c1d86a754e645269bc0796059331944 [CANDIDATE]: Term 7 pre-election: Election decided. Result: candidate won. Election summary: received 2 responses out of 3 voters: 2 yes votes; 0 no votes. yes voters: 585f93c1bf1d4cc8b7cf7e588a0584a9, 9c1d86a754e645269bc0796059331944; no voters: 
I20260812 08:02:29.232645 24426 raft_consensus.cc:2804] T 88f4b4af90a54b149dd1c350d0040d7c P 9c1d86a754e645269bc0796059331944 [term 6 FOLLOWER]: Leader pre-election won for term 7
I20260812 08:02:29.232708 24426 raft_consensus.cc:493] T 88f4b4af90a54b149dd1c350d0040d7c P 9c1d86a754e645269bc0796059331944 [term 6 FOLLOWER]: Starting leader election (detected failure of leader 8811a4670c574f729b04cebef39bc7aa)
I20260812 08:02:29.232753 24426 raft_consensus.cc:3060] T 88f4b4af90a54b149dd1c350d0040d7c P 9c1d86a754e645269bc0796059331944 [term 6 FOLLOWER]: Advancing to term 7
W20260812 08:02:29.233230 23341 leader_election.cc:336] T e82eb9371afc404ca426b35866b8fc52 P 585f93c1bf1d4cc8b7cf7e588a0584a9 [CANDIDATE]: Term 5 pre-election: RPC error from VoteRequest() call to peer 8811a4670c574f729b04cebef39bc7aa (127.22.155.3:44619): Timed out: RequestConsensusVote RPC to 127.22.155.3:44619 timed out after 0.094s (SENT)
I20260812 08:02:29.233295 23341 leader_election.cc:304] T e82eb9371afc404ca426b35866b8fc52 P 585f93c1bf1d4cc8b7cf7e588a0584a9 [CANDIDATE]: Term 5 pre-election: Election decided. Result: candidate lost. Election summary: received 3 responses out of 3 voters: 1 yes votes; 2 no votes. yes voters: 585f93c1bf1d4cc8b7cf7e588a0584a9; no voters: 8811a4670c574f729b04cebef39bc7aa, 9c1d86a754e645269bc0796059331944
I20260812 08:02:29.233479 24275 raft_consensus.cc:2749] T e82eb9371afc404ca426b35866b8fc52 P 585f93c1bf1d4cc8b7cf7e588a0584a9 [term 5 FOLLOWER]: Leader pre-election lost for term 5. Reason: could not achieve majority
I20260812 08:02:29.233830 24426 raft_consensus.cc:515] T 88f4b4af90a54b149dd1c350d0040d7c P 9c1d86a754e645269bc0796059331944 [term 7 FOLLOWER]: Starting leader election with config: opid_index: -1 OBSOLETE_local: false peers { permanent_uuid: "585f93c1bf1d4cc8b7cf7e588a0584a9" member_type: VOTER last_known_addr { host: "127.22.155.1" port: 46399 } } peers { permanent_uuid: "9c1d86a754e645269bc0796059331944" member_type: VOTER last_known_addr { host: "127.22.155.2" port: 33271 } } peers { permanent_uuid: "8811a4670c574f729b04cebef39bc7aa" member_type: VOTER last_known_addr { host: "127.22.155.3" port: 44619 } }
I20260812 08:02:29.234202 24426 leader_election.cc:290] T 88f4b4af90a54b149dd1c350d0040d7c P 9c1d86a754e645269bc0796059331944 [CANDIDATE]: Term 7 election: Requested vote from peers 585f93c1bf1d4cc8b7cf7e588a0584a9 (127.22.155.1:46399), 8811a4670c574f729b04cebef39bc7aa (127.22.155.3:44619)
I20260812 08:02:29.234489 23431 tablet_service.cc:1917] Received RequestConsensusVote() RPC: tablet_id: "88f4b4af90a54b149dd1c350d0040d7c" candidate_uuid: "9c1d86a754e645269bc0796059331944" candidate_term: 7 candidate_status { last_received { term: 6 index: 14 } } ignore_live_leader: false dest_uuid: "585f93c1bf1d4cc8b7cf7e588a0584a9"
I20260812 08:02:29.234601 23431 raft_consensus.cc:3060] T 88f4b4af90a54b149dd1c350d0040d7c P 585f93c1bf1d4cc8b7cf7e588a0584a9 [term 6 FOLLOWER]: Advancing to term 7
W20260812 08:02:29.234618 23341 consensus_peers.cc:183] SignalRequest failed: Illegal state: peer closed
I20260812 08:02:29.235458 23431 raft_consensus.cc:2468] T 88f4b4af90a54b149dd1c350d0040d7c P 585f93c1bf1d4cc8b7cf7e588a0584a9 [term 7 FOLLOWER]: Leader election vote request: Granting yes vote for candidate 9c1d86a754e645269bc0796059331944 in term 7.
I20260812 08:02:29.235770 23570 leader_election.cc:304] T 88f4b4af90a54b149dd1c350d0040d7c P 9c1d86a754e645269bc0796059331944 [CANDIDATE]: Term 7 election: Election decided. Result: candidate won. Election summary: received 2 responses out of 3 voters: 2 yes votes; 0 no votes. yes voters: 585f93c1bf1d4cc8b7cf7e588a0584a9, 9c1d86a754e645269bc0796059331944; no voters: 
I20260812 08:02:29.235944 24426 raft_consensus.cc:2804] T 88f4b4af90a54b149dd1c350d0040d7c P 9c1d86a754e645269bc0796059331944 [term 7 FOLLOWER]: Leader election won for term 7
I20260812 08:02:29.236028 24426 raft_consensus.cc:697] T 88f4b4af90a54b149dd1c350d0040d7c P 9c1d86a754e645269bc0796059331944 [term 7 LEADER]: Becoming Leader. State: Replica: 9c1d86a754e645269bc0796059331944, State: Running, Role: LEADER
I20260812 08:02:29.236171 24426 consensus_queue.cc:237] T 88f4b4af90a54b149dd1c350d0040d7c P 9c1d86a754e645269bc0796059331944 [LEADER]: Queue going to LEADER mode. State: All replicated index: 0, Majority replicated index: 14, Committed index: 14, Last appended: 6.14, Last appended by leader: 14, Current term: 7, Majority size: 2, State: 0, Mode: LEADER, active raft config: opid_index: -1 OBSOLETE_local: false peers { permanent_uuid: "585f93c1bf1d4cc8b7cf7e588a0584a9" member_type: VOTER last_known_addr { host: "127.22.155.1" port: 46399 } } peers { permanent_uuid: "9c1d86a754e645269bc0796059331944" member_type: VOTER last_known_addr { host: "127.22.155.2" port: 33271 } } peers { permanent_uuid: "8811a4670c574f729b04cebef39bc7aa" member_type: VOTER last_known_addr { host: "127.22.155.3" port: 44619 } }
I20260812 08:02:29.237789 23212 catalog_manager.cc:5719] T 88f4b4af90a54b149dd1c350d0040d7c P 9c1d86a754e645269bc0796059331944 reported cstate change: term changed from 6 to 7, leader changed from 8811a4670c574f729b04cebef39bc7aa (127.22.155.3) to 9c1d86a754e645269bc0796059331944 (127.22.155.2). New cstate: current_term: 7 leader_uuid: "9c1d86a754e645269bc0796059331944" committed_config { opid_index: -1 OBSOLETE_local: false peers { permanent_uuid: "585f93c1bf1d4cc8b7cf7e588a0584a9" member_type: VOTER last_known_addr { host: "127.22.155.1" port: 46399 } health_report { overall_health: UNKNOWN } } peers { permanent_uuid: "9c1d86a754e645269bc0796059331944" member_type: VOTER last_known_addr { host: "127.22.155.2" port: 33271 } health_report { overall_health: HEALTHY } } peers { permanent_uuid: "8811a4670c574f729b04cebef39bc7aa" member_type: VOTER last_known_addr { host: "127.22.155.3" port: 44619 } health_report { overall_health: UNKNOWN } } }
W20260812 08:02:29.243867 23341 consensus_peers.cc:183] SignalRequest failed: Illegal state: peer closed
W20260812 08:02:29.246992 23334 consensus_peers.cc:183] SignalRequest failed: Illegal state: peer closed
I20260812 08:02:29.247722 23431 raft_consensus.cc:1275] T e82eb9371afc404ca426b35866b8fc52 P 585f93c1bf1d4cc8b7cf7e588a0584a9 [term 5 FOLLOWER]: Refusing update from remote peer 9c1d86a754e645269bc0796059331944: Log matching property violated. Preceding OpId in replica: term: 3 index: 7. Preceding OpId from leader: term: 5 index: 10. (index mismatch)
I20260812 08:02:29.248175 24424 consensus_queue.cc:1048] T e82eb9371afc404ca426b35866b8fc52 P 9c1d86a754e645269bc0796059331944 [LEADER]: Connected to new peer: Peer: permanent_uuid: "585f93c1bf1d4cc8b7cf7e588a0584a9" member_type: VOTER last_known_addr { host: "127.22.155.1" port: 46399 }, Status: LMP_MISMATCH, Last received: 0.0, Next index: 10, Last known committed idx: 7, Time since last communication: 0.000s
W20260812 08:02:29.261948 23341 consensus_peers.cc:183] SignalRequest failed: Illegal state: peer closed
I20260812 08:02:29.262192 23431 raft_consensus.cc:1275] T 88f4b4af90a54b149dd1c350d0040d7c P 585f93c1bf1d4cc8b7cf7e588a0584a9 [term 7 FOLLOWER]: Refusing update from remote peer 9c1d86a754e645269bc0796059331944: Log matching property violated. Preceding OpId in replica: term: 5 index: 12. Preceding OpId from leader: term: 7 index: 15. (index mismatch)
I20260812 08:02:29.262549 24426 consensus_queue.cc:1048] T 88f4b4af90a54b149dd1c350d0040d7c P 9c1d86a754e645269bc0796059331944 [LEADER]: Connected to new peer: Peer: permanent_uuid: "585f93c1bf1d4cc8b7cf7e588a0584a9" member_type: VOTER last_known_addr { host: "127.22.155.1" port: 46399 }, Status: LMP_MISMATCH, Last received: 0.0, Next index: 15, Last known committed idx: 12, Time since last communication: 0.000s
W20260812 08:02:29.268975 23341 consensus_peers.cc:183] SignalRequest failed: Illegal state: peer closed
W20260812 08:02:29.271647 23334 consensus_peers.cc:183] SignalRequest failed: Illegal state: peer closed
W20260812 08:02:29.283344 23341 consensus_peers.cc:183] SignalRequest failed: Illegal state: peer closed
W20260812 08:02:29.289717 23341 consensus_peers.cc:183] SignalRequest failed: Illegal state: peer closed
W20260812 08:02:29.302835 23334 consensus_peers.cc:183] SignalRequest failed: Illegal state: peer closed
W20260812 08:02:29.309777 23341 consensus_peers.cc:183] SignalRequest failed: Illegal state: peer closed
W20260812 08:02:29.312031 23341 consensus_peers.cc:183] SignalRequest failed: Illegal state: peer closed
W20260812 08:02:29.324333 23334 consensus_peers.cc:183] SignalRequest failed: Illegal state: peer closed
W20260812 08:02:29.336609 23341 consensus_peers.cc:183] SignalRequest failed: Illegal state: peer closed
W20260812 08:02:29.339892 23341 consensus_peers.cc:183] SignalRequest failed: Illegal state: peer closed
W20260812 08:02:29.352468 23334 consensus_peers.cc:183] SignalRequest failed: Illegal state: peer closed
W20260812 08:02:29.360993 23341 consensus_peers.cc:183] SignalRequest failed: Illegal state: peer closed
