I20260812 08:03:22.115000 27143 raft_consensus.cc:515] T 732ef1bc94b44310888fcc0777246f93 P 216ee959f7bb4587a9e259d11f0a4ca5 [term 0 FOLLOWER]: Starting pre-election with config: opid_index: -1 OBSOLETE_local: false peers { permanent_uuid: "216ee959f7bb4587a9e259d11f0a4ca5" member_type: VOTER last_known_addr { host: "127.24.5.65" port: 37961 } } peers { permanent_uuid: "b5d9c956e1d2482db794404115dd6e75" member_type: VOTER last_known_addr { host: "127.24.5.66" port: 39391 } } peers { permanent_uuid: "a95408e59f244450a36a1233c55e6793" member_type: VOTER last_known_addr { host: "127.24.5.67" port: 40285 } }
I20260812 08:03:22.115371 27143 leader_election.cc:290] T 732ef1bc94b44310888fcc0777246f93 P 216ee959f7bb4587a9e259d11f0a4ca5 [CANDIDATE]: Term 1 pre-election: Requested pre-vote from peers b5d9c956e1d2482db794404115dd6e75 (127.24.5.66:39391), a95408e59f244450a36a1233c55e6793 (127.24.5.67:40285)
I20260812 08:03:22.115743 26694 tablet_bootstrap.cc:654] T b0a7d8647c68400288a48d0b9771680a P a95408e59f244450a36a1233c55e6793: Neither blocks nor log segments found. Creating new log.
I20260812 08:03:22.116271 25815 tablet_service.cc:1917] Received RequestConsensusVote() RPC: tablet_id: "732ef1bc94b44310888fcc0777246f93" candidate_uuid: "216ee959f7bb4587a9e259d11f0a4ca5" candidate_term: 1 candidate_status { last_received { term: 0 index: 0 } } ignore_live_leader: false dest_uuid: "b5d9c956e1d2482db794404115dd6e75" is_pre_election: true
I20260812 08:03:22.116400 25815 raft_consensus.cc:2468] T 732ef1bc94b44310888fcc0777246f93 P b5d9c956e1d2482db794404115dd6e75 [term 0 FOLLOWER]: Leader pre-election vote request: Granting yes vote for candidate 216ee959f7bb4587a9e259d11f0a4ca5 in term 0.
I20260812 08:03:22.117187 27020 consensus_queue.cc:1048] T f910af61bd0a4435b832b7d10ff7b01b P b5d9c956e1d2482db794404115dd6e75 [LEADER]: Connected to new peer: Peer: permanent_uuid: "216ee959f7bb4587a9e259d11f0a4ca5" member_type: VOTER last_known_addr { host: "127.24.5.65" port: 37961 }, Status: LMP_MISMATCH, Last received: 0.0, Next index: 1, Last known committed idx: 0, Time since last communication: 0.000s
I20260812 08:03:22.117508 25494 leader_election.cc:304] T 732ef1bc94b44310888fcc0777246f93 P 216ee959f7bb4587a9e259d11f0a4ca5 [CANDIDATE]: Term 1 pre-election: Election decided. Result: candidate won. Election summary: received 2 responses out of 3 voters: 2 yes votes; 0 no votes. yes voters: 216ee959f7bb4587a9e259d11f0a4ca5, b5d9c956e1d2482db794404115dd6e75; no voters: 
I20260812 08:03:22.117528 24597 external_mini_cluster.cc:1434] Started /tmp/dist-test-taskirC7GK/build/debug/bin/kudu as pid 27264
I20260812 08:03:22.118309 27143 raft_consensus.cc:2804] T 732ef1bc94b44310888fcc0777246f93 P 216ee959f7bb4587a9e259d11f0a4ca5 [term 0 FOLLOWER]: Leader pre-election won for term 1
I20260812 08:03:22.118361 27143 raft_consensus.cc:493] T 732ef1bc94b44310888fcc0777246f93 P 216ee959f7bb4587a9e259d11f0a4ca5 [term 0 FOLLOWER]: Starting leader election (no leader contacted us within the election timeout)
I20260812 08:03:22.118396 27143 raft_consensus.cc:3060] T 732ef1bc94b44310888fcc0777246f93 P 216ee959f7bb4587a9e259d11f0a4ca5 [term 0 FOLLOWER]: Advancing to term 1
I20260812 08:03:22.119374 26690 tablet_bootstrap.cc:492] T b0a7d8647c68400288a48d0b9771680a P b5d9c956e1d2482db794404115dd6e75: No bootstrap required, opened a new log
I20260812 08:03:22.119437 26017 tablet_service.cc:1917] Received RequestConsensusVote() RPC: tablet_id: "732ef1bc94b44310888fcc0777246f93" candidate_uuid: "216ee959f7bb4587a9e259d11f0a4ca5" candidate_term: 1 candidate_status { last_received { term: 0 index: 0 } } ignore_live_leader: false dest_uuid: "a95408e59f244450a36a1233c55e6793" is_pre_election: true
I20260812 08:03:22.119508 26690 ts_tablet_manager.cc:1403] T b0a7d8647c68400288a48d0b9771680a P b5d9c956e1d2482db794404115dd6e75: Time spent bootstrapping tablet: real 0.011s	user 0.002s	sys 0.000s
I20260812 08:03:22.119566 26017 raft_consensus.cc:2468] T 732ef1bc94b44310888fcc0777246f93 P a95408e59f244450a36a1233c55e6793 [term 0 FOLLOWER]: Leader pre-election vote request: Granting yes vote for candidate 216ee959f7bb4587a9e259d11f0a4ca5 in term 0.
I20260812 08:03:22.119626 27143 raft_consensus.cc:515] T 732ef1bc94b44310888fcc0777246f93 P 216ee959f7bb4587a9e259d11f0a4ca5 [term 1 FOLLOWER]: Starting leader election with config: opid_index: -1 OBSOLETE_local: false peers { permanent_uuid: "216ee959f7bb4587a9e259d11f0a4ca5" member_type: VOTER last_known_addr { host: "127.24.5.65" port: 37961 } } peers { permanent_uuid: "b5d9c956e1d2482db794404115dd6e75" member_type: VOTER last_known_addr { host: "127.24.5.66" port: 39391 } } peers { permanent_uuid: "a95408e59f244450a36a1233c55e6793" member_type: VOTER last_known_addr { host: "127.24.5.67" port: 40285 } }
I20260812 08:03:22.119974 27143 leader_election.cc:290] T 732ef1bc94b44310888fcc0777246f93 P 216ee959f7bb4587a9e259d11f0a4ca5 [CANDIDATE]: Term 1 election: Requested vote from peers b5d9c956e1d2482db794404115dd6e75 (127.24.5.66:39391), a95408e59f244450a36a1233c55e6793 (127.24.5.67:40285)
I20260812 08:03:22.120244 26017 tablet_service.cc:1917] Received RequestConsensusVote() RPC: tablet_id: "732ef1bc94b44310888fcc0777246f93" candidate_uuid: "216ee959f7bb4587a9e259d11f0a4ca5" candidate_term: 1 candidate_status { last_received { term: 0 index: 0 } } ignore_live_leader: false dest_uuid: "a95408e59f244450a36a1233c55e6793"
I20260812 08:03:22.120337 26017 raft_consensus.cc:3060] T 732ef1bc94b44310888fcc0777246f93 P a95408e59f244450a36a1233c55e6793 [term 0 FOLLOWER]: Advancing to term 1
I20260812 08:03:22.120287 26690 raft_consensus.cc:359] T b0a7d8647c68400288a48d0b9771680a P b5d9c956e1d2482db794404115dd6e75 [term 0 FOLLOWER]: Replica starting. Triggering 0 pending ops. Active config: opid_index: -1 OBSOLETE_local: false peers { permanent_uuid: "216ee959f7bb4587a9e259d11f0a4ca5" member_type: VOTER last_known_addr { host: "127.24.5.65" port: 37961 } } peers { permanent_uuid: "b5d9c956e1d2482db794404115dd6e75" member_type: VOTER last_known_addr { host: "127.24.5.66" port: 39391 } } peers { permanent_uuid: "a95408e59f244450a36a1233c55e6793" member_type: VOTER last_known_addr { host: "127.24.5.67" port: 40285 } }
I20260812 08:03:22.120401 26690 raft_consensus.cc:385] T b0a7d8647c68400288a48d0b9771680a P b5d9c956e1d2482db794404115dd6e75 [term 0 FOLLOWER]: Consensus starting up: Expiring failure detector timer to make a prompt election more likely
I20260812 08:03:22.120433 26690 raft_consensus.cc:740] T b0a7d8647c68400288a48d0b9771680a P b5d9c956e1d2482db794404115dd6e75 [term 0 FOLLOWER]: Becoming Follower/Learner. State: Replica: b5d9c956e1d2482db794404115dd6e75, State: Initialized, Role: FOLLOWER
I20260812 08:03:22.120566 26690 consensus_queue.cc:260] T b0a7d8647c68400288a48d0b9771680a P b5d9c956e1d2482db794404115dd6e75 [NON_LEADER]: Queue going to NON_LEADER mode. State: All replicated index: 0, Majority replicated index: 0, Committed index: 0, Last appended: 0.0, Last appended by leader: 0, Current term: 0, Majority size: -1, State: 0, Mode: NON_LEADER, active raft config: opid_index: -1 OBSOLETE_local: false peers { permanent_uuid: "216ee959f7bb4587a9e259d11f0a4ca5" member_type: VOTER last_known_addr { host: "127.24.5.65" port: 37961 } } peers { permanent_uuid: "b5d9c956e1d2482db794404115dd6e75" member_type: VOTER last_known_addr { host: "127.24.5.66" port: 39391 } } peers { permanent_uuid: "a95408e59f244450a36a1233c55e6793" member_type: VOTER last_known_addr { host: "127.24.5.67" port: 40285 } }
I20260812 08:03:22.120930 26690 ts_tablet_manager.cc:1434] T b0a7d8647c68400288a48d0b9771680a P b5d9c956e1d2482db794404115dd6e75: Time spent starting tablet: real 0.001s	user 0.001s	sys 0.000s
I20260812 08:03:22.121129 25815 tablet_service.cc:1917] Received RequestConsensusVote() RPC: tablet_id: "732ef1bc94b44310888fcc0777246f93" candidate_uuid: "216ee959f7bb4587a9e259d11f0a4ca5" candidate_term: 1 candidate_status { last_received { term: 0 index: 0 } } ignore_live_leader: false dest_uuid: "b5d9c956e1d2482db794404115dd6e75"
I20260812 08:03:22.121236 25815 raft_consensus.cc:3060] T 732ef1bc94b44310888fcc0777246f93 P b5d9c956e1d2482db794404115dd6e75 [term 0 FOLLOWER]: Advancing to term 1
I20260812 08:03:22.121337 26017 raft_consensus.cc:2468] T 732ef1bc94b44310888fcc0777246f93 P a95408e59f244450a36a1233c55e6793 [term 1 FOLLOWER]: Leader election vote request: Granting yes vote for candidate 216ee959f7bb4587a9e259d11f0a4ca5 in term 1.
I20260812 08:03:22.121445 26900 tablet_replica.cc:333] T ddcd625b9c9045779154e1f6e18b65a7 P 216ee959f7bb4587a9e259d11f0a4ca5: stopping tablet replica
I20260812 08:03:22.121588 26900 raft_consensus.cc:2243] T ddcd625b9c9045779154e1f6e18b65a7 P 216ee959f7bb4587a9e259d11f0a4ca5 [term 1 LEADER]: Raft consensus shutting down.
I20260812 08:03:22.121742 25281 catalog_manager.cc:6006] T 00000000000000000000000000000000 P e5f92e08bb444d31a2d391f7c335e55f: Sending DeleteTablet for 3 replicas of tablet 77c8a13ca5064c7687765cbccfc69c5f
I20260812 08:03:22.121827 26900 raft_consensus.cc:2272] T ddcd625b9c9045779154e1f6e18b65a7 P 216ee959f7bb4587a9e259d11f0a4ca5 [term 1 FOLLOWER]: Raft consensus is shut down!
I20260812 08:03:22.122066 25281 catalog_manager.cc:6807] ReplaceTablet: tablet 77c8a13ca5064c7687765cbccfc69c5f deleted and replaced by tablet 4bcd3c617db04b169149fdc9d330a340
I20260812 08:03:22.122433 25815 raft_consensus.cc:2468] T 732ef1bc94b44310888fcc0777246f93 P b5d9c956e1d2482db794404115dd6e75 [term 1 FOLLOWER]: Leader election vote request: Granting yes vote for candidate 216ee959f7bb4587a9e259d11f0a4ca5 in term 1.
I20260812 08:03:22.123468 25281 catalog_manager.cc:2533] Servicing SoftDeleteTable request from {username='slave'} at 127.0.0.1:50112:
table { table_name: "default.Table_61e33c9f743949779d03f0f2df0f9a7e" } modify_external_catalogs: true
I20260812 08:03:22.123607 25281 catalog_manager.cc:2781] Servicing DeleteTable request from {username='slave'} at 127.0.0.1:50112:
table { table_name: "default.Table_61e33c9f743949779d03f0f2df0f9a7e" } modify_external_catalogs: true
I20260812 08:03:22.124003 27393 acceptor_pool.cc:272] collecting diagnostics on the listening RPC socket 127.24.5.126:33359 every 8 connection(s)
I20260812 08:03:22.122529 25493 leader_election.cc:304] T 732ef1bc94b44310888fcc0777246f93 P 216ee959f7bb4587a9e259d11f0a4ca5 [CANDIDATE]: Term 1 election: Election decided. Result: candidate won. Election summary: received 2 responses out of 3 voters: 2 yes votes; 0 no votes. yes voters: 216ee959f7bb4587a9e259d11f0a4ca5, a95408e59f244450a36a1233c55e6793; no voters: 
I20260812 08:03:22.124259 27143 raft_consensus.cc:2804] T 732ef1bc94b44310888fcc0777246f93 P 216ee959f7bb4587a9e259d11f0a4ca5 [term 1 FOLLOWER]: Leader election won for term 1
I20260812 08:03:22.124374 27143 raft_consensus.cc:697] T 732ef1bc94b44310888fcc0777246f93 P 216ee959f7bb4587a9e259d11f0a4ca5 [term 1 LEADER]: Becoming Leader. State: Replica: 216ee959f7bb4587a9e259d11f0a4ca5, State: Running, Role: LEADER
I20260812 08:03:22.124553 27143 consensus_queue.cc:237] T 732ef1bc94b44310888fcc0777246f93 P 216ee959f7bb4587a9e259d11f0a4ca5 [LEADER]: Queue going to LEADER mode. State: All replicated index: 0, Majority replicated index: 0, Committed index: 0, Last appended: 0.0, Last appended by leader: 0, Current term: 1, Majority size: 2, State: 0, Mode: LEADER, active raft config: opid_index: -1 OBSOLETE_local: false peers { permanent_uuid: "216ee959f7bb4587a9e259d11f0a4ca5" member_type: VOTER last_known_addr { host: "127.24.5.65" port: 37961 } } peers { permanent_uuid: "b5d9c956e1d2482db794404115dd6e75" member_type: VOTER last_known_addr { host: "127.24.5.66" port: 39391 } } peers { permanent_uuid: "a95408e59f244450a36a1233c55e6793" member_type: VOTER last_known_addr { host: "127.24.5.67" port: 40285 } }
I20260812 08:03:22.125255 25991 tablet_service.cc:1511] Processing CreateTablet for tablet 44eba488a54e489388613c6faea2df64 (DEFAULT_TABLE table=default.table_e35607ef3fe344b2b8d1a88743c4ac3e [id=c874dd56e17643d48a9ee60e37c1a8c3]), partition=RANGE (key) PARTITION UNBOUNDED
I20260812 08:03:22.125558 25991 data_dirs.cc:400] Could only allocate 1 dirs of requested 3 for tablet 44eba488a54e489388613c6faea2df64. 1 dirs total, 0 dirs full, 0 dirs failed
I20260812 08:03:22.126127 25562 tablet_service.cc:1511] Processing CreateTablet for tablet 44eba488a54e489388613c6faea2df64 (DEFAULT_TABLE table=default.table_e35607ef3fe344b2b8d1a88743c4ac3e [id=c874dd56e17643d48a9ee60e37c1a8c3]), partition=RANGE (key) PARTITION UNBOUNDED
I20260812 08:03:22.126381 25562 data_dirs.cc:400] Could only allocate 1 dirs of requested 3 for tablet 44eba488a54e489388613c6faea2df64. 1 dirs total, 0 dirs full, 0 dirs failed
I20260812 08:03:22.129262 26900 ts_tablet_manager.cc:1916] T ddcd625b9c9045779154e1f6e18b65a7 P 216ee959f7bb4587a9e259d11f0a4ca5: Deleting tablet data with delete state TABLET_DATA_DELETED
I20260812 08:03:22.129348 26691 tablet_bootstrap.cc:492] T 44eba488a54e489388613c6faea2df64 P 216ee959f7bb4587a9e259d11f0a4ca5: Bootstrap starting.
I20260812 08:03:22.130242 25783 tablet_service.cc:1511] Processing CreateTablet for tablet 44eba488a54e489388613c6faea2df64 (DEFAULT_TABLE table=default.table_e35607ef3fe344b2b8d1a88743c4ac3e [id=c874dd56e17643d48a9ee60e37c1a8c3]), partition=RANGE (key) PARTITION UNBOUNDED
I20260812 08:03:22.130503 26691 tablet_bootstrap.cc:654] T 44eba488a54e489388613c6faea2df64 P 216ee959f7bb4587a9e259d11f0a4ca5: Neither blocks nor log segments found. Creating new log.
I20260812 08:03:22.130517 25783 data_dirs.cc:400] Could only allocate 1 dirs of requested 3 for tablet 44eba488a54e489388613c6faea2df64. 1 dirs total, 0 dirs full, 0 dirs failed
I20260812 08:03:22.131536 26900 ts_tablet_manager.cc:1929] T ddcd625b9c9045779154e1f6e18b65a7 P 216ee959f7bb4587a9e259d11f0a4ca5: tablet deleted with delete type TABLET_DATA_DELETED: last-logged OpId 1.1
I20260812 08:03:22.131608 26900 log.cc:1199] T ddcd625b9c9045779154e1f6e18b65a7 P 216ee959f7bb4587a9e259d11f0a4ca5: Deleting WAL directory at /tmp/dist-test-taskirC7GK/test-tmp/master-stress-test.2.CatalogManagerConfigurations_MasterStressTest.Test_2.1786521771129533-24597-0/minicluster-data/ts-0/wal/wals/ddcd625b9c9045779154e1f6e18b65a7
I20260812 08:03:22.131723 26864 raft_consensus.cc:493] T b0a7d8647c68400288a48d0b9771680a P 216ee959f7bb4587a9e259d11f0a4ca5 [term 0 FOLLOWER]: Starting pre-election (no leader contacted us within the election timeout)
I20260812 08:03:22.131822 26864 raft_consensus.cc:515] T b0a7d8647c68400288a48d0b9771680a P 216ee959f7bb4587a9e259d11f0a4ca5 [term 0 FOLLOWER]: Starting pre-election with config: opid_index: -1 OBSOLETE_local: false peers { permanent_uuid: "216ee959f7bb4587a9e259d11f0a4ca5" member_type: VOTER last_known_addr { host: "127.24.5.65" port: 37961 } } peers { permanent_uuid: "b5d9c956e1d2482db794404115dd6e75" member_type: VOTER last_known_addr { host: "127.24.5.66" port: 39391 } } peers { permanent_uuid: "a95408e59f244450a36a1233c55e6793" member_type: VOTER last_known_addr { host: "127.24.5.67" port: 40285 } }
I20260812 08:03:22.131876 26900 ts_tablet_manager.cc:1950] T ddcd625b9c9045779154e1f6e18b65a7 P 216ee959f7bb4587a9e259d11f0a4ca5: Deleting consensus metadata
I20260812 08:03:22.132179 26864 leader_election.cc:290] T b0a7d8647c68400288a48d0b9771680a P 216ee959f7bb4587a9e259d11f0a4ca5 [CANDIDATE]: Term 1 pre-election: Requested pre-vote from peers b5d9c956e1d2482db794404115dd6e75 (127.24.5.66:39391), a95408e59f244450a36a1233c55e6793 (127.24.5.67:40285)
I20260812 08:03:22.132747 25785 tablet_service.cc:1558] Processing DeleteTablet for tablet 77c8a13ca5064c7687765cbccfc69c5f with delete_type TABLET_DATA_DELETED (replaced by tablet 4bcd3c617db04b169149fdc9d330a340) from {username='slave'} at 127.0.0.1:51742
I20260812 08:03:22.132885 25562 tablet_service.cc:1558] Processing DeleteTablet for tablet 77c8a13ca5064c7687765cbccfc69c5f with delete_type TABLET_DATA_DELETED (replaced by tablet 4bcd3c617db04b169149fdc9d330a340) from {username='slave'} at 127.0.0.1:36634
I20260812 08:03:22.132912 26903 tablet_replica.cc:333] T 77c8a13ca5064c7687765cbccfc69c5f P b5d9c956e1d2482db794404115dd6e75: stopping tablet replica
I20260812 08:03:22.133039 26900 tablet_replica.cc:333] T 77c8a13ca5064c7687765cbccfc69c5f P 216ee959f7bb4587a9e259d11f0a4ca5: stopping tablet replica
I20260812 08:03:22.133052 26903 raft_consensus.cc:2243] T 77c8a13ca5064c7687765cbccfc69c5f P b5d9c956e1d2482db794404115dd6e75 [term 1 LEADER]: Raft consensus shutting down.
I20260812 08:03:22.133224 26900 raft_consensus.cc:2243] T 77c8a13ca5064c7687765cbccfc69c5f P 216ee959f7bb4587a9e259d11f0a4ca5 [term 1 FOLLOWER]: Raft consensus shutting down.
I20260812 08:03:22.133256 26903 raft_consensus.cc:2272] T 77c8a13ca5064c7687765cbccfc69c5f P b5d9c956e1d2482db794404115dd6e75 [term 1 FOLLOWER]: Raft consensus is shut down!
I20260812 08:03:22.133332 25274 catalog_manager.cc:5050] TS 216ee959f7bb4587a9e259d11f0a4ca5 (127.24.5.65:37961): tablet ddcd625b9c9045779154e1f6e18b65a7 (table default.table_e35607ef3fe344b2b8d1a88743c4ac3e [id=c874dd56e17643d48a9ee60e37c1a8c3]) successfully deleted
I20260812 08:03:22.133415 26900 raft_consensus.cc:2272] T 77c8a13ca5064c7687765cbccfc69c5f P 216ee959f7bb4587a9e259d11f0a4ca5 [term 1 FOLLOWER]: Raft consensus is shut down!
I20260812 08:03:22.133822 26017 tablet_service.cc:1917] Received RequestConsensusVote() RPC: tablet_id: "b0a7d8647c68400288a48d0b9771680a" candidate_uuid: "216ee959f7bb4587a9e259d11f0a4ca5" candidate_term: 1 candidate_status { last_received { term: 0 index: 0 } } ignore_live_leader: false dest_uuid: "a95408e59f244450a36a1233c55e6793" is_pre_election: true
I20260812 08:03:22.134007 26900 ts_tablet_manager.cc:1916] T 77c8a13ca5064c7687765cbccfc69c5f P 216ee959f7bb4587a9e259d11f0a4ca5: Deleting tablet data with delete state TABLET_DATA_DELETED
I20260812 08:03:22.134018 27020 consensus_queue.cc:1048] T f910af61bd0a4435b832b7d10ff7b01b P b5d9c956e1d2482db794404115dd6e75 [LEADER]: Connected to new peer: Peer: permanent_uuid: "a95408e59f244450a36a1233c55e6793" member_type: VOTER last_known_addr { host: "127.24.5.67" port: 40285 }, Status: LMP_MISMATCH, Last received: 0.0, Next index: 1, Last known committed idx: 0, Time since last communication: 0.000s
I20260812 08:03:22.134684 26903 ts_tablet_manager.cc:1916] T 77c8a13ca5064c7687765cbccfc69c5f P b5d9c956e1d2482db794404115dd6e75: Deleting tablet data with delete state TABLET_DATA_DELETED
W20260812 08:03:22.134275 25493 leader_election.cc:343] T b0a7d8647c68400288a48d0b9771680a P 216ee959f7bb4587a9e259d11f0a4ca5 [CANDIDATE]: Term 1 pre-election: Tablet error from VoteRequest() call to peer a95408e59f244450a36a1233c55e6793 (127.24.5.67:40285): Illegal state: must be running to vote when last-logged opid is not known
I20260812 08:03:22.136816 26903 ts_tablet_manager.cc:1929] T 77c8a13ca5064c7687765cbccfc69c5f P b5d9c956e1d2482db794404115dd6e75: tablet deleted with delete type TABLET_DATA_DELETED: last-logged OpId 1.2
I20260812 08:03:22.136883 26903 log.cc:1199] T 77c8a13ca5064c7687765cbccfc69c5f P b5d9c956e1d2482db794404115dd6e75: Deleting WAL directory at /tmp/dist-test-taskirC7GK/test-tmp/master-stress-test.2.CatalogManagerConfigurations_MasterStressTest.Test_2.1786521771129533-24597-0/minicluster-data/ts-1/wal/wals/77c8a13ca5064c7687765cbccfc69c5f
I20260812 08:03:22.137148 26903 ts_tablet_manager.cc:1950] T 77c8a13ca5064c7687765cbccfc69c5f P b5d9c956e1d2482db794404115dd6e75: Deleting consensus metadata
I20260812 08:03:22.138039 26900 ts_tablet_manager.cc:1929] T 77c8a13ca5064c7687765cbccfc69c5f P 216ee959f7bb4587a9e259d11f0a4ca5: tablet deleted with delete type TABLET_DATA_DELETED: last-logged OpId 1.2
I20260812 08:03:22.138103 26900 log.cc:1199] T 77c8a13ca5064c7687765cbccfc69c5f P 216ee959f7bb4587a9e259d11f0a4ca5: Deleting WAL directory at /tmp/dist-test-taskirC7GK/test-tmp/master-stress-test.2.CatalogManagerConfigurations_MasterStressTest.Test_2.1786521771129533-24597-0/minicluster-data/ts-0/wal/wals/77c8a13ca5064c7687765cbccfc69c5f
I20260812 08:03:22.138315 26900 ts_tablet_manager.cc:1950] T 77c8a13ca5064c7687765cbccfc69c5f P 216ee959f7bb4587a9e259d11f0a4ca5: Deleting consensus metadata
I20260812 08:03:22.139204 25815 tablet_service.cc:1917] Received RequestConsensusVote() RPC: tablet_id: "b0a7d8647c68400288a48d0b9771680a" candidate_uuid: "216ee959f7bb4587a9e259d11f0a4ca5" candidate_term: 1 candidate_status { last_received { term: 0 index: 0 } } ignore_live_leader: false dest_uuid: "b5d9c956e1d2482db794404115dd6e75" is_pre_election: true
I20260812 08:03:22.139336 25815 raft_consensus.cc:2468] T b0a7d8647c68400288a48d0b9771680a P b5d9c956e1d2482db794404115dd6e75 [term 0 FOLLOWER]: Leader pre-election vote request: Granting yes vote for candidate 216ee959f7bb4587a9e259d11f0a4ca5 in term 0.
I20260812 08:03:22.139855 25494 leader_election.cc:304] T b0a7d8647c68400288a48d0b9771680a P 216ee959f7bb4587a9e259d11f0a4ca5 [CANDIDATE]: Term 1 pre-election: Election decided. Result: candidate won. Election summary: received 3 responses out of 3 voters: 2 yes votes; 1 no votes. yes voters: 216ee959f7bb4587a9e259d11f0a4ca5, b5d9c956e1d2482db794404115dd6e75; no voters: a95408e59f244450a36a1233c55e6793
I20260812 08:03:22.140091 26864 raft_consensus.cc:2804] T b0a7d8647c68400288a48d0b9771680a P 216ee959f7bb4587a9e259d11f0a4ca5 [term 0 FOLLOWER]: Leader pre-election won for term 1
I20260812 08:03:22.140137 26864 raft_consensus.cc:493] T b0a7d8647c68400288a48d0b9771680a P 216ee959f7bb4587a9e259d11f0a4ca5 [term 0 FOLLOWER]: Starting leader election (no leader contacted us within the election timeout)
I20260812 08:03:22.140170 26864 raft_consensus.cc:3060] T b0a7d8647c68400288a48d0b9771680a P 216ee959f7bb4587a9e259d11f0a4ca5 [term 0 FOLLOWER]: Advancing to term 1
I20260812 08:03:22.141078 26864 raft_consensus.cc:515] T b0a7d8647c68400288a48d0b9771680a P 216ee959f7bb4587a9e259d11f0a4ca5 [term 1 FOLLOWER]: Starting leader election with config: opid_index: -1 OBSOLETE_local: false peers { permanent_uuid: "216ee959f7bb4587a9e259d11f0a4ca5" member_type: VOTER last_known_addr { host: "127.24.5.65" port: 37961 } } peers { permanent_uuid: "b5d9c956e1d2482db794404115dd6e75" member_type: VOTER last_known_addr { host: "127.24.5.66" port: 39391 } } peers { permanent_uuid: "a95408e59f244450a36a1233c55e6793" member_type: VOTER last_known_addr { host: "127.24.5.67" port: 40285 } }
I20260812 08:03:22.141489 26864 leader_election.cc:290] T b0a7d8647c68400288a48d0b9771680a P 216ee959f7bb4587a9e259d11f0a4ca5 [CANDIDATE]: Term 1 election: Requested vote from peers b5d9c956e1d2482db794404115dd6e75 (127.24.5.66:39391), a95408e59f244450a36a1233c55e6793 (127.24.5.67:40285)
I20260812 08:03:22.141907 26019 tablet_service.cc:1917] Received RequestConsensusVote() RPC: tablet_id: "b0a7d8647c68400288a48d0b9771680a" candidate_uuid: "216ee959f7bb4587a9e259d11f0a4ca5" candidate_term: 1 candidate_status { last_received { term: 0 index: 0 } } ignore_live_leader: false dest_uuid: "a95408e59f244450a36a1233c55e6793"
I20260812 08:03:22.142412 26694 tablet_bootstrap.cc:492] T b0a7d8647c68400288a48d0b9771680a P a95408e59f244450a36a1233c55e6793: No bootstrap required, opened a new log
I20260812 08:03:22.142503 26694 ts_tablet_manager.cc:1403] T b0a7d8647c68400288a48d0b9771680a P a95408e59f244450a36a1233c55e6793: Time spent bootstrapping tablet: real 0.028s	user 0.002s	sys 0.000s
I20260812 08:03:22.142562 25815 tablet_service.cc:1917] Received RequestConsensusVote() RPC: tablet_id: "b0a7d8647c68400288a48d0b9771680a" candidate_uuid: "216ee959f7bb4587a9e259d11f0a4ca5" candidate_term: 1 candidate_status { last_received { term: 0 index: 0 } } ignore_live_leader: false dest_uuid: "b5d9c956e1d2482db794404115dd6e75"
I20260812 08:03:22.142676 25815 raft_consensus.cc:3060] T b0a7d8647c68400288a48d0b9771680a P b5d9c956e1d2482db794404115dd6e75 [term 0 FOLLOWER]: Advancing to term 1
I20260812 08:03:22.143038 26694 raft_consensus.cc:359] T b0a7d8647c68400288a48d0b9771680a P a95408e59f244450a36a1233c55e6793 [term 0 FOLLOWER]: Replica starting. Triggering 0 pending ops. Active config: opid_index: -1 OBSOLETE_local: false peers { permanent_uuid: "216ee959f7bb4587a9e259d11f0a4ca5" member_type: VOTER last_known_addr { host: "127.24.5.65" port: 37961 } } peers { permanent_uuid: "b5d9c956e1d2482db794404115dd6e75" member_type: VOTER last_known_addr { host: "127.24.5.66" port: 39391 } } peers { permanent_uuid: "a95408e59f244450a36a1233c55e6793" member_type: VOTER last_known_addr { host: "127.24.5.67" port: 40285 } }
I20260812 08:03:22.143131 26694 raft_consensus.cc:385] T b0a7d8647c68400288a48d0b9771680a P a95408e59f244450a36a1233c55e6793 [term 0 FOLLOWER]: Consensus starting up: Expiring failure detector timer to make a prompt election more likely
I20260812 08:03:22.143158 26694 raft_consensus.cc:740] T b0a7d8647c68400288a48d0b9771680a P a95408e59f244450a36a1233c55e6793 [term 0 FOLLOWER]: Becoming Follower/Learner. State: Replica: a95408e59f244450a36a1233c55e6793, State: Initialized, Role: FOLLOWER
I20260812 08:03:22.143275 26694 consensus_queue.cc:260] T b0a7d8647c68400288a48d0b9771680a P a95408e59f244450a36a1233c55e6793 [NON_LEADER]: Queue going to NON_LEADER mode. State: All replicated index: 0, Majority replicated index: 0, Committed index: 0, Last appended: 0.0, Last appended by leader: 0, Current term: 0, Majority size: -1, State: 0, Mode: NON_LEADER, active raft config: opid_index: -1 OBSOLETE_local: false peers { permanent_uuid: "216ee959f7bb4587a9e259d11f0a4ca5" member_type: VOTER last_known_addr { host: "127.24.5.65" port: 37961 } } peers { permanent_uuid: "b5d9c956e1d2482db794404115dd6e75" member_type: VOTER last_known_addr { host: "127.24.5.66" port: 39391 } } peers { permanent_uuid: "a95408e59f244450a36a1233c55e6793" member_type: VOTER last_known_addr { host: "127.24.5.67" port: 40285 } }
I20260812 08:03:22.143539 26694 ts_tablet_manager.cc:1434] T b0a7d8647c68400288a48d0b9771680a P a95408e59f244450a36a1233c55e6793: Time spent starting tablet: real 0.001s	user 0.001s	sys 0.000s
I20260812 08:03:22.143677 25815 raft_consensus.cc:2468] T b0a7d8647c68400288a48d0b9771680a P b5d9c956e1d2482db794404115dd6e75 [term 1 FOLLOWER]: Leader election vote request: Granting yes vote for candidate 216ee959f7bb4587a9e259d11f0a4ca5 in term 1.
W20260812 08:03:22.143982 25493 leader_election.cc:343] T b0a7d8647c68400288a48d0b9771680a P 216ee959f7bb4587a9e259d11f0a4ca5 [CANDIDATE]: Term 1 election: Tablet error from VoteRequest() call to peer a95408e59f244450a36a1233c55e6793 (127.24.5.67:40285): Illegal state: must be running to vote when last-logged opid is not known
I20260812 08:03:22.144872 25274 catalog_manager.cc:5050] TS 216ee959f7bb4587a9e259d11f0a4ca5 (127.24.5.65:37961): tablet 77c8a13ca5064c7687765cbccfc69c5f (table default.table_74aadf10b70a4fde90da4bae4581230c [id=f8e9831459d14bec9182e6ee15d459f5]) successfully deleted
I20260812 08:03:22.145633 25494 leader_election.cc:304] T b0a7d8647c68400288a48d0b9771680a P 216ee959f7bb4587a9e259d11f0a4ca5 [CANDIDATE]: Term 1 election: Election decided. Result: candidate won. Election summary: received 3 responses out of 3 voters: 2 yes votes; 1 no votes. yes voters: 216ee959f7bb4587a9e259d11f0a4ca5, b5d9c956e1d2482db794404115dd6e75; no voters: a95408e59f244450a36a1233c55e6793
I20260812 08:03:22.146194 27143 raft_consensus.cc:2804] T b0a7d8647c68400288a48d0b9771680a P 216ee959f7bb4587a9e259d11f0a4ca5 [term 1 FOLLOWER]: Leader election won for term 1
I20260812 08:03:22.146286 27143 raft_consensus.cc:697] T b0a7d8647c68400288a48d0b9771680a P 216ee959f7bb4587a9e259d11f0a4ca5 [term 1 LEADER]: Becoming Leader. State: Replica: 216ee959f7bb4587a9e259d11f0a4ca5, State: Running, Role: LEADER
I20260812 08:03:22.146410 27143 consensus_queue.cc:237] T b0a7d8647c68400288a48d0b9771680a P 216ee959f7bb4587a9e259d11f0a4ca5 [LEADER]: Queue going to LEADER mode. State: All replicated index: 0, Majority replicated index: 0, Committed index: 0, Last appended: 0.0, Last appended by leader: 0, Current term: 1, Majority size: 2, State: 0, Mode: LEADER, active raft config: opid_index: -1 OBSOLETE_local: false peers { permanent_uuid: "216ee959f7bb4587a9e259d11f0a4ca5" member_type: VOTER last_known_addr { host: "127.24.5.65" port: 37961 } } peers { permanent_uuid: "b5d9c956e1d2482db794404115dd6e75" member_type: VOTER last_known_addr { host: "127.24.5.66" port: 39391 } } peers { permanent_uuid: "a95408e59f244450a36a1233c55e6793" member_type: VOTER last_known_addr { host: "127.24.5.67" port: 40285 } }
I20260812 08:03:22.150107 27398 sys_catalog.cc:263] Verifying existing consensus state
I20260812 08:03:22.152348 27398 tablet_bootstrap.cc:492] T 00000000000000000000000000000000 P b1b0ac55aa9e4e2f863c9950f0b3c9cb: Bootstrap starting.
I20260812 08:03:22.153616 26694 tablet_bootstrap.cc:492] T 44eba488a54e489388613c6faea2df64 P a95408e59f244450a36a1233c55e6793: Bootstrap starting.
I20260812 08:03:22.154125 26690 tablet_bootstrap.cc:492] T 44eba488a54e489388613c6faea2df64 P b5d9c956e1d2482db794404115dd6e75: Bootstrap starting.
I20260812 08:03:22.154789 26694 tablet_bootstrap.cc:654] T 44eba488a54e489388613c6faea2df64 P a95408e59f244450a36a1233c55e6793: Neither blocks nor log segments found. Creating new log.
I20260812 08:03:22.155247 26690 tablet_bootstrap.cc:654] T 44eba488a54e489388613c6faea2df64 P b5d9c956e1d2482db794404115dd6e75: Neither blocks nor log segments found. Creating new log.
I20260812 08:03:22.164789 25991 tablet_service.cc:1558] Processing DeleteTablet for tablet 77c8a13ca5064c7687765cbccfc69c5f with delete_type TABLET_DATA_DELETED (replaced by tablet 4bcd3c617db04b169149fdc9d330a340) from {username='slave'} at 127.0.0.1:56522
I20260812 08:03:22.165133 26906 tablet_replica.cc:333] T 77c8a13ca5064c7687765cbccfc69c5f P a95408e59f244450a36a1233c55e6793: stopping tablet replica
I20260812 08:03:22.165298 26906 raft_consensus.cc:2243] T 77c8a13ca5064c7687765cbccfc69c5f P a95408e59f244450a36a1233c55e6793 [term 1 FOLLOWER]: Raft consensus shutting down.
I20260812 08:03:22.165433 26906 raft_consensus.cc:2272] T 77c8a13ca5064c7687765cbccfc69c5f P a95408e59f244450a36a1233c55e6793 [term 1 FOLLOWER]: Raft consensus is shut down!
I20260812 08:03:22.165899 26906 ts_tablet_manager.cc:1916] T 77c8a13ca5064c7687765cbccfc69c5f P a95408e59f244450a36a1233c55e6793: Deleting tablet data with delete state TABLET_DATA_DELETED
I20260812 08:03:22.168272 26906 ts_tablet_manager.cc:1929] T 77c8a13ca5064c7687765cbccfc69c5f P a95408e59f244450a36a1233c55e6793: tablet deleted with delete type TABLET_DATA_DELETED: last-logged OpId 1.2
I20260812 08:03:22.168286 25295 catalog_manager.cc:3528] renamed table default.table_186798913c7749f9b39e906af8de6c7b [id=a3f28d7ddcc24f9d864d10e5de67e0ed] in HMS: new name default.table_79eb723231304df9bbe7c79d96406678
I20260812 08:03:22.168346 26906 log.cc:1199] T 77c8a13ca5064c7687765cbccfc69c5f P a95408e59f244450a36a1233c55e6793: Deleting WAL directory at /tmp/dist-test-taskirC7GK/test-tmp/master-stress-test.2.CatalogManagerConfigurations_MasterStressTest.Test_2.1786521771129533-24597-0/minicluster-data/ts-2/wal/wals/77c8a13ca5064c7687765cbccfc69c5f
I20260812 08:03:22.168582 26906 ts_tablet_manager.cc:1950] T 77c8a13ca5064c7687765cbccfc69c5f P a95408e59f244450a36a1233c55e6793: Deleting consensus metadata
I20260812 08:03:22.168941 26690 tablet_bootstrap.cc:492] T 44eba488a54e489388613c6faea2df64 P b5d9c956e1d2482db794404115dd6e75: No bootstrap required, opened a new log
I20260812 08:03:22.169044 26690 ts_tablet_manager.cc:1403] T 44eba488a54e489388613c6faea2df64 P b5d9c956e1d2482db794404115dd6e75: Time spent bootstrapping tablet: real 0.015s	user 0.002s	sys 0.000s
I20260812 08:03:22.169234 25562 tablet_service.cc:1511] Processing CreateTablet for tablet 4bcd3c617db04b169149fdc9d330a340 (DEFAULT_TABLE table=default.table_74aadf10b70a4fde90da4bae4581230c [id=f8e9831459d14bec9182e6ee15d459f5]), partition=RANGE (key) PARTITION UNBOUNDED
I20260812 08:03:22.169520 25562 data_dirs.cc:400] Could only allocate 1 dirs of requested 3 for tablet 4bcd3c617db04b169149fdc9d330a340. 1 dirs total, 0 dirs full, 0 dirs failed
I20260812 08:03:22.169636 26690 raft_consensus.cc:359] T 44eba488a54e489388613c6faea2df64 P b5d9c956e1d2482db794404115dd6e75 [term 0 FOLLOWER]: Replica starting. Triggering 0 pending ops. Active config: opid_index: -1 OBSOLETE_local: false peers { permanent_uuid: "216ee959f7bb4587a9e259d11f0a4ca5" member_type: VOTER last_known_addr { host: "127.24.5.65" port: 37961 } } peers { permanent_uuid: "b5d9c956e1d2482db794404115dd6e75" member_type: VOTER last_known_addr { host: "127.24.5.66" port: 39391 } } peers { permanent_uuid: "a95408e59f244450a36a1233c55e6793" member_type: VOTER last_known_addr { host: "127.24.5.67" port: 40285 } }
I20260812 08:03:22.169771 26690 raft_consensus.cc:385] T 44eba488a54e489388613c6faea2df64 P b5d9c956e1d2482db794404115dd6e75 [term 0 FOLLOWER]: Consensus starting up: Expiring failure detector timer to make a prompt election more likely
I20260812 08:03:22.169804 26690 raft_consensus.cc:740] T 44eba488a54e489388613c6faea2df64 P b5d9c956e1d2482db794404115dd6e75 [term 0 FOLLOWER]: Becoming Follower/Learner. State: Replica: b5d9c956e1d2482db794404115dd6e75, State: Initialized, Role: FOLLOWER
I20260812 08:03:22.169941 26690 consensus_queue.cc:260] T 44eba488a54e489388613c6faea2df64 P b5d9c956e1d2482db794404115dd6e75 [NON_LEADER]: Queue going to NON_LEADER mode. State: All replicated index: 0, Majority replicated index: 0, Committed index: 0, Last appended: 0.0, Last appended by leader: 0, Current term: 0, Majority size: -1, State: 0, Mode: NON_LEADER, active raft config: opid_index: -1 OBSOLETE_local: false peers { permanent_uuid: "216ee959f7bb4587a9e259d11f0a4ca5" member_type: VOTER last_known_addr { host: "127.24.5.65" port: 37961 } } peers { permanent_uuid: "b5d9c956e1d2482db794404115dd6e75" member_type: VOTER last_known_addr { host: "127.24.5.66" port: 39391 } } peers { permanent_uuid: "a95408e59f244450a36a1233c55e6793" member_type: VOTER last_known_addr { host: "127.24.5.67" port: 40285 } }
I20260812 08:03:22.172523 25274 catalog_manager.cc:5050] TS b5d9c956e1d2482db794404115dd6e75 (127.24.5.66:39391): tablet 77c8a13ca5064c7687765cbccfc69c5f (table default.table_74aadf10b70a4fde90da4bae4581230c [id=f8e9831459d14bec9182e6ee15d459f5]) successfully deleted
I20260812 08:03:22.173403 26690 ts_tablet_manager.cc:1434] T 44eba488a54e489388613c6faea2df64 P b5d9c956e1d2482db794404115dd6e75: Time spent starting tablet: real 0.004s	user 0.000s	sys 0.002s
I20260812 08:03:22.174460 25785 tablet_service.cc:1511] Processing CreateTablet for tablet 4bcd3c617db04b169149fdc9d330a340 (DEFAULT_TABLE table=default.table_74aadf10b70a4fde90da4bae4581230c [id=f8e9831459d14bec9182e6ee15d459f5]), partition=RANGE (key) PARTITION UNBOUNDED
I20260812 08:03:22.174760 25785 data_dirs.cc:400] Could only allocate 1 dirs of requested 3 for tablet 4bcd3c617db04b169149fdc9d330a340. 1 dirs total, 0 dirs full, 0 dirs failed
I20260812 08:03:22.175437 25273 catalog_manager.cc:5050] TS a95408e59f244450a36a1233c55e6793 (127.24.5.67:40285): tablet 77c8a13ca5064c7687765cbccfc69c5f (table default.table_74aadf10b70a4fde90da4bae4581230c [id=f8e9831459d14bec9182e6ee15d459f5]) successfully deleted
I20260812 08:03:22.175959 25991 tablet_service.cc:1511] Processing CreateTablet for tablet 4bcd3c617db04b169149fdc9d330a340 (DEFAULT_TABLE table=default.table_74aadf10b70a4fde90da4bae4581230c [id=f8e9831459d14bec9182e6ee15d459f5]), partition=RANGE (key) PARTITION UNBOUNDED
I20260812 08:03:22.176221 25991 data_dirs.cc:400] Could only allocate 1 dirs of requested 3 for tablet 4bcd3c617db04b169149fdc9d330a340. 1 dirs total, 0 dirs full, 0 dirs failed
I20260812 08:03:22.179222 26690 tablet_bootstrap.cc:492] T 4bcd3c617db04b169149fdc9d330a340 P b5d9c956e1d2482db794404115dd6e75: Bootstrap starting.
I20260812 08:03:22.180440 26690 tablet_bootstrap.cc:654] T 4bcd3c617db04b169149fdc9d330a340 P b5d9c956e1d2482db794404115dd6e75: Neither blocks nor log segments found. Creating new log.
I20260812 08:03:22.181517 27398 log.cc:826] T 00000000000000000000000000000000 P b1b0ac55aa9e4e2f863c9950f0b3c9cb: Log is configured to *not* fsync() on all Append() calls
I20260812 08:03:22.182529 26690 tablet_bootstrap.cc:492] T 4bcd3c617db04b169149fdc9d330a340 P b5d9c956e1d2482db794404115dd6e75: No bootstrap required, opened a new log
I20260812 08:03:22.182633 26690 ts_tablet_manager.cc:1403] T 4bcd3c617db04b169149fdc9d330a340 P b5d9c956e1d2482db794404115dd6e75: Time spent bootstrapping tablet: real 0.003s	user 0.001s	sys 0.001s
I20260812 08:03:22.183180 25667 heartbeater.cc:344] Connected to a master server at 127.24.5.126:33359
I20260812 08:03:22.183280 26690 raft_consensus.cc:359] T 4bcd3c617db04b169149fdc9d330a340 P b5d9c956e1d2482db794404115dd6e75 [term 0 FOLLOWER]: Replica starting. Triggering 0 pending ops. Active config: opid_index: -1 OBSOLETE_local: false peers { permanent_uuid: "216ee959f7bb4587a9e259d11f0a4ca5" member_type: VOTER last_known_addr { host: "127.24.5.65" port: 37961 } } peers { permanent_uuid: "b5d9c956e1d2482db794404115dd6e75" member_type: VOTER last_known_addr { host: "127.24.5.66" port: 39391 } } peers { permanent_uuid: "a95408e59f244450a36a1233c55e6793" member_type: VOTER last_known_addr { host: "127.24.5.67" port: 40285 } }
I20260812 08:03:22.183387 26690 raft_consensus.cc:385] T 4bcd3c617db04b169149fdc9d330a340 P b5d9c956e1d2482db794404115dd6e75 [term 0 FOLLOWER]: Consensus starting up: Expiring failure detector timer to make a prompt election more likely
I20260812 08:03:22.183415 26690 raft_consensus.cc:740] T 4bcd3c617db04b169149fdc9d330a340 P b5d9c956e1d2482db794404115dd6e75 [term 0 FOLLOWER]: Becoming Follower/Learner. State: Replica: b5d9c956e1d2482db794404115dd6e75, State: Initialized, Role: FOLLOWER
I20260812 08:03:22.183573 26690 consensus_queue.cc:260] T 4bcd3c617db04b169149fdc9d330a340 P b5d9c956e1d2482db794404115dd6e75 [NON_LEADER]: Queue going to NON_LEADER mode. State: All replicated index: 0, Majority replicated index: 0, Committed index: 0, Last appended: 0.0, Last appended by leader: 0, Current term: 0, Majority size: -1, State: 0, Mode: NON_LEADER, active raft config: opid_index: -1 OBSOLETE_local: false peers { permanent_uuid: "216ee959f7bb4587a9e259d11f0a4ca5" member_type: VOTER last_known_addr { host: "127.24.5.65" port: 37961 } } peers { permanent_uuid: "b5d9c956e1d2482db794404115dd6e75" member_type: VOTER last_known_addr { host: "127.24.5.66" port: 39391 } } peers { permanent_uuid: "a95408e59f244450a36a1233c55e6793" member_type: VOTER last_known_addr { host: "127.24.5.67" port: 40285 } }
I20260812 08:03:22.186223 26694 tablet_bootstrap.cc:492] T 44eba488a54e489388613c6faea2df64 P a95408e59f244450a36a1233c55e6793: No bootstrap required, opened a new log
I20260812 08:03:22.186362 26694 ts_tablet_manager.cc:1403] T 44eba488a54e489388613c6faea2df64 P a95408e59f244450a36a1233c55e6793: Time spent bootstrapping tablet: real 0.033s	user 0.000s	sys 0.002s
I20260812 08:03:22.186865 26694 raft_consensus.cc:359] T 44eba488a54e489388613c6faea2df64 P a95408e59f244450a36a1233c55e6793 [term 0 FOLLOWER]: Replica starting. Triggering 0 pending ops. Active config: opid_index: -1 OBSOLETE_local: false peers { permanent_uuid: "216ee959f7bb4587a9e259d11f0a4ca5" member_type: VOTER last_known_addr { host: "127.24.5.65" port: 37961 } } peers { permanent_uuid: "b5d9c956e1d2482db794404115dd6e75" member_type: VOTER last_known_addr { host: "127.24.5.66" port: 39391 } } peers { permanent_uuid: "a95408e59f244450a36a1233c55e6793" member_type: VOTER last_known_addr { host: "127.24.5.67" port: 40285 } }
I20260812 08:03:22.186966 26694 raft_consensus.cc:385] T 44eba488a54e489388613c6faea2df64 P a95408e59f244450a36a1233c55e6793 [term 0 FOLLOWER]: Consensus starting up: Expiring failure detector timer to make a prompt election more likely
I20260812 08:03:22.186995 26694 raft_consensus.cc:740] T 44eba488a54e489388613c6faea2df64 P a95408e59f244450a36a1233c55e6793 [term 0 FOLLOWER]: Becoming Follower/Learner. State: Replica: a95408e59f244450a36a1233c55e6793, State: Initialized, Role: FOLLOWER
I20260812 08:03:22.187122 26694 consensus_queue.cc:260] T 44eba488a54e489388613c6faea2df64 P a95408e59f244450a36a1233c55e6793 [NON_LEADER]: Queue going to NON_LEADER mode. State: All replicated index: 0, Majority replicated index: 0, Committed index: 0, Last appended: 0.0, Last appended by leader: 0, Current term: 0, Majority size: -1, State: 0, Mode: NON_LEADER, active raft config: opid_index: -1 OBSOLETE_local: false peers { permanent_uuid: "216ee959f7bb4587a9e259d11f0a4ca5" member_type: VOTER last_known_addr { host: "127.24.5.65" port: 37961 } } peers { permanent_uuid: "b5d9c956e1d2482db794404115dd6e75" member_type: VOTER last_known_addr { host: "127.24.5.66" port: 39391 } } peers { permanent_uuid: "a95408e59f244450a36a1233c55e6793" member_type: VOTER last_known_addr { host: "127.24.5.67" port: 40285 } }
I20260812 08:03:22.187430 26694 ts_tablet_manager.cc:1434] T 44eba488a54e489388613c6faea2df64 P a95408e59f244450a36a1233c55e6793: Time spent starting tablet: real 0.001s	user 0.000s	sys 0.001s
I20260812 08:03:22.187626 26694 tablet_bootstrap.cc:492] T 4bcd3c617db04b169149fdc9d330a340 P a95408e59f244450a36a1233c55e6793: Bootstrap starting.
I20260812 08:03:22.190110 26694 tablet_bootstrap.cc:654] T 4bcd3c617db04b169149fdc9d330a340 P a95408e59f244450a36a1233c55e6793: Neither blocks nor log segments found. Creating new log.
I20260812 08:03:22.191417 26690 ts_tablet_manager.cc:1434] T 4bcd3c617db04b169149fdc9d330a340 P b5d9c956e1d2482db794404115dd6e75: Time spent starting tablet: real 0.009s	user 0.001s	sys 0.000s
I20260812 08:03:22.193226 26691 tablet_bootstrap.cc:492] T 44eba488a54e489388613c6faea2df64 P 216ee959f7bb4587a9e259d11f0a4ca5: No bootstrap required, opened a new log
I20260812 08:03:22.193338 26691 ts_tablet_manager.cc:1403] T 44eba488a54e489388613c6faea2df64 P 216ee959f7bb4587a9e259d11f0a4ca5: Time spent bootstrapping tablet: real 0.064s	user 0.002s	sys 0.000s
I20260812 08:03:22.193938 26691 raft_consensus.cc:359] T 44eba488a54e489388613c6faea2df64 P 216ee959f7bb4587a9e259d11f0a4ca5 [term 0 FOLLOWER]: Replica starting. Triggering 0 pending ops. Active config: opid_index: -1 OBSOLETE_local: false peers { permanent_uuid: "216ee959f7bb4587a9e259d11f0a4ca5" member_type: VOTER last_known_addr { host: "127.24.5.65" port: 37961 } } peers { permanent_uuid: "b5d9c956e1d2482db794404115dd6e75" member_type: VOTER last_known_addr { host: "127.24.5.66" port: 39391 } } peers { permanent_uuid: "a95408e59f244450a36a1233c55e6793" member_type: VOTER last_known_addr { host: "127.24.5.67" port: 40285 } }
I20260812 08:03:22.194052 26691 raft_consensus.cc:385] T 44eba488a54e489388613c6faea2df64 P 216ee959f7bb4587a9e259d11f0a4ca5 [term 0 FOLLOWER]: Consensus starting up: Expiring failure detector timer to make a prompt election more likely
I20260812 08:03:22.194079 26691 raft_consensus.cc:740] T 44eba488a54e489388613c6faea2df64 P 216ee959f7bb4587a9e259d11f0a4ca5 [term 0 FOLLOWER]: Becoming Follower/Learner. State: Replica: 216ee959f7bb4587a9e259d11f0a4ca5, State: Initialized, Role: FOLLOWER
I20260812 08:03:22.194208 26691 consensus_queue.cc:260] T 44eba488a54e489388613c6faea2df64 P 216ee959f7bb4587a9e259d11f0a4ca5 [NON_LEADER]: Queue going to NON_LEADER mode. State: All replicated index: 0, Majority replicated index: 0, Committed index: 0, Last appended: 0.0, Last appended by leader: 0, Current term: 0, Majority size: -1, State: 0, Mode: NON_LEADER, active raft config: opid_index: -1 OBSOLETE_local: false peers { permanent_uuid: "216ee959f7bb4587a9e259d11f0a4ca5" member_type: VOTER last_known_addr { host: "127.24.5.65" port: 37961 } } peers { permanent_uuid: "b5d9c956e1d2482db794404115dd6e75" member_type: VOTER last_known_addr { host: "127.24.5.66" port: 39391 } } peers { permanent_uuid: "a95408e59f244450a36a1233c55e6793" member_type: VOTER last_known_addr { host: "127.24.5.67" port: 40285 } }
I20260812 08:03:22.194525 26691 ts_tablet_manager.cc:1434] T 44eba488a54e489388613c6faea2df64 P 216ee959f7bb4587a9e259d11f0a4ca5: Time spent starting tablet: real 0.001s	user 0.001s	sys 0.000s
I20260812 08:03:22.194736 26691 tablet_bootstrap.cc:492] T 4bcd3c617db04b169149fdc9d330a340 P 216ee959f7bb4587a9e259d11f0a4ca5: Bootstrap starting.
I20260812 08:03:22.195024 25667 heartbeater.cc:344] Connected to a master server at 127.24.5.126:33359
I20260812 08:03:22.195899 26691 tablet_bootstrap.cc:654] T 4bcd3c617db04b169149fdc9d330a340 P 216ee959f7bb4587a9e259d11f0a4ca5: Neither blocks nor log segments found. Creating new log.
I20260812 08:03:22.196941 27020 raft_consensus.cc:493] T 44eba488a54e489388613c6faea2df64 P b5d9c956e1d2482db794404115dd6e75 [term 0 FOLLOWER]: Starting pre-election (no leader contacted us within the election timeout)
I20260812 08:03:22.197047 27020 raft_consensus.cc:515] T 44eba488a54e489388613c6faea2df64 P b5d9c956e1d2482db794404115dd6e75 [term 0 FOLLOWER]: Starting pre-election with config: opid_index: -1 OBSOLETE_local: false peers { permanent_uuid: "216ee959f7bb4587a9e259d11f0a4ca5" member_type: VOTER last_known_addr { host: "127.24.5.65" port: 37961 } } peers { permanent_uuid: "b5d9c956e1d2482db794404115dd6e75" member_type: VOTER last_known_addr { host: "127.24.5.66" port: 39391 } } peers { permanent_uuid: "a95408e59f244450a36a1233c55e6793" member_type: VOTER last_known_addr { host: "127.24.5.67" port: 40285 } }
I20260812 08:03:22.197474 27020 leader_election.cc:290] T 44eba488a54e489388613c6faea2df64 P b5d9c956e1d2482db794404115dd6e75 [CANDIDATE]: Term 1 pre-election: Requested pre-vote from peers 216ee959f7bb4587a9e259d11f0a4ca5 (127.24.5.65:37961), a95408e59f244450a36a1233c55e6793 (127.24.5.67:40285)
I20260812 08:03:22.197971 26017 tablet_service.cc:1917] Received RequestConsensusVote() RPC: tablet_id: "44eba488a54e489388613c6faea2df64" candidate_uuid: "b5d9c956e1d2482db794404115dd6e75" candidate_term: 1 candidate_status { last_received { term: 0 index: 0 } } ignore_live_leader: false dest_uuid: "a95408e59f244450a36a1233c55e6793" is_pre_election: true
I20260812 08:03:22.198108 26017 raft_consensus.cc:2468] T 44eba488a54e489388613c6faea2df64 P a95408e59f244450a36a1233c55e6793 [term 0 FOLLOWER]: Leader pre-election vote request: Granting yes vote for candidate b5d9c956e1d2482db794404115dd6e75 in term 0.
I20260812 08:03:22.198448 25707 leader_election.cc:304] T 44eba488a54e489388613c6faea2df64 P b5d9c956e1d2482db794404115dd6e75 [CANDIDATE]: Term 1 pre-election: Election decided. Result: candidate won. Election summary: received 2 responses out of 3 voters: 2 yes votes; 0 no votes. yes voters: a95408e59f244450a36a1233c55e6793, b5d9c956e1d2482db794404115dd6e75; no voters: 
I20260812 08:03:22.201335 25594 tablet_service.cc:1917] Received RequestConsensusVote() RPC: tablet_id: "44eba488a54e489388613c6faea2df64" candidate_uuid: "b5d9c956e1d2482db794404115dd6e75" candidate_term: 1 candidate_status { last_received { term: 0 index: 0 } } ignore_live_leader: false dest_uuid: "216ee959f7bb4587a9e259d11f0a4ca5" is_pre_election: true
I20260812 08:03:22.201491 25594 raft_consensus.cc:2468] T 44eba488a54e489388613c6faea2df64 P 216ee959f7bb4587a9e259d11f0a4ca5 [term 0 FOLLOWER]: Leader pre-election vote request: Granting yes vote for candidate b5d9c956e1d2482db794404115dd6e75 in term 0.
I20260812 08:03:22.201557 27020 raft_consensus.cc:2804] T 44eba488a54e489388613c6faea2df64 P b5d9c956e1d2482db794404115dd6e75 [term 0 FOLLOWER]: Leader pre-election won for term 1
I20260812 08:03:22.201609 27020 raft_consensus.cc:493] T 44eba488a54e489388613c6faea2df64 P b5d9c956e1d2482db794404115dd6e75 [term 0 FOLLOWER]: Starting leader election (no leader contacted us within the election timeout)
I20260812 08:03:22.201646 27020 raft_consensus.cc:3060] T 44eba488a54e489388613c6faea2df64 P b5d9c956e1d2482db794404115dd6e75 [term 0 FOLLOWER]: Advancing to term 1
I20260812 08:03:22.202785 27020 raft_consensus.cc:515] T 44eba488a54e489388613c6faea2df64 P b5d9c956e1d2482db794404115dd6e75 [term 1 FOLLOWER]: Starting leader election with config: opid_index: -1 OBSOLETE_local: false peers { permanent_uuid: "216ee959f7bb4587a9e259d11f0a4ca5" member_type: VOTER last_known_addr { host: "127.24.5.65" port: 37961 } } peers { permanent_uuid: "b5d9c956e1d2482db794404115dd6e75" member_type: VOTER last_known_addr { host: "127.24.5.66" port: 39391 } } peers { permanent_uuid: "a95408e59f244450a36a1233c55e6793" member_type: VOTER last_known_addr { host: "127.24.5.67" port: 40285 } }
I20260812 08:03:22.203186 27020 leader_election.cc:290] T 44eba488a54e489388613c6faea2df64 P b5d9c956e1d2482db794404115dd6e75 [CANDIDATE]: Term 1 election: Requested vote from peers 216ee959f7bb4587a9e259d11f0a4ca5 (127.24.5.65:37961), a95408e59f244450a36a1233c55e6793 (127.24.5.67:40285)
I20260812 08:03:22.203670 26017 tablet_service.cc:1917] Received RequestConsensusVote() RPC: tablet_id: "44eba488a54e489388613c6faea2df64" candidate_uuid: "b5d9c956e1d2482db794404115dd6e75" candidate_term: 1 candidate_status { last_received { term: 0 index: 0 } } ignore_live_leader: false dest_uuid: "a95408e59f244450a36a1233c55e6793"
I20260812 08:03:22.203819 26017 raft_consensus.cc:3060] T 44eba488a54e489388613c6faea2df64 P a95408e59f244450a36a1233c55e6793 [term 0 FOLLOWER]: Advancing to term 1
I20260812 08:03:22.204847 26017 raft_consensus.cc:2468] T 44eba488a54e489388613c6faea2df64 P a95408e59f244450a36a1233c55e6793 [term 1 FOLLOWER]: Leader election vote request: Granting yes vote for candidate b5d9c956e1d2482db794404115dd6e75 in term 1.
I20260812 08:03:22.205266 25707 leader_election.cc:304] T 44eba488a54e489388613c6faea2df64 P b5d9c956e1d2482db794404115dd6e75 [CANDIDATE]: Term 1 election: Election decided. Result: candidate won. Election summary: received 2 responses out of 3 voters: 2 yes votes; 0 no votes. yes voters: a95408e59f244450a36a1233c55e6793, b5d9c956e1d2482db794404115dd6e75; no voters: 
