I20260812 08:03:20.219626 26690 consensus_queue.cc:260] T 06ebd7ab3c464197947928a57705e481 P b5d9c956e1d2482db794404115dd6e75 [NON_LEADER]: Queue going to NON_LEADER mode. State: All replicated index: 0, Majority replicated index: 0, Committed index: 0, Last appended: 0.0, Last appended by leader: 0, Current term: 0, Majority size: -1, State: 0, Mode: NON_LEADER, active raft config: opid_index: -1 OBSOLETE_local: false peers { permanent_uuid: "a95408e59f244450a36a1233c55e6793" member_type: VOTER last_known_addr { host: "127.24.5.67" port: 40285 } } peers { permanent_uuid: "216ee959f7bb4587a9e259d11f0a4ca5" member_type: VOTER last_known_addr { host: "127.24.5.65" port: 37961 } } peers { permanent_uuid: "b5d9c956e1d2482db794404115dd6e75" member_type: VOTER last_known_addr { host: "127.24.5.66" port: 39391 } }
I20260812 08:03:20.219955 26690 ts_tablet_manager.cc:1434] T 06ebd7ab3c464197947928a57705e481 P b5d9c956e1d2482db794404115dd6e75: Time spent starting tablet: real 0.001s	user 0.001s	sys 0.000s
I20260812 08:03:20.228211 26694 tablet_bootstrap.cc:492] T 06ebd7ab3c464197947928a57705e481 P a95408e59f244450a36a1233c55e6793: No bootstrap required, opened a new log
I20260812 08:03:20.228364 26694 ts_tablet_manager.cc:1403] T 06ebd7ab3c464197947928a57705e481 P a95408e59f244450a36a1233c55e6793: Time spent bootstrapping tablet: real 0.021s	user 0.003s	sys 0.000s
I20260812 08:03:20.228922 26694 raft_consensus.cc:359] T 06ebd7ab3c464197947928a57705e481 P a95408e59f244450a36a1233c55e6793 [term 0 FOLLOWER]: Replica starting. Triggering 0 pending ops. Active config: opid_index: -1 OBSOLETE_local: false peers { permanent_uuid: "a95408e59f244450a36a1233c55e6793" member_type: VOTER last_known_addr { host: "127.24.5.67" port: 40285 } } peers { permanent_uuid: "216ee959f7bb4587a9e259d11f0a4ca5" member_type: VOTER last_known_addr { host: "127.24.5.65" port: 37961 } } peers { permanent_uuid: "b5d9c956e1d2482db794404115dd6e75" member_type: VOTER last_known_addr { host: "127.24.5.66" port: 39391 } }
I20260812 08:03:20.229054 26694 raft_consensus.cc:385] T 06ebd7ab3c464197947928a57705e481 P a95408e59f244450a36a1233c55e6793 [term 0 FOLLOWER]: Consensus starting up: Expiring failure detector timer to make a prompt election more likely
I20260812 08:03:20.229084 26694 raft_consensus.cc:740] T 06ebd7ab3c464197947928a57705e481 P a95408e59f244450a36a1233c55e6793 [term 0 FOLLOWER]: Becoming Follower/Learner. State: Replica: a95408e59f244450a36a1233c55e6793, State: Initialized, Role: FOLLOWER
I20260812 08:03:20.229216 26694 consensus_queue.cc:260] T 06ebd7ab3c464197947928a57705e481 P a95408e59f244450a36a1233c55e6793 [NON_LEADER]: Queue going to NON_LEADER mode. State: All replicated index: 0, Majority replicated index: 0, Committed index: 0, Last appended: 0.0, Last appended by leader: 0, Current term: 0, Majority size: -1, State: 0, Mode: NON_LEADER, active raft config: opid_index: -1 OBSOLETE_local: false peers { permanent_uuid: "a95408e59f244450a36a1233c55e6793" member_type: VOTER last_known_addr { host: "127.24.5.67" port: 40285 } } peers { permanent_uuid: "216ee959f7bb4587a9e259d11f0a4ca5" member_type: VOTER last_known_addr { host: "127.24.5.65" port: 37961 } } peers { permanent_uuid: "b5d9c956e1d2482db794404115dd6e75" member_type: VOTER last_known_addr { host: "127.24.5.66" port: 39391 } }
I20260812 08:03:20.229521 26694 ts_tablet_manager.cc:1434] T 06ebd7ab3c464197947928a57705e481 P a95408e59f244450a36a1233c55e6793: Time spent starting tablet: real 0.001s	user 0.001s	sys 0.000s
I20260812 08:03:20.232108 25281 catalog_manager.cc:2757] deleted HMS catalog entry for table default.table_979cb445131b41fcad64a33faf2a8fe6 [id=92c02d5a5ab64a6894dabea3374478cf]
I20260812 08:03:20.232782 26691 tablet_bootstrap.cc:492] T 06ebd7ab3c464197947928a57705e481 P 216ee959f7bb4587a9e259d11f0a4ca5: No bootstrap required, opened a new log
I20260812 08:03:20.232906 26691 ts_tablet_manager.cc:1403] T 06ebd7ab3c464197947928a57705e481 P 216ee959f7bb4587a9e259d11f0a4ca5: Time spent bootstrapping tablet: real 0.041s	user 0.000s	sys 0.003s
I20260812 08:03:20.233525 26691 raft_consensus.cc:359] T 06ebd7ab3c464197947928a57705e481 P 216ee959f7bb4587a9e259d11f0a4ca5 [term 0 FOLLOWER]: Replica starting. Triggering 0 pending ops. Active config: opid_index: -1 OBSOLETE_local: false peers { permanent_uuid: "a95408e59f244450a36a1233c55e6793" member_type: VOTER last_known_addr { host: "127.24.5.67" port: 40285 } } peers { permanent_uuid: "216ee959f7bb4587a9e259d11f0a4ca5" member_type: VOTER last_known_addr { host: "127.24.5.65" port: 37961 } } peers { permanent_uuid: "b5d9c956e1d2482db794404115dd6e75" member_type: VOTER last_known_addr { host: "127.24.5.66" port: 39391 } }
I20260812 08:03:20.233695 26691 raft_consensus.cc:385] T 06ebd7ab3c464197947928a57705e481 P 216ee959f7bb4587a9e259d11f0a4ca5 [term 0 FOLLOWER]: Consensus starting up: Expiring failure detector timer to make a prompt election more likely
I20260812 08:03:20.233745 26691 raft_consensus.cc:740] T 06ebd7ab3c464197947928a57705e481 P 216ee959f7bb4587a9e259d11f0a4ca5 [term 0 FOLLOWER]: Becoming Follower/Learner. State: Replica: 216ee959f7bb4587a9e259d11f0a4ca5, State: Initialized, Role: FOLLOWER
I20260812 08:03:20.233892 26691 consensus_queue.cc:260] T 06ebd7ab3c464197947928a57705e481 P 216ee959f7bb4587a9e259d11f0a4ca5 [NON_LEADER]: Queue going to NON_LEADER mode. State: All replicated index: 0, Majority replicated index: 0, Committed index: 0, Last appended: 0.0, Last appended by leader: 0, Current term: 0, Majority size: -1, State: 0, Mode: NON_LEADER, active raft config: opid_index: -1 OBSOLETE_local: false peers { permanent_uuid: "a95408e59f244450a36a1233c55e6793" member_type: VOTER last_known_addr { host: "127.24.5.67" port: 40285 } } peers { permanent_uuid: "216ee959f7bb4587a9e259d11f0a4ca5" member_type: VOTER last_known_addr { host: "127.24.5.65" port: 37961 } } peers { permanent_uuid: "b5d9c956e1d2482db794404115dd6e75" member_type: VOTER last_known_addr { host: "127.24.5.66" port: 39391 } }
I20260812 08:03:20.234210 26691 ts_tablet_manager.cc:1434] T 06ebd7ab3c464197947928a57705e481 P 216ee959f7bb4587a9e259d11f0a4ca5: Time spent starting tablet: real 0.001s	user 0.002s	sys 0.000s
I20260812 08:03:20.247988 26369 consensus_queue.cc:1048] T 99985c3ebe364cdfb8028387539fd211 P 216ee959f7bb4587a9e259d11f0a4ca5 [LEADER]: Connected to new peer: Peer: permanent_uuid: "b5d9c956e1d2482db794404115dd6e75" member_type: VOTER last_known_addr { host: "127.24.5.66" port: 39391 }, Status: LMP_MISMATCH, Last received: 0.0, Next index: 1, Last known committed idx: 0, Time since last communication: 0.000s
I20260812 08:03:20.248181 26866 consensus_queue.cc:1048] T 99985c3ebe364cdfb8028387539fd211 P 216ee959f7bb4587a9e259d11f0a4ca5 [LEADER]: Connected to new peer: Peer: permanent_uuid: "a95408e59f244450a36a1233c55e6793" member_type: VOTER last_known_addr { host: "127.24.5.67" port: 40285 }, Status: LMP_MISMATCH, Last received: 0.0, Next index: 1, Last known committed idx: 0, Time since last communication: 0.000s
W20260812 08:03:20.250106 25440 catalog_manager.cc:5979] Failed to send alter table request: Not found: failed to reset TS proxy: No leader found: Tablet 1be192fdd5c74aa082778f8447e292e0 consensus state has no leader
I20260812 08:03:20.250619 25440 catalog_manager.cc:2798] Deleting table default.table_979cb445131b41fcad64a33faf2a8fe6 [id=92c02d5a5ab64a6894dabea3374478cf] in response to Hive Metastore notification log event 50
I20260812 08:03:20.266359 25440 catalog_manager.cc:6006] T 00000000000000000000000000000000 P e5f92e08bb444d31a2d391f7c335e55f: Sending DeleteTablet for 3 replicas of tablet 2819ec6fb1b740dd8dbffeb1f0a592e8
W20260812 08:03:20.267493 25294 catalog_manager.cc:7099] The number of live tablet servers is not enough to re-replicate a tablet replica of the newly created table default.table_186798913c7749f9b39e906af8de6c7b in case of a server failure: 4 tablet servers would be needed, 3 are available. Consider bringing up more tablet servers.
I20260812 08:03:20.268855 25560 tablet_service.cc:1558] Processing DeleteTablet for tablet 2819ec6fb1b740dd8dbffeb1f0a592e8 with delete_type TABLET_DATA_DELETED (Table deleted at 2026-08-12 08:03:20 UTC) from {username='slave'} at 127.0.0.1:36634
I20260812 08:03:20.268829 25786 tablet_service.cc:1558] Processing DeleteTablet for tablet 2819ec6fb1b740dd8dbffeb1f0a592e8 with delete_type TABLET_DATA_DELETED (Table deleted at 2026-08-12 08:03:20 UTC) from {username='slave'} at 127.0.0.1:51742
I20260812 08:03:20.269083 26900 tablet_replica.cc:333] T 2819ec6fb1b740dd8dbffeb1f0a592e8 P 216ee959f7bb4587a9e259d11f0a4ca5: stopping tablet replica
I20260812 08:03:20.269075 26903 tablet_replica.cc:333] T 2819ec6fb1b740dd8dbffeb1f0a592e8 P b5d9c956e1d2482db794404115dd6e75: stopping tablet replica
I20260812 08:03:20.269250 26903 raft_consensus.cc:2243] T 2819ec6fb1b740dd8dbffeb1f0a592e8 P b5d9c956e1d2482db794404115dd6e75 [term 1 FOLLOWER]: Raft consensus shutting down.
I20260812 08:03:20.269253 26900 raft_consensus.cc:2243] T 2819ec6fb1b740dd8dbffeb1f0a592e8 P 216ee959f7bb4587a9e259d11f0a4ca5 [term 1 LEADER]: Raft consensus shutting down.
I20260812 08:03:20.269385 26903 raft_consensus.cc:2272] T 2819ec6fb1b740dd8dbffeb1f0a592e8 P b5d9c956e1d2482db794404115dd6e75 [term 1 FOLLOWER]: Raft consensus is shut down!
I20260812 08:03:20.269495 26900 raft_consensus.cc:2272] T 2819ec6fb1b740dd8dbffeb1f0a592e8 P 216ee959f7bb4587a9e259d11f0a4ca5 [term 1 FOLLOWER]: Raft consensus is shut down!
I20260812 08:03:20.269845 26903 ts_tablet_manager.cc:1916] T 2819ec6fb1b740dd8dbffeb1f0a592e8 P b5d9c956e1d2482db794404115dd6e75: Deleting tablet data with delete state TABLET_DATA_DELETED
I20260812 08:03:20.270068 26900 ts_tablet_manager.cc:1916] T 2819ec6fb1b740dd8dbffeb1f0a592e8 P 216ee959f7bb4587a9e259d11f0a4ca5: Deleting tablet data with delete state TABLET_DATA_DELETED
I20260812 08:03:20.272121 26903 ts_tablet_manager.cc:1929] T 2819ec6fb1b740dd8dbffeb1f0a592e8 P b5d9c956e1d2482db794404115dd6e75: tablet deleted with delete type TABLET_DATA_DELETED: last-logged OpId 1.2
I20260812 08:03:20.272189 26903 log.cc:1199] T 2819ec6fb1b740dd8dbffeb1f0a592e8 P b5d9c956e1d2482db794404115dd6e75: Deleting WAL directory at /tmp/dist-test-taskirC7GK/test-tmp/master-stress-test.2.CatalogManagerConfigurations_MasterStressTest.Test_2.1786521771129533-24597-0/minicluster-data/ts-1/wal/wals/2819ec6fb1b740dd8dbffeb1f0a592e8
I20260812 08:03:20.272440 26903 ts_tablet_manager.cc:1950] T 2819ec6fb1b740dd8dbffeb1f0a592e8 P b5d9c956e1d2482db794404115dd6e75: Deleting consensus metadata
I20260812 08:03:20.272537 26900 ts_tablet_manager.cc:1929] T 2819ec6fb1b740dd8dbffeb1f0a592e8 P 216ee959f7bb4587a9e259d11f0a4ca5: tablet deleted with delete type TABLET_DATA_DELETED: last-logged OpId 1.2
I20260812 08:03:20.272605 26900 log.cc:1199] T 2819ec6fb1b740dd8dbffeb1f0a592e8 P 216ee959f7bb4587a9e259d11f0a4ca5: Deleting WAL directory at /tmp/dist-test-taskirC7GK/test-tmp/master-stress-test.2.CatalogManagerConfigurations_MasterStressTest.Test_2.1786521771129533-24597-0/minicluster-data/ts-0/wal/wals/2819ec6fb1b740dd8dbffeb1f0a592e8
I20260812 08:03:20.272848 26900 ts_tablet_manager.cc:1950] T 2819ec6fb1b740dd8dbffeb1f0a592e8 P 216ee959f7bb4587a9e259d11f0a4ca5: Deleting consensus metadata
I20260812 08:03:20.273520 25274 catalog_manager.cc:5050] TS b5d9c956e1d2482db794404115dd6e75 (127.24.5.66:39391): tablet 2819ec6fb1b740dd8dbffeb1f0a592e8 (table default.table_979cb445131b41fcad64a33faf2a8fe6 [id=92c02d5a5ab64a6894dabea3374478cf]) successfully deleted
I20260812 08:03:20.274139 25992 tablet_service.cc:1558] Processing DeleteTablet for tablet 2819ec6fb1b740dd8dbffeb1f0a592e8 with delete_type TABLET_DATA_DELETED (Table deleted at 2026-08-12 08:03:20 UTC) from {username='slave'} at 127.0.0.1:56522
I20260812 08:03:20.274382 26906 tablet_replica.cc:333] T 2819ec6fb1b740dd8dbffeb1f0a592e8 P a95408e59f244450a36a1233c55e6793: stopping tablet replica
I20260812 08:03:20.274528 26906 raft_consensus.cc:2243] T 2819ec6fb1b740dd8dbffeb1f0a592e8 P a95408e59f244450a36a1233c55e6793 [term 1 FOLLOWER]: Raft consensus shutting down.
I20260812 08:03:20.274667 26906 raft_consensus.cc:2272] T 2819ec6fb1b740dd8dbffeb1f0a592e8 P a95408e59f244450a36a1233c55e6793 [term 1 FOLLOWER]: Raft consensus is shut down!
I20260812 08:03:20.275081 26906 ts_tablet_manager.cc:1916] T 2819ec6fb1b740dd8dbffeb1f0a592e8 P a95408e59f244450a36a1233c55e6793: Deleting tablet data with delete state TABLET_DATA_DELETED
I20260812 08:03:20.278342 25274 catalog_manager.cc:5050] TS 216ee959f7bb4587a9e259d11f0a4ca5 (127.24.5.65:37961): tablet 2819ec6fb1b740dd8dbffeb1f0a592e8 (table default.table_979cb445131b41fcad64a33faf2a8fe6 [id=92c02d5a5ab64a6894dabea3374478cf]) successfully deleted
I20260812 08:03:20.279335 26906 ts_tablet_manager.cc:1929] T 2819ec6fb1b740dd8dbffeb1f0a592e8 P a95408e59f244450a36a1233c55e6793: tablet deleted with delete type TABLET_DATA_DELETED: last-logged OpId 1.2
I20260812 08:03:20.279484 26906 log.cc:1199] T 2819ec6fb1b740dd8dbffeb1f0a592e8 P a95408e59f244450a36a1233c55e6793: Deleting WAL directory at /tmp/dist-test-taskirC7GK/test-tmp/master-stress-test.2.CatalogManagerConfigurations_MasterStressTest.Test_2.1786521771129533-24597-0/minicluster-data/ts-2/wal/wals/2819ec6fb1b740dd8dbffeb1f0a592e8
I20260812 08:03:20.279815 26906 ts_tablet_manager.cc:1950] T 2819ec6fb1b740dd8dbffeb1f0a592e8 P a95408e59f244450a36a1233c55e6793: Deleting consensus metadata
I20260812 08:03:20.281355 25273 catalog_manager.cc:5050] TS a95408e59f244450a36a1233c55e6793 (127.24.5.67:40285): tablet 2819ec6fb1b740dd8dbffeb1f0a592e8 (table default.table_979cb445131b41fcad64a33faf2a8fe6 [id=92c02d5a5ab64a6894dabea3374478cf]) successfully deleted
I20260812 08:03:20.319478 26890 raft_consensus.cc:493] T 0c9979af20ed4f65ad1d4977075bdf8d P b5d9c956e1d2482db794404115dd6e75 [term 0 FOLLOWER]: Starting pre-election (no leader contacted us within the election timeout)
I20260812 08:03:20.319669 26890 raft_consensus.cc:515] T 0c9979af20ed4f65ad1d4977075bdf8d P b5d9c956e1d2482db794404115dd6e75 [term 0 FOLLOWER]: Starting pre-election with config: opid_index: -1 OBSOLETE_local: false peers { permanent_uuid: "216ee959f7bb4587a9e259d11f0a4ca5" member_type: VOTER last_known_addr { host: "127.24.5.65" port: 37961 } } peers { permanent_uuid: "b5d9c956e1d2482db794404115dd6e75" member_type: VOTER last_known_addr { host: "127.24.5.66" port: 39391 } } peers { permanent_uuid: "a95408e59f244450a36a1233c55e6793" member_type: VOTER last_known_addr { host: "127.24.5.67" port: 40285 } }
I20260812 08:03:20.320195 26890 leader_election.cc:290] T 0c9979af20ed4f65ad1d4977075bdf8d P b5d9c956e1d2482db794404115dd6e75 [CANDIDATE]: Term 1 pre-election: Requested pre-vote from peers 216ee959f7bb4587a9e259d11f0a4ca5 (127.24.5.65:37961), a95408e59f244450a36a1233c55e6793 (127.24.5.67:40285)
I20260812 08:03:20.321084 25596 tablet_service.cc:1917] Received RequestConsensusVote() RPC: tablet_id: "0c9979af20ed4f65ad1d4977075bdf8d" candidate_uuid: "b5d9c956e1d2482db794404115dd6e75" candidate_term: 1 candidate_status { last_received { term: 0 index: 0 } } ignore_live_leader: false dest_uuid: "216ee959f7bb4587a9e259d11f0a4ca5" is_pre_election: true
I20260812 08:03:20.321259 25596 raft_consensus.cc:2468] T 0c9979af20ed4f65ad1d4977075bdf8d P 216ee959f7bb4587a9e259d11f0a4ca5 [term 0 FOLLOWER]: Leader pre-election vote request: Granting yes vote for candidate b5d9c956e1d2482db794404115dd6e75 in term 0.
I20260812 08:03:20.321765 26019 tablet_service.cc:1917] Received RequestConsensusVote() RPC: tablet_id: "0c9979af20ed4f65ad1d4977075bdf8d" candidate_uuid: "b5d9c956e1d2482db794404115dd6e75" candidate_term: 1 candidate_status { last_received { term: 0 index: 0 } } ignore_live_leader: false dest_uuid: "a95408e59f244450a36a1233c55e6793" is_pre_election: true
I20260812 08:03:20.321930 26019 raft_consensus.cc:2468] T 0c9979af20ed4f65ad1d4977075bdf8d P a95408e59f244450a36a1233c55e6793 [term 0 FOLLOWER]: Leader pre-election vote request: Granting yes vote for candidate b5d9c956e1d2482db794404115dd6e75 in term 0.
I20260812 08:03:20.322377 25707 leader_election.cc:304] T 0c9979af20ed4f65ad1d4977075bdf8d P b5d9c956e1d2482db794404115dd6e75 [CANDIDATE]: Term 1 pre-election: Election decided. Result: candidate won. Election summary: received 2 responses out of 3 voters: 2 yes votes; 0 no votes. yes voters: a95408e59f244450a36a1233c55e6793, b5d9c956e1d2482db794404115dd6e75; no voters: 
I20260812 08:03:20.322803 26890 raft_consensus.cc:2804] T 0c9979af20ed4f65ad1d4977075bdf8d P b5d9c956e1d2482db794404115dd6e75 [term 0 FOLLOWER]: Leader pre-election won for term 1
I20260812 08:03:20.322872 26890 raft_consensus.cc:493] T 0c9979af20ed4f65ad1d4977075bdf8d P b5d9c956e1d2482db794404115dd6e75 [term 0 FOLLOWER]: Starting leader election (no leader contacted us within the election timeout)
I20260812 08:03:20.322916 26890 raft_consensus.cc:3060] T 0c9979af20ed4f65ad1d4977075bdf8d P b5d9c956e1d2482db794404115dd6e75 [term 0 FOLLOWER]: Advancing to term 1
I20260812 08:03:20.324748 26890 raft_consensus.cc:515] T 0c9979af20ed4f65ad1d4977075bdf8d P b5d9c956e1d2482db794404115dd6e75 [term 1 FOLLOWER]: Starting leader election with config: opid_index: -1 OBSOLETE_local: false peers { permanent_uuid: "216ee959f7bb4587a9e259d11f0a4ca5" member_type: VOTER last_known_addr { host: "127.24.5.65" port: 37961 } } peers { permanent_uuid: "b5d9c956e1d2482db794404115dd6e75" member_type: VOTER last_known_addr { host: "127.24.5.66" port: 39391 } } peers { permanent_uuid: "a95408e59f244450a36a1233c55e6793" member_type: VOTER last_known_addr { host: "127.24.5.67" port: 40285 } }
I20260812 08:03:20.325412 26890 leader_election.cc:290] T 0c9979af20ed4f65ad1d4977075bdf8d P b5d9c956e1d2482db794404115dd6e75 [CANDIDATE]: Term 1 election: Requested vote from peers 216ee959f7bb4587a9e259d11f0a4ca5 (127.24.5.65:37961), a95408e59f244450a36a1233c55e6793 (127.24.5.67:40285)
I20260812 08:03:20.325940 25596 tablet_service.cc:1917] Received RequestConsensusVote() RPC: tablet_id: "0c9979af20ed4f65ad1d4977075bdf8d" candidate_uuid: "b5d9c956e1d2482db794404115dd6e75" candidate_term: 1 candidate_status { last_received { term: 0 index: 0 } } ignore_live_leader: false dest_uuid: "216ee959f7bb4587a9e259d11f0a4ca5"
I20260812 08:03:20.326073 25596 raft_consensus.cc:3060] T 0c9979af20ed4f65ad1d4977075bdf8d P 216ee959f7bb4587a9e259d11f0a4ca5 [term 0 FOLLOWER]: Advancing to term 1
I20260812 08:03:20.327183 25596 raft_consensus.cc:2468] T 0c9979af20ed4f65ad1d4977075bdf8d P 216ee959f7bb4587a9e259d11f0a4ca5 [term 1 FOLLOWER]: Leader election vote request: Granting yes vote for candidate b5d9c956e1d2482db794404115dd6e75 in term 1.
I20260812 08:03:20.327754 26019 tablet_service.cc:1917] Received RequestConsensusVote() RPC: tablet_id: "0c9979af20ed4f65ad1d4977075bdf8d" candidate_uuid: "b5d9c956e1d2482db794404115dd6e75" candidate_term: 1 candidate_status { last_received { term: 0 index: 0 } } ignore_live_leader: false dest_uuid: "a95408e59f244450a36a1233c55e6793"
I20260812 08:03:20.328001 26019 raft_consensus.cc:3060] T 0c9979af20ed4f65ad1d4977075bdf8d P a95408e59f244450a36a1233c55e6793 [term 0 FOLLOWER]: Advancing to term 1
I20260812 08:03:20.329042 26019 raft_consensus.cc:2468] T 0c9979af20ed4f65ad1d4977075bdf8d P a95408e59f244450a36a1233c55e6793 [term 1 FOLLOWER]: Leader election vote request: Granting yes vote for candidate b5d9c956e1d2482db794404115dd6e75 in term 1.
I20260812 08:03:20.329783 25708 leader_election.cc:304] T 0c9979af20ed4f65ad1d4977075bdf8d P b5d9c956e1d2482db794404115dd6e75 [CANDIDATE]: Term 1 election: Election decided. Result: candidate won. Election summary: received 2 responses out of 3 voters: 2 yes votes; 0 no votes. yes voters: 216ee959f7bb4587a9e259d11f0a4ca5, b5d9c956e1d2482db794404115dd6e75; no voters: 
I20260812 08:03:20.330144 26890 raft_consensus.cc:2804] T 0c9979af20ed4f65ad1d4977075bdf8d P b5d9c956e1d2482db794404115dd6e75 [term 1 FOLLOWER]: Leader election won for term 1
I20260812 08:03:20.330231 26890 raft_consensus.cc:697] T 0c9979af20ed4f65ad1d4977075bdf8d P b5d9c956e1d2482db794404115dd6e75 [term 1 LEADER]: Becoming Leader. State: Replica: b5d9c956e1d2482db794404115dd6e75, State: Running, Role: LEADER
I20260812 08:03:20.330384 26890 consensus_queue.cc:237] T 0c9979af20ed4f65ad1d4977075bdf8d P b5d9c956e1d2482db794404115dd6e75 [LEADER]: Queue going to LEADER mode. State: All replicated index: 0, Majority replicated index: 0, Committed index: 0, Last appended: 0.0, Last appended by leader: 0, Current term: 1, Majority size: 2, State: 0, Mode: LEADER, active raft config: opid_index: -1 OBSOLETE_local: false peers { permanent_uuid: "216ee959f7bb4587a9e259d11f0a4ca5" member_type: VOTER last_known_addr { host: "127.24.5.65" port: 37961 } } peers { permanent_uuid: "b5d9c956e1d2482db794404115dd6e75" member_type: VOTER last_known_addr { host: "127.24.5.66" port: 39391 } } peers { permanent_uuid: "a95408e59f244450a36a1233c55e6793" member_type: VOTER last_known_addr { host: "127.24.5.67" port: 40285 } }
I20260812 08:03:20.352566 27092 consensus_queue.cc:1048] T ddcd625b9c9045779154e1f6e18b65a7 P 216ee959f7bb4587a9e259d11f0a4ca5 [LEADER]: Connected to new peer: Peer: permanent_uuid: "a95408e59f244450a36a1233c55e6793" member_type: VOTER last_known_addr { host: "127.24.5.67" port: 40285 }, Status: LMP_MISMATCH, Last received: 0.0, Next index: 1, Last known committed idx: 0, Time since last communication: 0.000s
I20260812 08:03:20.352790 26248 consensus_queue.cc:1048] T b213efc148904b7bb5baddcdb002f60d P a95408e59f244450a36a1233c55e6793 [LEADER]: Connected to new peer: Peer: permanent_uuid: "b5d9c956e1d2482db794404115dd6e75" member_type: VOTER last_known_addr { host: "127.24.5.66" port: 39391 }, Status: LMP_MISMATCH, Last received: 0.0, Next index: 1, Last known committed idx: 0, Time since last communication: 0.000s
I20260812 08:03:20.357745 25285 catalog_manager.cc:3528] renamed table default.table_ac3cc55a8b2842e386e280c3ecb2ceec [id=aaa62e841dfb44d298470e21bcdc7c67] in HMS: new name default.table_1de3912b2702480b82e0a90f773f6269
I20260812 08:03:20.378007 26369 consensus_queue.cc:1048] T ddcd625b9c9045779154e1f6e18b65a7 P 216ee959f7bb4587a9e259d11f0a4ca5 [LEADER]: Connected to new peer: Peer: permanent_uuid: "b5d9c956e1d2482db794404115dd6e75" member_type: VOTER last_known_addr { host: "127.24.5.66" port: 39391 }, Status: LMP_MISMATCH, Last received: 0.0, Next index: 1, Last known committed idx: 0, Time since last communication: 0.000s
I20260812 08:03:20.387974 26198 consensus_queue.cc:1048] T b213efc148904b7bb5baddcdb002f60d P a95408e59f244450a36a1233c55e6793 [LEADER]: Connected to new peer: Peer: permanent_uuid: "216ee959f7bb4587a9e259d11f0a4ca5" member_type: VOTER last_known_addr { host: "127.24.5.65" port: 37961 }, Status: LMP_MISMATCH, Last received: 0.0, Next index: 1, Last known committed idx: 0, Time since last communication: 0.000s
I20260812 08:03:20.428695 25282 catalog_manager.cc:3528] renamed table default.table_8ed018b1f17146f2899b3976b6084459 [id=6a79ef185ccd4218a2282a5cab2ed453] in HMS: new name default.table_f7dde8331cdc40e98058436a53d7877b
I20260812 08:03:20.445873 26248 consensus_queue.cc:1048] T b7e8a01845514a5592a603728d0a9b1a P a95408e59f244450a36a1233c55e6793 [LEADER]: Connected to new peer: Peer: permanent_uuid: "b5d9c956e1d2482db794404115dd6e75" member_type: VOTER last_known_addr { host: "127.24.5.66" port: 39391 }, Status: LMP_MISMATCH, Last received: 0.0, Next index: 1, Last known committed idx: 0, Time since last communication: 0.000s
I20260812 08:03:20.461723 26864 raft_consensus.cc:493] T 06ebd7ab3c464197947928a57705e481 P 216ee959f7bb4587a9e259d11f0a4ca5 [term 0 FOLLOWER]: Starting pre-election (no leader contacted us within the election timeout)
I20260812 08:03:20.461946 26864 raft_consensus.cc:515] T 06ebd7ab3c464197947928a57705e481 P 216ee959f7bb4587a9e259d11f0a4ca5 [term 0 FOLLOWER]: Starting pre-election with config: opid_index: -1 OBSOLETE_local: false peers { permanent_uuid: "a95408e59f244450a36a1233c55e6793" member_type: VOTER last_known_addr { host: "127.24.5.67" port: 40285 } } peers { permanent_uuid: "216ee959f7bb4587a9e259d11f0a4ca5" member_type: VOTER last_known_addr { host: "127.24.5.65" port: 37961 } } peers { permanent_uuid: "b5d9c956e1d2482db794404115dd6e75" member_type: VOTER last_known_addr { host: "127.24.5.66" port: 39391 } }
I20260812 08:03:20.462549 26864 leader_election.cc:290] T 06ebd7ab3c464197947928a57705e481 P 216ee959f7bb4587a9e259d11f0a4ca5 [CANDIDATE]: Term 1 pre-election: Requested pre-vote from peers a95408e59f244450a36a1233c55e6793 (127.24.5.67:40285), b5d9c956e1d2482db794404115dd6e75 (127.24.5.66:39391)
I20260812 08:03:20.464496 26019 tablet_service.cc:1917] Received RequestConsensusVote() RPC: tablet_id: "06ebd7ab3c464197947928a57705e481" candidate_uuid: "216ee959f7bb4587a9e259d11f0a4ca5" candidate_term: 1 candidate_status { last_received { term: 0 index: 0 } } ignore_live_leader: false dest_uuid: "a95408e59f244450a36a1233c55e6793" is_pre_election: true
I20260812 08:03:20.464872 26019 raft_consensus.cc:2468] T 06ebd7ab3c464197947928a57705e481 P a95408e59f244450a36a1233c55e6793 [term 0 FOLLOWER]: Leader pre-election vote request: Granting yes vote for candidate 216ee959f7bb4587a9e259d11f0a4ca5 in term 0.
I20260812 08:03:20.466753 25493 leader_election.cc:304] T 06ebd7ab3c464197947928a57705e481 P 216ee959f7bb4587a9e259d11f0a4ca5 [CANDIDATE]: Term 1 pre-election: Election decided. Result: candidate won. Election summary: received 2 responses out of 3 voters: 2 yes votes; 0 no votes. yes voters: 216ee959f7bb4587a9e259d11f0a4ca5, a95408e59f244450a36a1233c55e6793; no voters: 
I20260812 08:03:20.467161 25816 tablet_service.cc:1917] Received RequestConsensusVote() RPC: tablet_id: "06ebd7ab3c464197947928a57705e481" candidate_uuid: "216ee959f7bb4587a9e259d11f0a4ca5" candidate_term: 1 candidate_status { last_received { term: 0 index: 0 } } ignore_live_leader: false dest_uuid: "b5d9c956e1d2482db794404115dd6e75" is_pre_election: true
I20260812 08:03:20.467299 25816 raft_consensus.cc:2468] T 06ebd7ab3c464197947928a57705e481 P b5d9c956e1d2482db794404115dd6e75 [term 0 FOLLOWER]: Leader pre-election vote request: Granting yes vote for candidate 216ee959f7bb4587a9e259d11f0a4ca5 in term 0.
I20260812 08:03:20.468361 27009 consensus_queue.cc:1048] T b7e8a01845514a5592a603728d0a9b1a P a95408e59f244450a36a1233c55e6793 [LEADER]: Connected to new peer: Peer: permanent_uuid: "216ee959f7bb4587a9e259d11f0a4ca5" member_type: VOTER last_known_addr { host: "127.24.5.65" port: 37961 }, Status: LMP_MISMATCH, Last received: 0.0, Next index: 1, Last known committed idx: 0, Time since last communication: 0.000s
I20260812 08:03:20.470492 26369 raft_consensus.cc:2804] T 06ebd7ab3c464197947928a57705e481 P 216ee959f7bb4587a9e259d11f0a4ca5 [term 0 FOLLOWER]: Leader pre-election won for term 1
I20260812 08:03:20.470583 26369 raft_consensus.cc:493] T 06ebd7ab3c464197947928a57705e481 P 216ee959f7bb4587a9e259d11f0a4ca5 [term 0 FOLLOWER]: Starting leader election (no leader contacted us within the election timeout)
I20260812 08:03:20.470633 26369 raft_consensus.cc:3060] T 06ebd7ab3c464197947928a57705e481 P 216ee959f7bb4587a9e259d11f0a4ca5 [term 0 FOLLOWER]: Advancing to term 1
I20260812 08:03:20.471740 26369 raft_consensus.cc:515] T 06ebd7ab3c464197947928a57705e481 P 216ee959f7bb4587a9e259d11f0a4ca5 [term 1 FOLLOWER]: Starting leader election with config: opid_index: -1 OBSOLETE_local: false peers { permanent_uuid: "a95408e59f244450a36a1233c55e6793" member_type: VOTER last_known_addr { host: "127.24.5.67" port: 40285 } } peers { permanent_uuid: "216ee959f7bb4587a9e259d11f0a4ca5" member_type: VOTER last_known_addr { host: "127.24.5.65" port: 37961 } } peers { permanent_uuid: "b5d9c956e1d2482db794404115dd6e75" member_type: VOTER last_known_addr { host: "127.24.5.66" port: 39391 } }
I20260812 08:03:20.472229 26369 leader_election.cc:290] T 06ebd7ab3c464197947928a57705e481 P 216ee959f7bb4587a9e259d11f0a4ca5 [CANDIDATE]: Term 1 election: Requested vote from peers a95408e59f244450a36a1233c55e6793 (127.24.5.67:40285), b5d9c956e1d2482db794404115dd6e75 (127.24.5.66:39391)
I20260812 08:03:20.473748 25816 tablet_service.cc:1917] Received RequestConsensusVote() RPC: tablet_id: "06ebd7ab3c464197947928a57705e481" candidate_uuid: "216ee959f7bb4587a9e259d11f0a4ca5" candidate_term: 1 candidate_status { last_received { term: 0 index: 0 } } ignore_live_leader: false dest_uuid: "b5d9c956e1d2482db794404115dd6e75"
I20260812 08:03:20.473937 25816 raft_consensus.cc:3060] T 06ebd7ab3c464197947928a57705e481 P b5d9c956e1d2482db794404115dd6e75 [term 0 FOLLOWER]: Advancing to term 1
I20260812 08:03:20.475163 25816 raft_consensus.cc:2468] T 06ebd7ab3c464197947928a57705e481 P b5d9c956e1d2482db794404115dd6e75 [term 1 FOLLOWER]: Leader election vote request: Granting yes vote for candidate 216ee959f7bb4587a9e259d11f0a4ca5 in term 1.
I20260812 08:03:20.475646 25494 leader_election.cc:304] T 06ebd7ab3c464197947928a57705e481 P 216ee959f7bb4587a9e259d11f0a4ca5 [CANDIDATE]: Term 1 election: Election decided. Result: candidate won. Election summary: received 2 responses out of 3 voters: 2 yes votes; 0 no votes. yes voters: 216ee959f7bb4587a9e259d11f0a4ca5, b5d9c956e1d2482db794404115dd6e75; no voters: 
I20260812 08:03:20.475883 26866 raft_consensus.cc:2804] T 06ebd7ab3c464197947928a57705e481 P 216ee959f7bb4587a9e259d11f0a4ca5 [term 1 FOLLOWER]: Leader election won for term 1
I20260812 08:03:20.475970 26866 raft_consensus.cc:697] T 06ebd7ab3c464197947928a57705e481 P 216ee959f7bb4587a9e259d11f0a4ca5 [term 1 LEADER]: Becoming Leader. State: Replica: 216ee959f7bb4587a9e259d11f0a4ca5, State: Running, Role: LEADER
I20260812 08:03:20.476032 25295 catalog_manager.cc:2200] created HMS catalog entry for table  [id=f2b50d0f21bb42d594fe329271045de0]
I20260812 08:03:20.476298 26866 consensus_queue.cc:237] T 06ebd7ab3c464197947928a57705e481 P 216ee959f7bb4587a9e259d11f0a4ca5 [LEADER]: Queue going to LEADER mode. State: All replicated index: 0, Majority replicated index: 0, Committed index: 0, Last appended: 0.0, Last appended by leader: 0, Current term: 1, Majority size: 2, State: 0, Mode: LEADER, active raft config: opid_index: -1 OBSOLETE_local: false peers { permanent_uuid: "a95408e59f244450a36a1233c55e6793" member_type: VOTER last_known_addr { host: "127.24.5.67" port: 40285 } } peers { permanent_uuid: "216ee959f7bb4587a9e259d11f0a4ca5" member_type: VOTER last_known_addr { host: "127.24.5.65" port: 37961 } } peers { permanent_uuid: "b5d9c956e1d2482db794404115dd6e75" member_type: VOTER last_known_addr { host: "127.24.5.66" port: 39391 } }
I20260812 08:03:20.480083 26019 tablet_service.cc:1917] Received RequestConsensusVote() RPC: tablet_id: "06ebd7ab3c464197947928a57705e481" candidate_uuid: "216ee959f7bb4587a9e259d11f0a4ca5" candidate_term: 1 candidate_status { last_received { term: 0 index: 0 } } ignore_live_leader: false dest_uuid: "a95408e59f244450a36a1233c55e6793"
I20260812 08:03:20.480332 26019 raft_consensus.cc:3060] T 06ebd7ab3c464197947928a57705e481 P a95408e59f244450a36a1233c55e6793 [term 0 FOLLOWER]: Advancing to term 1
I20260812 08:03:20.482223 26019 raft_consensus.cc:2468] T 06ebd7ab3c464197947928a57705e481 P a95408e59f244450a36a1233c55e6793 [term 1 FOLLOWER]: Leader election vote request: Granting yes vote for candidate 216ee959f7bb4587a9e259d11f0a4ca5 in term 1.
I20260812 08:03:20.487732 25295 rpcz_store.cc:275] Call kudu.master.MasterService.CreateTable from 127.0.0.1:50112 (request call id 75) took 1437 ms. Trace:
I20260812 08:03:20.487861 25295 rpcz_store.cc:276] 0812 08:03:19.050638 (+     0us) service_pool.cc:167] Inserting onto call queue
0812 08:03:19.737613 (+686975us) service_pool.cc:224] Handling call
0812 08:03:19.970030 (+232417us) catalog_manager.cc:2127] Acquired catalog manager lock
0812 08:03:19.970375 (+   345us) catalog_manager.cc:2173] Created new table and tablet info
0812 08:03:20.476020 (+505645us) catalog_manager.cc:2199] Created new table in HMS catalog
0812 08:03:20.487507 (+ 11487us) catalog_manager.cc:2233] Wrote table and tablets to system table
0812 08:03:20.487612 (+   105us) catalog_manager.cc:2267] Inserted table and tablets into CatalogManager maps
0812 08:03:20.487704 (+    92us) inbound_call.cc:177] Queueing success response
Related trace 'op':
0812 08:03:20.476801 (+     0us) write_op.cc:183] PREPARE: starting on tablet 00000000000000000000000000000000
0812 08:03:20.476989 (+   188us) write_op.cc:432] Acquiring schema lock in shared mode
0812 08:03:20.476995 (+     6us) write_op.cc:435] Acquired schema lock
0812 08:03:20.476997 (+     2us) tablet.cc:662] Decoding operations
0812 08:03:20.477113 (+   116us) write_op.cc:620] Acquiring the partition lock for write op
0812 08:03:20.477128 (+    15us) write_op.cc:641] Partition lock acquired for write op
0812 08:03:20.477131 (+     3us) tablet.cc:685] Acquiring locks for 2 operations
0812 08:03:20.477214 (+    83us) tablet.cc:701] Row locks acquired
0812 08:03:20.477215 (+     1us) write_op.cc:260] PREPARE: finished
0812 08:03:20.477254 (+    39us) write_op.cc:270] Start()
0812 08:03:20.477296 (+    42us) write_op.cc:276] Timestamp: P: 1786521800477182 usec, L: 0
0812 08:03:20.477298 (+     2us) op_driver.cc:348] REPLICATION: starting
0812 08:03:20.477478 (+   180us) log.cc:844] Serialized 433 byte log entry
0812 08:03:20.486943 (+  9465us) op_driver.cc:464] REPLICATION: finished
0812 08:03:20.487050 (+   107us) write_op.cc:301] APPLY: starting
0812 08:03:20.487070 (+    20us) tablet.cc:1367] starting BulkCheckPresence
0812 08:03:20.487107 (+    37us) tablet.cc:1370] finished BulkCheckPresence
0812 08:03:20.487129 (+    22us) tablet.cc:1372] starting ApplyRowOperation cycle
0812 08:03:20.487217 (+    88us) tablet.cc:1383] finished ApplyRowOperation cycle
0812 08:03:20.487249 (+    32us) tablet_metrics.cc:581] ProbeStats: bloom_lookups=0,key_file_lookups=0,delta_file_lookups=0,mrs_lookups=0
0812 08:03:20.487254 (+     5us) write_op.cc:312] APPLY: finished
0812 08:03:20.487327 (+    73us) log.cc:844] Serialized 29 byte log entry
0812 08:03:20.487408 (+    81us) write_op.cc:489] Releasing partition, row and schema locks
0812 08:03:20.487424 (+    16us) write_op.cc:454] Released schema lock
0812 08:03:20.487430 (+     6us) write_op.cc:341] FINISH: Updating metrics
0812 08:03:20.487507 (+    77us) write_op.cc:489] Releasing partition, row and schema locks
0812 08:03:20.487510 (+     3us) write_op.cc:454] Released schema lock
Metrics: {"Hive Metastore.queue_time_us":458226,"Hive Metastore.run_cpu_time_us":237,"Hive Metastore.run_wall_time_us":47135,"child_traces":[["op",{"apply.queue_time_us":56,"apply.run_cpu_time_us":448,"apply.run_wall_time_us":447,"num_ops":2,"prepare.queue_time_us":69,"prepare.run_cpu_time_us":820,"prepare.run_wall_time_us":822,"raft.queue_time_us":1225,"raft.run_cpu_time_us":438,"raft.run_wall_time_us":439,"replication_time_us":9605}]]}
I20260812 08:03:20.502401 25295 catalog_manager.cc:5719] T ea7fd864a69648d09d84da7985c9a359 P 216ee959f7bb4587a9e259d11f0a4ca5 reported cstate change: term changed from 0 to 1, leader changed from <none> to 216ee959f7bb4587a9e259d11f0a4ca5 (127.24.5.65). New cstate: current_term: 1 leader_uuid: "216ee959f7bb4587a9e259d11f0a4ca5" committed_config { opid_index: -1 OBSOLETE_local: false peers { permanent_uuid: "216ee959f7bb4587a9e259d11f0a4ca5" member_type: VOTER last_known_addr { host: "127.24.5.65" port: 37961 } health_report { overall_health: HEALTHY } } peers { permanent_uuid: "b5d9c956e1d2482db794404115dd6e75" member_type: VOTER last_known_addr { host: "127.24.5.66" port: 39391 } health_report { overall_health: UNKNOWN } } peers { permanent_uuid: "a95408e59f244450a36a1233c55e6793" member_type: VOTER last_known_addr { host: "127.24.5.67" port: 40285 } health_report { overall_health: UNKNOWN } } }
I20260812 08:03:20.502710 25295 catalog_manager.cc:5811] TS 216ee959f7bb4587a9e259d11f0a4ca5 (127.24.5.65:37961) does not have the latest schema for tablet ea7fd864a69648d09d84da7985c9a359 (table default.table_ac3cc55a8b2842e386e280c3ecb2ceec [id=aaa62e841dfb44d298470e21bcdc7c67]). Expected version 1 got 0
W20260812 08:03:20.503373 25440 catalog_manager.cc:5979] Failed to send alter table request: Not found: failed to reset TS proxy: No leader found: Tablet ea7fd864a69648d09d84da7985c9a359 consensus state has no leader
I20260812 08:03:20.505126 25560 tablet_service.cc:1511] Processing CreateTablet for tablet 45d04dcaed174300b26ce0de442bcce5 (DEFAULT_TABLE table=default.table_5236682a45d44cbea5073fffbe620375 [id=f2b50d0f21bb42d594fe329271045de0]), partition=RANGE (key) PARTITION UNBOUNDED
I20260812 08:03:20.505270 25786 tablet_service.cc:1511] Processing CreateTablet for tablet 45d04dcaed174300b26ce0de442bcce5 (DEFAULT_TABLE table=default.table_5236682a45d44cbea5073fffbe620375 [id=f2b50d0f21bb42d594fe329271045de0]), partition=RANGE (key) PARTITION UNBOUNDED
I20260812 08:03:20.505471 25560 data_dirs.cc:400] Could only allocate 1 dirs of requested 3 for tablet 45d04dcaed174300b26ce0de442bcce5. 1 dirs total, 0 dirs full, 0 dirs failed
I20260812 08:03:20.505537 25786 data_dirs.cc:400] Could only allocate 1 dirs of requested 3 for tablet 45d04dcaed174300b26ce0de442bcce5. 1 dirs total, 0 dirs full, 0 dirs failed
I20260812 08:03:20.506361 25992 tablet_service.cc:1511] Processing CreateTablet for tablet 45d04dcaed174300b26ce0de442bcce5 (DEFAULT_TABLE table=default.table_5236682a45d44cbea5073fffbe620375 [id=f2b50d0f21bb42d594fe329271045de0]), partition=RANGE (key) PARTITION UNBOUNDED
I20260812 08:03:20.506693 25992 data_dirs.cc:400] Could only allocate 1 dirs of requested 3 for tablet 45d04dcaed174300b26ce0de442bcce5. 1 dirs total, 0 dirs full, 0 dirs failed
I20260812 08:03:20.509050 26694 tablet_bootstrap.cc:492] T 45d04dcaed174300b26ce0de442bcce5 P a95408e59f244450a36a1233c55e6793: Bootstrap starting.
I20260812 08:03:20.510327 26694 tablet_bootstrap.cc:654] T 45d04dcaed174300b26ce0de442bcce5 P a95408e59f244450a36a1233c55e6793: Neither blocks nor log segments found. Creating new log.
I20260812 08:03:20.515020 26690 tablet_bootstrap.cc:492] T 45d04dcaed174300b26ce0de442bcce5 P b5d9c956e1d2482db794404115dd6e75: Bootstrap starting.
I20260812 08:03:20.516347 26690 tablet_bootstrap.cc:654] T 45d04dcaed174300b26ce0de442bcce5 P b5d9c956e1d2482db794404115dd6e75: Neither blocks nor log segments found. Creating new log.
I20260812 08:03:20.519079 26691 tablet_bootstrap.cc:492] T 45d04dcaed174300b26ce0de442bcce5 P 216ee959f7bb4587a9e259d11f0a4ca5: Bootstrap starting.
I20260812 08:03:20.520488 26691 tablet_bootstrap.cc:654] T 45d04dcaed174300b26ce0de442bcce5 P 216ee959f7bb4587a9e259d11f0a4ca5: Neither blocks nor log segments found. Creating new log.
I20260812 08:03:20.523725 25295 catalog_manager.cc:5719] T 01b5fe70be3144a6b26b9bbeff7b6c84 P a95408e59f244450a36a1233c55e6793 reported cstate change: term changed from 0 to 1, leader changed from <none> to a95408e59f244450a36a1233c55e6793 (127.24.5.67). New cstate: current_term: 1 leader_uuid: "a95408e59f244450a36a1233c55e6793" committed_config { opid_index: -1 OBSOLETE_local: false peers { permanent_uuid: "a95408e59f244450a36a1233c55e6793" member_type: VOTER last_known_addr { host: "127.24.5.67" port: 40285 } health_report { overall_health: HEALTHY } } peers { permanent_uuid: "216ee959f7bb4587a9e259d11f0a4ca5" member_type: VOTER last_known_addr { host: "127.24.5.65" port: 37961 } health_report { overall_health: UNKNOWN } } peers { permanent_uuid: "b5d9c956e1d2482db794404115dd6e75" member_type: VOTER last_known_addr { host: "127.24.5.66" port: 39391 } health_report { overall_health: UNKNOWN } } }
I20260812 08:03:20.524087 25295 catalog_manager.cc:5719] T b7e8a01845514a5592a603728d0a9b1a P a95408e59f244450a36a1233c55e6793 reported cstate change: term changed from 0 to 1, leader changed from <none> to a95408e59f244450a36a1233c55e6793 (127.24.5.67). New cstate: current_term: 1 leader_uuid: "a95408e59f244450a36a1233c55e6793" committed_config { opid_index: -1 OBSOLETE_local: false peers { permanent_uuid: "216ee959f7bb4587a9e259d11f0a4ca5" member_type: VOTER last_known_addr { host: "127.24.5.65" port: 37961 } health_report { overall_health: UNKNOWN } } peers { permanent_uuid: "b5d9c956e1d2482db794404115dd6e75" member_type: VOTER last_known_addr { host: "127.24.5.66" port: 39391 } health_report { overall_health: UNKNOWN } } peers { permanent_uuid: "a95408e59f244450a36a1233c55e6793" member_type: VOTER last_known_addr { host: "127.24.5.67" port: 40285 } health_report { overall_health: HEALTHY } } }
I20260812 08:03:20.524251 25295 catalog_manager.cc:5811] TS a95408e59f244450a36a1233c55e6793 (127.24.5.67:40285) does not have the latest schema for tablet b7e8a01845514a5592a603728d0a9b1a (table default.table_97efc60d6f3842d1a2651af7bd92f7de [id=e36cb09147774bb0b587e7b28ef7c19c]). Expected version 3 got 0
I20260812 08:03:20.525246 25294 catalog_manager.cc:2200] created HMS catalog entry for table  [id=a3f28d7ddcc24f9d864d10e5de67e0ed]
W20260812 08:03:20.532640 25286 catalog_manager.cc:7099] The number of live tablet servers is not enough to re-replicate a tablet replica of the newly created table default.table_5a692f8666444e0abf20de16b74af69b in case of a server failure: 4 tablet servers would be needed, 3 are available. Consider bringing up more tablet servers.
W20260812 08:03:20.533499 25289 catalog_manager.cc:7099] The number of live tablet servers is not enough to re-replicate a tablet replica of the newly created table default.table_61e33c9f743949779d03f0f2df0f9a7e in case of a server failure: 4 tablet servers would be needed, 3 are available. Consider bringing up more tablet servers.
I20260812 08:03:20.534440 25287 rpcz_store.cc:275] Call kudu.master.MasterService.AlterTable from 127.0.0.1:50112 (request call id 72) took 1491 ms. Trace:
I20260812 08:03:20.534505 25287 rpcz_store.cc:276] 0812 08:03:19.043250 (+     0us) service_pool.cc:167] Inserting onto call queue
0812 08:03:19.528244 (+484994us) service_pool.cc:224] Handling call
0812 08:03:19.786742 (+258498us) catalog_manager.cc:2419] Looking up, locking, and authorizing table
0812 08:03:20.534085 (+747343us) catalog_manager.cc:2419] Looking up, locking, and authorizing table
0812 08:03:20.534238 (+   153us) catalog_manager.cc:3751] Apply alter schema
0812 08:03:20.534424 (+   186us) inbound_call.cc:177] Queueing success response
Metrics: {"Hive Metastore.queue_time_us":171235,"Hive Metastore.run_cpu_time_us":671,"Hive Metastore.run_wall_time_us":158960}
I20260812 08:03:20.535910 25281 rpcz_store.cc:275] Call kudu.master.MasterService.DeleteTable from 127.0.0.1:50112 (request call id 71) took 1492 ms. Trace:
I20260812 08:03:20.535982 25281 rpcz_store.cc:276] 0812 08:03:19.043184 (+     0us) service_pool.cc:167] Inserting onto call queue
0812 08:03:19.413040 (+369856us) service_pool.cc:224] Handling call
0812 08:03:19.787696 (+374656us) catalog_manager.cc:2419] Looking up, locking, and authorizing table
0812 08:03:20.535891 (+748195us) inbound_call.cc:177] Queueing success response
Metrics: {"Hive Metastore.queue_time_us":357248,"Hive Metastore.run_cpu_time_us":303,"Hive Metastore.run_wall_time_us":86332}
I20260812 08:03:20.538537 25295 catalog_manager.cc:3570] Servicing AlterTable request from {username='slave'} at 127.0.0.1:50112:
table { table_name: "default.Table_14e8ffd40a094e38aa8971d038015aea" } new_table_name: "default.Table_74aadf10b70a4fde90da4bae4581230c" modify_external_catalogs: true
I20260812 08:03:20.539106 26694 tablet_bootstrap.cc:492] T 45d04dcaed174300b26ce0de442bcce5 P a95408e59f244450a36a1233c55e6793: No bootstrap required, opened a new log
I20260812 08:03:20.539089 25287 catalog_manager.cc:5719] T 0c9979af20ed4f65ad1d4977075bdf8d P b5d9c956e1d2482db794404115dd6e75 reported cstate change: term changed from 0 to 1, leader changed from <none> to b5d9c956e1d2482db794404115dd6e75 (127.24.5.66). New cstate: current_term: 1 leader_uuid: "b5d9c956e1d2482db794404115dd6e75" committed_config { opid_index: -1 OBSOLETE_local: false peers { permanent_uuid: "216ee959f7bb4587a9e259d11f0a4ca5" member_type: VOTER last_known_addr { host: "127.24.5.65" port: 37961 } health_report { overall_health: UNKNOWN } } peers { permanent_uuid: "b5d9c956e1d2482db794404115dd6e75" member_type: VOTER last_known_addr { host: "127.24.5.66" port: 39391 } health_report { overall_health: HEALTHY } } peers { permanent_uuid: "a95408e59f244450a36a1233c55e6793" member_type: VOTER last_known_addr { host: "127.24.5.67" port: 40285 } health_report { overall_health: UNKNOWN } } }
I20260812 08:03:20.539247 26694 ts_tablet_manager.cc:1403] T 45d04dcaed174300b26ce0de442bcce5 P a95408e59f244450a36a1233c55e6793: Time spent bootstrapping tablet: real 0.030s	user 0.000s	sys 0.003s
I20260812 08:03:20.539340 25287 catalog_manager.cc:5811] TS b5d9c956e1d2482db794404115dd6e75 (127.24.5.66:39391) does not have the latest schema for tablet b7e8a01845514a5592a603728d0a9b1a (table default.table_97efc60d6f3842d1a2651af7bd92f7de [id=e36cb09147774bb0b587e7b28ef7c19c]). Expected version 3 got 0
I20260812 08:03:20.539892 26694 raft_consensus.cc:359] T 45d04dcaed174300b26ce0de442bcce5 P a95408e59f244450a36a1233c55e6793 [term 0 FOLLOWER]: Replica starting. Triggering 0 pending ops. Active config: opid_index: -1 OBSOLETE_local: false peers { permanent_uuid: "b5d9c956e1d2482db794404115dd6e75" member_type: VOTER last_known_addr { host: "127.24.5.66" port: 39391 } } peers { permanent_uuid: "a95408e59f244450a36a1233c55e6793" member_type: VOTER last_known_addr { host: "127.24.5.67" port: 40285 } } peers { permanent_uuid: "216ee959f7bb4587a9e259d11f0a4ca5" member_type: VOTER last_known_addr { host: "127.24.5.65" port: 37961 } }
I20260812 08:03:20.540025 26694 raft_consensus.cc:385] T 45d04dcaed174300b26ce0de442bcce5 P a95408e59f244450a36a1233c55e6793 [term 0 FOLLOWER]: Consensus starting up: Expiring failure detector timer to make a prompt election more likely
I20260812 08:03:20.540059 26694 raft_consensus.cc:740] T 45d04dcaed174300b26ce0de442bcce5 P a95408e59f244450a36a1233c55e6793 [term 0 FOLLOWER]: Becoming Follower/Learner. State: Replica: a95408e59f244450a36a1233c55e6793, State: Initialized, Role: FOLLOWER
I20260812 08:03:20.540191 26694 consensus_queue.cc:260] T 45d04dcaed174300b26ce0de442bcce5 P a95408e59f244450a36a1233c55e6793 [NON_LEADER]: Queue going to NON_LEADER mode. State: All replicated index: 0, Majority replicated index: 0, Committed index: 0, Last appended: 0.0, Last appended by leader: 0, Current term: 0, Majority size: -1, State: 0, Mode: NON_LEADER, active raft config: opid_index: -1 OBSOLETE_local: false peers { permanent_uuid: "b5d9c956e1d2482db794404115dd6e75" member_type: VOTER last_known_addr { host: "127.24.5.66" port: 39391 } } peers { permanent_uuid: "a95408e59f244450a36a1233c55e6793" member_type: VOTER last_known_addr { host: "127.24.5.67" port: 40285 } } peers { permanent_uuid: "216ee959f7bb4587a9e259d11f0a4ca5" member_type: VOTER last_known_addr { host: "127.24.5.65" port: 37961 } }
I20260812 08:03:20.540463 26694 ts_tablet_manager.cc:1434] T 45d04dcaed174300b26ce0de442bcce5 P a95408e59f244450a36a1233c55e6793: Time spent starting tablet: real 0.001s	user 0.001s	sys 0.000s
I20260812 08:03:20.549968 26691 tablet_bootstrap.cc:492] T 45d04dcaed174300b26ce0de442bcce5 P 216ee959f7bb4587a9e259d11f0a4ca5: No bootstrap required, opened a new log
I20260812 08:03:20.550122 26691 ts_tablet_manager.cc:1403] T 45d04dcaed174300b26ce0de442bcce5 P 216ee959f7bb4587a9e259d11f0a4ca5: Time spent bootstrapping tablet: real 0.031s	user 0.002s	sys 0.000s
I20260812 08:03:20.550777 26691 raft_consensus.cc:359] T 45d04dcaed174300b26ce0de442bcce5 P 216ee959f7bb4587a9e259d11f0a4ca5 [term 0 FOLLOWER]: Replica starting. Triggering 0 pending ops. Active config: opid_index: -1 OBSOLETE_local: false peers { permanent_uuid: "b5d9c956e1d2482db794404115dd6e75" member_type: VOTER last_known_addr { host: "127.24.5.66" port: 39391 } } peers { permanent_uuid: "a95408e59f244450a36a1233c55e6793" member_type: VOTER last_known_addr { host: "127.24.5.67" port: 40285 } } peers { permanent_uuid: "216ee959f7bb4587a9e259d11f0a4ca5" member_type: VOTER last_known_addr { host: "127.24.5.65" port: 37961 } }
I20260812 08:03:20.550905 26691 raft_consensus.cc:385] T 45d04dcaed174300b26ce0de442bcce5 P 216ee959f7bb4587a9e259d11f0a4ca5 [term 0 FOLLOWER]: Consensus starting up: Expiring failure detector timer to make a prompt election more likely
I20260812 08:03:20.550945 26691 raft_consensus.cc:740] T 45d04dcaed174300b26ce0de442bcce5 P 216ee959f7bb4587a9e259d11f0a4ca5 [term 0 FOLLOWER]: Becoming Follower/Learner. State: Replica: 216ee959f7bb4587a9e259d11f0a4ca5, State: Initialized, Role: FOLLOWER
I20260812 08:03:20.551100 26691 consensus_queue.cc:260] T 45d04dcaed174300b26ce0de442bcce5 P 216ee959f7bb4587a9e259d11f0a4ca5 [NON_LEADER]: Queue going to NON_LEADER mode. State: All replicated index: 0, Majority replicated index: 0, Committed index: 0, Last appended: 0.0, Last appended by leader: 0, Current term: 0, Majority size: -1, State: 0, Mode: NON_LEADER, active raft config: opid_index: -1 OBSOLETE_local: false peers { permanent_uuid: "b5d9c956e1d2482db794404115dd6e75" member_type: VOTER last_known_addr { host: "127.24.5.66" port: 39391 } } peers { permanent_uuid: "a95408e59f244450a36a1233c55e6793" member_type: VOTER last_known_addr { host: "127.24.5.67" port: 40285 } } peers { permanent_uuid: "216ee959f7bb4587a9e259d11f0a4ca5" member_type: VOTER last_known_addr { host: "127.24.5.65" port: 37961 } }
I20260812 08:03:20.551433 26691 ts_tablet_manager.cc:1434] T 45d04dcaed174300b26ce0de442bcce5 P 216ee959f7bb4587a9e259d11f0a4ca5: Time spent starting tablet: real 0.001s	user 0.001s	sys 0.000s
I20260812 08:03:20.551707 26690 tablet_bootstrap.cc:492] T 45d04dcaed174300b26ce0de442bcce5 P b5d9c956e1d2482db794404115dd6e75: No bootstrap required, opened a new log
