I20260812 08:00:32.280994 24835 tablet_service.cc:1917] Received RequestConsensusVote() RPC: tablet_id: "a12d50650402488683716909cc273d1e" candidate_uuid: "3e1efe84be134f1bb72a09c4c17aa52f" candidate_term: 4 candidate_status { last_received { term: 3 index: 33 } } ignore_live_leader: false dest_uuid: "dbc6ed4943d5493caaf8b5feba124db1" is_pre_election: true
I20260812 08:00:32.281174 24835 raft_consensus.cc:2393] T a12d50650402488683716909cc273d1e P dbc6ed4943d5493caaf8b5feba124db1 [term 4 FOLLOWER]: Leader pre-election vote request: Denying vote to candidate 3e1efe84be134f1bb72a09c4c17aa52f in current term 4: Already voted for candidate f29b76cef775415dbd2c0997fadb3904 in this term.
I20260812 08:00:32.282087 25564 raft_consensus.cc:2468] T a12d50650402488683716909cc273d1e P e3a0fdc906c74926946b47c61bd5cea5 [term 4 FOLLOWER]: Leader election vote request: Granting yes vote for candidate ada36b19ad0e4386b68527e1ab0ce923 in term 4.
I20260812 08:00:32.282459 23362 external_mini_cluster.cc:1434] Started /tmp/dist-test-taskTcd653/build/debug/bin/kudu as pid 25918
I20260812 08:00:32.282447 24225 tablet_service.cc:1917] Received RequestConsensusVote() RPC: tablet_id: "a12d50650402488683716909cc273d1e" candidate_uuid: "3e1efe84be134f1bb72a09c4c17aa52f" candidate_term: 4 candidate_status { last_received { term: 3 index: 33 } } ignore_live_leader: false dest_uuid: "f29b76cef775415dbd2c0997fadb3904" is_pre_election: true
I20260812 08:00:32.282650 24225 raft_consensus.cc:2393] T a12d50650402488683716909cc273d1e P f29b76cef775415dbd2c0997fadb3904 [term 4 FOLLOWER]: Leader pre-election vote request: Denying vote to candidate 3e1efe84be134f1bb72a09c4c17aa52f in current term 4: Already voted for candidate f29b76cef775415dbd2c0997fadb3904 in this term.
I20260812 08:00:32.283012 25720 leader_election.cc:304] T a12d50650402488683716909cc273d1e P 3e1efe84be134f1bb72a09c4c17aa52f [CANDIDATE]: Term 4 pre-election: Election decided. Result: candidate lost. Election summary: received 5 responses out of 7 voters: 1 yes votes; 4 no votes. yes voters: 3e1efe84be134f1bb72a09c4c17aa52f; no voters: 9dede2273d3a4266a1bf7a5b368080f8, ada36b19ad0e4386b68527e1ab0ce923, dbc6ed4943d5493caaf8b5feba124db1, f29b76cef775415dbd2c0997fadb3904
I20260812 08:00:32.283320 26029 raft_consensus.cc:3060] T a12d50650402488683716909cc273d1e P 3e1efe84be134f1bb72a09c4c17aa52f [term 3 FOLLOWER]: Advancing to term 4
I20260812 08:00:32.278057 25984 log.cc:826] T a12d50650402488683716909cc273d1e P b6d90cd6408d4dc3b47ebf57ca72e91b: Log is configured to *not* fsync() on all Append() calls
I20260812 08:00:32.285853 26029 raft_consensus.cc:2749] T a12d50650402488683716909cc273d1e P 3e1efe84be134f1bb72a09c4c17aa52f [term 4 FOLLOWER]: Leader pre-election lost for term 4. Reason: could not achieve majority
I20260812 08:00:32.287518 25787 tablet_service.cc:1917] Received RequestConsensusVote() RPC: tablet_id: "a12d50650402488683716909cc273d1e" candidate_uuid: "f29b76cef775415dbd2c0997fadb3904" candidate_term: 4 candidate_status { last_received { term: 3 index: 33 } } ignore_live_leader: false dest_uuid: "3e1efe84be134f1bb72a09c4c17aa52f"
I20260812 08:00:32.287469 25788 tablet_service.cc:1917] Received RequestConsensusVote() RPC: tablet_id: "a12d50650402488683716909cc273d1e" candidate_uuid: "f29b76cef775415dbd2c0997fadb3904" candidate_term: 4 candidate_status { last_received { term: 3 index: 33 } } ignore_live_leader: false dest_uuid: "3e1efe84be134f1bb72a09c4c17aa52f" is_pre_election: true
I20260812 08:00:32.288697 25787 raft_consensus.cc:2468] T a12d50650402488683716909cc273d1e P 3e1efe84be134f1bb72a09c4c17aa52f [term 4 FOLLOWER]: Leader election vote request: Granting yes vote for candidate f29b76cef775415dbd2c0997fadb3904 in term 4.
I20260812 08:00:32.290364 24151 leader_election.cc:304] T a12d50650402488683716909cc273d1e P f29b76cef775415dbd2c0997fadb3904 [CANDIDATE]: Term 4 election: Election decided. Result: candidate won. Election summary: received 5 responses out of 7 voters: 4 yes votes; 1 no votes. yes voters: 3e1efe84be134f1bb72a09c4c17aa52f, 9dede2273d3a4266a1bf7a5b368080f8, dbc6ed4943d5493caaf8b5feba124db1, f29b76cef775415dbd2c0997fadb3904; no voters: ada36b19ad0e4386b68527e1ab0ce923
I20260812 08:00:32.290494 25788 tablet_service.cc:1917] Received RequestConsensusVote() RPC: tablet_id: "a12d50650402488683716909cc273d1e" candidate_uuid: "ada36b19ad0e4386b68527e1ab0ce923" candidate_term: 4 candidate_status { last_received { term: 3 index: 33 } } ignore_live_leader: false dest_uuid: "3e1efe84be134f1bb72a09c4c17aa52f"
I20260812 08:00:32.290701 25788 raft_consensus.cc:2393] T a12d50650402488683716909cc273d1e P 3e1efe84be134f1bb72a09c4c17aa52f [term 4 FOLLOWER]: Leader election vote request: Denying vote to candidate ada36b19ad0e4386b68527e1ab0ce923 in current term 4: Already voted for candidate f29b76cef775415dbd2c0997fadb3904 in this term.
I20260812 08:00:32.290834 25787 tablet_service.cc:1917] Received RequestConsensusVote() RPC: tablet_id: "a12d50650402488683716909cc273d1e" candidate_uuid: "ada36b19ad0e4386b68527e1ab0ce923" candidate_term: 4 candidate_status { last_received { term: 3 index: 33 } } ignore_live_leader: false dest_uuid: "3e1efe84be134f1bb72a09c4c17aa52f" is_pre_election: true
I20260812 08:00:32.290987 25787 raft_consensus.cc:2393] T a12d50650402488683716909cc273d1e P 3e1efe84be134f1bb72a09c4c17aa52f [term 4 FOLLOWER]: Leader pre-election vote request: Denying vote to candidate ada36b19ad0e4386b68527e1ab0ce923 in current term 4: Already voted for candidate f29b76cef775415dbd2c0997fadb3904 in this term.
I20260812 08:00:32.291072 24305 leader_election.cc:304] T a12d50650402488683716909cc273d1e P ada36b19ad0e4386b68527e1ab0ce923 [CANDIDATE]: Term 4 election: Election decided. Result: candidate lost. Election summary: received 6 responses out of 7 voters: 2 yes votes; 4 no votes. yes voters: ada36b19ad0e4386b68527e1ab0ce923, e3a0fdc906c74926946b47c61bd5cea5; no voters: 3e1efe84be134f1bb72a09c4c17aa52f, 9dede2273d3a4266a1bf7a5b368080f8, dbc6ed4943d5493caaf8b5feba124db1, f29b76cef775415dbd2c0997fadb3904
I20260812 08:00:32.291393 26022 raft_consensus.cc:2749] T a12d50650402488683716909cc273d1e P ada36b19ad0e4386b68527e1ab0ce923 [term 4 FOLLOWER]: Leader election lost for term 4. Reason: could not achieve majority
I20260812 08:00:32.291654 26017 raft_consensus.cc:2804] T a12d50650402488683716909cc273d1e P f29b76cef775415dbd2c0997fadb3904 [term 4 FOLLOWER]: Leader election won for term 4
I20260812 08:00:32.291709 25564 tablet_service.cc:1917] Received RequestConsensusVote() RPC: tablet_id: "a12d50650402488683716909cc273d1e" candidate_uuid: "f29b76cef775415dbd2c0997fadb3904" candidate_term: 4 candidate_status { last_received { term: 3 index: 33 } } ignore_live_leader: false dest_uuid: "e3a0fdc906c74926946b47c61bd5cea5" is_pre_election: true
I20260812 08:00:32.291738 25559 tablet_service.cc:1917] Received RequestConsensusVote() RPC: tablet_id: "a12d50650402488683716909cc273d1e" candidate_uuid: "f29b76cef775415dbd2c0997fadb3904" candidate_term: 4 candidate_status { last_received { term: 3 index: 33 } } ignore_live_leader: false dest_uuid: "e3a0fdc906c74926946b47c61bd5cea5"
I20260812 08:00:32.291879 26017 raft_consensus.cc:697] T a12d50650402488683716909cc273d1e P f29b76cef775415dbd2c0997fadb3904 [term 4 LEADER]: Becoming Leader. State: Replica: f29b76cef775415dbd2c0997fadb3904, State: Running, Role: LEADER
I20260812 08:00:32.291942 25564 raft_consensus.cc:2393] T a12d50650402488683716909cc273d1e P e3a0fdc906c74926946b47c61bd5cea5 [term 4 FOLLOWER]: Leader pre-election vote request: Denying vote to candidate f29b76cef775415dbd2c0997fadb3904 in current term 4: Already voted for candidate ada36b19ad0e4386b68527e1ab0ce923 in this term.
I20260812 08:00:32.292238 26017 consensus_queue.cc:237] T a12d50650402488683716909cc273d1e P f29b76cef775415dbd2c0997fadb3904 [LEADER]: Queue going to LEADER mode. State: All replicated index: 0, Majority replicated index: 33, Committed index: 33, Last appended: 3.33, Last appended by leader: 33, Current term: 4, Majority size: 4, State: 0, Mode: LEADER, active raft config: opid_index: -1 OBSOLETE_local: false peers { permanent_uuid: "9dede2273d3a4266a1bf7a5b368080f8" member_type: VOTER last_known_addr { host: "127.22.208.131" port: 39533 } } peers { permanent_uuid: "3e1efe84be134f1bb72a09c4c17aa52f" member_type: VOTER last_known_addr { host: "127.22.208.135" port: 33345 } } peers { permanent_uuid: "ada36b19ad0e4386b68527e1ab0ce923" member_type: VOTER last_known_addr { host: "127.22.208.130" port: 36403 } } peers { permanent_uuid: "f29b76cef775415dbd2c0997fadb3904" member_type: VOTER last_known_addr { host: "127.22.208.129" port: 40873 } } peers { permanent_uuid: "dbc6ed4943d5493caaf8b5feba124db1" member_type: VOTER last_known_addr { host: "127.22.208.133" port: 35369 } } peers { permanent_uuid: "b6d90cd6408d4dc3b47ebf57ca72e91b" member_type: VOTER last_known_addr { host: "127.22.208.134" port: 44711 } } peers { permanent_uuid: "e3a0fdc906c74926946b47c61bd5cea5" member_type: VOTER last_known_addr { host: "127.22.208.132" port: 35833 } }
W20260812 08:00:32.294198 25338 log.cc:510] T a12d50650402488683716909cc273d1e P f29b76cef775415dbd2c0997fadb3904: Injecting 125ms of latency in SegmentAllocator::Sync()
I20260812 08:00:32.295935 24054 catalog_manager.cc:5719] T a12d50650402488683716909cc273d1e P f29b76cef775415dbd2c0997fadb3904 reported cstate change: term changed from 3 to 4, leader changed from b6d90cd6408d4dc3b47ebf57ca72e91b (127.22.208.134) to f29b76cef775415dbd2c0997fadb3904 (127.22.208.129). New cstate: current_term: 4 leader_uuid: "f29b76cef775415dbd2c0997fadb3904" committed_config { opid_index: -1 OBSOLETE_local: false peers { permanent_uuid: "9dede2273d3a4266a1bf7a5b368080f8" member_type: VOTER last_known_addr { host: "127.22.208.131" port: 39533 } health_report { overall_health: UNKNOWN } } peers { permanent_uuid: "3e1efe84be134f1bb72a09c4c17aa52f" member_type: VOTER last_known_addr { host: "127.22.208.135" port: 33345 } health_report { overall_health: UNKNOWN } } peers { permanent_uuid: "ada36b19ad0e4386b68527e1ab0ce923" member_type: VOTER last_known_addr { host: "127.22.208.130" port: 36403 } health_report { overall_health: UNKNOWN } } peers { permanent_uuid: "f29b76cef775415dbd2c0997fadb3904" member_type: VOTER last_known_addr { host: "127.22.208.129" port: 40873 } health_report { overall_health: HEALTHY } } peers { permanent_uuid: "dbc6ed4943d5493caaf8b5feba124db1" member_type: VOTER last_known_addr { host: "127.22.208.133" port: 35369 } health_report { overall_health: UNKNOWN } } peers { permanent_uuid: "b6d90cd6408d4dc3b47ebf57ca72e91b" member_type: VOTER last_known_addr { host: "127.22.208.134" port: 44711 } health_report { overall_health: UNKNOWN } } peers { permanent_uuid: "e3a0fdc906c74926946b47c61bd5cea5" member_type: VOTER last_known_addr { host: "127.22.208.132" port: 35833 } health_report { overall_health: UNKNOWN } } }
I20260812 08:00:32.297806 26061 tablet_service.cc:1917] Received RequestConsensusVote() RPC: tablet_id: "a12d50650402488683716909cc273d1e" candidate_uuid: "3e1efe84be134f1bb72a09c4c17aa52f" candidate_term: 4 candidate_status { last_received { term: 3 index: 33 } } ignore_live_leader: false dest_uuid: "b6d90cd6408d4dc3b47ebf57ca72e91b" is_pre_election: true
I20260812 08:00:32.299983 25564 tablet_service.cc:1917] Received RequestConsensusVote() RPC: tablet_id: "a12d50650402488683716909cc273d1e" candidate_uuid: "3e1efe84be134f1bb72a09c4c17aa52f" candidate_term: 4 candidate_status { last_received { term: 3 index: 33 } } ignore_live_leader: false dest_uuid: "e3a0fdc906c74926946b47c61bd5cea5" is_pre_election: true
I20260812 08:00:32.300182 25564 raft_consensus.cc:2393] T a12d50650402488683716909cc273d1e P e3a0fdc906c74926946b47c61bd5cea5 [term 4 FOLLOWER]: Leader pre-election vote request: Denying vote to candidate 3e1efe84be134f1bb72a09c4c17aa52f in current term 4: Already voted for candidate ada36b19ad0e4386b68527e1ab0ce923 in this term.
I20260812 08:00:32.300737 26057 tablet_service.cc:1917] Received RequestConsensusVote() RPC: tablet_id: "a12d50650402488683716909cc273d1e" candidate_uuid: "f29b76cef775415dbd2c0997fadb3904" candidate_term: 4 candidate_status { last_received { term: 3 index: 33 } } ignore_live_leader: false dest_uuid: "b6d90cd6408d4dc3b47ebf57ca72e91b" is_pre_election: true
I20260812 08:00:32.300793 26056 tablet_service.cc:1917] Received RequestConsensusVote() RPC: tablet_id: "a12d50650402488683716909cc273d1e" candidate_uuid: "f29b76cef775415dbd2c0997fadb3904" candidate_term: 4 candidate_status { last_received { term: 3 index: 33 } } ignore_live_leader: false dest_uuid: "b6d90cd6408d4dc3b47ebf57ca72e91b"
W20260812 08:00:32.301167 25723 leader_election.cc:343] T a12d50650402488683716909cc273d1e P 3e1efe84be134f1bb72a09c4c17aa52f [CANDIDATE]: Term 4 pre-election: Tablet error from VoteRequest() call to peer b6d90cd6408d4dc3b47ebf57ca72e91b (127.22.208.134:44711): Illegal state: must be running to vote when last-logged opid is not known
W20260812 08:00:32.301362 24151 leader_election.cc:343] T a12d50650402488683716909cc273d1e P f29b76cef775415dbd2c0997fadb3904 [CANDIDATE]: Term 4 pre-election: Tablet error from VoteRequest() call to peer b6d90cd6408d4dc3b47ebf57ca72e91b (127.22.208.134:44711): Illegal state: must be running to vote when last-logged opid is not known
W20260812 08:00:32.301638 24151 leader_election.cc:343] T a12d50650402488683716909cc273d1e P f29b76cef775415dbd2c0997fadb3904 [CANDIDATE]: Term 4 election: Tablet error from VoteRequest() call to peer b6d90cd6408d4dc3b47ebf57ca72e91b (127.22.208.134:44711): Illegal state: must be running to vote when last-logged opid is not known
I20260812 08:00:32.302515 26057 tablet_service.cc:1917] Received RequestConsensusVote() RPC: tablet_id: "a12d50650402488683716909cc273d1e" candidate_uuid: "ada36b19ad0e4386b68527e1ab0ce923" candidate_term: 4 candidate_status { last_received { term: 3 index: 33 } } ignore_live_leader: false dest_uuid: "b6d90cd6408d4dc3b47ebf57ca72e91b"
I20260812 08:00:32.302515 26056 tablet_service.cc:1917] Received RequestConsensusVote() RPC: tablet_id: "a12d50650402488683716909cc273d1e" candidate_uuid: "ada36b19ad0e4386b68527e1ab0ce923" candidate_term: 4 candidate_status { last_received { term: 3 index: 33 } } ignore_live_leader: false dest_uuid: "b6d90cd6408d4dc3b47ebf57ca72e91b" is_pre_election: true
W20260812 08:00:32.303097 24305 leader_election.cc:343] T a12d50650402488683716909cc273d1e P ada36b19ad0e4386b68527e1ab0ce923 [CANDIDATE]: Term 4 election: Tablet error from VoteRequest() call to peer b6d90cd6408d4dc3b47ebf57ca72e91b (127.22.208.134:44711): Illegal state: must be running to vote when last-logged opid is not known
W20260812 08:00:32.303468 24305 leader_election.cc:343] T a12d50650402488683716909cc273d1e P ada36b19ad0e4386b68527e1ab0ce923 [CANDIDATE]: Term 4 pre-election: Tablet error from VoteRequest() call to peer b6d90cd6408d4dc3b47ebf57ca72e91b (127.22.208.134:44711): Illegal state: must be running to vote when last-logged opid is not known
I20260812 08:00:32.315306 26143 heartbeater.cc:344] Connected to a master server at 127.22.208.190:41383
I20260812 08:00:32.315706 26143 heartbeater.cc:461] Registering TS with master...
I20260812 08:00:32.316423 26143 heartbeater.cc:507] Master 127.22.208.190:41383 requested a full tablet report, sending...
W20260812 08:00:32.319823 24791 tablet_service.cc:731] failed op from {username='slave'} at 127.0.0.1:56186: Illegal state: replica dbc6ed4943d5493caaf8b5feba124db1 is not leader of this config: current role FOLLOWER
I20260812 08:00:32.319919 24052 ts_manager.cc:194] Re-registered known tserver with Master: b6d90cd6408d4dc3b47ebf57ca72e91b (127.22.208.134:44711)
I20260812 08:00:32.321424 24052 master_service.cc:502] Signed X509 certificate for tserver {username='slave'} at 127.22.208.134:48811
W20260812 08:00:32.323123 24791 tablet_service.cc:731] failed op from {username='slave'} at 127.0.0.1:56186: Illegal state: replica dbc6ed4943d5493caaf8b5feba124db1 is not leader of this config: current role FOLLOWER
W20260812 08:00:32.323484 24796 tablet_service.cc:731] failed op from {username='slave'} at 127.0.0.1:56186: Illegal state: replica dbc6ed4943d5493caaf8b5feba124db1 is not leader of this config: current role FOLLOWER
W20260812 08:00:32.324070 24792 tablet_service.cc:731] failed op from {username='slave'} at 127.0.0.1:56186: Illegal state: replica dbc6ed4943d5493caaf8b5feba124db1 is not leader of this config: current role FOLLOWER
W20260812 08:00:32.324571 24801 tablet_service.cc:731] failed op from {username='slave'} at 127.0.0.1:56186: Illegal state: replica dbc6ed4943d5493caaf8b5feba124db1 is not leader of this config: current role FOLLOWER
W20260812 08:00:32.328485 24801 tablet_service.cc:731] failed op from {username='slave'} at 127.0.0.1:56186: Illegal state: replica dbc6ed4943d5493caaf8b5feba124db1 is not leader of this config: current role FOLLOWER
W20260812 08:00:32.329432 24792 tablet_service.cc:731] failed op from {username='slave'} at 127.0.0.1:56186: Illegal state: replica dbc6ed4943d5493caaf8b5feba124db1 is not leader of this config: current role FOLLOWER
W20260812 08:00:32.331476 24792 tablet_service.cc:731] failed op from {username='slave'} at 127.0.0.1:56186: Illegal state: replica dbc6ed4943d5493caaf8b5feba124db1 is not leader of this config: current role FOLLOWER
W20260812 08:00:32.331897 26124 fault_injection.cc:43] FAULT INJECTION ENABLED!
W20260812 08:00:32.331960 26124 fault_injection.cc:44] THIS SERVER MAY CRASH!
I20260812 08:00:32.333140 25564 raft_consensus.cc:1275] T a12d50650402488683716909cc273d1e P e3a0fdc906c74926946b47c61bd5cea5 [term 4 FOLLOWER]: Refusing update from remote peer f29b76cef775415dbd2c0997fadb3904: Log matching property violated. Preceding OpId in replica: term: 3 index: 33. Preceding OpId from leader: term: 4 index: 35. (index mismatch)
I20260812 08:00:32.333629 24835 raft_consensus.cc:1275] T a12d50650402488683716909cc273d1e P dbc6ed4943d5493caaf8b5feba124db1 [term 4 FOLLOWER]: Refusing update from remote peer f29b76cef775415dbd2c0997fadb3904: Log matching property violated. Preceding OpId in replica: term: 3 index: 33. Preceding OpId from leader: term: 4 index: 35. (index mismatch)
W20260812 08:00:32.333685 24151 consensus_peers.cc:597] T a12d50650402488683716909cc273d1e P f29b76cef775415dbd2c0997fadb3904 -> Peer b6d90cd6408d4dc3b47ebf57ca72e91b (127.22.208.134:44711): Couldn't send request to peer b6d90cd6408d4dc3b47ebf57ca72e91b. Error code: TABLET_NOT_RUNNING (12). Status: Illegal state: Tablet not RUNNING: BOOTSTRAPPING. This is attempt 1: this message will repeat every 5th retry.
I20260812 08:00:32.334048 24376 raft_consensus.cc:1275] T a12d50650402488683716909cc273d1e P ada36b19ad0e4386b68527e1ab0ce923 [term 4 FOLLOWER]: Refusing update from remote peer f29b76cef775415dbd2c0997fadb3904: Log matching property violated. Preceding OpId in replica: term: 3 index: 33. Preceding OpId from leader: term: 4 index: 35. (index mismatch)
I20260812 08:00:32.334296 26124 consensus_queue.cc:1048] T a12d50650402488683716909cc273d1e P f29b76cef775415dbd2c0997fadb3904 [LEADER]: Connected to new peer: Peer: permanent_uuid: "e3a0fdc906c74926946b47c61bd5cea5" member_type: VOTER last_known_addr { host: "127.22.208.132" port: 35833 }, Status: LMP_MISMATCH, Last received: 0.0, Next index: 34, Last known committed idx: 33, Time since last communication: 0.000s
I20260812 08:00:32.334833 25984 tablet_bootstrap.cc:492] T a12d50650402488683716909cc273d1e P b6d90cd6408d4dc3b47ebf57ca72e91b: Bootstrap replayed 1/1 log segments. Stats: ops{read=33 overwritten=0 applied=33 ignored=30} inserts{seen=0 ignored=0} mutations{seen=0 ignored=0} orphaned_commits=0. Pending: 0 replicates
I20260812 08:00:32.334794 26124 consensus_queue.cc:1048] T a12d50650402488683716909cc273d1e P f29b76cef775415dbd2c0997fadb3904 [LEADER]: Connected to new peer: Peer: permanent_uuid: "ada36b19ad0e4386b68527e1ab0ce923" member_type: VOTER last_known_addr { host: "127.22.208.130" port: 36403 }, Status: LMP_MISMATCH, Last received: 0.0, Next index: 34, Last known committed idx: 33, Time since last communication: 0.000s
I20260812 08:00:32.335338 25984 tablet_bootstrap.cc:492] T a12d50650402488683716909cc273d1e P b6d90cd6408d4dc3b47ebf57ca72e91b: Bootstrap complete.
W20260812 08:00:32.335529 25984 log.cc:510] T a12d50650402488683716909cc273d1e P b6d90cd6408d4dc3b47ebf57ca72e91b: Injecting 26ms of latency in SegmentAllocator::Sync()
W20260812 08:00:32.336998 25346 log.cc:510] T a12d50650402488683716909cc273d1e P ada36b19ad0e4386b68527e1ab0ce923: Injecting 69ms of latency in SegmentAllocator::Sync()
W20260812 08:00:32.338063 25660 log.cc:510] T a12d50650402488683716909cc273d1e P e3a0fdc906c74926946b47c61bd5cea5: Injecting 150ms of latency in SegmentAllocator::Sync()
I20260812 08:00:32.338331 26143 heartbeater.cc:499] Master 127.22.208.190:41383 was elected leader, sending a full tablet report...
I20260812 08:00:32.339345 24529 raft_consensus.cc:1275] T a12d50650402488683716909cc273d1e P 9dede2273d3a4266a1bf7a5b368080f8 [term 4 FOLLOWER]: Refusing update from remote peer f29b76cef775415dbd2c0997fadb3904: Log matching property violated. Preceding OpId in replica: term: 3 index: 33. Preceding OpId from leader: term: 4 index: 35. (index mismatch)
I20260812 08:00:32.339464 25787 raft_consensus.cc:1275] T a12d50650402488683716909cc273d1e P 3e1efe84be134f1bb72a09c4c17aa52f [term 4 FOLLOWER]: Refusing update from remote peer f29b76cef775415dbd2c0997fadb3904: Log matching property violated. Preceding OpId in replica: term: 3 index: 33. Preceding OpId from leader: term: 4 index: 35. (index mismatch)
I20260812 08:00:32.340400 26157 consensus_queue.cc:1048] T a12d50650402488683716909cc273d1e P f29b76cef775415dbd2c0997fadb3904 [LEADER]: Connected to new peer: Peer: permanent_uuid: "dbc6ed4943d5493caaf8b5feba124db1" member_type: VOTER last_known_addr { host: "127.22.208.133" port: 35369 }, Status: LMP_MISMATCH, Last received: 0.0, Next index: 34, Last known committed idx: 33, Time since last communication: 0.000s
I20260812 08:00:32.340544 26124 consensus_queue.cc:1048] T a12d50650402488683716909cc273d1e P f29b76cef775415dbd2c0997fadb3904 [LEADER]: Connected to new peer: Peer: permanent_uuid: "9dede2273d3a4266a1bf7a5b368080f8" member_type: VOTER last_known_addr { host: "127.22.208.131" port: 39533 }, Status: LMP_MISMATCH, Last received: 0.0, Next index: 34, Last known committed idx: 33, Time since last communication: 0.000s
I20260812 08:00:32.341152 26160 consensus_queue.cc:1048] T a12d50650402488683716909cc273d1e P f29b76cef775415dbd2c0997fadb3904 [LEADER]: Connected to new peer: Peer: permanent_uuid: "3e1efe84be134f1bb72a09c4c17aa52f" member_type: VOTER last_known_addr { host: "127.22.208.135" port: 33345 }, Status: LMP_MISMATCH, Last received: 0.0, Next index: 34, Last known committed idx: 33, Time since last communication: 0.000s
W20260812 08:00:32.343046 25347 log.cc:510] T a12d50650402488683716909cc273d1e P 9dede2273d3a4266a1bf7a5b368080f8: Injecting 37ms of latency in SegmentAllocator::Sync()
W20260812 08:00:32.343372 25339 log.cc:510] T a12d50650402488683716909cc273d1e P dbc6ed4943d5493caaf8b5feba124db1: Injecting 53ms of latency in SegmentAllocator::Sync()
W20260812 08:00:32.344521 25868 log.cc:510] T a12d50650402488683716909cc273d1e P 3e1efe84be134f1bb72a09c4c17aa52f: Injecting 93ms of latency in SegmentAllocator::Sync()
W20260812 08:00:32.344831 24478 tablet_service.cc:731] failed op from {username='slave'} at 127.0.0.1:51550: Illegal state: replica 9dede2273d3a4266a1bf7a5b368080f8 is not leader of this config: current role FOLLOWER
W20260812 08:00:32.347368 24478 tablet_service.cc:731] failed op from {username='slave'} at 127.0.0.1:51550: Illegal state: replica 9dede2273d3a4266a1bf7a5b368080f8 is not leader of this config: current role FOLLOWER
W20260812 08:00:32.349880 24478 tablet_service.cc:731] failed op from {username='slave'} at 127.0.0.1:51550: Illegal state: replica 9dede2273d3a4266a1bf7a5b368080f8 is not leader of this config: current role FOLLOWER
W20260812 08:00:32.354287 24478 tablet_service.cc:731] failed op from {username='slave'} at 127.0.0.1:51550: Illegal state: replica 9dede2273d3a4266a1bf7a5b368080f8 is not leader of this config: current role FOLLOWER
W20260812 08:00:32.361944 25761 tablet_service.cc:731] failed op from {username='slave'} at 127.0.0.1:58402: Illegal state: replica 3e1efe84be134f1bb72a09c4c17aa52f is not leader of this config: current role FOLLOWER
I20260812 08:00:32.362100 25984 ts_tablet_manager.cc:1403] T a12d50650402488683716909cc273d1e P b6d90cd6408d4dc3b47ebf57ca72e91b: Time spent bootstrapping tablet: real 0.118s	user 0.031s	sys 0.005s
W20260812 08:00:32.363480 24328 tablet_service.cc:731] failed op from {username='slave'} at 127.0.0.1:51562: Illegal state: replica ada36b19ad0e4386b68527e1ab0ce923 is not leader of this config: current role FOLLOWER
I20260812 08:00:32.365083 25984 raft_consensus.cc:359] T a12d50650402488683716909cc273d1e P b6d90cd6408d4dc3b47ebf57ca72e91b [term 3 FOLLOWER]: Replica starting. Triggering 0 pending ops. Active config: opid_index: -1 OBSOLETE_local: false peers { permanent_uuid: "9dede2273d3a4266a1bf7a5b368080f8" member_type: VOTER last_known_addr { host: "127.22.208.131" port: 39533 } } peers { permanent_uuid: "3e1efe84be134f1bb72a09c4c17aa52f" member_type: VOTER last_known_addr { host: "127.22.208.135" port: 33345 } } peers { permanent_uuid: "ada36b19ad0e4386b68527e1ab0ce923" member_type: VOTER last_known_addr { host: "127.22.208.130" port: 36403 } } peers { permanent_uuid: "f29b76cef775415dbd2c0997fadb3904" member_type: VOTER last_known_addr { host: "127.22.208.129" port: 40873 } } peers { permanent_uuid: "dbc6ed4943d5493caaf8b5feba124db1" member_type: VOTER last_known_addr { host: "127.22.208.133" port: 35369 } } peers { permanent_uuid: "b6d90cd6408d4dc3b47ebf57ca72e91b" member_type: VOTER last_known_addr { host: "127.22.208.134" port: 44711 } } peers { permanent_uuid: "e3a0fdc906c74926946b47c61bd5cea5" member_type: VOTER last_known_addr { host: "127.22.208.132" port: 35833 } }
I20260812 08:00:32.365552 25984 raft_consensus.cc:740] T a12d50650402488683716909cc273d1e P b6d90cd6408d4dc3b47ebf57ca72e91b [term 3 FOLLOWER]: Becoming Follower/Learner. State: Replica: b6d90cd6408d4dc3b47ebf57ca72e91b, State: Initialized, Role: FOLLOWER
I20260812 08:00:32.366147 25984 consensus_queue.cc:260] T a12d50650402488683716909cc273d1e P b6d90cd6408d4dc3b47ebf57ca72e91b [NON_LEADER]: Queue going to NON_LEADER mode. State: All replicated index: 0, Majority replicated index: 0, Committed index: 33, Last appended: 3.33, Last appended by leader: 33, Current term: 0, Majority size: -1, State: 0, Mode: NON_LEADER, active raft config: opid_index: -1 OBSOLETE_local: false peers { permanent_uuid: "9dede2273d3a4266a1bf7a5b368080f8" member_type: VOTER last_known_addr { host: "127.22.208.131" port: 39533 } } peers { permanent_uuid: "3e1efe84be134f1bb72a09c4c17aa52f" member_type: VOTER last_known_addr { host: "127.22.208.135" port: 33345 } } peers { permanent_uuid: "ada36b19ad0e4386b68527e1ab0ce923" member_type: VOTER last_known_addr { host: "127.22.208.130" port: 36403 } } peers { permanent_uuid: "f29b76cef775415dbd2c0997fadb3904" member_type: VOTER last_known_addr { host: "127.22.208.129" port: 40873 } } peers { permanent_uuid: "dbc6ed4943d5493caaf8b5feba124db1" member_type: VOTER last_known_addr { host: "127.22.208.133" port: 35369 } } peers { permanent_uuid: "b6d90cd6408d4dc3b47ebf57ca72e91b" member_type: VOTER last_known_addr { host: "127.22.208.134" port: 44711 } } peers { permanent_uuid: "e3a0fdc906c74926946b47c61bd5cea5" member_type: VOTER last_known_addr { host: "127.22.208.132" port: 35833 } }
I20260812 08:00:32.367195 25984 ts_tablet_manager.cc:1434] T a12d50650402488683716909cc273d1e P b6d90cd6408d4dc3b47ebf57ca72e91b: Time spent starting tablet: real 0.005s	user 0.003s	sys 0.001s
W20260812 08:00:32.369314 24328 tablet_service.cc:731] failed op from {username='slave'} at 127.0.0.1:51562: Illegal state: replica ada36b19ad0e4386b68527e1ab0ce923 is not leader of this config: current role FOLLOWER
W20260812 08:00:32.375383 25761 tablet_service.cc:731] failed op from {username='slave'} at 127.0.0.1:58402: Illegal state: replica 3e1efe84be134f1bb72a09c4c17aa52f is not leader of this config: current role FOLLOWER
I20260812 08:00:32.376132 26145 maintenance_manager.cc:419] P b6d90cd6408d4dc3b47ebf57ca72e91b: Scheduling UndoDeltaBlockGCOp(a12d50650402488683716909cc273d1e): 368 bytes on disk
I20260812 08:00:32.377270 25982 maintenance_manager.cc:643] P b6d90cd6408d4dc3b47ebf57ca72e91b: UndoDeltaBlockGCOp(a12d50650402488683716909cc273d1e) complete. Timing: real 0.001s	user 0.000s	sys 0.000s Metrics: {"cfile_init":1,"lbm_read_time_us":77,"lbm_reads_lt_1ms":4}
W20260812 08:00:32.383026 25347 log.cc:510] T a12d50650402488683716909cc273d1e P 9dede2273d3a4266a1bf7a5b368080f8: Injecting 6ms of latency in SegmentAllocator::Sync()
W20260812 08:00:32.391548 25347 log.cc:510] T a12d50650402488683716909cc273d1e P 9dede2273d3a4266a1bf7a5b368080f8: Injecting 81ms of latency in SegmentAllocator::Sync()
W20260812 08:00:32.402266 25339 log.cc:510] T a12d50650402488683716909cc273d1e P dbc6ed4943d5493caaf8b5feba124db1: Injecting 59ms of latency in SegmentAllocator::Sync()
W20260812 08:00:32.420614 25338 log.cc:510] T a12d50650402488683716909cc273d1e P f29b76cef775415dbd2c0997fadb3904: Injecting 5ms of latency in SegmentAllocator::Sync()
I20260812 08:00:32.430068 24284 maintenance_manager.cc:419] P f29b76cef775415dbd2c0997fadb3904: Scheduling FlushDeltaMemStoresOp(a12d50650402488683716909cc273d1e): perf score=1.000000
W20260812 08:00:32.436559 25346 log.cc:510] T a12d50650402488683716909cc273d1e P ada36b19ad0e4386b68527e1ab0ce923: Injecting 82ms of latency in SegmentAllocator::Sync()
W20260812 08:00:32.437156 25338 log.cc:510] T a12d50650402488683716909cc273d1e P f29b76cef775415dbd2c0997fadb3904: Injecting 25ms of latency in SegmentAllocator::Sync()
I20260812 08:00:32.442386 26165 mvcc.cc:204] Tried to move back new op lower bound from 7317592606047531008 to 7317592605875482624. Current Snapshot: MvccSnapshot[applied={T|T < 7317592606028800000}]
I20260812 08:00:32.442664 26056 raft_consensus.cc:3060] T a12d50650402488683716909cc273d1e P b6d90cd6408d4dc3b47ebf57ca72e91b [term 3 FOLLOWER]: Advancing to term 4
I20260812 08:00:32.448638 24431 maintenance_manager.cc:419] P ada36b19ad0e4386b68527e1ab0ce923: Scheduling FlushDeltaMemStoresOp(a12d50650402488683716909cc273d1e): perf score=1.000000
W20260812 08:00:32.450716 25868 log.cc:510] T a12d50650402488683716909cc273d1e P 3e1efe84be134f1bb72a09c4c17aa52f: Injecting 25ms of latency in SegmentAllocator::Sync()
W20260812 08:00:32.461030 26183 log.cc:510] T a12d50650402488683716909cc273d1e P b6d90cd6408d4dc3b47ebf57ca72e91b: Injecting 41ms of latency in SegmentAllocator::Sync()
W20260812 08:00:32.463469 25338 log.cc:510] T a12d50650402488683716909cc273d1e P f29b76cef775415dbd2c0997fadb3904: Injecting 162ms of latency in SegmentAllocator::Sync()
I20260812 08:00:32.463994 25858 maintenance_manager.cc:419] P 3e1efe84be134f1bb72a09c4c17aa52f: Scheduling FlushDeltaMemStoresOp(a12d50650402488683716909cc273d1e): perf score=1.000000
I20260812 08:00:32.466073 26182 mvcc.cc:204] Tried to move back new op lower bound from 7317592606308003840 to 7317592605875482624. Current Snapshot: MvccSnapshot[applied={T|T < 7317592606028800000}]
I20260812 08:00:32.468572 26145 maintenance_manager.cc:419] P b6d90cd6408d4dc3b47ebf57ca72e91b: Scheduling FlushDeltaMemStoresOp(a12d50650402488683716909cc273d1e): perf score=1.000000
I20260812 08:00:32.468883 26164 mvcc.cc:204] Tried to move back new op lower bound from 7317592606308003840 to 7317592605875482624. Current Snapshot: MvccSnapshot[applied={T|T < 7317592606028800000}]
W20260812 08:00:32.471589 25339 log.cc:510] T a12d50650402488683716909cc273d1e P dbc6ed4943d5493caaf8b5feba124db1: Injecting 100ms of latency in SegmentAllocator::Sync()
W20260812 08:00:32.476423 25868 log.cc:510] T a12d50650402488683716909cc273d1e P 3e1efe84be134f1bb72a09c4c17aa52f: Injecting 31ms of latency in SegmentAllocator::Sync()
I20260812 08:00:32.478645 26163 mvcc.cc:204] Tried to move back new op lower bound from 7317592606246219776 to 7317592605875482624. Current Snapshot: MvccSnapshot[applied={T|T < 7317592606028800000}]
I20260812 08:00:32.479043 24899 maintenance_manager.cc:419] P dbc6ed4943d5493caaf8b5feba124db1: Scheduling FlushDeltaMemStoresOp(a12d50650402488683716909cc273d1e): perf score=1.000000
I20260812 08:00:32.488444 24587 maintenance_manager.cc:419] P 9dede2273d3a4266a1bf7a5b368080f8: Scheduling FlushDeltaMemStoresOp(a12d50650402488683716909cc273d1e): perf score=1.000000
I20260812 08:00:32.491758 24454 maintenance_manager.cc:643] P 9dede2273d3a4266a1bf7a5b368080f8: FlushDeltaMemStoresOp(a12d50650402488683716909cc273d1e) complete. Timing: real 0.003s	user 0.000s	sys 0.002s Metrics: {"bytes_written":259,"delete_count":10,"lbm_write_time_us":156,"lbm_writes_lt_1ms":4,"reinsert_count":0,"update_count":0}
I20260812 08:00:32.492244 24587 maintenance_manager.cc:419] P 9dede2273d3a4266a1bf7a5b368080f8: Scheduling MinorDeltaCompactionOp(a12d50650402488683716909cc273d1e): perf score=0.002000
W20260812 08:00:32.496230 25347 log.cc:510] T a12d50650402488683716909cc273d1e P 9dede2273d3a4266a1bf7a5b368080f8: Injecting 11ms of latency in SegmentAllocator::Sync()
I20260812 08:00:32.496465 26162 mvcc.cc:204] Tried to move back new op lower bound from 7317592606032957440 to 7317592605875482624. Current Snapshot: MvccSnapshot[applied={T|T < 7317592606028800000}]
W20260812 08:00:32.500195 25660 log.cc:510] T a12d50650402488683716909cc273d1e P e3a0fdc906c74926946b47c61bd5cea5: Injecting 27ms of latency in SegmentAllocator::Sync()
W20260812 08:00:32.503391 26183 log.cc:510] T a12d50650402488683716909cc273d1e P b6d90cd6408d4dc3b47ebf57ca72e91b: Injecting 77ms of latency in SegmentAllocator::Sync()
I20260812 08:00:32.504968 25645 maintenance_manager.cc:419] P e3a0fdc906c74926946b47c61bd5cea5: Scheduling FlushDeltaMemStoresOp(a12d50650402488683716909cc273d1e): perf score=1.000000
W20260812 08:00:32.507994 25868 log.cc:510] T a12d50650402488683716909cc273d1e P 3e1efe84be134f1bb72a09c4c17aa52f: Injecting 23ms of latency in SegmentAllocator::Sync()
I20260812 08:00:32.509279 25724 maintenance_manager.cc:643] P 3e1efe84be134f1bb72a09c4c17aa52f: FlushDeltaMemStoresOp(a12d50650402488683716909cc273d1e) complete. Timing: real 0.045s	user 0.000s	sys 0.001s Metrics: {"bytes_written":249,"delete_count":9,"lbm_write_time_us":231,"lbm_writes_lt_1ms":4,"reinsert_count":0,"update_count":0}
I20260812 08:00:32.509491 24454 maintenance_manager.cc:643] P 9dede2273d3a4266a1bf7a5b368080f8: MinorDeltaCompactionOp(a12d50650402488683716909cc273d1e) complete. Timing: real 0.017s	user 0.005s	sys 0.000s Metrics: {"cfile_cache_hit":2,"cfile_cache_hit_bytes":155,"cfile_cache_miss":2,"cfile_cache_miss_bytes":164,"cfile_init":1,"delete_count":20,"delta_blocks_compacted":2,"delta_iterators_relevant":2,"lbm_read_time_us":79,"lbm_reads_lt_1ms":6,"lbm_write_time_us":132,"lbm_writes_lt_1ms":4,"reinsert_count":0,"thread_start_us":147,"threads_started":1,"update_count":0}
I20260812 08:00:32.509763 25858 maintenance_manager.cc:419] P 3e1efe84be134f1bb72a09c4c17aa52f: Scheduling FlushDeltaMemStoresOp(a12d50650402488683716909cc273d1e): perf score=1.000000
I20260812 08:00:32.510645 24587 maintenance_manager.cc:419] P 9dede2273d3a4266a1bf7a5b368080f8: Scheduling FlushMRSOp(a12d50650402488683716909cc273d1e): perf score=1.000000
W20260812 08:00:32.516089 25347 log.cc:510] T a12d50650402488683716909cc273d1e P 9dede2273d3a4266a1bf7a5b368080f8: Injecting 76ms of latency in SegmentAllocator::Sync()
I20260812 08:00:32.520769 24306 maintenance_manager.cc:643] P ada36b19ad0e4386b68527e1ab0ce923: FlushDeltaMemStoresOp(a12d50650402488683716909cc273d1e) complete. Timing: real 0.072s	user 0.000s	sys 0.002s Metrics: {"bytes_written":212,"delete_count":5,"lbm_write_time_us":146,"lbm_writes_lt_1ms":4,"reinsert_count":0,"update_count":0}
I20260812 08:00:32.521378 24431 maintenance_manager.cc:419] P ada36b19ad0e4386b68527e1ab0ce923: Scheduling FlushDeltaMemStoresOp(a12d50650402488683716909cc273d1e): perf score=1.000000
W20260812 08:00:32.525396 25346 log.cc:510] T a12d50650402488683716909cc273d1e P ada36b19ad0e4386b68527e1ab0ce923: Injecting 13ms of latency in SegmentAllocator::Sync()
W20260812 08:00:32.528410 25660 log.cc:510] T a12d50650402488683716909cc273d1e P e3a0fdc906c74926946b47c61bd5cea5: Injecting 96ms of latency in SegmentAllocator::Sync()
I20260812 08:00:32.532761 25724 maintenance_manager.cc:643] P 3e1efe84be134f1bb72a09c4c17aa52f: FlushDeltaMemStoresOp(a12d50650402488683716909cc273d1e) complete. Timing: real 0.023s	user 0.002s	sys 0.000s Metrics: {"bytes_written":163,"delete_count":1,"lbm_write_time_us":120,"lbm_writes_lt_1ms":4,"reinsert_count":0,"update_count":0}
I20260812 08:00:32.537741 25858 maintenance_manager.cc:419] P 3e1efe84be134f1bb72a09c4c17aa52f: Scheduling FlushMRSOp(a12d50650402488683716909cc273d1e): perf score=1.000000
W20260812 08:00:32.542979 25868 log.cc:510] T a12d50650402488683716909cc273d1e P 3e1efe84be134f1bb72a09c4c17aa52f: Injecting 3ms of latency in SegmentAllocator::Sync()
I20260812 08:00:32.547006 24306 maintenance_manager.cc:643] P ada36b19ad0e4386b68527e1ab0ce923: FlushDeltaMemStoresOp(a12d50650402488683716909cc273d1e) complete. Timing: real 0.018s	user 0.001s	sys 0.001s Metrics: {"bytes_written":212,"delete_count":5,"lbm_write_time_us":151,"lbm_writes_lt_1ms":4,"reinsert_count":0,"update_count":0}
I20260812 08:00:32.547696 24431 maintenance_manager.cc:419] P ada36b19ad0e4386b68527e1ab0ce923: Scheduling FlushMRSOp(a12d50650402488683716909cc273d1e): perf score=1.000000
I20260812 08:00:32.548153 25724 maintenance_manager.cc:643] P 3e1efe84be134f1bb72a09c4c17aa52f: FlushMRSOp(a12d50650402488683716909cc273d1e) complete. Timing: real 0.010s	user 0.005s	sys 0.000s Metrics: {"bytes_written":4892,"cfile_init":1,"drs_written":1,"lbm_read_time_us":58,"lbm_reads_lt_1ms":4,"lbm_write_time_us":535,"lbm_writes_lt_1ms":23,"peak_mem_usage":0,"rows_written":9,"thread_start_us":153,"threads_started":1}
I20260812 08:00:32.548794 25858 maintenance_manager.cc:419] P 3e1efe84be134f1bb72a09c4c17aa52f: Scheduling FlushMRSOp(a12d50650402488683716909cc273d1e): perf score=1.000000
W20260812 08:00:32.552542 25346 log.cc:510] T a12d50650402488683716909cc273d1e P ada36b19ad0e4386b68527e1ab0ce923: Injecting 44ms of latency in SegmentAllocator::Sync()
W20260812 08:00:32.553519 25868 log.cc:510] T a12d50650402488683716909cc273d1e P 3e1efe84be134f1bb72a09c4c17aa52f: Injecting 25ms of latency in SegmentAllocator::Sync()
W20260812 08:00:32.572448 25339 log.cc:510] T a12d50650402488683716909cc273d1e P dbc6ed4943d5493caaf8b5feba124db1: Injecting 25ms of latency in SegmentAllocator::Sync()
I20260812 08:00:32.580407 25724 maintenance_manager.cc:643] P 3e1efe84be134f1bb72a09c4c17aa52f: FlushMRSOp(a12d50650402488683716909cc273d1e) complete. Timing: real 0.031s	user 0.004s	sys 0.000s Metrics: {"bytes_written":4668,"cfile_init":1,"dirs.queue_time_us":210,"dirs.run_cpu_time_us":155,"dirs.run_wall_time_us":941,"drs_written":1,"lbm_read_time_us":48,"lbm_reads_lt_1ms":4,"lbm_write_time_us":606,"lbm_writes_lt_1ms":23,"peak_mem_usage":0,"rows_written":1,"thread_start_us":114,"threads_started":1}
W20260812 08:00:32.581089 26183 log.cc:510] T a12d50650402488683716909cc273d1e P b6d90cd6408d4dc3b47ebf57ca72e91b: Injecting 51ms of latency in SegmentAllocator::Sync()
I20260812 08:00:32.581458 25858 maintenance_manager.cc:419] P 3e1efe84be134f1bb72a09c4c17aa52f: Scheduling CompactRowSetsOp(a12d50650402488683716909cc273d1e): perf score=0.987138
I20260812 08:00:32.582845 25982 maintenance_manager.cc:643] P b6d90cd6408d4dc3b47ebf57ca72e91b: FlushDeltaMemStoresOp(a12d50650402488683716909cc273d1e) complete. Timing: real 0.113s	user 0.007s	sys 0.000s Metrics: {"bytes_written":174,"delete_count":2,"lbm_write_time_us":187,"lbm_writes_lt_1ms":4,"reinsert_count":0,"update_count":0}
I20260812 08:00:32.583405 26145 maintenance_manager.cc:419] P b6d90cd6408d4dc3b47ebf57ca72e91b: Scheduling FlushDeltaMemStoresOp(a12d50650402488683716909cc273d1e): perf score=1.000000
I20260812 08:00:32.593989 24454 maintenance_manager.cc:643] P 9dede2273d3a4266a1bf7a5b368080f8: FlushMRSOp(a12d50650402488683716909cc273d1e) complete. Timing: real 0.083s	user 0.003s	sys 0.002s Metrics: {"bytes_written":4727,"cfile_init":1,"dirs.queue_time_us":2875,"dirs.run_cpu_time_us":205,"dirs.run_wall_time_us":1420,"drs_written":1,"lbm_read_time_us":587,"lbm_reads_lt_1ms":4,"lbm_write_time_us":450,"lbm_writes_lt_1ms":23,"peak_mem_usage":0,"rows_written":4,"thread_start_us":159,"threads_started":1}
I20260812 08:00:32.594748 24587 maintenance_manager.cc:419] P 9dede2273d3a4266a1bf7a5b368080f8: Scheduling FlushMRSOp(a12d50650402488683716909cc273d1e): perf score=1.000000
I20260812 08:00:32.595866 25724 maintenance_manager.cc:643] P 3e1efe84be134f1bb72a09c4c17aa52f: CompactRowSetsOp(a12d50650402488683716909cc273d1e) complete. Timing: real 0.014s	user 0.012s	sys 0.002s Metrics: {"bytes_written":5416,"cfile_cache_hit":23,"cfile_cache_hit_bytes":1512,"cfile_cache_miss":43,"cfile_cache_miss_bytes":3226,"cfile_init":11,"delta_iterators_relevant":12,"drs_written":1,"lbm_read_time_us":1471,"lbm_reads_lt_1ms":87,"lbm_write_time_us":567,"lbm_writes_lt_1ms":26,"num_input_rowsets":3,"peak_mem_usage":98304,"rows_written":30,"thread_start_us":384,"threads_started":5}
I20260812 08:00:32.597420 25858 maintenance_manager.cc:419] P 3e1efe84be134f1bb72a09c4c17aa52f: Scheduling UndoDeltaBlockGCOp(a12d50650402488683716909cc273d1e): 526 bytes on disk
I20260812 08:00:32.597918 25724 maintenance_manager.cc:643] P 3e1efe84be134f1bb72a09c4c17aa52f: UndoDeltaBlockGCOp(a12d50650402488683716909cc273d1e) complete. Timing: real 0.000s	user 0.000s	sys 0.000s Metrics: {"cfile_init":1,"lbm_read_time_us":68,"lbm_reads_lt_1ms":4}
I20260812 08:00:32.599670 24773 maintenance_manager.cc:643] P dbc6ed4943d5493caaf8b5feba124db1: FlushDeltaMemStoresOp(a12d50650402488683716909cc273d1e) complete. Timing: real 0.120s	user 0.002s	sys 0.000s Metrics: {"bytes_written":249,"delete_count":9,"lbm_write_time_us":127,"lbm_writes_lt_1ms":4,"reinsert_count":0,"update_count":0}
I20260812 08:00:32.600797 24899 maintenance_manager.cc:419] P dbc6ed4943d5493caaf8b5feba124db1: Scheduling FlushDeltaMemStoresOp(a12d50650402488683716909cc273d1e): perf score=1.000000
I20260812 08:00:32.600713 24306 maintenance_manager.cc:643] P ada36b19ad0e4386b68527e1ab0ce923: FlushMRSOp(a12d50650402488683716909cc273d1e) complete. Timing: real 0.053s	user 0.003s	sys 0.003s Metrics: {"bytes_written":4908,"cfile_init":1,"dirs.queue_time_us":1776,"dirs.run_cpu_time_us":178,"dirs.run_wall_time_us":1085,"drs_written":1,"lbm_read_time_us":77,"lbm_reads_lt_1ms":4,"lbm_write_time_us":470,"lbm_writes_lt_1ms":23,"peak_mem_usage":0,"rows_written":10,"thread_start_us":134,"threads_started":1}
I20260812 08:00:32.601683 24431 maintenance_manager.cc:419] P ada36b19ad0e4386b68527e1ab0ce923: Scheduling UndoDeltaBlockGCOp(a12d50650402488683716909cc273d1e): 257 bytes on disk
I20260812 08:00:32.603094 24306 maintenance_manager.cc:643] P ada36b19ad0e4386b68527e1ab0ce923: UndoDeltaBlockGCOp(a12d50650402488683716909cc273d1e) complete. Timing: real 0.000s	user 0.000s	sys 0.000s Metrics: {"cfile_init":1,"lbm_read_time_us":90,"lbm_reads_lt_1ms":4}
I20260812 08:00:32.603631 24431 maintenance_manager.cc:419] P ada36b19ad0e4386b68527e1ab0ce923: Scheduling CompactRowSetsOp(a12d50650402488683716909cc273d1e): perf score=0.977593
I20260812 08:00:32.605489 24773 maintenance_manager.cc:643] P dbc6ed4943d5493caaf8b5feba124db1: FlushDeltaMemStoresOp(a12d50650402488683716909cc273d1e) complete. Timing: real 0.004s	user 0.002s	sys 0.000s Metrics: {"bytes_written":163,"delete_count":1,"lbm_write_time_us":134,"lbm_writes_lt_1ms":4,"reinsert_count":0,"update_count":0}
I20260812 08:00:32.605962 24899 maintenance_manager.cc:419] P dbc6ed4943d5493caaf8b5feba124db1: Scheduling FlushMRSOp(a12d50650402488683716909cc273d1e): perf score=1.000000
W20260812 08:00:32.612300 25339 log.cc:510] T a12d50650402488683716909cc273d1e P dbc6ed4943d5493caaf8b5feba124db1: Injecting 93ms of latency in SegmentAllocator::Sync()
W20260812 08:00:32.613166 25347 log.cc:510] T a12d50650402488683716909cc273d1e P 9dede2273d3a4266a1bf7a5b368080f8: Injecting 127ms of latency in SegmentAllocator::Sync()
W20260812 08:00:32.615293 25346 log.cc:510] T a12d50650402488683716909cc273d1e P ada36b19ad0e4386b68527e1ab0ce923: Injecting 6ms of latency in SegmentAllocator::Sync()
I20260812 08:00:32.625123 24306 maintenance_manager.cc:643] P ada36b19ad0e4386b68527e1ab0ce923: CompactRowSetsOp(a12d50650402488683716909cc273d1e) complete. Timing: real 0.021s	user 0.011s	sys 0.003s Metrics: {"bytes_written":5416,"cfile_cache_hit":21,"cfile_cache_hit_bytes":1593,"cfile_cache_miss":27,"cfile_cache_miss_bytes":2559,"cfile_init":6,"delta_iterators_relevant":10,"dirs.queue_time_us":511,"drs_written":1,"lbm_read_time_us":804,"lbm_reads_lt_1ms":51,"lbm_write_time_us":903,"lbm_writes_lt_1ms":26,"num_input_rowsets":2,"peak_mem_usage":65536,"rows_written":30,"thread_start_us":792,"threads_started":5}
I20260812 08:00:32.625762 24431 maintenance_manager.cc:419] P ada36b19ad0e4386b68527e1ab0ce923: Scheduling UndoDeltaBlockGCOp(a12d50650402488683716909cc273d1e): 526 bytes on disk
I20260812 08:00:32.626324 25503 maintenance_manager.cc:643] P e3a0fdc906c74926946b47c61bd5cea5: FlushDeltaMemStoresOp(a12d50650402488683716909cc273d1e) complete. Timing: real 0.121s	user 0.002s	sys 0.000s Metrics: {"bytes_written":196,"delete_count":4,"lbm_write_time_us":133,"lbm_writes_lt_1ms":4,"reinsert_count":0,"update_count":0}
I20260812 08:00:32.627142 25645 maintenance_manager.cc:419] P e3a0fdc906c74926946b47c61bd5cea5: Scheduling FlushDeltaMemStoresOp(a12d50650402488683716909cc273d1e): perf score=1.000000
I20260812 08:00:32.627550 24152 maintenance_manager.cc:643] P f29b76cef775415dbd2c0997fadb3904: FlushDeltaMemStoresOp(a12d50650402488683716909cc273d1e) complete. Timing: real 0.197s	user 0.002s	sys 0.000s Metrics: {"bytes_written":185,"delete_count":3,"lbm_write_time_us":158,"lbm_writes_lt_1ms":4,"reinsert_count":0,"update_count":0}
I20260812 08:00:32.628363 24284 maintenance_manager.cc:419] P f29b76cef775415dbd2c0997fadb3904: Scheduling FlushDeltaMemStoresOp(a12d50650402488683716909cc273d1e): perf score=1.000000
I20260812 08:00:32.630548 24306 maintenance_manager.cc:643] P ada36b19ad0e4386b68527e1ab0ce923: UndoDeltaBlockGCOp(a12d50650402488683716909cc273d1e) complete. Timing: real 0.001s	user 0.000s	sys 0.000s Metrics: {"cfile_init":1,"lbm_read_time_us":122,"lbm_reads_lt_1ms":4}
I20260812 08:00:32.632421 25503 maintenance_manager.cc:643] P e3a0fdc906c74926946b47c61bd5cea5: FlushDeltaMemStoresOp(a12d50650402488683716909cc273d1e) complete. Timing: real 0.005s	user 0.001s	sys 0.000s Metrics: {"bytes_written":223,"delete_count":6,"lbm_write_time_us":132,"lbm_writes_lt_1ms":4,"reinsert_count":0,"update_count":0}
I20260812 08:00:32.632514 24152 maintenance_manager.cc:643] P f29b76cef775415dbd2c0997fadb3904: FlushDeltaMemStoresOp(a12d50650402488683716909cc273d1e) complete. Timing: real 0.004s	user 0.002s	sys 0.000s Metrics: {"bytes_written":234,"delete_count":7,"lbm_write_time_us":154,"lbm_writes_lt_1ms":4,"reinsert_count":0,"update_count":0}
I20260812 08:00:32.632926 24284 maintenance_manager.cc:419] P f29b76cef775415dbd2c0997fadb3904: Scheduling FlushMRSOp(a12d50650402488683716909cc273d1e): perf score=1.000000
I20260812 08:00:32.632977 25645 maintenance_manager.cc:419] P e3a0fdc906c74926946b47c61bd5cea5: Scheduling FlushMRSOp(a12d50650402488683716909cc273d1e): perf score=1.000000
I20260812 08:00:32.634063 25982 maintenance_manager.cc:643] P b6d90cd6408d4dc3b47ebf57ca72e91b: FlushDeltaMemStoresOp(a12d50650402488683716909cc273d1e) complete. Timing: real 0.050s	user 0.002s	sys 0.000s Metrics: {"bytes_written":234,"delete_count":8,"lbm_write_time_us":139,"lbm_writes_lt_1ms":4,"reinsert_count":0,"update_count":0}
I20260812 08:00:32.635099 26145 maintenance_manager.cc:419] P b6d90cd6408d4dc3b47ebf57ca72e91b: Scheduling FlushMRSOp(a12d50650402488683716909cc273d1e): perf score=1.000000
W20260812 08:00:32.640390 25338 log.cc:510] T a12d50650402488683716909cc273d1e P f29b76cef775415dbd2c0997fadb3904: Injecting 10ms of latency in SegmentAllocator::Sync()
W20260812 08:00:32.640727 25660 log.cc:510] T a12d50650402488683716909cc273d1e P e3a0fdc906c74926946b47c61bd5cea5: Injecting 236ms of latency in SegmentAllocator::Sync()
W20260812 08:00:32.651656 26183 log.cc:510] T a12d50650402488683716909cc273d1e P b6d90cd6408d4dc3b47ebf57ca72e91b: Injecting 52ms of latency in SegmentAllocator::Sync()
I20260812 08:00:32.652448 24152 maintenance_manager.cc:643] P f29b76cef775415dbd2c0997fadb3904: FlushMRSOp(a12d50650402488683716909cc273d1e) complete. Timing: real 0.019s	user 0.005s	sys 0.000s Metrics: {"bytes_written":4908,"cfile_init":1,"dirs.queue_time_us":625,"dirs.run_cpu_time_us":179,"dirs.run_wall_time_us":2337,"drs_written":1,"lbm_read_time_us":63,"lbm_reads_lt_1ms":4,"lbm_write_time_us":538,"lbm_writes_lt_1ms":23,"peak_mem_usage":0,"rows_written":10,"thread_start_us":140,"threads_started":1}
I20260812 08:00:32.653227 24284 maintenance_manager.cc:419] P f29b76cef775415dbd2c0997fadb3904: Scheduling CompactRowSetsOp(a12d50650402488683716909cc273d1e): perf score=0.977531
W20260812 08:00:32.665380 25338 log.cc:510] T a12d50650402488683716909cc273d1e P f29b76cef775415dbd2c0997fadb3904: Injecting 76ms of latency in SegmentAllocator::Sync()
