W20260812 08:02:24.378245 32180 connection.cc:573] client connection to 127.26.116.124:43465 recv error: Network error: recv error from unknown peer: Transport endpoint is not connected (error 107)
W20260812 08:02:24.378239 32398 connection.cc:573] client connection to 127.26.116.124:43465 recv error: Network error: recv error from unknown peer: Transport endpoint is not connected (error 107)
W20260812 08:02:24.378274 31935 connection.cc:573] client connection to 127.26.116.124:43465 recv error: Network error: recv error from unknown peer: Transport endpoint is not connected (error 107)
W20260812 08:02:24.378538 32506 connection.cc:573] client connection to 127.26.116.124:43465 recv error: Network error: recv error from unknown peer: Transport endpoint is not connected (error 107)
W20260812 08:02:24.378602   678 connection.cc:573] client connection to 127.26.116.124:43465 recv error: Network error: recv error from unknown peer: Transport endpoint is not connected (error 107)
W20260812 08:02:24.378628 32506 proxy.cc:239] Call had error, refreshing address and retrying: Network error: recv error from unknown peer: Transport endpoint is not connected (error 107) [suppressed 2 similar messages]
W20260812 08:02:24.378991   680 connection.cc:573] server connection from 127.0.0.1:42152 recv error: Network error: recv error from unknown peer: Transport endpoint is not connected (error 107)
W20260812 08:02:24.379110 31712 connection.cc:573] client connection to 127.26.116.124:43465 recv error: Network error: recv error from unknown peer: Transport endpoint is not connected (error 107)
W20260812 08:02:24.380178 32506 consensus_peers.cc:597] T 00000000000000000000000000000000 P 815fd2931e984818b4644ca5c9729cd4 -> Peer b5e668bf917446e1a1f724f2782788aa (127.26.116.124:43465): Couldn't send request to peer b5e668bf917446e1a1f724f2782788aa. Status: Network error: Client connection negotiation failed: client connection to 127.26.116.124:43465: connect: Connection refused (error 111). This is attempt 1: this message will repeat every 5th retry.
I20260812 08:02:24.493726  1153 fs_manager.cc:362] Metadata directory not provided
I20260812 08:02:24.493932  1153 fs_manager.cc:368] Using write-ahead log directory (fs_wal_dir) as metadata directory
W20260812 08:02:24.495823  1153 dir_manager.cc:729] IO error: Could not lock instance file. Make sure that Kudu is not already running and you are not trying to run Kudu with a different user than before: lock /tmp/dist-test-taskWKFVVJ/test-tmp/master_failover-itest.0.HmsConfigurations_MasterFailoverTest.TestMasterPermanentFailure_0.1786521664033832-27089-0/minicluster-data/master-0/data/data/block_manager_instance: Resource temporarily unavailable (error 11)
W20260812 08:02:24.495885  1153 dir_manager.cc:730] Proceeding without lock
I20260812 08:02:24.498648  1153 fs_manager.cc:714] Time spent opening directory manager: real 0.003s	user 0.002s	sys 0.001s
I20260812 08:02:24.498878  1153 fs_manager.cc:647] Opened local filesystem: /tmp/dist-test-taskWKFVVJ/test-tmp/master_failover-itest.0.HmsConfigurations_MasterFailoverTest.TestMasterPermanentFailure_0.1786521664033832-27089-0/minicluster-data/master-0/data,/tmp/dist-test-taskWKFVVJ/test-tmp/master_failover-itest.0.HmsConfigurations_MasterFailoverTest.TestMasterPermanentFailure_0.1786521664033832-27089-0/minicluster-data/master-0/wal
uuid: "815fd2931e984818b4644ca5c9729cd4"
format_stamp: "Formatted at 2026-08-12 08:01:34 on dist-test-slave-92m1"
I20260812 08:02:24.511691 27089 master_failover-itest.cc:413] tablet: 00000000000000000000000000000000, peers: 815fd2931e984818b4644ca5c9729cd4 2f1d4089ea8140dfab33d71b320df9df b5e668bf917446e1a1f724f2782788aa
I20260812 08:02:24.625423  1163 fs_manager.cc:362] Metadata directory not provided
I20260812 08:02:24.625646  1163 fs_manager.cc:368] Using write-ahead log directory (fs_wal_dir) as metadata directory
I20260812 08:02:24.632056  1163 fs_manager.cc:1068] Generated new instance metadata in path /tmp/dist-test-taskWKFVVJ/test-tmp/master_failover-itest.0.HmsConfigurations_MasterFailoverTest.TestMasterPermanentFailure_0.1786521664033832-27089-0/minicluster-data/master-2/data/instance:
uuid: "b5e668bf917446e1a1f724f2782788aa"
format_stamp: "Formatted at 2026-08-12 08:02:24 on dist-test-slave-92m1"
I20260812 08:02:24.635236  1163 fs_manager.cc:1068] Generated new instance metadata in path /tmp/dist-test-taskWKFVVJ/test-tmp/master_failover-itest.0.HmsConfigurations_MasterFailoverTest.TestMasterPermanentFailure_0.1786521664033832-27089-0/minicluster-data/master-2/wal/instance:
uuid: "b5e668bf917446e1a1f724f2782788aa"
format_stamp: "Formatted at 2026-08-12 08:02:24 on dist-test-slave-92m1"
I20260812 08:02:24.643778  1163 fs_manager.cc:696] Time spent creating directory manager: real 0.008s	user 0.004s	sys 0.000s
I20260812 08:02:24.772496  1173 fs_manager.cc:362] Metadata directory not provided
I20260812 08:02:24.772737  1173 fs_manager.cc:368] Using write-ahead log directory (fs_wal_dir) as metadata directory
I20260812 08:02:24.777485  1173 fs_manager.cc:714] Time spent opening directory manager: real 0.003s	user 0.005s	sys 0.000s
I20260812 08:02:24.779736  1185 log_block_manager.cc:4127] Time spent loading block containers with low live blocks: real 0.000s	user 0.000s	sys 0.000s
I20260812 08:02:24.780556  1173 fs_report.cc:389] FS layout report
--------------------
wal directory: 
metadata directory: 
1 data directories: /tmp/dist-test-taskWKFVVJ/test-tmp/master_failover-itest.0.HmsConfigurations_MasterFailoverTest.TestMasterPermanentFailure_0.1786521664033832-27089-0/minicluster-data/master-2/data/data
Total live blocks: 0
Total live bytes: 0
Total live bytes (after alignment): 0
Total number of LBM containers: 0 (0 full)
Did not check for missing blocks
Did not check for orphaned blocks
Total full LBM containers with extra space: 0 (0 repaired)
Total full LBM container extra space in bytes: 0 (0 repaired)
Total incomplete LBM containers: 0 (0 repaired)
Total LBM partial records: 0 (0 repaired)
Total corrupted LBM metadata records in RocksDB: 0 (0 repaired)
I20260812 08:02:24.780922  1173 fs_manager.cc:730] Time spent opening block manager: real 0.002s	user 0.003s	sys 0.000s
I20260812 08:02:24.780962  1173 fs_manager.cc:647] Opened local filesystem: /tmp/dist-test-taskWKFVVJ/test-tmp/master_failover-itest.0.HmsConfigurations_MasterFailoverTest.TestMasterPermanentFailure_0.1786521664033832-27089-0/minicluster-data/master-2/data,/tmp/dist-test-taskWKFVVJ/test-tmp/master_failover-itest.0.HmsConfigurations_MasterFailoverTest.TestMasterPermanentFailure_0.1786521664033832-27089-0/minicluster-data/master-2/wal
uuid: "b5e668bf917446e1a1f724f2782788aa"
format_stamp: "Formatted at 2026-08-12 08:02:24 on dist-test-slave-92m1"
W20260812 08:02:24.786373  1188 tool_action_local_replica.cc:343] Start to copy tablet 00000000000000000000000000000000
I20260812 08:02:24.787415  1188 tablet_copy_client.cc:323] T 00000000000000000000000000000000 P b5e668bf917446e1a1f724f2782788aa: tablet copy: Beginning tablet copy session from remote peer at address 127.26.116.126:44773
I20260812 08:02:24.796135 32579 tablet_copy_service.cc:140] P 815fd2931e984818b4644ca5c9729cd4: Received BeginTabletCopySession request for tablet 00000000000000000000000000000000 from peer b5e668bf917446e1a1f724f2782788aa ({username='slave'} at 127.0.0.1:33458)
I20260812 08:02:24.796262 32579 tablet_copy_service.cc:161] P 815fd2931e984818b4644ca5c9729cd4: Beginning new tablet copy session on tablet 00000000000000000000000000000000 from peer b5e668bf917446e1a1f724f2782788aa at {username='slave'} at 127.0.0.1:33458: session id = b5e668bf917446e1a1f724f2782788aa-00000000000000000000000000000000
I20260812 08:02:24.797400 32579 tablet_copy_source_session.cc:215] T 00000000000000000000000000000000 P 815fd2931e984818b4644ca5c9729cd4: Tablet Copy: opened 0 blocks and 1 log segments
I20260812 08:02:24.800976  1188 data_dirs.cc:400] Could only allocate 1 dirs of requested 3 for tablet 00000000000000000000000000000000. 1 dirs total
I20260812 08:02:24.809643  1188 tablet_copy_client.cc:806] T 00000000000000000000000000000000 P b5e668bf917446e1a1f724f2782788aa: tablet copy: Starting download of 0 data blocks...
I20260812 08:02:24.811100  1188 tablet_copy_client.cc:670] T 00000000000000000000000000000000 P b5e668bf917446e1a1f724f2782788aa: tablet copy: Starting download of 1 WAL segments...
I20260812 08:02:24.815096  1188 tablet_copy_client.cc:538] T 00000000000000000000000000000000 P b5e668bf917446e1a1f724f2782788aa: tablet copy: Tablet Copy complete. Replacing tablet superblock.
I20260812 08:02:24.820010  1188 tool_action_local_replica.cc:343] Tablet 00000000000000000000000000000000 copy succeed.
I20260812 08:02:24.820071  1188 tool_action_local_replica.cc:343] 1/1 tablets, 11118 bytes copied, include 0 failed tablets.
I20260812 08:02:24.820883 32579 tablet_copy_service.cc:342] P 815fd2931e984818b4644ca5c9729cd4: Request end of tablet copy session b5e668bf917446e1a1f724f2782788aa-00000000000000000000000000000000 received from {username='slave'} at 127.0.0.1:33458
I20260812 08:02:24.821015 32579 tablet_copy_service.cc:434] P 815fd2931e984818b4644ca5c9729cd4: ending tablet copy session b5e668bf917446e1a1f724f2782788aa-00000000000000000000000000000000 on tablet 00000000000000000000000000000000 with peer b5e668bf917446e1a1f724f2782788aa
I20260812 08:02:24.833457 27089 external_mini_cluster.cc:1372] Running /tmp/dist-test-taskWKFVVJ/build/debug/bin/kudu
/tmp/dist-test-taskWKFVVJ/build/debug/bin/kudu
--fs_wal_dir=/tmp/dist-test-taskWKFVVJ/test-tmp/master_failover-itest.0.HmsConfigurations_MasterFailoverTest.TestMasterPermanentFailure_0.1786521664033832-27089-0/minicluster-data/master-2/wal
--fs_data_dirs=/tmp/dist-test-taskWKFVVJ/test-tmp/master_failover-itest.0.HmsConfigurations_MasterFailoverTest.TestMasterPermanentFailure_0.1786521664033832-27089-0/minicluster-data/master-2/data
--block_manager=log
--webserver_interface=localhost
--never_fsync
--enable_minidumps=false
--redact=none
--metrics_log_interval_ms=1000
--log_dir=/tmp/dist-test-taskWKFVVJ/test-tmp/master_failover-itest.0.HmsConfigurations_MasterFailoverTest.TestMasterPermanentFailure_0.1786521664033832-27089-0/minicluster-data/master-2/logs
--server_dump_info_path=/tmp/dist-test-taskWKFVVJ/test-tmp/master_failover-itest.0.HmsConfigurations_MasterFailoverTest.TestMasterPermanentFailure_0.1786521664033832-27089-0/minicluster-data/master-2/data/info.pb
--server_dump_info_format=pb
--rpc_server_allow_ephemeral_ports
--unlock_experimental_flags
--unlock_unsafe_flags
--logtostderr
--logbuflevel=-1
--ipki_server_key_size=768
--openssl_security_level_override=0
master
run
--ipki_ca_key_size=768
--tsk_num_rsa_bits=512
--rpc_bind_addresses=127.26.116.124:43465
--webserver_interface=127.26.116.124
--webserver_port=0
--builtin_ntp_servers=127.26.116.84:46109
--builtin_ntp_poll_interval_ms=100
--ntp_initial_sync_wait_secs=10
--time_source=builtin
--rpc_reuseport=true
--master_addresses=127.26.116.126:44773,127.26.116.125:34993,127.26.116.124:43465
--leader_failure_max_missed_heartbeat_periods=1.0 with env {}
I20260812 08:02:24.871851  1216 raft_consensus.cc:493] T 00000000000000000000000000000000 P 2f1d4089ea8140dfab33d71b320df9df [term 8 FOLLOWER]: Starting pre-election (detected failure of leader 815fd2931e984818b4644ca5c9729cd4)
I20260812 08:02:24.871981  1216 raft_consensus.cc:515] T 00000000000000000000000000000000 P 2f1d4089ea8140dfab33d71b320df9df [term 8 FOLLOWER]: Starting pre-election with config: opid_index: -1 OBSOLETE_local: false peers { permanent_uuid: "815fd2931e984818b4644ca5c9729cd4" member_type: VOTER last_known_addr { host: "127.26.116.126" port: 44773 } } peers { permanent_uuid: "2f1d4089ea8140dfab33d71b320df9df" member_type: VOTER last_known_addr { host: "127.26.116.125" port: 34993 } } peers { permanent_uuid: "b5e668bf917446e1a1f724f2782788aa" member_type: VOTER last_known_addr { host: "127.26.116.124" port: 43465 } }
I20260812 08:02:24.872521  1216 leader_election.cc:290] T 00000000000000000000000000000000 P 2f1d4089ea8140dfab33d71b320df9df [CANDIDATE]: Term 9 pre-election: Requested pre-vote from peers 815fd2931e984818b4644ca5c9729cd4 (127.26.116.126:44773), b5e668bf917446e1a1f724f2782788aa (127.26.116.124:43465)
I20260812 08:02:24.873008 32556 tablet_service.cc:1917] Received RequestConsensusVote() RPC: tablet_id: "00000000000000000000000000000000" candidate_uuid: "2f1d4089ea8140dfab33d71b320df9df" candidate_term: 9 candidate_status { last_received { term: 8 index: 33 } } ignore_live_leader: false dest_uuid: "815fd2931e984818b4644ca5c9729cd4" is_pre_election: true
W20260812 08:02:24.874011   678 leader_election.cc:336] T 00000000000000000000000000000000 P 2f1d4089ea8140dfab33d71b320df9df [CANDIDATE]: Term 9 pre-election: RPC error from VoteRequest() call to peer b5e668bf917446e1a1f724f2782788aa (127.26.116.124:43465): Network error: Client connection negotiation failed: client connection to 127.26.116.124:43465: connect: Connection refused (error 111)
I20260812 08:02:24.874117   678 leader_election.cc:304] T 00000000000000000000000000000000 P 2f1d4089ea8140dfab33d71b320df9df [CANDIDATE]: Term 9 pre-election: Election decided. Result: candidate lost. Election summary: received 3 responses out of 3 voters: 1 yes votes; 2 no votes. yes voters: 2f1d4089ea8140dfab33d71b320df9df; no voters: 815fd2931e984818b4644ca5c9729cd4, b5e668bf917446e1a1f724f2782788aa
I20260812 08:02:24.874253  1216 raft_consensus.cc:2749] T 00000000000000000000000000000000 P 2f1d4089ea8140dfab33d71b320df9df [term 8 FOLLOWER]: Leader pre-election lost for term 9. Reason: could not achieve majority
W20260812 08:02:24.943656  1214 flags.cc:432] Enabled unsafe flag: --openssl_security_level_override=0
W20260812 08:02:24.943907  1214 flags.cc:432] Enabled unsafe flag: --rpc_server_allow_ephemeral_ports=true
W20260812 08:02:24.943976  1214 flags.cc:432] Enabled unsafe flag: --never_fsync=true
W20260812 08:02:24.947248  1214 flags.cc:432] Enabled experimental flag: --ipki_ca_key_size=768
W20260812 08:02:24.947340  1214 flags.cc:432] Enabled experimental flag: --ipki_server_key_size=768
W20260812 08:02:24.947378  1214 flags.cc:432] Enabled experimental flag: --tsk_num_rsa_bits=512
W20260812 08:02:24.947439  1214 flags.cc:432] Enabled experimental flag: --rpc_reuseport=true
I20260812 08:02:24.951313  1214 master_runner.cc:387] Master server non-default flags:
--log_dir=/tmp/dist-test-taskWKFVVJ/test-tmp/master_failover-itest.0.HmsConfigurations_MasterFailoverTest.TestMasterPermanentFailure_0.1786521664033832-27089-0/minicluster-data/master-2/logs
--logbuflevel=-1
--logtostderr=true
--builtin_ntp_poll_interval_ms=100
--builtin_ntp_servers=127.26.116.84:46109
--ntp_initial_sync_wait_secs=10
--time_source=builtin
--leader_failure_max_missed_heartbeat_periods=1
--fs_data_dirs=/tmp/dist-test-taskWKFVVJ/test-tmp/master_failover-itest.0.HmsConfigurations_MasterFailoverTest.TestMasterPermanentFailure_0.1786521664033832-27089-0/minicluster-data/master-2/data
--fs_wal_dir=/tmp/dist-test-taskWKFVVJ/test-tmp/master_failover-itest.0.HmsConfigurations_MasterFailoverTest.TestMasterPermanentFailure_0.1786521664033832-27089-0/minicluster-data/master-2/wal
--ipki_ca_key_size=768
--master_addresses=127.26.116.126:44773,127.26.116.125:34993,127.26.116.124:43465
--ipki_server_key_size=768
--openssl_security_level_override=0
--tsk_num_rsa_bits=512
--rpc_bind_addresses=127.26.116.124:43465
--rpc_reuseport=true
--rpc_server_allow_ephemeral_ports=true
--metrics_log_interval_ms=1000
--server_dump_info_format=pb
--server_dump_info_path=/tmp/dist-test-taskWKFVVJ/test-tmp/master_failover-itest.0.HmsConfigurations_MasterFailoverTest.TestMasterPermanentFailure_0.1786521664033832-27089-0/minicluster-data/master-2/data/info.pb
--webserver_interface=127.26.116.124
--webserver_port=0
--never_fsync=true
--heap_profile_path=/tmp/kudu.1214
--redact=none
--unlock_experimental_flags=true
--unlock_unsafe_flags=true
--enable_minidumps=false

Master server version:
kudu 1.19.0-SNAPSHOT
revision 70c51312f1186a8ae9f46647160b7730123f7601-dirty
build type DEBUG
built by None at 12 Aug 2026 06:06:26 UTC on 39be9dd7121a
I20260812 08:02:24.952857  1214 env_posix.cc:2285] Not raising this process' open files per process limit of 1048576; it is already as high as it can go
I20260812 08:02:24.954169  1214 file_cache.cc:504] Constructed file cache file cache with capacity 419430
W20260812 08:02:24.960476  1228 instance_detector.cc:116] could not retrieve AWS instance metadata: Network error: curl error: HTTP response code said error: The requested URL returned error: 404
W20260812 08:02:24.960464  1234 instance_detector.cc:116] could not retrieve OpenStack instance metadata: Network error: curl error: HTTP response code said error: The requested URL returned error: 404
W20260812 08:02:24.960465  1229 instance_detector.cc:116] could not retrieve Azure instance metadata: Network error: curl error: HTTP response code said error: The requested URL returned error: 404
I20260812 08:02:24.960734  1214 server_base.cc:1061] running on GCE node
I20260812 08:02:24.961264  1214 hybrid_clock.cc:584] initializing the hybrid clock with 'builtin' time source
I20260812 08:02:24.962296  1214 hybrid_clock.cc:630] waiting up to --ntp_initial_sync_wait_secs=10 seconds for the clock to synchronize
I20260812 08:02:24.963481  1214 hybrid_clock.cc:648] HybridClock initialized: now 1786521744963449 us; error 51 us; skew 500 ppm
I20260812 08:02:24.965390  1214 webserver.cc:533] Webserver started at http://127.26.116.124:40809/ using document root <none> and password file <none>
I20260812 08:02:24.965996  1214 fs_manager.cc:362] Metadata directory not provided
I20260812 08:02:24.966097  1214 fs_manager.cc:368] Using write-ahead log directory (fs_wal_dir) as metadata directory
I20260812 08:02:24.969681  1214 fs_manager.cc:714] Time spent opening directory manager: real 0.002s	user 0.001s	sys 0.000s
I20260812 08:02:24.971627  1247 log_block_manager.cc:4127] Time spent loading block containers with low live blocks: real 0.000s	user 0.000s	sys 0.000s
I20260812 08:02:24.972571  1214 fs_manager.cc:730] Time spent opening block manager: real 0.002s	user 0.002s	sys 0.000s
I20260812 08:02:24.972718  1214 fs_manager.cc:647] Opened local filesystem: /tmp/dist-test-taskWKFVVJ/test-tmp/master_failover-itest.0.HmsConfigurations_MasterFailoverTest.TestMasterPermanentFailure_0.1786521664033832-27089-0/minicluster-data/master-2/data,/tmp/dist-test-taskWKFVVJ/test-tmp/master_failover-itest.0.HmsConfigurations_MasterFailoverTest.TestMasterPermanentFailure_0.1786521664033832-27089-0/minicluster-data/master-2/wal
uuid: "b5e668bf917446e1a1f724f2782788aa"
format_stamp: "Formatted at 2026-08-12 08:02:24 on dist-test-slave-92m1"
I20260812 08:02:24.973126  1214 fs_report.cc:389] FS layout report
--------------------
wal directory: /tmp/dist-test-taskWKFVVJ/test-tmp/master_failover-itest.0.HmsConfigurations_MasterFailoverTest.TestMasterPermanentFailure_0.1786521664033832-27089-0/minicluster-data/master-2/wal
metadata directory: /tmp/dist-test-taskWKFVVJ/test-tmp/master_failover-itest.0.HmsConfigurations_MasterFailoverTest.TestMasterPermanentFailure_0.1786521664033832-27089-0/minicluster-data/master-2/wal
1 data directories: /tmp/dist-test-taskWKFVVJ/test-tmp/master_failover-itest.0.HmsConfigurations_MasterFailoverTest.TestMasterPermanentFailure_0.1786521664033832-27089-0/minicluster-data/master-2/data/data
Total live blocks: 0
Total live bytes: 0
Total live bytes (after alignment): 0
Total number of LBM containers: 0 (0 full)
Did not check for missing blocks
Did not check for orphaned blocks
Total full LBM containers with extra space: 0 (0 repaired)
Total full LBM container extra space in bytes: 0 (0 repaired)
Total incomplete LBM containers: 0 (0 repaired)
Total LBM partial records: 0 (0 repaired)
Total corrupted LBM metadata records in RocksDB: 0 (0 repaired)
I20260812 08:02:24.995405  1214 rpc_server.cc:225] running with OpenSSL 1.1.1  11 Sep 2018
I20260812 08:02:24.996129  1214 env_posix.cc:2285] Not raising this process' running threads per effective uid limit of 18446744073709551615; it is already as high as it can go
I20260812 08:02:24.996333  1214 kserver.cc:163] Server-wide thread pool size limit: 3276
I20260812 08:02:25.004248  1327 acceptor_pool.cc:272] collecting diagnostics on the listening RPC socket 127.26.116.124:43465 every 8 connection(s)
I20260812 08:02:25.004261  1214 rpc_server.cc:307] RPC server started. Bound to: 127.26.116.124:43465
I20260812 08:02:25.005476  1214 server_base.cc:1193] Dumped server information to /tmp/dist-test-taskWKFVVJ/test-tmp/master_failover-itest.0.HmsConfigurations_MasterFailoverTest.TestMasterPermanentFailure_0.1786521664033832-27089-0/minicluster-data/master-2/data/info.pb
I20260812 08:02:25.009430  1328 sys_catalog.cc:263] Verifying existing consensus state
I20260812 08:02:25.010254 27089 external_mini_cluster.cc:1434] Started /tmp/dist-test-taskWKFVVJ/build/debug/bin/kudu as pid 1214
I20260812 08:02:25.011271  1328 tablet_bootstrap.cc:492] T 00000000000000000000000000000000 P b5e668bf917446e1a1f724f2782788aa: Bootstrap starting.
I20260812 08:02:25.011497 32540 catalog_manager.cc:2283] Servicing CreateTable request from {username='slave'} at 127.0.0.1:51622:
name: "default.table_2"
schema {
  columns {
    name: "key"
    type: INT32
    is_key: true
    is_nullable: false
    encoding: AUTO_ENCODING
    compression: DEFAULT_COMPRESSION
    cfile_block_size: 0
    immutable: false
  }
  columns {
    name: "int_val"
    type: INT32
    is_key: false
    is_nullable: false
    encoding: AUTO_ENCODING
    compression: DEFAULT_COMPRESSION
    cfile_block_size: 0
    immutable: false
  }
  columns {
    name: "string_val"
    type: STRING
    is_key: false
    is_nullable: false
    encoding: AUTO_ENCODING
    compression: DEFAULT_COMPRESSION
    cfile_block_size: 0
    immutable: false
  }
}
split_rows_range_bounds {
}
partition_schema {
  range_schema {
    columns {
      name: "key"
    }
  }
}
W20260812 08:02:25.011981 32540 catalog_manager.cc:7099] The number of live tablet servers is not enough to re-replicate a tablet replica of the newly created table default.table_2 in case of a server failure: 4 tablet servers would be needed, 3 are available. Consider bringing up more tablet servers.
I20260812 08:02:25.019932  1328 log.cc:826] T 00000000000000000000000000000000 P b5e668bf917446e1a1f724f2782788aa: Log is configured to *not* fsync() on all Append() calls
I20260812 08:02:25.021345 31792 tablet_service.cc:1511] Processing CreateTablet for tablet ca31138e8f2d4590a7238059a969499c (DEFAULT_TABLE table=default.table_2 [id=b0d72051ebf448e2a116a9216301fb9b]), partition=RANGE (key) PARTITION UNBOUNDED
I20260812 08:02:25.021685 31792 data_dirs.cc:400] Could only allocate 1 dirs of requested 3 for tablet ca31138e8f2d4590a7238059a969499c. 1 dirs total, 0 dirs full, 0 dirs failed
I20260812 08:02:25.021934 32025 tablet_service.cc:1511] Processing CreateTablet for tablet ca31138e8f2d4590a7238059a969499c (DEFAULT_TABLE table=default.table_2 [id=b0d72051ebf448e2a116a9216301fb9b]), partition=RANGE (key) PARTITION UNBOUNDED
I20260812 08:02:25.022221 32025 data_dirs.cc:400] Could only allocate 1 dirs of requested 3 for tablet ca31138e8f2d4590a7238059a969499c. 1 dirs total, 0 dirs full, 0 dirs failed
I20260812 08:02:25.023748 32272 tablet_service.cc:1511] Processing CreateTablet for tablet ca31138e8f2d4590a7238059a969499c (DEFAULT_TABLE table=default.table_2 [id=b0d72051ebf448e2a116a9216301fb9b]), partition=RANGE (key) PARTITION UNBOUNDED
I20260812 08:02:25.024044 32272 data_dirs.cc:400] Could only allocate 1 dirs of requested 3 for tablet ca31138e8f2d4590a7238059a969499c. 1 dirs total, 0 dirs full, 0 dirs failed
I20260812 08:02:25.024397  1345 tablet_bootstrap.cc:492] T ca31138e8f2d4590a7238059a969499c P e2b7a4d926554fb784ee7b1d94f86813: Bootstrap starting.
I20260812 08:02:25.024677  1349 tablet_bootstrap.cc:492] T ca31138e8f2d4590a7238059a969499c P 2ea7421a364e447a932edf99c67546c5: Bootstrap starting.
I20260812 08:02:25.025486  1345 tablet_bootstrap.cc:654] T ca31138e8f2d4590a7238059a969499c P e2b7a4d926554fb784ee7b1d94f86813: Neither blocks nor log segments found. Creating new log.
I20260812 08:02:25.025780  1349 tablet_bootstrap.cc:654] T ca31138e8f2d4590a7238059a969499c P 2ea7421a364e447a932edf99c67546c5: Neither blocks nor log segments found. Creating new log.
I20260812 08:02:25.026528  1353 tablet_bootstrap.cc:492] T ca31138e8f2d4590a7238059a969499c P 3785b50895f74e12b7723aa0162c02c5: Bootstrap starting.
I20260812 08:02:25.026618  1345 tablet_bootstrap.cc:492] T ca31138e8f2d4590a7238059a969499c P e2b7a4d926554fb784ee7b1d94f86813: No bootstrap required, opened a new log
I20260812 08:02:25.026698  1345 ts_tablet_manager.cc:1403] T ca31138e8f2d4590a7238059a969499c P e2b7a4d926554fb784ee7b1d94f86813: Time spent bootstrapping tablet: real 0.002s	user 0.002s	sys 0.000s
I20260812 08:02:25.027170  1345 raft_consensus.cc:359] T ca31138e8f2d4590a7238059a969499c P e2b7a4d926554fb784ee7b1d94f86813 [term 0 FOLLOWER]: Replica starting. Triggering 0 pending ops. Active config: opid_index: -1 OBSOLETE_local: false peers { permanent_uuid: "e2b7a4d926554fb784ee7b1d94f86813" member_type: VOTER last_known_addr { host: "127.26.116.65" port: 45579 } } peers { permanent_uuid: "3785b50895f74e12b7723aa0162c02c5" member_type: VOTER last_known_addr { host: "127.26.116.67" port: 39239 } } peers { permanent_uuid: "2ea7421a364e447a932edf99c67546c5" member_type: VOTER last_known_addr { host: "127.26.116.66" port: 42831 } }
I20260812 08:02:25.027303  1345 raft_consensus.cc:385] T ca31138e8f2d4590a7238059a969499c P e2b7a4d926554fb784ee7b1d94f86813 [term 0 FOLLOWER]: Consensus starting up: Expiring failure detector timer to make a prompt election more likely
I20260812 08:02:25.027336  1345 raft_consensus.cc:740] T ca31138e8f2d4590a7238059a969499c P e2b7a4d926554fb784ee7b1d94f86813 [term 0 FOLLOWER]: Becoming Follower/Learner. State: Replica: e2b7a4d926554fb784ee7b1d94f86813, State: Initialized, Role: FOLLOWER
I20260812 08:02:25.027484  1345 consensus_queue.cc:260] T ca31138e8f2d4590a7238059a969499c P e2b7a4d926554fb784ee7b1d94f86813 [NON_LEADER]: Queue going to NON_LEADER mode. State: All replicated index: 0, Majority replicated index: 0, Committed index: 0, Last appended: 0.0, Last appended by leader: 0, Current term: 0, Majority size: -1, State: 0, Mode: NON_LEADER, active raft config: opid_index: -1 OBSOLETE_local: false peers { permanent_uuid: "e2b7a4d926554fb784ee7b1d94f86813" member_type: VOTER last_known_addr { host: "127.26.116.65" port: 45579 } } peers { permanent_uuid: "3785b50895f74e12b7723aa0162c02c5" member_type: VOTER last_known_addr { host: "127.26.116.67" port: 39239 } } peers { permanent_uuid: "2ea7421a364e447a932edf99c67546c5" member_type: VOTER last_known_addr { host: "127.26.116.66" port: 42831 } }
I20260812 08:02:25.027762  1353 tablet_bootstrap.cc:654] T ca31138e8f2d4590a7238059a969499c P 3785b50895f74e12b7723aa0162c02c5: Neither blocks nor log segments found. Creating new log.
I20260812 08:02:25.027796  1345 ts_tablet_manager.cc:1434] T ca31138e8f2d4590a7238059a969499c P e2b7a4d926554fb784ee7b1d94f86813: Time spent starting tablet: real 0.001s	user 0.001s	sys 0.000s
I20260812 08:02:25.028945  1353 tablet_bootstrap.cc:492] T ca31138e8f2d4590a7238059a969499c P 3785b50895f74e12b7723aa0162c02c5: No bootstrap required, opened a new log
I20260812 08:02:25.028980  1349 tablet_bootstrap.cc:492] T ca31138e8f2d4590a7238059a969499c P 2ea7421a364e447a932edf99c67546c5: No bootstrap required, opened a new log
I20260812 08:02:25.029026  1353 ts_tablet_manager.cc:1403] T ca31138e8f2d4590a7238059a969499c P 3785b50895f74e12b7723aa0162c02c5: Time spent bootstrapping tablet: real 0.003s	user 0.002s	sys 0.000s
I20260812 08:02:25.029062  1349 ts_tablet_manager.cc:1403] T ca31138e8f2d4590a7238059a969499c P 2ea7421a364e447a932edf99c67546c5: Time spent bootstrapping tablet: real 0.004s	user 0.002s	sys 0.000s
I20260812 08:02:25.029510  1353 raft_consensus.cc:359] T ca31138e8f2d4590a7238059a969499c P 3785b50895f74e12b7723aa0162c02c5 [term 0 FOLLOWER]: Replica starting. Triggering 0 pending ops. Active config: opid_index: -1 OBSOLETE_local: false peers { permanent_uuid: "e2b7a4d926554fb784ee7b1d94f86813" member_type: VOTER last_known_addr { host: "127.26.116.65" port: 45579 } } peers { permanent_uuid: "3785b50895f74e12b7723aa0162c02c5" member_type: VOTER last_known_addr { host: "127.26.116.67" port: 39239 } } peers { permanent_uuid: "2ea7421a364e447a932edf99c67546c5" member_type: VOTER last_known_addr { host: "127.26.116.66" port: 42831 } }
I20260812 08:02:25.029533  1349 raft_consensus.cc:359] T ca31138e8f2d4590a7238059a969499c P 2ea7421a364e447a932edf99c67546c5 [term 0 FOLLOWER]: Replica starting. Triggering 0 pending ops. Active config: opid_index: -1 OBSOLETE_local: false peers { permanent_uuid: "e2b7a4d926554fb784ee7b1d94f86813" member_type: VOTER last_known_addr { host: "127.26.116.65" port: 45579 } } peers { permanent_uuid: "3785b50895f74e12b7723aa0162c02c5" member_type: VOTER last_known_addr { host: "127.26.116.67" port: 39239 } } peers { permanent_uuid: "2ea7421a364e447a932edf99c67546c5" member_type: VOTER last_known_addr { host: "127.26.116.66" port: 42831 } }
I20260812 08:02:25.029624  1353 raft_consensus.cc:385] T ca31138e8f2d4590a7238059a969499c P 3785b50895f74e12b7723aa0162c02c5 [term 0 FOLLOWER]: Consensus starting up: Expiring failure detector timer to make a prompt election more likely
I20260812 08:02:25.029661  1353 raft_consensus.cc:740] T ca31138e8f2d4590a7238059a969499c P 3785b50895f74e12b7723aa0162c02c5 [term 0 FOLLOWER]: Becoming Follower/Learner. State: Replica: 3785b50895f74e12b7723aa0162c02c5, State: Initialized, Role: FOLLOWER
I20260812 08:02:25.029663  1349 raft_consensus.cc:385] T ca31138e8f2d4590a7238059a969499c P 2ea7421a364e447a932edf99c67546c5 [term 0 FOLLOWER]: Consensus starting up: Expiring failure detector timer to make a prompt election more likely
I20260812 08:02:25.029702  1349 raft_consensus.cc:740] T ca31138e8f2d4590a7238059a969499c P 2ea7421a364e447a932edf99c67546c5 [term 0 FOLLOWER]: Becoming Follower/Learner. State: Replica: 2ea7421a364e447a932edf99c67546c5, State: Initialized, Role: FOLLOWER
I20260812 08:02:25.029834  1349 consensus_queue.cc:260] T ca31138e8f2d4590a7238059a969499c P 2ea7421a364e447a932edf99c67546c5 [NON_LEADER]: Queue going to NON_LEADER mode. State: All replicated index: 0, Majority replicated index: 0, Committed index: 0, Last appended: 0.0, Last appended by leader: 0, Current term: 0, Majority size: -1, State: 0, Mode: NON_LEADER, active raft config: opid_index: -1 OBSOLETE_local: false peers { permanent_uuid: "e2b7a4d926554fb784ee7b1d94f86813" member_type: VOTER last_known_addr { host: "127.26.116.65" port: 45579 } } peers { permanent_uuid: "3785b50895f74e12b7723aa0162c02c5" member_type: VOTER last_known_addr { host: "127.26.116.67" port: 39239 } } peers { permanent_uuid: "2ea7421a364e447a932edf99c67546c5" member_type: VOTER last_known_addr { host: "127.26.116.66" port: 42831 } }
I20260812 08:02:25.029837  1353 consensus_queue.cc:260] T ca31138e8f2d4590a7238059a969499c P 3785b50895f74e12b7723aa0162c02c5 [NON_LEADER]: Queue going to NON_LEADER mode. State: All replicated index: 0, Majority replicated index: 0, Committed index: 0, Last appended: 0.0, Last appended by leader: 0, Current term: 0, Majority size: -1, State: 0, Mode: NON_LEADER, active raft config: opid_index: -1 OBSOLETE_local: false peers { permanent_uuid: "e2b7a4d926554fb784ee7b1d94f86813" member_type: VOTER last_known_addr { host: "127.26.116.65" port: 45579 } } peers { permanent_uuid: "3785b50895f74e12b7723aa0162c02c5" member_type: VOTER last_known_addr { host: "127.26.116.67" port: 39239 } } peers { permanent_uuid: "2ea7421a364e447a932edf99c67546c5" member_type: VOTER last_known_addr { host: "127.26.116.66" port: 42831 } }
I20260812 08:02:25.030122  1349 ts_tablet_manager.cc:1434] T ca31138e8f2d4590a7238059a969499c P 2ea7421a364e447a932edf99c67546c5: Time spent starting tablet: real 0.001s	user 0.001s	sys 0.000s
I20260812 08:02:25.030130  1353 ts_tablet_manager.cc:1434] T ca31138e8f2d4590a7238059a969499c P 3785b50895f74e12b7723aa0162c02c5: Time spent starting tablet: real 0.001s	user 0.001s	sys 0.000s
I20260812 08:02:25.042474 32383 heartbeater.cc:344] Connected to a master server at 127.26.116.124:43465
I20260812 08:02:25.042773 32139 heartbeater.cc:344] Connected to a master server at 127.26.116.124:43465
I20260812 08:02:25.042807 31897 heartbeater.cc:344] Connected to a master server at 127.26.116.124:43465
I20260812 08:02:25.045791  1328 tablet_bootstrap.cc:492] T 00000000000000000000000000000000 P b5e668bf917446e1a1f724f2782788aa: Bootstrap replayed 1/1 log segments. Stats: ops{read=34 overwritten=1 applied=33 ignored=0} inserts{seen=19 ignored=0} mutations{seen=16 ignored=0} orphaned_commits=0. Pending: 0 replicates
I20260812 08:02:25.046260  1328 tablet_bootstrap.cc:492] T 00000000000000000000000000000000 P b5e668bf917446e1a1f724f2782788aa: Bootstrap complete.
I20260812 08:02:25.049331  1328 raft_consensus.cc:359] T 00000000000000000000000000000000 P b5e668bf917446e1a1f724f2782788aa [term 8 FOLLOWER]: Replica starting. Triggering 0 pending ops. Active config: opid_index: -1 OBSOLETE_local: false peers { permanent_uuid: "815fd2931e984818b4644ca5c9729cd4" member_type: VOTER last_known_addr { host: "127.26.116.126" port: 44773 } } peers { permanent_uuid: "2f1d4089ea8140dfab33d71b320df9df" member_type: VOTER last_known_addr { host: "127.26.116.125" port: 34993 } } peers { permanent_uuid: "b5e668bf917446e1a1f724f2782788aa" member_type: VOTER last_known_addr { host: "127.26.116.124" port: 43465 } }
I20260812 08:02:25.049630  1328 raft_consensus.cc:740] T 00000000000000000000000000000000 P b5e668bf917446e1a1f724f2782788aa [term 8 FOLLOWER]: Becoming Follower/Learner. State: Replica: b5e668bf917446e1a1f724f2782788aa, State: Initialized, Role: FOLLOWER
I20260812 08:02:25.050057  1328 consensus_queue.cc:260] T 00000000000000000000000000000000 P b5e668bf917446e1a1f724f2782788aa [NON_LEADER]: Queue going to NON_LEADER mode. State: All replicated index: 0, Majority replicated index: 0, Committed index: 33, Last appended: 8.33, Last appended by leader: 33, Current term: 0, Majority size: -1, State: 0, Mode: NON_LEADER, active raft config: opid_index: -1 OBSOLETE_local: false peers { permanent_uuid: "815fd2931e984818b4644ca5c9729cd4" member_type: VOTER last_known_addr { host: "127.26.116.126" port: 44773 } } peers { permanent_uuid: "2f1d4089ea8140dfab33d71b320df9df" member_type: VOTER last_known_addr { host: "127.26.116.125" port: 34993 } } peers { permanent_uuid: "b5e668bf917446e1a1f724f2782788aa" member_type: VOTER last_known_addr { host: "127.26.116.124" port: 43465 } }
I20260812 08:02:25.050483  1363 sys_catalog.cc:455] T 00000000000000000000000000000000 P b5e668bf917446e1a1f724f2782788aa [sys.catalog]: SysCatalogTable state changed. Reason: RaftConsensus started. Latest consensus state: current_term: 8 committed_config { opid_index: -1 OBSOLETE_local: false peers { permanent_uuid: "815fd2931e984818b4644ca5c9729cd4" member_type: VOTER last_known_addr { host: "127.26.116.126" port: 44773 } } peers { permanent_uuid: "2f1d4089ea8140dfab33d71b320df9df" member_type: VOTER last_known_addr { host: "127.26.116.125" port: 34993 } } peers { permanent_uuid: "b5e668bf917446e1a1f724f2782788aa" member_type: VOTER last_known_addr { host: "127.26.116.124" port: 43465 } } }
I20260812 08:02:25.050622  1363 sys_catalog.cc:458] T 00000000000000000000000000000000 P b5e668bf917446e1a1f724f2782788aa [sys.catalog]: This master's current role is: FOLLOWER
I20260812 08:02:25.051118  1328 sys_catalog.cc:565] T 00000000000000000000000000000000 P b5e668bf917446e1a1f724f2782788aa [sys.catalog]: configured and running, proceeding with master startup.
I20260812 08:02:25.056651  1380 catalog_manager.cc:1295] Loaded cluster ID: ff9b3b6c8ab34f1d976f9ae78a28458c
I20260812 08:02:25.056727  1380 catalog_manager.cc:1588] T 00000000000000000000000000000000 P b5e668bf917446e1a1f724f2782788aa: loading cluster ID for follower catalog manager: success
I20260812 08:02:25.058843  1380 catalog_manager.cc:1610] T 00000000000000000000000000000000 P b5e668bf917446e1a1f724f2782788aa: acquiring CA information for follower catalog manager: success
I20260812 08:02:25.060597  1380 catalog_manager.cc:1638] T 00000000000000000000000000000000 P b5e668bf917446e1a1f724f2782788aa: importing token verification keys for follower catalog manager: success; most recent TSK sequence number 0
I20260812 08:02:25.088128  1010 raft_consensus.cc:493] T ca31138e8f2d4590a7238059a969499c P 2ea7421a364e447a932edf99c67546c5 [term 0 FOLLOWER]: Starting pre-election (no leader contacted us within the election timeout)
I20260812 08:02:25.088308  1010 raft_consensus.cc:515] T ca31138e8f2d4590a7238059a969499c P 2ea7421a364e447a932edf99c67546c5 [term 0 FOLLOWER]: Starting pre-election with config: opid_index: -1 OBSOLETE_local: false peers { permanent_uuid: "e2b7a4d926554fb784ee7b1d94f86813" member_type: VOTER last_known_addr { host: "127.26.116.65" port: 45579 } } peers { permanent_uuid: "3785b50895f74e12b7723aa0162c02c5" member_type: VOTER last_known_addr { host: "127.26.116.67" port: 39239 } } peers { permanent_uuid: "2ea7421a364e447a932edf99c67546c5" member_type: VOTER last_known_addr { host: "127.26.116.66" port: 42831 } }
I20260812 08:02:25.088904  1010 leader_election.cc:290] T ca31138e8f2d4590a7238059a969499c P 2ea7421a364e447a932edf99c67546c5 [CANDIDATE]: Term 1 pre-election: Requested pre-vote from peers e2b7a4d926554fb784ee7b1d94f86813 (127.26.116.65:45579), 3785b50895f74e12b7723aa0162c02c5 (127.26.116.67:39239)
I20260812 08:02:25.089303 31829 tablet_service.cc:1917] Received RequestConsensusVote() RPC: tablet_id: "ca31138e8f2d4590a7238059a969499c" candidate_uuid: "2ea7421a364e447a932edf99c67546c5" candidate_term: 1 candidate_status { last_received { term: 0 index: 0 } } ignore_live_leader: false dest_uuid: "e2b7a4d926554fb784ee7b1d94f86813" is_pre_election: true
I20260812 08:02:25.089460 31829 raft_consensus.cc:2468] T ca31138e8f2d4590a7238059a969499c P e2b7a4d926554fb784ee7b1d94f86813 [term 0 FOLLOWER]: Leader pre-election vote request: Granting yes vote for candidate 2ea7421a364e447a932edf99c67546c5 in term 0.
I20260812 08:02:25.089422 32310 tablet_service.cc:1917] Received RequestConsensusVote() RPC: tablet_id: "ca31138e8f2d4590a7238059a969499c" candidate_uuid: "2ea7421a364e447a932edf99c67546c5" candidate_term: 1 candidate_status { last_received { term: 0 index: 0 } } ignore_live_leader: false dest_uuid: "3785b50895f74e12b7723aa0162c02c5" is_pre_election: true
I20260812 08:02:25.089615 32310 raft_consensus.cc:2468] T ca31138e8f2d4590a7238059a969499c P 3785b50895f74e12b7723aa0162c02c5 [term 0 FOLLOWER]: Leader pre-election vote request: Granting yes vote for candidate 2ea7421a364e447a932edf99c67546c5 in term 0.
I20260812 08:02:25.089872 31935 leader_election.cc:304] T ca31138e8f2d4590a7238059a969499c P 2ea7421a364e447a932edf99c67546c5 [CANDIDATE]: Term 1 pre-election: Election decided. Result: candidate won. Election summary: received 2 responses out of 3 voters: 2 yes votes; 0 no votes. yes voters: 2ea7421a364e447a932edf99c67546c5, e2b7a4d926554fb784ee7b1d94f86813; no voters: 
I20260812 08:02:25.090178  1010 raft_consensus.cc:2804] T ca31138e8f2d4590a7238059a969499c P 2ea7421a364e447a932edf99c67546c5 [term 0 FOLLOWER]: Leader pre-election won for term 1
I20260812 08:02:25.090229  1010 raft_consensus.cc:493] T ca31138e8f2d4590a7238059a969499c P 2ea7421a364e447a932edf99c67546c5 [term 0 FOLLOWER]: Starting leader election (no leader contacted us within the election timeout)
I20260812 08:02:25.090256  1010 raft_consensus.cc:3060] T ca31138e8f2d4590a7238059a969499c P 2ea7421a364e447a932edf99c67546c5 [term 0 FOLLOWER]: Advancing to term 1
I20260812 08:02:25.091400  1010 raft_consensus.cc:515] T ca31138e8f2d4590a7238059a969499c P 2ea7421a364e447a932edf99c67546c5 [term 1 FOLLOWER]: Starting leader election with config: opid_index: -1 OBSOLETE_local: false peers { permanent_uuid: "e2b7a4d926554fb784ee7b1d94f86813" member_type: VOTER last_known_addr { host: "127.26.116.65" port: 45579 } } peers { permanent_uuid: "3785b50895f74e12b7723aa0162c02c5" member_type: VOTER last_known_addr { host: "127.26.116.67" port: 39239 } } peers { permanent_uuid: "2ea7421a364e447a932edf99c67546c5" member_type: VOTER last_known_addr { host: "127.26.116.66" port: 42831 } }
I20260812 08:02:25.091792  1010 leader_election.cc:290] T ca31138e8f2d4590a7238059a969499c P 2ea7421a364e447a932edf99c67546c5 [CANDIDATE]: Term 1 election: Requested vote from peers e2b7a4d926554fb784ee7b1d94f86813 (127.26.116.65:45579), 3785b50895f74e12b7723aa0162c02c5 (127.26.116.67:39239)
I20260812 08:02:25.092187 31829 tablet_service.cc:1917] Received RequestConsensusVote() RPC: tablet_id: "ca31138e8f2d4590a7238059a969499c" candidate_uuid: "2ea7421a364e447a932edf99c67546c5" candidate_term: 1 candidate_status { last_received { term: 0 index: 0 } } ignore_live_leader: false dest_uuid: "e2b7a4d926554fb784ee7b1d94f86813"
I20260812 08:02:25.092232 32310 tablet_service.cc:1917] Received RequestConsensusVote() RPC: tablet_id: "ca31138e8f2d4590a7238059a969499c" candidate_uuid: "2ea7421a364e447a932edf99c67546c5" candidate_term: 1 candidate_status { last_received { term: 0 index: 0 } } ignore_live_leader: false dest_uuid: "3785b50895f74e12b7723aa0162c02c5"
I20260812 08:02:25.092307 31829 raft_consensus.cc:3060] T ca31138e8f2d4590a7238059a969499c P e2b7a4d926554fb784ee7b1d94f86813 [term 0 FOLLOWER]: Advancing to term 1
I20260812 08:02:25.092325 32310 raft_consensus.cc:3060] T ca31138e8f2d4590a7238059a969499c P 3785b50895f74e12b7723aa0162c02c5 [term 0 FOLLOWER]: Advancing to term 1
I20260812 08:02:25.093348 31829 raft_consensus.cc:2468] T ca31138e8f2d4590a7238059a969499c P e2b7a4d926554fb784ee7b1d94f86813 [term 1 FOLLOWER]: Leader election vote request: Granting yes vote for candidate 2ea7421a364e447a932edf99c67546c5 in term 1.
I20260812 08:02:25.093348 32310 raft_consensus.cc:2468] T ca31138e8f2d4590a7238059a969499c P 3785b50895f74e12b7723aa0162c02c5 [term 1 FOLLOWER]: Leader election vote request: Granting yes vote for candidate 2ea7421a364e447a932edf99c67546c5 in term 1.
I20260812 08:02:25.093710 31935 leader_election.cc:304] T ca31138e8f2d4590a7238059a969499c P 2ea7421a364e447a932edf99c67546c5 [CANDIDATE]: Term 1 election: Election decided. Result: candidate won. Election summary: received 2 responses out of 3 voters: 2 yes votes; 0 no votes. yes voters: 2ea7421a364e447a932edf99c67546c5, e2b7a4d926554fb784ee7b1d94f86813; no voters: 
I20260812 08:02:25.094022  1010 raft_consensus.cc:2804] T ca31138e8f2d4590a7238059a969499c P 2ea7421a364e447a932edf99c67546c5 [term 1 FOLLOWER]: Leader election won for term 1
I20260812 08:02:25.094300  1010 raft_consensus.cc:697] T ca31138e8f2d4590a7238059a969499c P 2ea7421a364e447a932edf99c67546c5 [term 1 LEADER]: Becoming Leader. State: Replica: 2ea7421a364e447a932edf99c67546c5, State: Running, Role: LEADER
I20260812 08:02:25.094461  1010 consensus_queue.cc:237] T ca31138e8f2d4590a7238059a969499c P 2ea7421a364e447a932edf99c67546c5 [LEADER]: Queue going to LEADER mode. State: All replicated index: 0, Majority replicated index: 0, Committed index: 0, Last appended: 0.0, Last appended by leader: 0, Current term: 1, Majority size: 2, State: 0, Mode: LEADER, active raft config: opid_index: -1 OBSOLETE_local: false peers { permanent_uuid: "e2b7a4d926554fb784ee7b1d94f86813" member_type: VOTER last_known_addr { host: "127.26.116.65" port: 45579 } } peers { permanent_uuid: "3785b50895f74e12b7723aa0162c02c5" member_type: VOTER last_known_addr { host: "127.26.116.67" port: 39239 } } peers { permanent_uuid: "2ea7421a364e447a932edf99c67546c5" member_type: VOTER last_known_addr { host: "127.26.116.66" port: 42831 } }
I20260812 08:02:25.096571 32540 catalog_manager.cc:5719] T ca31138e8f2d4590a7238059a969499c P 2ea7421a364e447a932edf99c67546c5 reported cstate change: term changed from 0 to 1, leader changed from <none> to 2ea7421a364e447a932edf99c67546c5 (127.26.116.66). New cstate: current_term: 1 leader_uuid: "2ea7421a364e447a932edf99c67546c5" committed_config { opid_index: -1 OBSOLETE_local: false peers { permanent_uuid: "e2b7a4d926554fb784ee7b1d94f86813" member_type: VOTER last_known_addr { host: "127.26.116.65" port: 45579 } health_report { overall_health: UNKNOWN } } peers { permanent_uuid: "3785b50895f74e12b7723aa0162c02c5" member_type: VOTER last_known_addr { host: "127.26.116.67" port: 39239 } health_report { overall_health: UNKNOWN } } peers { permanent_uuid: "2ea7421a364e447a932edf99c67546c5" member_type: VOTER last_known_addr { host: "127.26.116.66" port: 42831 } health_report { overall_health: HEALTHY } } }
I20260812 08:02:25.097134  1269 master_service.cc:438] Got heartbeat from unknown tserver (permanent_uuid: "2ea7421a364e447a932edf99c67546c5" instance_seqno: 1786521693889371) as {username='slave'} at 127.26.116.66:43705; Asking this server to re-register.
I20260812 08:02:25.097698 32139 heartbeater.cc:461] Registering TS with master...
I20260812 08:02:25.099886  1269 ts_manager.cc:194] Registered new tserver with Master: 2ea7421a364e447a932edf99c67546c5 (127.26.116.66:42831)
W20260812 08:02:25.123493 31992 tablet_service.cc:3018] Rejecting scan request for tablet ca31138e8f2d4590a7238059a969499c: Uninitialized: clean time has not yet been initialized
W20260812 08:02:25.325544 31992 tablet_service.cc:3018] Rejecting scan request for tablet ca31138e8f2d4590a7238059a969499c: Uninitialized: clean time has not yet been initialized
I20260812 08:02:25.346094  1288 raft_consensus.cc:1217] T 00000000000000000000000000000000 P b5e668bf917446e1a1f724f2782788aa [term 8 FOLLOWER]: Deduplicated request from leader. Original: 6.29->[8.30-8.36]   Dedup: 8.33->[8.34-8.36]
I20260812 08:02:25.349431  1363 sys_catalog.cc:455] T 00000000000000000000000000000000 P b5e668bf917446e1a1f724f2782788aa [sys.catalog]: SysCatalogTable state changed. Reason: New leader 815fd2931e984818b4644ca5c9729cd4. Latest consensus state: current_term: 8 leader_uuid: "815fd2931e984818b4644ca5c9729cd4" committed_config { opid_index: -1 OBSOLETE_local: false peers { permanent_uuid: "815fd2931e984818b4644ca5c9729cd4" member_type: VOTER last_known_addr { host: "127.26.116.126" port: 44773 } } peers { permanent_uuid: "2f1d4089ea8140dfab33d71b320df9df" member_type: VOTER last_known_addr { host: "127.26.116.125" port: 34993 } } peers { permanent_uuid: "b5e668bf917446e1a1f724f2782788aa" member_type: VOTER last_known_addr { host: "127.26.116.124" port: 43465 } } }
I20260812 08:02:25.349575  1363 sys_catalog.cc:458] T 00000000000000000000000000000000 P b5e668bf917446e1a1f724f2782788aa [sys.catalog]: This master's current role is: FOLLOWER
I20260812 08:02:25.522596  1387 consensus_queue.cc:1048] T ca31138e8f2d4590a7238059a969499c P 2ea7421a364e447a932edf99c67546c5 [LEADER]: Connected to new peer: Peer: permanent_uuid: "3785b50895f74e12b7723aa0162c02c5" member_type: VOTER last_known_addr { host: "127.26.116.67" port: 39239 }, Status: LMP_MISMATCH, Last received: 0.0, Next index: 1, Last known committed idx: 0, Time since last communication: 0.000s
I20260812 08:02:25.524821  1269 master_service.cc:438] Got heartbeat from unknown tserver (permanent_uuid: "3785b50895f74e12b7723aa0162c02c5" instance_seqno: 1786521694081552) as {username='slave'} at 127.26.116.67:58427; Asking this server to re-register.
I20260812 08:02:25.526036 32383 heartbeater.cc:461] Registering TS with master...
I20260812 08:02:25.528167  1269 ts_manager.cc:194] Registered new tserver with Master: 3785b50895f74e12b7723aa0162c02c5 (127.26.116.67:39239)
I20260812 08:02:25.528717  1010 consensus_queue.cc:1048] T ca31138e8f2d4590a7238059a969499c P 2ea7421a364e447a932edf99c67546c5 [LEADER]: Connected to new peer: Peer: permanent_uuid: "e2b7a4d926554fb784ee7b1d94f86813" member_type: VOTER last_known_addr { host: "127.26.116.65" port: 45579 }, Status: LMP_MISMATCH, Last received: 0.0, Next index: 1, Last known committed idx: 0, Time since last communication: 0.000s
I20260812 08:02:25.530941  1269 master_service.cc:438] Got heartbeat from unknown tserver (permanent_uuid: "e2b7a4d926554fb784ee7b1d94f86813" instance_seqno: 1786521693700776) as {username='slave'} at 127.26.116.65:60783; Asking this server to re-register.
I20260812 08:02:25.532132 31897 heartbeater.cc:461] Registering TS with master...
I20260812 08:02:25.533151  1269 ts_manager.cc:194] Registered new tserver with Master: e2b7a4d926554fb784ee7b1d94f86813 (127.26.116.65:45579)
W20260812 08:02:25.728325 27089 scanner-internal.cc:458] Time spent opening tablet: real 0.607s	user 0.001s	sys 0.001s
I20260812 08:02:25.846851  1363 raft_consensus.cc:493] T 00000000000000000000000000000000 P b5e668bf917446e1a1f724f2782788aa [term 8 FOLLOWER]: Starting pre-election (detected failure of leader 815fd2931e984818b4644ca5c9729cd4)
I20260812 08:02:25.847112  1363 raft_consensus.cc:515] T 00000000000000000000000000000000 P b5e668bf917446e1a1f724f2782788aa [term 8 FOLLOWER]: Starting pre-election with config: opid_index: -1 OBSOLETE_local: false peers { permanent_uuid: "815fd2931e984818b4644ca5c9729cd4" member_type: VOTER last_known_addr { host: "127.26.116.126" port: 44773 } } peers { permanent_uuid: "2f1d4089ea8140dfab33d71b320df9df" member_type: VOTER last_known_addr { host: "127.26.116.125" port: 34993 } } peers { permanent_uuid: "b5e668bf917446e1a1f724f2782788aa" member_type: VOTER last_known_addr { host: "127.26.116.124" port: 43465 } }
I20260812 08:02:25.848490  1363 leader_election.cc:290] T 00000000000000000000000000000000 P b5e668bf917446e1a1f724f2782788aa [CANDIDATE]: Term 9 pre-election: Requested pre-vote from peers 815fd2931e984818b4644ca5c9729cd4 (127.26.116.126:44773), 2f1d4089ea8140dfab33d71b320df9df (127.26.116.125:34993)
