I20260812 06:36:11.749446 14447 consensus_queue.cc:237] T 8e32e595c6ad47fba1ce7d4661584f58 P aab5e69fb0b54f5d97e2a2a1ab7547f4 [LEADER]: Queue going to LEADER mode. State: All replicated index: 0, Majority replicated index: 0, Committed index: 0, Last appended: 0.0, Last appended by leader: 0, Current term: 1, Majority size: 2, State: 0, Mode: LEADER, active raft config: opid_index: -1 OBSOLETE_local: false peers { permanent_uuid: "dc4d6a36a18643cb9904aa8c6c624db1" member_type: VOTER last_known_addr { host: "127.13.123.1" port: 38321 } } peers { permanent_uuid: "aab5e69fb0b54f5d97e2a2a1ab7547f4" member_type: VOTER last_known_addr { host: "127.13.123.2" port: 39381 } } peers { permanent_uuid: "f8e286467cdb4207aa431f8a9a9f9c1f" member_type: VOTER last_known_addr { host: "127.13.123.3" port: 38713 } }
I20260812 06:36:11.750963 13864 catalog_manager.cc:5719] T 8e32e595c6ad47fba1ce7d4661584f58 P aab5e69fb0b54f5d97e2a2a1ab7547f4 reported cstate change: term changed from 0 to 1, leader changed from <none> to aab5e69fb0b54f5d97e2a2a1ab7547f4 (127.13.123.2). New cstate: current_term: 1 leader_uuid: "aab5e69fb0b54f5d97e2a2a1ab7547f4" committed_config { opid_index: -1 OBSOLETE_local: false peers { permanent_uuid: "dc4d6a36a18643cb9904aa8c6c624db1" member_type: VOTER last_known_addr { host: "127.13.123.1" port: 38321 } health_report { overall_health: UNKNOWN } } peers { permanent_uuid: "aab5e69fb0b54f5d97e2a2a1ab7547f4" member_type: VOTER last_known_addr { host: "127.13.123.2" port: 39381 } health_report { overall_health: HEALTHY } } peers { permanent_uuid: "f8e286467cdb4207aa431f8a9a9f9c1f" member_type: VOTER last_known_addr { host: "127.13.123.3" port: 38713 } health_report { overall_health: UNKNOWN } } }
W20260812 06:36:11.752710 14120 tablet.cc:2406] T 100da60ae6894640b69e1852f2d30324 P dc4d6a36a18643cb9904aa8c6c624db1: Can't schedule compaction. Clean time has not been advanced past its initial value.
I20260812 06:36:11.772305 14474 raft_consensus.cc:493] T f9738655126541119f490c2ee15a2bec P dc4d6a36a18643cb9904aa8c6c624db1 [term 0 FOLLOWER]: Starting pre-election (no leader contacted us within the election timeout)
I20260812 06:36:11.772466 14474 raft_consensus.cc:515] T f9738655126541119f490c2ee15a2bec P dc4d6a36a18643cb9904aa8c6c624db1 [term 0 FOLLOWER]: Starting pre-election with config: opid_index: -1 OBSOLETE_local: false peers { permanent_uuid: "f8e286467cdb4207aa431f8a9a9f9c1f" member_type: VOTER last_known_addr { host: "127.13.123.3" port: 38713 } } peers { permanent_uuid: "dc4d6a36a18643cb9904aa8c6c624db1" member_type: VOTER last_known_addr { host: "127.13.123.1" port: 38321 } } peers { permanent_uuid: "aab5e69fb0b54f5d97e2a2a1ab7547f4" member_type: VOTER last_known_addr { host: "127.13.123.2" port: 39381 } }
I20260812 06:36:11.772992 14474 leader_election.cc:290] T f9738655126541119f490c2ee15a2bec P dc4d6a36a18643cb9904aa8c6c624db1 [CANDIDATE]: Term 1 pre-election: Requested pre-vote from peers f8e286467cdb4207aa431f8a9a9f9c1f (127.13.123.3:38713), aab5e69fb0b54f5d97e2a2a1ab7547f4 (127.13.123.2:39381)
I20260812 06:36:11.776913 14357 tablet_service.cc:1917] Received RequestConsensusVote() RPC: tablet_id: "f9738655126541119f490c2ee15a2bec" candidate_uuid: "dc4d6a36a18643cb9904aa8c6c624db1" candidate_term: 1 candidate_status { last_received { term: 0 index: 0 } } ignore_live_leader: false dest_uuid: "f8e286467cdb4207aa431f8a9a9f9c1f" is_pre_election: true
I20260812 06:36:11.777420 14211 tablet_service.cc:1917] Received RequestConsensusVote() RPC: tablet_id: "f9738655126541119f490c2ee15a2bec" candidate_uuid: "dc4d6a36a18643cb9904aa8c6c624db1" candidate_term: 1 candidate_status { last_received { term: 0 index: 0 } } ignore_live_leader: false dest_uuid: "aab5e69fb0b54f5d97e2a2a1ab7547f4" is_pre_election: true
I20260812 06:36:11.777618 14211 raft_consensus.cc:2393] T f9738655126541119f490c2ee15a2bec P aab5e69fb0b54f5d97e2a2a1ab7547f4 [term 1 FOLLOWER]: Leader pre-election vote request: Denying vote to candidate dc4d6a36a18643cb9904aa8c6c624db1 in current term 1: Already voted for candidate f8e286467cdb4207aa431f8a9a9f9c1f in this term.
I20260812 06:36:11.778055 13987 leader_election.cc:304] T f9738655126541119f490c2ee15a2bec P dc4d6a36a18643cb9904aa8c6c624db1 [CANDIDATE]: Term 1 pre-election: Election decided. Result: candidate lost. Election summary: received 3 responses out of 3 voters: 1 yes votes; 2 no votes. yes voters: dc4d6a36a18643cb9904aa8c6c624db1; no voters: aab5e69fb0b54f5d97e2a2a1ab7547f4, f8e286467cdb4207aa431f8a9a9f9c1f
I20260812 06:36:11.778304 14474 raft_consensus.cc:3060] T f9738655126541119f490c2ee15a2bec P dc4d6a36a18643cb9904aa8c6c624db1 [term 0 FOLLOWER]: Advancing to term 1
I20260812 06:36:11.779178 14474 raft_consensus.cc:2749] T f9738655126541119f490c2ee15a2bec P dc4d6a36a18643cb9904aa8c6c624db1 [term 1 FOLLOWER]: Leader pre-election lost for term 1. Reason: could not achieve majority
I20260812 06:36:11.833643 14474 raft_consensus.cc:493] T f5708d97264d4901afe944feb1e3dcbc P dc4d6a36a18643cb9904aa8c6c624db1 [term 0 FOLLOWER]: Starting pre-election (no leader contacted us within the election timeout)
I20260812 06:36:11.833807 14474 raft_consensus.cc:515] T f5708d97264d4901afe944feb1e3dcbc P dc4d6a36a18643cb9904aa8c6c624db1 [term 0 FOLLOWER]: Starting pre-election with config: opid_index: -1 OBSOLETE_local: false peers { permanent_uuid: "dc4d6a36a18643cb9904aa8c6c624db1" member_type: VOTER last_known_addr { host: "127.13.123.1" port: 38321 } } peers { permanent_uuid: "aab5e69fb0b54f5d97e2a2a1ab7547f4" member_type: VOTER last_known_addr { host: "127.13.123.2" port: 39381 } } peers { permanent_uuid: "f8e286467cdb4207aa431f8a9a9f9c1f" member_type: VOTER last_known_addr { host: "127.13.123.3" port: 38713 } }
I20260812 06:36:11.834362 14474 leader_election.cc:290] T f5708d97264d4901afe944feb1e3dcbc P dc4d6a36a18643cb9904aa8c6c624db1 [CANDIDATE]: Term 1 pre-election: Requested pre-vote from peers aab5e69fb0b54f5d97e2a2a1ab7547f4 (127.13.123.2:39381), f8e286467cdb4207aa431f8a9a9f9c1f (127.13.123.3:38713)
I20260812 06:36:11.834789 14211 tablet_service.cc:1917] Received RequestConsensusVote() RPC: tablet_id: "f5708d97264d4901afe944feb1e3dcbc" candidate_uuid: "dc4d6a36a18643cb9904aa8c6c624db1" candidate_term: 1 candidate_status { last_received { term: 0 index: 0 } } ignore_live_leader: false dest_uuid: "aab5e69fb0b54f5d97e2a2a1ab7547f4" is_pre_election: true
I20260812 06:36:11.834841 14357 tablet_service.cc:1917] Received RequestConsensusVote() RPC: tablet_id: "f5708d97264d4901afe944feb1e3dcbc" candidate_uuid: "dc4d6a36a18643cb9904aa8c6c624db1" candidate_term: 1 candidate_status { last_received { term: 0 index: 0 } } ignore_live_leader: false dest_uuid: "f8e286467cdb4207aa431f8a9a9f9c1f" is_pre_election: true
I20260812 06:36:11.834928 14211 raft_consensus.cc:2468] T f5708d97264d4901afe944feb1e3dcbc P aab5e69fb0b54f5d97e2a2a1ab7547f4 [term 0 FOLLOWER]: Leader pre-election vote request: Granting yes vote for candidate dc4d6a36a18643cb9904aa8c6c624db1 in term 0.
I20260812 06:36:11.835012 14357 raft_consensus.cc:2468] T f5708d97264d4901afe944feb1e3dcbc P f8e286467cdb4207aa431f8a9a9f9c1f [term 0 FOLLOWER]: Leader pre-election vote request: Granting yes vote for candidate dc4d6a36a18643cb9904aa8c6c624db1 in term 0.
I20260812 06:36:11.835233 13987 leader_election.cc:304] T f5708d97264d4901afe944feb1e3dcbc P dc4d6a36a18643cb9904aa8c6c624db1 [CANDIDATE]: Term 1 pre-election: Election decided. Result: candidate won. Election summary: received 2 responses out of 3 voters: 2 yes votes; 0 no votes. yes voters: aab5e69fb0b54f5d97e2a2a1ab7547f4, dc4d6a36a18643cb9904aa8c6c624db1; no voters: 
I20260812 06:36:11.835420 14474 raft_consensus.cc:2804] T f5708d97264d4901afe944feb1e3dcbc P dc4d6a36a18643cb9904aa8c6c624db1 [term 0 FOLLOWER]: Leader pre-election won for term 1
I20260812 06:36:11.835505 14474 raft_consensus.cc:493] T f5708d97264d4901afe944feb1e3dcbc P dc4d6a36a18643cb9904aa8c6c624db1 [term 0 FOLLOWER]: Starting leader election (no leader contacted us within the election timeout)
I20260812 06:36:11.835562 14474 raft_consensus.cc:3060] T f5708d97264d4901afe944feb1e3dcbc P dc4d6a36a18643cb9904aa8c6c624db1 [term 0 FOLLOWER]: Advancing to term 1
I20260812 06:36:11.836417 14474 raft_consensus.cc:515] T f5708d97264d4901afe944feb1e3dcbc P dc4d6a36a18643cb9904aa8c6c624db1 [term 1 FOLLOWER]: Starting leader election with config: opid_index: -1 OBSOLETE_local: false peers { permanent_uuid: "dc4d6a36a18643cb9904aa8c6c624db1" member_type: VOTER last_known_addr { host: "127.13.123.1" port: 38321 } } peers { permanent_uuid: "aab5e69fb0b54f5d97e2a2a1ab7547f4" member_type: VOTER last_known_addr { host: "127.13.123.2" port: 39381 } } peers { permanent_uuid: "f8e286467cdb4207aa431f8a9a9f9c1f" member_type: VOTER last_known_addr { host: "127.13.123.3" port: 38713 } }
I20260812 06:36:11.836767 14474 leader_election.cc:290] T f5708d97264d4901afe944feb1e3dcbc P dc4d6a36a18643cb9904aa8c6c624db1 [CANDIDATE]: Term 1 election: Requested vote from peers aab5e69fb0b54f5d97e2a2a1ab7547f4 (127.13.123.2:39381), f8e286467cdb4207aa431f8a9a9f9c1f (127.13.123.3:38713)
I20260812 06:36:11.837103 14357 tablet_service.cc:1917] Received RequestConsensusVote() RPC: tablet_id: "f5708d97264d4901afe944feb1e3dcbc" candidate_uuid: "dc4d6a36a18643cb9904aa8c6c624db1" candidate_term: 1 candidate_status { last_received { term: 0 index: 0 } } ignore_live_leader: false dest_uuid: "f8e286467cdb4207aa431f8a9a9f9c1f"
I20260812 06:36:11.837136 14211 tablet_service.cc:1917] Received RequestConsensusVote() RPC: tablet_id: "f5708d97264d4901afe944feb1e3dcbc" candidate_uuid: "dc4d6a36a18643cb9904aa8c6c624db1" candidate_term: 1 candidate_status { last_received { term: 0 index: 0 } } ignore_live_leader: false dest_uuid: "aab5e69fb0b54f5d97e2a2a1ab7547f4"
I20260812 06:36:11.837229 14357 raft_consensus.cc:3060] T f5708d97264d4901afe944feb1e3dcbc P f8e286467cdb4207aa431f8a9a9f9c1f [term 0 FOLLOWER]: Advancing to term 1
I20260812 06:36:11.837275 14211 raft_consensus.cc:3060] T f5708d97264d4901afe944feb1e3dcbc P aab5e69fb0b54f5d97e2a2a1ab7547f4 [term 0 FOLLOWER]: Advancing to term 1
I20260812 06:36:11.837950 14357 raft_consensus.cc:2468] T f5708d97264d4901afe944feb1e3dcbc P f8e286467cdb4207aa431f8a9a9f9c1f [term 1 FOLLOWER]: Leader election vote request: Granting yes vote for candidate dc4d6a36a18643cb9904aa8c6c624db1 in term 1.
I20260812 06:36:11.838047 14211 raft_consensus.cc:2468] T f5708d97264d4901afe944feb1e3dcbc P aab5e69fb0b54f5d97e2a2a1ab7547f4 [term 1 FOLLOWER]: Leader election vote request: Granting yes vote for candidate dc4d6a36a18643cb9904aa8c6c624db1 in term 1.
I20260812 06:36:11.838274 13990 leader_election.cc:304] T f5708d97264d4901afe944feb1e3dcbc P dc4d6a36a18643cb9904aa8c6c624db1 [CANDIDATE]: Term 1 election: Election decided. Result: candidate won. Election summary: received 2 responses out of 3 voters: 2 yes votes; 0 no votes. yes voters: dc4d6a36a18643cb9904aa8c6c624db1, f8e286467cdb4207aa431f8a9a9f9c1f; no voters: 
I20260812 06:36:11.838452 14474 raft_consensus.cc:2804] T f5708d97264d4901afe944feb1e3dcbc P dc4d6a36a18643cb9904aa8c6c624db1 [term 1 FOLLOWER]: Leader election won for term 1
I20260812 06:36:11.838526 14474 raft_consensus.cc:697] T f5708d97264d4901afe944feb1e3dcbc P dc4d6a36a18643cb9904aa8c6c624db1 [term 1 LEADER]: Becoming Leader. State: Replica: dc4d6a36a18643cb9904aa8c6c624db1, State: Running, Role: LEADER
I20260812 06:36:11.838660 14474 consensus_queue.cc:237] T f5708d97264d4901afe944feb1e3dcbc P dc4d6a36a18643cb9904aa8c6c624db1 [LEADER]: Queue going to LEADER mode. State: All replicated index: 0, Majority replicated index: 0, Committed index: 0, Last appended: 0.0, Last appended by leader: 0, Current term: 1, Majority size: 2, State: 0, Mode: LEADER, active raft config: opid_index: -1 OBSOLETE_local: false peers { permanent_uuid: "dc4d6a36a18643cb9904aa8c6c624db1" member_type: VOTER last_known_addr { host: "127.13.123.1" port: 38321 } } peers { permanent_uuid: "aab5e69fb0b54f5d97e2a2a1ab7547f4" member_type: VOTER last_known_addr { host: "127.13.123.2" port: 39381 } } peers { permanent_uuid: "f8e286467cdb4207aa431f8a9a9f9c1f" member_type: VOTER last_known_addr { host: "127.13.123.3" port: 38713 } }
I20260812 06:36:11.839407 14447 raft_consensus.cc:493] T 310794e2b6a24bd5b7aab37f049d5222 P aab5e69fb0b54f5d97e2a2a1ab7547f4 [term 0 FOLLOWER]: Starting pre-election (no leader contacted us within the election timeout)
I20260812 06:36:11.839480 14447 raft_consensus.cc:515] T 310794e2b6a24bd5b7aab37f049d5222 P aab5e69fb0b54f5d97e2a2a1ab7547f4 [term 0 FOLLOWER]: Starting pre-election with config: opid_index: -1 OBSOLETE_local: false peers { permanent_uuid: "dc4d6a36a18643cb9904aa8c6c624db1" member_type: VOTER last_known_addr { host: "127.13.123.1" port: 38321 } } peers { permanent_uuid: "aab5e69fb0b54f5d97e2a2a1ab7547f4" member_type: VOTER last_known_addr { host: "127.13.123.2" port: 39381 } } peers { permanent_uuid: "f8e286467cdb4207aa431f8a9a9f9c1f" member_type: VOTER last_known_addr { host: "127.13.123.3" port: 38713 } }
I20260812 06:36:11.839789 14447 leader_election.cc:290] T 310794e2b6a24bd5b7aab37f049d5222 P aab5e69fb0b54f5d97e2a2a1ab7547f4 [CANDIDATE]: Term 1 pre-election: Requested pre-vote from peers dc4d6a36a18643cb9904aa8c6c624db1 (127.13.123.1:38321), f8e286467cdb4207aa431f8a9a9f9c1f (127.13.123.3:38713)
I20260812 06:36:11.840063 14058 tablet_service.cc:1917] Received RequestConsensusVote() RPC: tablet_id: "310794e2b6a24bd5b7aab37f049d5222" candidate_uuid: "aab5e69fb0b54f5d97e2a2a1ab7547f4" candidate_term: 1 candidate_status { last_received { term: 0 index: 0 } } ignore_live_leader: false dest_uuid: "dc4d6a36a18643cb9904aa8c6c624db1" is_pre_election: true
I20260812 06:36:11.840111 14357 tablet_service.cc:1917] Received RequestConsensusVote() RPC: tablet_id: "310794e2b6a24bd5b7aab37f049d5222" candidate_uuid: "aab5e69fb0b54f5d97e2a2a1ab7547f4" candidate_term: 1 candidate_status { last_received { term: 0 index: 0 } } ignore_live_leader: false dest_uuid: "f8e286467cdb4207aa431f8a9a9f9c1f" is_pre_election: true
I20260812 06:36:11.840183 14058 raft_consensus.cc:2468] T 310794e2b6a24bd5b7aab37f049d5222 P dc4d6a36a18643cb9904aa8c6c624db1 [term 0 FOLLOWER]: Leader pre-election vote request: Granting yes vote for candidate aab5e69fb0b54f5d97e2a2a1ab7547f4 in term 0.
I20260812 06:36:11.840279 14357 raft_consensus.cc:2468] T 310794e2b6a24bd5b7aab37f049d5222 P f8e286467cdb4207aa431f8a9a9f9c1f [term 0 FOLLOWER]: Leader pre-election vote request: Granting yes vote for candidate aab5e69fb0b54f5d97e2a2a1ab7547f4 in term 0.
I20260812 06:36:11.840461 14154 leader_election.cc:304] T 310794e2b6a24bd5b7aab37f049d5222 P aab5e69fb0b54f5d97e2a2a1ab7547f4 [CANDIDATE]: Term 1 pre-election: Election decided. Result: candidate won. Election summary: received 2 responses out of 3 voters: 2 yes votes; 0 no votes. yes voters: aab5e69fb0b54f5d97e2a2a1ab7547f4, dc4d6a36a18643cb9904aa8c6c624db1; no voters: 
I20260812 06:36:11.840438 13864 catalog_manager.cc:5719] T f5708d97264d4901afe944feb1e3dcbc P dc4d6a36a18643cb9904aa8c6c624db1 reported cstate change: term changed from 0 to 1, leader changed from <none> to dc4d6a36a18643cb9904aa8c6c624db1 (127.13.123.1). New cstate: current_term: 1 leader_uuid: "dc4d6a36a18643cb9904aa8c6c624db1" committed_config { opid_index: -1 OBSOLETE_local: false peers { permanent_uuid: "dc4d6a36a18643cb9904aa8c6c624db1" member_type: VOTER last_known_addr { host: "127.13.123.1" port: 38321 } health_report { overall_health: HEALTHY } } peers { permanent_uuid: "aab5e69fb0b54f5d97e2a2a1ab7547f4" member_type: VOTER last_known_addr { host: "127.13.123.2" port: 39381 } health_report { overall_health: UNKNOWN } } peers { permanent_uuid: "f8e286467cdb4207aa431f8a9a9f9c1f" member_type: VOTER last_known_addr { host: "127.13.123.3" port: 38713 } health_report { overall_health: UNKNOWN } } }
I20260812 06:36:11.840649 14447 raft_consensus.cc:2804] T 310794e2b6a24bd5b7aab37f049d5222 P aab5e69fb0b54f5d97e2a2a1ab7547f4 [term 0 FOLLOWER]: Leader pre-election won for term 1
I20260812 06:36:11.840719 14447 raft_consensus.cc:493] T 310794e2b6a24bd5b7aab37f049d5222 P aab5e69fb0b54f5d97e2a2a1ab7547f4 [term 0 FOLLOWER]: Starting leader election (no leader contacted us within the election timeout)
I20260812 06:36:11.840772 14447 raft_consensus.cc:3060] T 310794e2b6a24bd5b7aab37f049d5222 P aab5e69fb0b54f5d97e2a2a1ab7547f4 [term 0 FOLLOWER]: Advancing to term 1
I20260812 06:36:11.841511 14447 raft_consensus.cc:515] T 310794e2b6a24bd5b7aab37f049d5222 P aab5e69fb0b54f5d97e2a2a1ab7547f4 [term 1 FOLLOWER]: Starting leader election with config: opid_index: -1 OBSOLETE_local: false peers { permanent_uuid: "dc4d6a36a18643cb9904aa8c6c624db1" member_type: VOTER last_known_addr { host: "127.13.123.1" port: 38321 } } peers { permanent_uuid: "aab5e69fb0b54f5d97e2a2a1ab7547f4" member_type: VOTER last_known_addr { host: "127.13.123.2" port: 39381 } } peers { permanent_uuid: "f8e286467cdb4207aa431f8a9a9f9c1f" member_type: VOTER last_known_addr { host: "127.13.123.3" port: 38713 } }
I20260812 06:36:11.841897 14447 leader_election.cc:290] T 310794e2b6a24bd5b7aab37f049d5222 P aab5e69fb0b54f5d97e2a2a1ab7547f4 [CANDIDATE]: Term 1 election: Requested vote from peers dc4d6a36a18643cb9904aa8c6c624db1 (127.13.123.1:38321), f8e286467cdb4207aa431f8a9a9f9c1f (127.13.123.3:38713)
I20260812 06:36:11.842291 14357 tablet_service.cc:1917] Received RequestConsensusVote() RPC: tablet_id: "310794e2b6a24bd5b7aab37f049d5222" candidate_uuid: "aab5e69fb0b54f5d97e2a2a1ab7547f4" candidate_term: 1 candidate_status { last_received { term: 0 index: 0 } } ignore_live_leader: false dest_uuid: "f8e286467cdb4207aa431f8a9a9f9c1f"
I20260812 06:36:11.842417 14357 raft_consensus.cc:3060] T 310794e2b6a24bd5b7aab37f049d5222 P f8e286467cdb4207aa431f8a9a9f9c1f [term 0 FOLLOWER]: Advancing to term 1
I20260812 06:36:11.842859 14058 tablet_service.cc:1917] Received RequestConsensusVote() RPC: tablet_id: "310794e2b6a24bd5b7aab37f049d5222" candidate_uuid: "aab5e69fb0b54f5d97e2a2a1ab7547f4" candidate_term: 1 candidate_status { last_received { term: 0 index: 0 } } ignore_live_leader: false dest_uuid: "dc4d6a36a18643cb9904aa8c6c624db1"
I20260812 06:36:11.842967 14058 raft_consensus.cc:3060] T 310794e2b6a24bd5b7aab37f049d5222 P dc4d6a36a18643cb9904aa8c6c624db1 [term 0 FOLLOWER]: Advancing to term 1
I20260812 06:36:11.843247 14357 raft_consensus.cc:2468] T 310794e2b6a24bd5b7aab37f049d5222 P f8e286467cdb4207aa431f8a9a9f9c1f [term 1 FOLLOWER]: Leader election vote request: Granting yes vote for candidate aab5e69fb0b54f5d97e2a2a1ab7547f4 in term 1.
I20260812 06:36:11.843509 14154 leader_election.cc:304] T 310794e2b6a24bd5b7aab37f049d5222 P aab5e69fb0b54f5d97e2a2a1ab7547f4 [CANDIDATE]: Term 1 election: Election decided. Result: candidate won. Election summary: received 2 responses out of 3 voters: 2 yes votes; 0 no votes. yes voters: aab5e69fb0b54f5d97e2a2a1ab7547f4, f8e286467cdb4207aa431f8a9a9f9c1f; no voters: 
I20260812 06:36:11.843667 14447 raft_consensus.cc:2804] T 310794e2b6a24bd5b7aab37f049d5222 P aab5e69fb0b54f5d97e2a2a1ab7547f4 [term 1 FOLLOWER]: Leader election won for term 1
I20260812 06:36:11.843766 14447 raft_consensus.cc:697] T 310794e2b6a24bd5b7aab37f049d5222 P aab5e69fb0b54f5d97e2a2a1ab7547f4 [term 1 LEADER]: Becoming Leader. State: Replica: aab5e69fb0b54f5d97e2a2a1ab7547f4, State: Running, Role: LEADER
I20260812 06:36:11.843911 14058 raft_consensus.cc:2468] T 310794e2b6a24bd5b7aab37f049d5222 P dc4d6a36a18643cb9904aa8c6c624db1 [term 1 FOLLOWER]: Leader election vote request: Granting yes vote for candidate aab5e69fb0b54f5d97e2a2a1ab7547f4 in term 1.
I20260812 06:36:11.844341 14447 consensus_queue.cc:237] T 310794e2b6a24bd5b7aab37f049d5222 P aab5e69fb0b54f5d97e2a2a1ab7547f4 [LEADER]: Queue going to LEADER mode. State: All replicated index: 0, Majority replicated index: 0, Committed index: 0, Last appended: 0.0, Last appended by leader: 0, Current term: 1, Majority size: 2, State: 0, Mode: LEADER, active raft config: opid_index: -1 OBSOLETE_local: false peers { permanent_uuid: "dc4d6a36a18643cb9904aa8c6c624db1" member_type: VOTER last_known_addr { host: "127.13.123.1" port: 38321 } } peers { permanent_uuid: "aab5e69fb0b54f5d97e2a2a1ab7547f4" member_type: VOTER last_known_addr { host: "127.13.123.2" port: 39381 } } peers { permanent_uuid: "f8e286467cdb4207aa431f8a9a9f9c1f" member_type: VOTER last_known_addr { host: "127.13.123.3" port: 38713 } }
I20260812 06:36:11.846066 13864 catalog_manager.cc:5719] T 310794e2b6a24bd5b7aab37f049d5222 P aab5e69fb0b54f5d97e2a2a1ab7547f4 reported cstate change: term changed from 0 to 1, leader changed from <none> to aab5e69fb0b54f5d97e2a2a1ab7547f4 (127.13.123.2). New cstate: current_term: 1 leader_uuid: "aab5e69fb0b54f5d97e2a2a1ab7547f4" committed_config { opid_index: -1 OBSOLETE_local: false peers { permanent_uuid: "dc4d6a36a18643cb9904aa8c6c624db1" member_type: VOTER last_known_addr { host: "127.13.123.1" port: 38321 } health_report { overall_health: UNKNOWN } } peers { permanent_uuid: "aab5e69fb0b54f5d97e2a2a1ab7547f4" member_type: VOTER last_known_addr { host: "127.13.123.2" port: 39381 } health_report { overall_health: HEALTHY } } peers { permanent_uuid: "f8e286467cdb4207aa431f8a9a9f9c1f" member_type: VOTER last_known_addr { host: "127.13.123.3" port: 38713 } health_report { overall_health: UNKNOWN } } }
I20260812 06:36:11.853399 14474 raft_consensus.cc:493] T 84d25bd53e1f451ea87d159f12469ad5 P dc4d6a36a18643cb9904aa8c6c624db1 [term 0 FOLLOWER]: Starting pre-election (no leader contacted us within the election timeout)
I20260812 06:36:11.853526 14474 raft_consensus.cc:515] T 84d25bd53e1f451ea87d159f12469ad5 P dc4d6a36a18643cb9904aa8c6c624db1 [term 0 FOLLOWER]: Starting pre-election with config: opid_index: -1 OBSOLETE_local: false peers { permanent_uuid: "dc4d6a36a18643cb9904aa8c6c624db1" member_type: VOTER last_known_addr { host: "127.13.123.1" port: 38321 } } peers { permanent_uuid: "aab5e69fb0b54f5d97e2a2a1ab7547f4" member_type: VOTER last_known_addr { host: "127.13.123.2" port: 39381 } } peers { permanent_uuid: "f8e286467cdb4207aa431f8a9a9f9c1f" member_type: VOTER last_known_addr { host: "127.13.123.3" port: 38713 } }
I20260812 06:36:11.854120 14474 leader_election.cc:290] T 84d25bd53e1f451ea87d159f12469ad5 P dc4d6a36a18643cb9904aa8c6c624db1 [CANDIDATE]: Term 1 pre-election: Requested pre-vote from peers aab5e69fb0b54f5d97e2a2a1ab7547f4 (127.13.123.2:39381), f8e286467cdb4207aa431f8a9a9f9c1f (127.13.123.3:38713)
I20260812 06:36:11.854482 14211 tablet_service.cc:1917] Received RequestConsensusVote() RPC: tablet_id: "84d25bd53e1f451ea87d159f12469ad5" candidate_uuid: "dc4d6a36a18643cb9904aa8c6c624db1" candidate_term: 1 candidate_status { last_received { term: 0 index: 0 } } ignore_live_leader: false dest_uuid: "aab5e69fb0b54f5d97e2a2a1ab7547f4" is_pre_election: true
I20260812 06:36:11.854554 14357 tablet_service.cc:1917] Received RequestConsensusVote() RPC: tablet_id: "84d25bd53e1f451ea87d159f12469ad5" candidate_uuid: "dc4d6a36a18643cb9904aa8c6c624db1" candidate_term: 1 candidate_status { last_received { term: 0 index: 0 } } ignore_live_leader: false dest_uuid: "f8e286467cdb4207aa431f8a9a9f9c1f" is_pre_election: true
I20260812 06:36:11.854633 14211 raft_consensus.cc:2468] T 84d25bd53e1f451ea87d159f12469ad5 P aab5e69fb0b54f5d97e2a2a1ab7547f4 [term 0 FOLLOWER]: Leader pre-election vote request: Granting yes vote for candidate dc4d6a36a18643cb9904aa8c6c624db1 in term 0.
I20260812 06:36:11.854712 14357 raft_consensus.cc:2468] T 84d25bd53e1f451ea87d159f12469ad5 P f8e286467cdb4207aa431f8a9a9f9c1f [term 0 FOLLOWER]: Leader pre-election vote request: Granting yes vote for candidate dc4d6a36a18643cb9904aa8c6c624db1 in term 0.
I20260812 06:36:11.854947 13987 leader_election.cc:304] T 84d25bd53e1f451ea87d159f12469ad5 P dc4d6a36a18643cb9904aa8c6c624db1 [CANDIDATE]: Term 1 pre-election: Election decided. Result: candidate won. Election summary: received 2 responses out of 3 voters: 2 yes votes; 0 no votes. yes voters: aab5e69fb0b54f5d97e2a2a1ab7547f4, dc4d6a36a18643cb9904aa8c6c624db1; no voters: 
I20260812 06:36:11.855122 14474 raft_consensus.cc:2804] T 84d25bd53e1f451ea87d159f12469ad5 P dc4d6a36a18643cb9904aa8c6c624db1 [term 0 FOLLOWER]: Leader pre-election won for term 1
I20260812 06:36:11.855193 14474 raft_consensus.cc:493] T 84d25bd53e1f451ea87d159f12469ad5 P dc4d6a36a18643cb9904aa8c6c624db1 [term 0 FOLLOWER]: Starting leader election (no leader contacted us within the election timeout)
I20260812 06:36:11.855248 14474 raft_consensus.cc:3060] T 84d25bd53e1f451ea87d159f12469ad5 P dc4d6a36a18643cb9904aa8c6c624db1 [term 0 FOLLOWER]: Advancing to term 1
I20260812 06:36:11.856110 14474 raft_consensus.cc:515] T 84d25bd53e1f451ea87d159f12469ad5 P dc4d6a36a18643cb9904aa8c6c624db1 [term 1 FOLLOWER]: Starting leader election with config: opid_index: -1 OBSOLETE_local: false peers { permanent_uuid: "dc4d6a36a18643cb9904aa8c6c624db1" member_type: VOTER last_known_addr { host: "127.13.123.1" port: 38321 } } peers { permanent_uuid: "aab5e69fb0b54f5d97e2a2a1ab7547f4" member_type: VOTER last_known_addr { host: "127.13.123.2" port: 39381 } } peers { permanent_uuid: "f8e286467cdb4207aa431f8a9a9f9c1f" member_type: VOTER last_known_addr { host: "127.13.123.3" port: 38713 } }
I20260812 06:36:11.856520 14474 leader_election.cc:290] T 84d25bd53e1f451ea87d159f12469ad5 P dc4d6a36a18643cb9904aa8c6c624db1 [CANDIDATE]: Term 1 election: Requested vote from peers aab5e69fb0b54f5d97e2a2a1ab7547f4 (127.13.123.2:39381), f8e286467cdb4207aa431f8a9a9f9c1f (127.13.123.3:38713)
I20260812 06:36:11.856820 14211 tablet_service.cc:1917] Received RequestConsensusVote() RPC: tablet_id: "84d25bd53e1f451ea87d159f12469ad5" candidate_uuid: "dc4d6a36a18643cb9904aa8c6c624db1" candidate_term: 1 candidate_status { last_received { term: 0 index: 0 } } ignore_live_leader: false dest_uuid: "aab5e69fb0b54f5d97e2a2a1ab7547f4"
I20260812 06:36:11.856839 14357 tablet_service.cc:1917] Received RequestConsensusVote() RPC: tablet_id: "84d25bd53e1f451ea87d159f12469ad5" candidate_uuid: "dc4d6a36a18643cb9904aa8c6c624db1" candidate_term: 1 candidate_status { last_received { term: 0 index: 0 } } ignore_live_leader: false dest_uuid: "f8e286467cdb4207aa431f8a9a9f9c1f"
I20260812 06:36:11.856966 14211 raft_consensus.cc:3060] T 84d25bd53e1f451ea87d159f12469ad5 P aab5e69fb0b54f5d97e2a2a1ab7547f4 [term 0 FOLLOWER]: Advancing to term 1
I20260812 06:36:11.856984 14357 raft_consensus.cc:3060] T 84d25bd53e1f451ea87d159f12469ad5 P f8e286467cdb4207aa431f8a9a9f9c1f [term 0 FOLLOWER]: Advancing to term 1
I20260812 06:36:11.857743 14211 raft_consensus.cc:2468] T 84d25bd53e1f451ea87d159f12469ad5 P aab5e69fb0b54f5d97e2a2a1ab7547f4 [term 1 FOLLOWER]: Leader election vote request: Granting yes vote for candidate dc4d6a36a18643cb9904aa8c6c624db1 in term 1.
I20260812 06:36:11.857754 14357 raft_consensus.cc:2468] T 84d25bd53e1f451ea87d159f12469ad5 P f8e286467cdb4207aa431f8a9a9f9c1f [term 1 FOLLOWER]: Leader election vote request: Granting yes vote for candidate dc4d6a36a18643cb9904aa8c6c624db1 in term 1.
I20260812 06:36:11.858013 13987 leader_election.cc:304] T 84d25bd53e1f451ea87d159f12469ad5 P dc4d6a36a18643cb9904aa8c6c624db1 [CANDIDATE]: Term 1 election: Election decided. Result: candidate won. Election summary: received 2 responses out of 3 voters: 2 yes votes; 0 no votes. yes voters: aab5e69fb0b54f5d97e2a2a1ab7547f4, dc4d6a36a18643cb9904aa8c6c624db1; no voters: 
I20260812 06:36:11.858194 14474 raft_consensus.cc:2804] T 84d25bd53e1f451ea87d159f12469ad5 P dc4d6a36a18643cb9904aa8c6c624db1 [term 1 FOLLOWER]: Leader election won for term 1
I20260812 06:36:11.858336 14474 raft_consensus.cc:697] T 84d25bd53e1f451ea87d159f12469ad5 P dc4d6a36a18643cb9904aa8c6c624db1 [term 1 LEADER]: Becoming Leader. State: Replica: dc4d6a36a18643cb9904aa8c6c624db1, State: Running, Role: LEADER
I20260812 06:36:11.858484 14474 consensus_queue.cc:237] T 84d25bd53e1f451ea87d159f12469ad5 P dc4d6a36a18643cb9904aa8c6c624db1 [LEADER]: Queue going to LEADER mode. State: All replicated index: 0, Majority replicated index: 0, Committed index: 0, Last appended: 0.0, Last appended by leader: 0, Current term: 1, Majority size: 2, State: 0, Mode: LEADER, active raft config: opid_index: -1 OBSOLETE_local: false peers { permanent_uuid: "dc4d6a36a18643cb9904aa8c6c624db1" member_type: VOTER last_known_addr { host: "127.13.123.1" port: 38321 } } peers { permanent_uuid: "aab5e69fb0b54f5d97e2a2a1ab7547f4" member_type: VOTER last_known_addr { host: "127.13.123.2" port: 39381 } } peers { permanent_uuid: "f8e286467cdb4207aa431f8a9a9f9c1f" member_type: VOTER last_known_addr { host: "127.13.123.3" port: 38713 } }
I20260812 06:36:11.860284 13864 catalog_manager.cc:5719] T 84d25bd53e1f451ea87d159f12469ad5 P dc4d6a36a18643cb9904aa8c6c624db1 reported cstate change: term changed from 0 to 1, leader changed from <none> to dc4d6a36a18643cb9904aa8c6c624db1 (127.13.123.1). New cstate: current_term: 1 leader_uuid: "dc4d6a36a18643cb9904aa8c6c624db1" committed_config { opid_index: -1 OBSOLETE_local: false peers { permanent_uuid: "dc4d6a36a18643cb9904aa8c6c624db1" member_type: VOTER last_known_addr { host: "127.13.123.1" port: 38321 } health_report { overall_health: HEALTHY } } peers { permanent_uuid: "aab5e69fb0b54f5d97e2a2a1ab7547f4" member_type: VOTER last_known_addr { host: "127.13.123.2" port: 39381 } health_report { overall_health: UNKNOWN } } peers { permanent_uuid: "f8e286467cdb4207aa431f8a9a9f9c1f" member_type: VOTER last_known_addr { host: "127.13.123.3" port: 38713 } health_report { overall_health: UNKNOWN } } }
I20260812 06:36:12.066964 14473 consensus_queue.cc:1048] T f9738655126541119f490c2ee15a2bec P f8e286467cdb4207aa431f8a9a9f9c1f [LEADER]: Connected to new peer: Peer: permanent_uuid: "dc4d6a36a18643cb9904aa8c6c624db1" member_type: VOTER last_known_addr { host: "127.13.123.1" port: 38321 }, Status: LMP_MISMATCH, Last received: 0.0, Next index: 1, Last known committed idx: 0, Time since last communication: 0.000s
I20260812 06:36:12.070538 14473 consensus_queue.cc:1048] T f9738655126541119f490c2ee15a2bec P f8e286467cdb4207aa431f8a9a9f9c1f [LEADER]: Connected to new peer: Peer: permanent_uuid: "aab5e69fb0b54f5d97e2a2a1ab7547f4" member_type: VOTER last_known_addr { host: "127.13.123.2" port: 39381 }, Status: LMP_MISMATCH, Last received: 0.0, Next index: 1, Last known committed idx: 0, Time since last communication: 0.000s
I20260812 06:36:12.129572 13804 tablet_server.cc:179] TabletServer@127.13.123.1:0 shutting down...
I20260812 06:36:12.135043 13804 ts_tablet_manager.cc:1507] Shutting down tablet manager...
I20260812 06:36:12.135386 13804 tablet_replica.cc:333] T 84d25bd53e1f451ea87d159f12469ad5 P dc4d6a36a18643cb9904aa8c6c624db1: stopping tablet replica
I20260812 06:36:12.135637 13804 raft_consensus.cc:2243] T 84d25bd53e1f451ea87d159f12469ad5 P dc4d6a36a18643cb9904aa8c6c624db1 [term 1 LEADER]: Raft consensus shutting down.
I20260812 06:36:12.135888 13804 pending_rounds.cc:70] T 84d25bd53e1f451ea87d159f12469ad5 P dc4d6a36a18643cb9904aa8c6c624db1: Trying to abort 1 pending ops.
I20260812 06:36:12.135965 13804 pending_rounds.cc:77] T 84d25bd53e1f451ea87d159f12469ad5 P dc4d6a36a18643cb9904aa8c6c624db1: Aborting op as it isn't in flight: id { term: 1 index: 1 } timestamp: 7317571878334177280 op_type: NO_OP noop_request { }
I20260812 06:36:12.136061 13804 raft_consensus.cc:2889] T 84d25bd53e1f451ea87d159f12469ad5 P dc4d6a36a18643cb9904aa8c6c624db1 [term 1 LEADER]: NO_OP replication failed: Aborted: Op aborted
I20260812 06:36:12.136128 13804 raft_consensus.cc:2272] T 84d25bd53e1f451ea87d159f12469ad5 P dc4d6a36a18643cb9904aa8c6c624db1 [term 1 FOLLOWER]: Raft consensus is shut down!
I20260812 06:36:12.137315 13804 tablet_replica.cc:333] T b73edacbffea48e79a82671f00629a5a P dc4d6a36a18643cb9904aa8c6c624db1: stopping tablet replica
I20260812 06:36:12.137451 13804 raft_consensus.cc:2243] T b73edacbffea48e79a82671f00629a5a P dc4d6a36a18643cb9904aa8c6c624db1 [term 1 FOLLOWER]: Raft consensus shutting down.
I20260812 06:36:12.137563 13804 raft_consensus.cc:2272] T b73edacbffea48e79a82671f00629a5a P dc4d6a36a18643cb9904aa8c6c624db1 [term 1 FOLLOWER]: Raft consensus is shut down!
I20260812 06:36:12.137970 13804 tablet_replica.cc:333] T 100da60ae6894640b69e1852f2d30324 P dc4d6a36a18643cb9904aa8c6c624db1: stopping tablet replica
I20260812 06:36:12.138092 13804 raft_consensus.cc:2243] T 100da60ae6894640b69e1852f2d30324 P dc4d6a36a18643cb9904aa8c6c624db1 [term 1 FOLLOWER]: Raft consensus shutting down.
I20260812 06:36:12.138204 13804 raft_consensus.cc:2272] T 100da60ae6894640b69e1852f2d30324 P dc4d6a36a18643cb9904aa8c6c624db1 [term 1 FOLLOWER]: Raft consensus is shut down!
I20260812 06:36:12.138585 13804 tablet_replica.cc:333] T f5708d97264d4901afe944feb1e3dcbc P dc4d6a36a18643cb9904aa8c6c624db1: stopping tablet replica
I20260812 06:36:12.138697 13804 raft_consensus.cc:2243] T f5708d97264d4901afe944feb1e3dcbc P dc4d6a36a18643cb9904aa8c6c624db1 [term 1 LEADER]: Raft consensus shutting down.
I20260812 06:36:12.138840 13804 pending_rounds.cc:70] T f5708d97264d4901afe944feb1e3dcbc P dc4d6a36a18643cb9904aa8c6c624db1: Trying to abort 1 pending ops.
I20260812 06:36:12.138893 13804 pending_rounds.cc:77] T f5708d97264d4901afe944feb1e3dcbc P dc4d6a36a18643cb9904aa8c6c624db1: Aborting op as it isn't in flight: id { term: 1 index: 1 } timestamp: 7317571878252806144 op_type: NO_OP noop_request { }
I20260812 06:36:12.138952 13804 raft_consensus.cc:2889] T f5708d97264d4901afe944feb1e3dcbc P dc4d6a36a18643cb9904aa8c6c624db1 [term 1 LEADER]: NO_OP replication failed: Aborted: Op aborted
I20260812 06:36:12.139019 13804 raft_consensus.cc:2272] T f5708d97264d4901afe944feb1e3dcbc P dc4d6a36a18643cb9904aa8c6c624db1 [term 1 FOLLOWER]: Raft consensus is shut down!
I20260812 06:36:12.139495 13804 tablet_replica.cc:333] T 85c0b7d058264fb3ac4f5c6befc3742d P dc4d6a36a18643cb9904aa8c6c624db1: stopping tablet replica
I20260812 06:36:12.139607 13804 raft_consensus.cc:2243] T 85c0b7d058264fb3ac4f5c6befc3742d P dc4d6a36a18643cb9904aa8c6c624db1 [term 1 FOLLOWER]: Raft consensus shutting down.
I20260812 06:36:12.139715 13804 raft_consensus.cc:2272] T 85c0b7d058264fb3ac4f5c6befc3742d P dc4d6a36a18643cb9904aa8c6c624db1 [term 1 FOLLOWER]: Raft consensus is shut down!
I20260812 06:36:12.140074 13804 tablet_replica.cc:333] T f9738655126541119f490c2ee15a2bec P dc4d6a36a18643cb9904aa8c6c624db1: stopping tablet replica
I20260812 06:36:12.140182 13804 raft_consensus.cc:2243] T f9738655126541119f490c2ee15a2bec P dc4d6a36a18643cb9904aa8c6c624db1 [term 1 FOLLOWER]: Raft consensus shutting down.
I20260812 06:36:12.140295 13804 raft_consensus.cc:2272] T f9738655126541119f490c2ee15a2bec P dc4d6a36a18643cb9904aa8c6c624db1 [term 1 FOLLOWER]: Raft consensus is shut down!
I20260812 06:36:12.140885 13804 tablet_replica.cc:333] T 8e32e595c6ad47fba1ce7d4661584f58 P dc4d6a36a18643cb9904aa8c6c624db1: stopping tablet replica
I20260812 06:36:12.140995 13804 raft_consensus.cc:2243] T 8e32e595c6ad47fba1ce7d4661584f58 P dc4d6a36a18643cb9904aa8c6c624db1 [term 1 FOLLOWER]: Raft consensus shutting down.
I20260812 06:36:12.141111 13804 raft_consensus.cc:2272] T 8e32e595c6ad47fba1ce7d4661584f58 P dc4d6a36a18643cb9904aa8c6c624db1 [term 1 FOLLOWER]: Raft consensus is shut down!
I20260812 06:36:12.141484 13804 tablet_replica.cc:333] T 310794e2b6a24bd5b7aab37f049d5222 P dc4d6a36a18643cb9904aa8c6c624db1: stopping tablet replica
I20260812 06:36:12.141588 13804 raft_consensus.cc:2243] T 310794e2b6a24bd5b7aab37f049d5222 P dc4d6a36a18643cb9904aa8c6c624db1 [term 1 FOLLOWER]: Raft consensus shutting down.
I20260812 06:36:12.141680 13804 raft_consensus.cc:2272] T 310794e2b6a24bd5b7aab37f049d5222 P dc4d6a36a18643cb9904aa8c6c624db1 [term 1 FOLLOWER]: Raft consensus is shut down!
I20260812 06:36:12.156307 13804 tablet_server.cc:196] TabletServer@127.13.123.1:0 shutdown complete.
I20260812 06:36:12.160367 13804 tablet_server.cc:179] TabletServer@127.13.123.2:0 shutting down...
I20260812 06:36:12.162348 14447 consensus_queue.cc:1048] T 85c0b7d058264fb3ac4f5c6befc3742d P aab5e69fb0b54f5d97e2a2a1ab7547f4 [LEADER]: Connected to new peer: Peer: permanent_uuid: "f8e286467cdb4207aa431f8a9a9f9c1f" member_type: VOTER last_known_addr { host: "127.13.123.3" port: 38713 }, Status: LMP_MISMATCH, Last received: 0.0, Next index: 1, Last known committed idx: 0, Time since last communication: 0.000s
W20260812 06:36:12.166018 14154 proxy.cc:239] Call had error, refreshing address and retrying: Network error: Client connection negotiation failed: client connection to 127.13.123.1:38321: connect: Connection refused (error 111)
W20260812 06:36:12.167326 14154 consensus_peers.cc:597] T 85c0b7d058264fb3ac4f5c6befc3742d P aab5e69fb0b54f5d97e2a2a1ab7547f4 -> Peer dc4d6a36a18643cb9904aa8c6c624db1 (127.13.123.1:38321): Couldn't send request to peer dc4d6a36a18643cb9904aa8c6c624db1. Status: Network error: Client connection negotiation failed: client connection to 127.13.123.1:38321: connect: Connection refused (error 111). This is attempt 1: this message will repeat every 5th retry.
I20260812 06:36:12.168648 13804 ts_tablet_manager.cc:1507] Shutting down tablet manager...
I20260812 06:36:12.168893 13804 tablet_replica.cc:333] T 85c0b7d058264fb3ac4f5c6befc3742d P aab5e69fb0b54f5d97e2a2a1ab7547f4: stopping tablet replica
I20260812 06:36:12.169032 13804 raft_consensus.cc:2243] T 85c0b7d058264fb3ac4f5c6befc3742d P aab5e69fb0b54f5d97e2a2a1ab7547f4 [term 1 LEADER]: Raft consensus shutting down.
I20260812 06:36:12.169225 13804 raft_consensus.cc:2272] T 85c0b7d058264fb3ac4f5c6befc3742d P aab5e69fb0b54f5d97e2a2a1ab7547f4 [term 1 FOLLOWER]: Raft consensus is shut down!
I20260812 06:36:12.169816 13804 tablet_replica.cc:333] T 310794e2b6a24bd5b7aab37f049d5222 P aab5e69fb0b54f5d97e2a2a1ab7547f4: stopping tablet replica
I20260812 06:36:12.169936 13804 raft_consensus.cc:2243] T 310794e2b6a24bd5b7aab37f049d5222 P aab5e69fb0b54f5d97e2a2a1ab7547f4 [term 1 LEADER]: Raft consensus shutting down.
I20260812 06:36:12.170094 13804 pending_rounds.cc:70] T 310794e2b6a24bd5b7aab37f049d5222 P aab5e69fb0b54f5d97e2a2a1ab7547f4: Trying to abort 1 pending ops.
I20260812 06:36:12.170132 13804 pending_rounds.cc:77] T 310794e2b6a24bd5b7aab37f049d5222 P aab5e69fb0b54f5d97e2a2a1ab7547f4: Aborting op as it isn't in flight: id { term: 1 index: 1 } timestamp: 7317571878276079616 op_type: NO_OP noop_request { }
I20260812 06:36:12.170214 13804 raft_consensus.cc:2889] T 310794e2b6a24bd5b7aab37f049d5222 P aab5e69fb0b54f5d97e2a2a1ab7547f4 [term 1 LEADER]: NO_OP replication failed: Aborted: Op aborted
I20260812 06:36:12.170296 13804 raft_consensus.cc:2272] T 310794e2b6a24bd5b7aab37f049d5222 P aab5e69fb0b54f5d97e2a2a1ab7547f4 [term 1 FOLLOWER]: Raft consensus is shut down!
I20260812 06:36:12.170818 13804 tablet_replica.cc:333] T f5708d97264d4901afe944feb1e3dcbc P aab5e69fb0b54f5d97e2a2a1ab7547f4: stopping tablet replica
I20260812 06:36:12.170929 13804 raft_consensus.cc:2243] T f5708d97264d4901afe944feb1e3dcbc P aab5e69fb0b54f5d97e2a2a1ab7547f4 [term 1 FOLLOWER]: Raft consensus shutting down.
I20260812 06:36:12.171022 13804 raft_consensus.cc:2272] T f5708d97264d4901afe944feb1e3dcbc P aab5e69fb0b54f5d97e2a2a1ab7547f4 [term 1 FOLLOWER]: Raft consensus is shut down!
I20260812 06:36:12.171316 13804 tablet_replica.cc:333] T f9738655126541119f490c2ee15a2bec P aab5e69fb0b54f5d97e2a2a1ab7547f4: stopping tablet replica
I20260812 06:36:12.171422 13804 raft_consensus.cc:2243] T f9738655126541119f490c2ee15a2bec P aab5e69fb0b54f5d97e2a2a1ab7547f4 [term 1 FOLLOWER]: Raft consensus shutting down.
I20260812 06:36:12.171527 13804 raft_consensus.cc:2272] T f9738655126541119f490c2ee15a2bec P aab5e69fb0b54f5d97e2a2a1ab7547f4 [term 1 FOLLOWER]: Raft consensus is shut down!
I20260812 06:36:12.171967 13804 tablet_replica.cc:333] T 8e32e595c6ad47fba1ce7d4661584f58 P aab5e69fb0b54f5d97e2a2a1ab7547f4: stopping tablet replica
I20260812 06:36:12.172041 13804 raft_consensus.cc:2243] T 8e32e595c6ad47fba1ce7d4661584f58 P aab5e69fb0b54f5d97e2a2a1ab7547f4 [term 1 LEADER]: Raft consensus shutting down.
I20260812 06:36:12.172173 13804 pending_rounds.cc:70] T 8e32e595c6ad47fba1ce7d4661584f58 P aab5e69fb0b54f5d97e2a2a1ab7547f4: Trying to abort 1 pending ops.
I20260812 06:36:12.172214 13804 pending_rounds.cc:77] T 8e32e595c6ad47fba1ce7d4661584f58 P aab5e69fb0b54f5d97e2a2a1ab7547f4: Aborting op as it isn't in flight: id { term: 1 index: 1 } timestamp: 7317571877887221760 op_type: NO_OP noop_request { }
I20260812 06:36:12.172292 13804 raft_consensus.cc:2889] T 8e32e595c6ad47fba1ce7d4661584f58 P aab5e69fb0b54f5d97e2a2a1ab7547f4 [term 1 LEADER]: NO_OP replication failed: Aborted: Op aborted
I20260812 06:36:12.172341 13804 raft_consensus.cc:2272] T 8e32e595c6ad47fba1ce7d4661584f58 P aab5e69fb0b54f5d97e2a2a1ab7547f4 [term 1 FOLLOWER]: Raft consensus is shut down!
I20260812 06:36:12.172727 13804 tablet_replica.cc:333] T 100da60ae6894640b69e1852f2d30324 P aab5e69fb0b54f5d97e2a2a1ab7547f4: stopping tablet replica
I20260812 06:36:12.172840 13804 raft_consensus.cc:2243] T 100da60ae6894640b69e1852f2d30324 P aab5e69fb0b54f5d97e2a2a1ab7547f4 [term 1 LEADER]: Raft consensus shutting down.
I20260812 06:36:12.172971 13804 pending_rounds.cc:70] T 100da60ae6894640b69e1852f2d30324 P aab5e69fb0b54f5d97e2a2a1ab7547f4: Trying to abort 1 pending ops.
I20260812 06:36:12.173009 13804 pending_rounds.cc:77] T 100da60ae6894640b69e1852f2d30324 P aab5e69fb0b54f5d97e2a2a1ab7547f4: Aborting op as it isn't in flight: id { term: 1 index: 1 } timestamp: 7317571877866098688 op_type: NO_OP noop_request { }
I20260812 06:36:12.173081 13804 raft_consensus.cc:2889] T 100da60ae6894640b69e1852f2d30324 P aab5e69fb0b54f5d97e2a2a1ab7547f4 [term 1 LEADER]: NO_OP replication failed: Aborted: Op aborted
I20260812 06:36:12.173141 13804 raft_consensus.cc:2272] T 100da60ae6894640b69e1852f2d30324 P aab5e69fb0b54f5d97e2a2a1ab7547f4 [term 1 FOLLOWER]: Raft consensus is shut down!
I20260812 06:36:12.173565 13804 tablet_replica.cc:333] T b73edacbffea48e79a82671f00629a5a P aab5e69fb0b54f5d97e2a2a1ab7547f4: stopping tablet replica
I20260812 06:36:12.173631 13804 raft_consensus.cc:2243] T b73edacbffea48e79a82671f00629a5a P aab5e69fb0b54f5d97e2a2a1ab7547f4 [term 1 FOLLOWER]: Raft consensus shutting down.
I20260812 06:36:12.173744 13804 raft_consensus.cc:2272] T b73edacbffea48e79a82671f00629a5a P aab5e69fb0b54f5d97e2a2a1ab7547f4 [term 1 FOLLOWER]: Raft consensus is shut down!
I20260812 06:36:12.174043 13804 tablet_replica.cc:333] T 84d25bd53e1f451ea87d159f12469ad5 P aab5e69fb0b54f5d97e2a2a1ab7547f4: stopping tablet replica
I20260812 06:36:12.174108 13804 raft_consensus.cc:2243] T 84d25bd53e1f451ea87d159f12469ad5 P aab5e69fb0b54f5d97e2a2a1ab7547f4 [term 1 FOLLOWER]: Raft consensus shutting down.
I20260812 06:36:12.174191 13804 raft_consensus.cc:2272] T 84d25bd53e1f451ea87d159f12469ad5 P aab5e69fb0b54f5d97e2a2a1ab7547f4 [term 1 FOLLOWER]: Raft consensus is shut down!
I20260812 06:36:12.187877 13804 tablet_server.cc:196] TabletServer@127.13.123.2:0 shutdown complete.
I20260812 06:36:12.191234 13804 tablet_server.cc:179] TabletServer@127.13.123.3:0 shutting down...
I20260812 06:36:12.195443 13804 ts_tablet_manager.cc:1507] Shutting down tablet manager...
I20260812 06:36:12.195658 13804 tablet_replica.cc:333] T 84d25bd53e1f451ea87d159f12469ad5 P f8e286467cdb4207aa431f8a9a9f9c1f: stopping tablet replica
I20260812 06:36:12.195799 13804 raft_consensus.cc:2243] T 84d25bd53e1f451ea87d159f12469ad5 P f8e286467cdb4207aa431f8a9a9f9c1f [term 1 FOLLOWER]: Raft consensus shutting down.
I20260812 06:36:12.195905 13804 raft_consensus.cc:2272] T 84d25bd53e1f451ea87d159f12469ad5 P f8e286467cdb4207aa431f8a9a9f9c1f [term 1 FOLLOWER]: Raft consensus is shut down!
I20260812 06:36:12.196308 13804 tablet_replica.cc:333] T f9738655126541119f490c2ee15a2bec P f8e286467cdb4207aa431f8a9a9f9c1f: stopping tablet replica
I20260812 06:36:12.196388 13804 raft_consensus.cc:2243] T f9738655126541119f490c2ee15a2bec P f8e286467cdb4207aa431f8a9a9f9c1f [term 1 LEADER]: Raft consensus shutting down.
I20260812 06:36:12.196535 13804 raft_consensus.cc:2272] T f9738655126541119f490c2ee15a2bec P f8e286467cdb4207aa431f8a9a9f9c1f [term 1 FOLLOWER]: Raft consensus is shut down!
I20260812 06:36:12.197054 13804 tablet_replica.cc:333] T 85c0b7d058264fb3ac4f5c6befc3742d P f8e286467cdb4207aa431f8a9a9f9c1f: stopping tablet replica
I20260812 06:36:12.197175 13804 raft_consensus.cc:2243] T 85c0b7d058264fb3ac4f5c6befc3742d P f8e286467cdb4207aa431f8a9a9f9c1f [term 1 FOLLOWER]: Raft consensus shutting down.
I20260812 06:36:12.197292 13804 raft_consensus.cc:2272] T 85c0b7d058264fb3ac4f5c6befc3742d P f8e286467cdb4207aa431f8a9a9f9c1f [term 1 FOLLOWER]: Raft consensus is shut down!
I20260812 06:36:12.197822 13804 tablet_replica.cc:333] T 8e32e595c6ad47fba1ce7d4661584f58 P f8e286467cdb4207aa431f8a9a9f9c1f: stopping tablet replica
I20260812 06:36:12.197940 13804 raft_consensus.cc:2243] T 8e32e595c6ad47fba1ce7d4661584f58 P f8e286467cdb4207aa431f8a9a9f9c1f [term 1 FOLLOWER]: Raft consensus shutting down.
I20260812 06:36:12.198035 13804 raft_consensus.cc:2272] T 8e32e595c6ad47fba1ce7d4661584f58 P f8e286467cdb4207aa431f8a9a9f9c1f [term 1 FOLLOWER]: Raft consensus is shut down!
I20260812 06:36:12.198441 13804 tablet_replica.cc:333] T 310794e2b6a24bd5b7aab37f049d5222 P f8e286467cdb4207aa431f8a9a9f9c1f: stopping tablet replica
I20260812 06:36:12.198556 13804 raft_consensus.cc:2243] T 310794e2b6a24bd5b7aab37f049d5222 P f8e286467cdb4207aa431f8a9a9f9c1f [term 1 FOLLOWER]: Raft consensus shutting down.
I20260812 06:36:12.198652 13804 raft_consensus.cc:2272] T 310794e2b6a24bd5b7aab37f049d5222 P f8e286467cdb4207aa431f8a9a9f9c1f [term 1 FOLLOWER]: Raft consensus is shut down!
I20260812 06:36:12.199018 13804 tablet_replica.cc:333] T f5708d97264d4901afe944feb1e3dcbc P f8e286467cdb4207aa431f8a9a9f9c1f: stopping tablet replica
I20260812 06:36:12.199117 13804 raft_consensus.cc:2243] T f5708d97264d4901afe944feb1e3dcbc P f8e286467cdb4207aa431f8a9a9f9c1f [term 1 FOLLOWER]: Raft consensus shutting down.
I20260812 06:36:12.199209 13804 raft_consensus.cc:2272] T f5708d97264d4901afe944feb1e3dcbc P f8e286467cdb4207aa431f8a9a9f9c1f [term 1 FOLLOWER]: Raft consensus is shut down!
I20260812 06:36:12.199497 13804 tablet_replica.cc:333] T b73edacbffea48e79a82671f00629a5a P f8e286467cdb4207aa431f8a9a9f9c1f: stopping tablet replica
I20260812 06:36:12.199604 13804 raft_consensus.cc:2243] T b73edacbffea48e79a82671f00629a5a P f8e286467cdb4207aa431f8a9a9f9c1f [term 1 LEADER]: Raft consensus shutting down.
I20260812 06:36:12.199764 13804 pending_rounds.cc:70] T b73edacbffea48e79a82671f00629a5a P f8e286467cdb4207aa431f8a9a9f9c1f: Trying to abort 1 pending ops.
I20260812 06:36:12.199810 13804 pending_rounds.cc:77] T b73edacbffea48e79a82671f00629a5a P f8e286467cdb4207aa431f8a9a9f9c1f: Aborting op as it isn't in flight: id { term: 1 index: 1 } timestamp: 7317571877809635328 op_type: NO_OP noop_request { }
I20260812 06:36:12.199890 13804 raft_consensus.cc:2889] T b73edacbffea48e79a82671f00629a5a P f8e286467cdb4207aa431f8a9a9f9c1f [term 1 LEADER]: NO_OP replication failed: Aborted: Op aborted
I20260812 06:36:12.199951 13804 raft_consensus.cc:2272] T b73edacbffea48e79a82671f00629a5a P f8e286467cdb4207aa431f8a9a9f9c1f [term 1 FOLLOWER]: Raft consensus is shut down!
I20260812 06:36:12.200385 13804 tablet_replica.cc:333] T 100da60ae6894640b69e1852f2d30324 P f8e286467cdb4207aa431f8a9a9f9c1f: stopping tablet replica
I20260812 06:36:12.200497 13804 raft_consensus.cc:2243] T 100da60ae6894640b69e1852f2d30324 P f8e286467cdb4207aa431f8a9a9f9c1f [term 1 FOLLOWER]: Raft consensus shutting down.
I20260812 06:36:12.200587 13804 raft_consensus.cc:2272] T 100da60ae6894640b69e1852f2d30324 P f8e286467cdb4207aa431f8a9a9f9c1f [term 1 FOLLOWER]: Raft consensus is shut down!
I20260812 06:36:12.213866 13804 tablet_server.cc:196] TabletServer@127.13.123.3:0 shutdown complete.
I20260812 06:36:12.216640 13804 master.cc:562] Master@127.13.123.62:40683 shutting down...
I20260812 06:36:12.220232 13804 raft_consensus.cc:2243] T 00000000000000000000000000000000 P 7eff6ce2c9fd4a8d9fe611d5ad480842 [term 1 LEADER]: Raft consensus shutting down.
I20260812 06:36:12.220362 13804 raft_consensus.cc:2272] T 00000000000000000000000000000000 P 7eff6ce2c9fd4a8d9fe611d5ad480842 [term 1 FOLLOWER]: Raft consensus is shut down!
I20260812 06:36:12.220420 13804 tablet_replica.cc:333] T 00000000000000000000000000000000 P 7eff6ce2c9fd4a8d9fe611d5ad480842: stopping tablet replica
I20260812 06:36:12.233197 13804 master.cc:584] Master@127.13.123.62:40683 shutdown complete.
[       OK ] TableLocationsTest.TestGetTableLocations (907 ms)
[ RUN      ] TableLocationsTest.RangeSpecificHashingSameDimensions
I20260812 06:36:12.243572 13804 internal_mini_cluster.cc:156] Creating distributed mini masters. Addrs: 127.13.123.62:36893
I20260812 06:36:12.243877 13804 file_cache.cc:504] Constructed file cache file cache with capacity 419430
W20260812 06:36:12.245532 14533 instance_detector.cc:116] could not retrieve Azure instance metadata: Network error: curl error: HTTP response code said error: The requested URL returned error: 404
W20260812 06:36:12.245533 14531 instance_detector.cc:116] could not retrieve AWS instance metadata: Network error: curl error: HTTP response code said error: The requested URL returned error: 404
I20260812 06:36:12.245740 13804 server_base.cc:1061] running on GCE node
W20260812 06:36:12.245673 14538 instance_detector.cc:116] could not retrieve OpenStack instance metadata: Network error: curl error: HTTP response code said error: The requested URL returned error: 404
I20260812 06:36:12.246021 13804 hybrid_clock.cc:584] initializing the hybrid clock with 'system_unsync' time source
W20260812 06:36:12.246083 13804 system_unsync_time.cc:38] NTP support is disabled. Clock error bounds will not be accurate. This configuration is not suitable for distributed clusters.
