Did not check for missing blocks
Did not check for orphaned blocks
Total full LBM containers with extra space: 0 (0 repaired)
Total full LBM container extra space in bytes: 0 (0 repaired)
Total incomplete LBM containers: 0 (0 repaired)
Total LBM partial records: 0 (0 repaired)
Total corrupted LBM metadata records in RocksDB: 0 (0 repaired)
I20260812 06:36:38.432512  2610 rpc_server.cc:225] running with OpenSSL 1.1.1  11 Sep 2018
I20260812 06:36:38.432862  2610 kserver.cc:163] Server-wide thread pool size limit: 3276
I20260812 06:36:38.433115  2610 txn_system_client.cc:432] TxnSystemClient initialization is disabled...
I20260812 06:36:38.433589  2610 ts_tablet_manager.cc:585] Loaded tablet metadata (0 total tablets, 0 live tablets)
I20260812 06:36:38.433629  2610 ts_tablet_manager.cc:531] Time spent load tablet metadata: real 0.000s	user 0.000s	sys 0.000s
I20260812 06:36:38.433658  2610 ts_tablet_manager.cc:616] Registered 0 tablets
I20260812 06:36:38.433673  2610 ts_tablet_manager.cc:595] Time spent register tablets: real 0.000s	user 0.000s	sys 0.000s
I20260812 06:36:38.437922  2610 rpc_server.cc:307] RPC server started. Bound to: 127.0.0.1:44049
I20260812 06:36:38.438062  4024 acceptor_pool.cc:272] collecting diagnostics on the listening RPC socket 127.0.0.1:44049 every 8 connection(s)
W20260812 06:36:38.438809  3946 reactor.cc:805] Failed to create an outbound connection to 255.255.255.255:1 because connect() failed: Network error: connect(2) error: Network is unreachable (error 101)
I20260812 06:36:38.439035  2610 data_dirs.cc:400] Could only allocate 1 dirs of requested 3 for tablet ffffffffffffffffffffffffffffffff. 1 dirs total, 0 dirs full, 0 dirs failed
W20260812 06:36:38.439211  3946 reactor.cc:805] Failed to create an outbound connection to 255.255.255.255:1 because connect() failed: Network error: connect(2) error: Network is unreachable (error 101)
W20260812 06:36:38.439520  3946 reactor.cc:805] Failed to create an outbound connection to 255.255.255.255:1 because connect() failed: Network error: connect(2) error: Network is unreachable (error 101)
W20260812 06:36:38.439756  4025 heartbeater.cc:412] Failed 3 heartbeats in a row: no longer allowing fast heartbeat attempts.
I20260812 06:36:38.441206  4027 tablet_bootstrap.cc:492] T ffffffffffffffffffffffffffffffff P 456a505504cf415eba80dd6aaf2dedaa: Bootstrap starting.
I20260812 06:36:38.441967  4027 tablet_bootstrap.cc:654] T ffffffffffffffffffffffffffffffff P 456a505504cf415eba80dd6aaf2dedaa: Neither blocks nor log segments found. Creating new log.
I20260812 06:36:38.442898  4027 tablet_bootstrap.cc:492] T ffffffffffffffffffffffffffffffff P 456a505504cf415eba80dd6aaf2dedaa: No bootstrap required, opened a new log
I20260812 06:36:38.443003  4027 ts_tablet_manager.cc:1403] T ffffffffffffffffffffffffffffffff P 456a505504cf415eba80dd6aaf2dedaa: Time spent bootstrapping tablet: real 0.002s	user 0.001s	sys 0.000s
I20260812 06:36:38.443370  4027 raft_consensus.cc:359] T ffffffffffffffffffffffffffffffff P 456a505504cf415eba80dd6aaf2dedaa [term 0 FOLLOWER]: Replica starting. Triggering 0 pending ops. Active config: opid_index: -1 peers { permanent_uuid: "456a505504cf415eba80dd6aaf2dedaa" member_type: VOTER last_known_addr { host: "127.0.0.1" port: 44049 } }
I20260812 06:36:38.443480  4027 raft_consensus.cc:385] T ffffffffffffffffffffffffffffffff P 456a505504cf415eba80dd6aaf2dedaa [term 0 FOLLOWER]: Consensus starting up: Expiring failure detector timer to make a prompt election more likely
I20260812 06:36:38.443528  4027 raft_consensus.cc:740] T ffffffffffffffffffffffffffffffff P 456a505504cf415eba80dd6aaf2dedaa [term 0 FOLLOWER]: Becoming Follower/Learner. State: Replica: 456a505504cf415eba80dd6aaf2dedaa, State: Initialized, Role: FOLLOWER
I20260812 06:36:38.443706  4027 consensus_queue.cc:260] T ffffffffffffffffffffffffffffffff P 456a505504cf415eba80dd6aaf2dedaa [NON_LEADER]: Queue going to NON_LEADER mode. State: All replicated index: 0, Majority replicated index: 0, Committed index: 0, Last appended: 0.0, Last appended by leader: 0, Current term: 0, Majority size: -1, State: 0, Mode: NON_LEADER, active raft config: opid_index: -1 peers { permanent_uuid: "456a505504cf415eba80dd6aaf2dedaa" member_type: VOTER last_known_addr { host: "127.0.0.1" port: 44049 } }
I20260812 06:36:38.443796  4027 raft_consensus.cc:399] T ffffffffffffffffffffffffffffffff P 456a505504cf415eba80dd6aaf2dedaa [term 0 FOLLOWER]: Only one voter in the Raft config. Triggering election immediately
I20260812 06:36:38.443843  4027 raft_consensus.cc:493] T ffffffffffffffffffffffffffffffff P 456a505504cf415eba80dd6aaf2dedaa [term 0 FOLLOWER]: Starting leader election (initial election of a single-replica configuration)
I20260812 06:36:38.443898  4027 raft_consensus.cc:3060] T ffffffffffffffffffffffffffffffff P 456a505504cf415eba80dd6aaf2dedaa [term 0 FOLLOWER]: Advancing to term 1
I20260812 06:36:38.444624  4027 raft_consensus.cc:515] T ffffffffffffffffffffffffffffffff P 456a505504cf415eba80dd6aaf2dedaa [term 1 FOLLOWER]: Starting leader election with config: opid_index: -1 peers { permanent_uuid: "456a505504cf415eba80dd6aaf2dedaa" member_type: VOTER last_known_addr { host: "127.0.0.1" port: 44049 } }
I20260812 06:36:38.444769  4027 leader_election.cc:304] T ffffffffffffffffffffffffffffffff P 456a505504cf415eba80dd6aaf2dedaa [CANDIDATE]: Term 1 election: Election decided. Result: candidate won. Election summary: received 1 responses out of 1 voters: 1 yes votes; 0 no votes. yes voters: 456a505504cf415eba80dd6aaf2dedaa; no voters: 
I20260812 06:36:38.444964  4027 leader_election.cc:290] T ffffffffffffffffffffffffffffffff P 456a505504cf415eba80dd6aaf2dedaa [CANDIDATE]: Term 1 election: Requested vote from peers 
I20260812 06:36:38.445048  4029 raft_consensus.cc:2804] T ffffffffffffffffffffffffffffffff P 456a505504cf415eba80dd6aaf2dedaa [term 1 FOLLOWER]: Leader election won for term 1
I20260812 06:36:38.445278  4029 raft_consensus.cc:697] T ffffffffffffffffffffffffffffffff P 456a505504cf415eba80dd6aaf2dedaa [term 1 LEADER]: Becoming Leader. State: Replica: 456a505504cf415eba80dd6aaf2dedaa, State: Running, Role: LEADER
I20260812 06:36:38.445333  4027 ts_tablet_manager.cc:1434] T ffffffffffffffffffffffffffffffff P 456a505504cf415eba80dd6aaf2dedaa: Time spent starting tablet: real 0.002s	user 0.000s	sys 0.003s
W20260812 06:36:38.445480  3946 reactor.cc:805] Failed to create an outbound connection to 255.255.255.255:1 because connect() failed: Network error: connect(2) error: Network is unreachable (error 101)
I20260812 06:36:38.445482  4029 consensus_queue.cc:237] T ffffffffffffffffffffffffffffffff P 456a505504cf415eba80dd6aaf2dedaa [LEADER]: Queue going to LEADER mode. State: All replicated index: 0, Majority replicated index: 0, Committed index: 0, Last appended: 0.0, Last appended by leader: 0, Current term: 1, Majority size: 1, State: 0, Mode: LEADER, active raft config: opid_index: -1 peers { permanent_uuid: "456a505504cf415eba80dd6aaf2dedaa" member_type: VOTER last_known_addr { host: "127.0.0.1" port: 44049 } }
W20260812 06:36:38.445832  3946 reactor.cc:805] Failed to create an outbound connection to 255.255.255.255:1 because connect() failed: Network error: connect(2) error: Network is unreachable (error 101)
I20260812 06:36:38.449749  2610 tablet_server.cc:179] TabletServer@127.0.0.1:0 shutting down...
I20260812 06:36:38.689321  2610 ts_tablet_manager.cc:1507] Shutting down tablet manager...
I20260812 06:36:38.689797  2610 tablet_replica.cc:333] T ffffffffffffffffffffffffffffffff P 456a505504cf415eba80dd6aaf2dedaa: stopping tablet replica
I20260812 06:36:38.689985  2610 raft_consensus.cc:2243] T ffffffffffffffffffffffffffffffff P 456a505504cf415eba80dd6aaf2dedaa [term 1 LEADER]: Raft consensus shutting down.
I20260812 06:36:38.690192  2610 raft_consensus.cc:2272] T ffffffffffffffffffffffffffffffff P 456a505504cf415eba80dd6aaf2dedaa [term 1 FOLLOWER]: Raft consensus is shut down!
I20260812 06:36:38.703303  2610 tablet_server.cc:196] TabletServer@127.0.0.1:0 shutdown complete.
[       OK ] TabletServerTest.MetricsOddAttributesReturnsBadRequest (302 ms)
[ RUN      ] TabletServerTest.ServerHostname
I20260812 06:36:38.707868  2610 file_cache.cc:504] Constructed file cache file cache with capacity 419430
W20260812 06:36:38.709638  4042 instance_detector.cc:116] could not retrieve Azure instance metadata: Network error: curl error: HTTP response code said error: The requested URL returned error: 404
W20260812 06:36:38.709685  4044 instance_detector.cc:116] could not retrieve OpenStack instance metadata: Network error: curl error: HTTP response code said error: The requested URL returned error: 404
W20260812 06:36:38.709775  4041 instance_detector.cc:116] could not retrieve AWS instance metadata: Network error: curl error: HTTP response code said error: The requested URL returned error: 404
I20260812 06:36:38.709905  2610 server_base.cc:1061] running on GCE node
I20260812 06:36:38.710019  2610 hybrid_clock.cc:584] initializing the hybrid clock with 'system_unsync' time source
W20260812 06:36:38.710050  2610 system_unsync_time.cc:38] NTP support is disabled. Clock error bounds will not be accurate. This configuration is not suitable for distributed clusters.
I20260812 06:36:38.710065  2610 hybrid_clock.cc:648] HybridClock initialized: now 1786516598710065 us; error 0 us; skew 500 ppm
I20260812 06:36:38.710856  2610 webserver.cc:533] Webserver started at http://127.0.0.1:43281/ using document root <none> and password file <none>
I20260812 06:36:38.710960  2610 fs_manager.cc:362] Metadata directory not provided
I20260812 06:36:38.710999  2610 fs_manager.cc:368] Using write-ahead log directory (fs_wal_dir) as metadata directory
I20260812 06:36:38.711050  2610 server_base.cc:909] This appears to be a new deployment of Kudu; creating new FS layout
I20260812 06:36:38.711385  2610 fs_manager.cc:1068] Generated new instance metadata in path /tmp/dist-test-task6o0RSH/test-tmp/tablet_server-test.3.TabletServerTest.ServerHostname.1786516591302136-2610-0/TabletServerTest-fsroot/instance:
uuid: "38d18236da7d422a99e568d1c632b820"
format_stamp: "Formatted at 2026-08-12 06:36:38 on dist-test-slave-6k22"
I20260812 06:36:38.712745  2610 fs_manager.cc:696] Time spent creating directory manager: real 0.001s	user 0.001s	sys 0.000s
I20260812 06:36:38.713552  4052 log_block_manager.cc:4127] Time spent loading block containers with low live blocks: real 0.000s	user 0.000s	sys 0.000s
I20260812 06:36:38.713766  2610 fs_manager.cc:730] Time spent opening block manager: real 0.001s	user 0.001s	sys 0.000s
I20260812 06:36:38.713820  2610 fs_manager.cc:647] Opened local filesystem: /tmp/dist-test-task6o0RSH/test-tmp/tablet_server-test.3.TabletServerTest.ServerHostname.1786516591302136-2610-0/TabletServerTest-fsroot
uuid: "38d18236da7d422a99e568d1c632b820"
format_stamp: "Formatted at 2026-08-12 06:36:38 on dist-test-slave-6k22"
I20260812 06:36:38.713904  2610 fs_report.cc:389] FS layout report
--------------------
wal directory: /tmp/dist-test-task6o0RSH/test-tmp/tablet_server-test.3.TabletServerTest.ServerHostname.1786516591302136-2610-0/TabletServerTest-fsroot
metadata directory: /tmp/dist-test-task6o0RSH/test-tmp/tablet_server-test.3.TabletServerTest.ServerHostname.1786516591302136-2610-0/TabletServerTest-fsroot
1 data directories: /tmp/dist-test-task6o0RSH/test-tmp/tablet_server-test.3.TabletServerTest.ServerHostname.1786516591302136-2610-0/TabletServerTest-fsroot/data
Total live blocks: 0
Total live bytes: 0
Total live bytes (after alignment): 0
Total number of LBM containers: 0 (0 full)
Did not check for missing blocks
Did not check for orphaned blocks
Total full LBM containers with extra space: 0 (0 repaired)
Total full LBM container extra space in bytes: 0 (0 repaired)
Total incomplete LBM containers: 0 (0 repaired)
Total LBM partial records: 0 (0 repaired)
Total corrupted LBM metadata records in RocksDB: 0 (0 repaired)
I20260812 06:36:38.726627  2610 rpc_server.cc:225] running with OpenSSL 1.1.1  11 Sep 2018
I20260812 06:36:38.727089  2610 kserver.cc:163] Server-wide thread pool size limit: 3276
I20260812 06:36:38.727409  2610 txn_system_client.cc:432] TxnSystemClient initialization is disabled...
I20260812 06:36:38.727917  2610 ts_tablet_manager.cc:585] Loaded tablet metadata (0 total tablets, 0 live tablets)
I20260812 06:36:38.727975  2610 ts_tablet_manager.cc:531] Time spent load tablet metadata: real 0.000s	user 0.000s	sys 0.000s
I20260812 06:36:38.728029  2610 ts_tablet_manager.cc:616] Registered 0 tablets
I20260812 06:36:38.728063  2610 ts_tablet_manager.cc:595] Time spent register tablets: real 0.000s	user 0.000s	sys 0.000s
I20260812 06:36:38.732122  2610 rpc_server.cc:307] RPC server started. Bound to: 127.0.0.1:42071
I20260812 06:36:38.732175  4129 acceptor_pool.cc:272] collecting diagnostics on the listening RPC socket 127.0.0.1:42071 every 8 connection(s)
W20260812 06:36:38.732888  4054 reactor.cc:805] Failed to create an outbound connection to 255.255.255.255:1 because connect() failed: Network error: connect(2) error: Network is unreachable (error 101)
I20260812 06:36:38.733012  2610 data_dirs.cc:400] Could only allocate 1 dirs of requested 3 for tablet ffffffffffffffffffffffffffffffff. 1 dirs total, 0 dirs full, 0 dirs failed
W20260812 06:36:38.733254  4054 reactor.cc:805] Failed to create an outbound connection to 255.255.255.255:1 because connect() failed: Network error: connect(2) error: Network is unreachable (error 101)
W20260812 06:36:38.733566  4054 reactor.cc:805] Failed to create an outbound connection to 255.255.255.255:1 because connect() failed: Network error: connect(2) error: Network is unreachable (error 101)
W20260812 06:36:38.733723  4130 heartbeater.cc:412] Failed 3 heartbeats in a row: no longer allowing fast heartbeat attempts.
I20260812 06:36:38.735004  4133 tablet_bootstrap.cc:492] T ffffffffffffffffffffffffffffffff P 38d18236da7d422a99e568d1c632b820: Bootstrap starting.
I20260812 06:36:38.735841  4133 tablet_bootstrap.cc:654] T ffffffffffffffffffffffffffffffff P 38d18236da7d422a99e568d1c632b820: Neither blocks nor log segments found. Creating new log.
I20260812 06:36:38.736809  4133 tablet_bootstrap.cc:492] T ffffffffffffffffffffffffffffffff P 38d18236da7d422a99e568d1c632b820: No bootstrap required, opened a new log
I20260812 06:36:38.736887  4133 ts_tablet_manager.cc:1403] T ffffffffffffffffffffffffffffffff P 38d18236da7d422a99e568d1c632b820: Time spent bootstrapping tablet: real 0.002s	user 0.001s	sys 0.000s
I20260812 06:36:38.737195  4133 raft_consensus.cc:359] T ffffffffffffffffffffffffffffffff P 38d18236da7d422a99e568d1c632b820 [term 0 FOLLOWER]: Replica starting. Triggering 0 pending ops. Active config: opid_index: -1 peers { permanent_uuid: "38d18236da7d422a99e568d1c632b820" member_type: VOTER last_known_addr { host: "127.0.0.1" port: 42071 } }
I20260812 06:36:38.737280  4133 raft_consensus.cc:385] T ffffffffffffffffffffffffffffffff P 38d18236da7d422a99e568d1c632b820 [term 0 FOLLOWER]: Consensus starting up: Expiring failure detector timer to make a prompt election more likely
I20260812 06:36:38.737303  4133 raft_consensus.cc:740] T ffffffffffffffffffffffffffffffff P 38d18236da7d422a99e568d1c632b820 [term 0 FOLLOWER]: Becoming Follower/Learner. State: Replica: 38d18236da7d422a99e568d1c632b820, State: Initialized, Role: FOLLOWER
I20260812 06:36:38.737409  4133 consensus_queue.cc:260] T ffffffffffffffffffffffffffffffff P 38d18236da7d422a99e568d1c632b820 [NON_LEADER]: Queue going to NON_LEADER mode. State: All replicated index: 0, Majority replicated index: 0, Committed index: 0, Last appended: 0.0, Last appended by leader: 0, Current term: 0, Majority size: -1, State: 0, Mode: NON_LEADER, active raft config: opid_index: -1 peers { permanent_uuid: "38d18236da7d422a99e568d1c632b820" member_type: VOTER last_known_addr { host: "127.0.0.1" port: 42071 } }
I20260812 06:36:38.737466  4133 raft_consensus.cc:399] T ffffffffffffffffffffffffffffffff P 38d18236da7d422a99e568d1c632b820 [term 0 FOLLOWER]: Only one voter in the Raft config. Triggering election immediately
I20260812 06:36:38.737488  4133 raft_consensus.cc:493] T ffffffffffffffffffffffffffffffff P 38d18236da7d422a99e568d1c632b820 [term 0 FOLLOWER]: Starting leader election (initial election of a single-replica configuration)
I20260812 06:36:38.737524  4133 raft_consensus.cc:3060] T ffffffffffffffffffffffffffffffff P 38d18236da7d422a99e568d1c632b820 [term 0 FOLLOWER]: Advancing to term 1
I20260812 06:36:38.738256  4133 raft_consensus.cc:515] T ffffffffffffffffffffffffffffffff P 38d18236da7d422a99e568d1c632b820 [term 1 FOLLOWER]: Starting leader election with config: opid_index: -1 peers { permanent_uuid: "38d18236da7d422a99e568d1c632b820" member_type: VOTER last_known_addr { host: "127.0.0.1" port: 42071 } }
I20260812 06:36:38.738392  4133 leader_election.cc:304] T ffffffffffffffffffffffffffffffff P 38d18236da7d422a99e568d1c632b820 [CANDIDATE]: Term 1 election: Election decided. Result: candidate won. Election summary: received 1 responses out of 1 voters: 1 yes votes; 0 no votes. yes voters: 38d18236da7d422a99e568d1c632b820; no voters: 
I20260812 06:36:38.738531  4133 leader_election.cc:290] T ffffffffffffffffffffffffffffffff P 38d18236da7d422a99e568d1c632b820 [CANDIDATE]: Term 1 election: Requested vote from peers 
I20260812 06:36:38.738669  4136 raft_consensus.cc:2804] T ffffffffffffffffffffffffffffffff P 38d18236da7d422a99e568d1c632b820 [term 1 FOLLOWER]: Leader election won for term 1
I20260812 06:36:38.738897  4136 raft_consensus.cc:697] T ffffffffffffffffffffffffffffffff P 38d18236da7d422a99e568d1c632b820 [term 1 LEADER]: Becoming Leader. State: Replica: 38d18236da7d422a99e568d1c632b820, State: Running, Role: LEADER
I20260812 06:36:38.738945  4133 ts_tablet_manager.cc:1434] T ffffffffffffffffffffffffffffffff P 38d18236da7d422a99e568d1c632b820: Time spent starting tablet: real 0.002s	user 0.002s	sys 0.000s
W20260812 06:36:38.739065  4054 reactor.cc:805] Failed to create an outbound connection to 255.255.255.255:1 because connect() failed: Network error: connect(2) error: Network is unreachable (error 101)
I20260812 06:36:38.739063  4136 consensus_queue.cc:237] T ffffffffffffffffffffffffffffffff P 38d18236da7d422a99e568d1c632b820 [LEADER]: Queue going to LEADER mode. State: All replicated index: 0, Majority replicated index: 0, Committed index: 0, Last appended: 0.0, Last appended by leader: 0, Current term: 1, Majority size: 1, State: 0, Mode: LEADER, active raft config: opid_index: -1 peers { permanent_uuid: "38d18236da7d422a99e568d1c632b820" member_type: VOTER last_known_addr { host: "127.0.0.1" port: 42071 } }
W20260812 06:36:38.739354  4054 reactor.cc:805] Failed to create an outbound connection to 255.255.255.255:1 because connect() failed: Network error: connect(2) error: Network is unreachable (error 101)
I20260812 06:36:38.742827  2610 tablet_server.cc:179] TabletServer@127.0.0.1:0 shutting down...
I20260812 06:36:38.983397  2610 ts_tablet_manager.cc:1507] Shutting down tablet manager...
I20260812 06:36:38.983834  2610 tablet_replica.cc:333] T ffffffffffffffffffffffffffffffff P 38d18236da7d422a99e568d1c632b820: stopping tablet replica
I20260812 06:36:38.984028  2610 raft_consensus.cc:2243] T ffffffffffffffffffffffffffffffff P 38d18236da7d422a99e568d1c632b820 [term 1 LEADER]: Raft consensus shutting down.
I20260812 06:36:38.984197  2610 raft_consensus.cc:2272] T ffffffffffffffffffffffffffffffff P 38d18236da7d422a99e568d1c632b820 [term 1 FOLLOWER]: Raft consensus is shut down!
I20260812 06:36:38.996946  2610 tablet_server.cc:196] TabletServer@127.0.0.1:0 shutdown complete.
[       OK ] TabletServerTest.ServerHostname (293 ms)
[ RUN      ] TabletServerTest.TestChecksumScan
I20260812 06:36:39.001596  2610 file_cache.cc:504] Constructed file cache file cache with capacity 419430
W20260812 06:36:39.003530  4148 instance_detector.cc:116] could not retrieve Azure instance metadata: Network error: curl error: HTTP response code said error: The requested URL returned error: 404
W20260812 06:36:39.003618  4147 instance_detector.cc:116] could not retrieve AWS instance metadata: Network error: curl error: HTTP response code said error: The requested URL returned error: 404
I20260812 06:36:39.003816  2610 server_base.cc:1061] running on GCE node
W20260812 06:36:39.003636  4150 instance_detector.cc:116] could not retrieve OpenStack instance metadata: Network error: curl error: HTTP response code said error: The requested URL returned error: 404
I20260812 06:36:39.004032  2610 hybrid_clock.cc:584] initializing the hybrid clock with 'system_unsync' time source
W20260812 06:36:39.004082  2610 system_unsync_time.cc:38] NTP support is disabled. Clock error bounds will not be accurate. This configuration is not suitable for distributed clusters.
I20260812 06:36:39.004114  2610 hybrid_clock.cc:648] HybridClock initialized: now 1786516599004113 us; error 0 us; skew 500 ppm
I20260812 06:36:39.005065  2610 webserver.cc:533] Webserver started at http://127.0.0.1:46479/ using document root <none> and password file <none>
I20260812 06:36:39.005230  2610 fs_manager.cc:362] Metadata directory not provided
I20260812 06:36:39.005297  2610 fs_manager.cc:368] Using write-ahead log directory (fs_wal_dir) as metadata directory
I20260812 06:36:39.005376  2610 server_base.cc:909] This appears to be a new deployment of Kudu; creating new FS layout
I20260812 06:36:39.005745  2610 fs_manager.cc:1068] Generated new instance metadata in path /tmp/dist-test-task6o0RSH/test-tmp/tablet_server-test.3.TabletServerTest.TestChecksumScan.1786516591302136-2610-0/TabletServerTest-fsroot/instance:
uuid: "33e4521348de41838e32d1228d9a6d76"
format_stamp: "Formatted at 2026-08-12 06:36:39 on dist-test-slave-6k22"
I20260812 06:36:39.007172  2610 fs_manager.cc:696] Time spent creating directory manager: real 0.001s	user 0.002s	sys 0.000s
I20260812 06:36:39.008185  4156 log_block_manager.cc:4127] Time spent loading block containers with low live blocks: real 0.000s	user 0.000s	sys 0.000s
I20260812 06:36:39.008420  2610 fs_manager.cc:730] Time spent opening block manager: real 0.001s	user 0.000s	sys 0.000s
I20260812 06:36:39.008497  2610 fs_manager.cc:647] Opened local filesystem: /tmp/dist-test-task6o0RSH/test-tmp/tablet_server-test.3.TabletServerTest.TestChecksumScan.1786516591302136-2610-0/TabletServerTest-fsroot
uuid: "33e4521348de41838e32d1228d9a6d76"
format_stamp: "Formatted at 2026-08-12 06:36:39 on dist-test-slave-6k22"
I20260812 06:36:39.008579  2610 fs_report.cc:389] FS layout report
--------------------
wal directory: /tmp/dist-test-task6o0RSH/test-tmp/tablet_server-test.3.TabletServerTest.TestChecksumScan.1786516591302136-2610-0/TabletServerTest-fsroot
metadata directory: /tmp/dist-test-task6o0RSH/test-tmp/tablet_server-test.3.TabletServerTest.TestChecksumScan.1786516591302136-2610-0/TabletServerTest-fsroot
1 data directories: /tmp/dist-test-task6o0RSH/test-tmp/tablet_server-test.3.TabletServerTest.TestChecksumScan.1786516591302136-2610-0/TabletServerTest-fsroot/data
Total live blocks: 0
Total live bytes: 0
Total live bytes (after alignment): 0
Total number of LBM containers: 0 (0 full)
Did not check for missing blocks
Did not check for orphaned blocks
Total full LBM containers with extra space: 0 (0 repaired)
Total full LBM container extra space in bytes: 0 (0 repaired)
Total incomplete LBM containers: 0 (0 repaired)
Total LBM partial records: 0 (0 repaired)
Total corrupted LBM metadata records in RocksDB: 0 (0 repaired)
I20260812 06:36:39.025031  2610 rpc_server.cc:225] running with OpenSSL 1.1.1  11 Sep 2018
I20260812 06:36:39.025385  2610 kserver.cc:163] Server-wide thread pool size limit: 3276
I20260812 06:36:39.025676  2610 txn_system_client.cc:432] TxnSystemClient initialization is disabled...
I20260812 06:36:39.026166  2610 ts_tablet_manager.cc:585] Loaded tablet metadata (0 total tablets, 0 live tablets)
I20260812 06:36:39.026232  2610 ts_tablet_manager.cc:531] Time spent load tablet metadata: real 0.000s	user 0.000s	sys 0.000s
I20260812 06:36:39.026288  2610 ts_tablet_manager.cc:616] Registered 0 tablets
I20260812 06:36:39.026322  2610 ts_tablet_manager.cc:595] Time spent register tablets: real 0.000s	user 0.000s	sys 0.000s
I20260812 06:36:39.030546  2610 rpc_server.cc:307] RPC server started. Bound to: 127.0.0.1:37379
I20260812 06:36:39.030582  4235 acceptor_pool.cc:272] collecting diagnostics on the listening RPC socket 127.0.0.1:37379 every 8 connection(s)
W20260812 06:36:39.031242  4159 reactor.cc:805] Failed to create an outbound connection to 255.255.255.255:1 because connect() failed: Network error: connect(2) error: Network is unreachable (error 101)
I20260812 06:36:39.031435  2610 data_dirs.cc:400] Could only allocate 1 dirs of requested 3 for tablet ffffffffffffffffffffffffffffffff. 1 dirs total, 0 dirs full, 0 dirs failed
W20260812 06:36:39.031580  4159 reactor.cc:805] Failed to create an outbound connection to 255.255.255.255:1 because connect() failed: Network error: connect(2) error: Network is unreachable (error 101)
W20260812 06:36:39.031868  4159 reactor.cc:805] Failed to create an outbound connection to 255.255.255.255:1 because connect() failed: Network error: connect(2) error: Network is unreachable (error 101)
W20260812 06:36:39.032055  4236 heartbeater.cc:412] Failed 3 heartbeats in a row: no longer allowing fast heartbeat attempts.
I20260812 06:36:39.033473  4239 tablet_bootstrap.cc:492] T ffffffffffffffffffffffffffffffff P 33e4521348de41838e32d1228d9a6d76: Bootstrap starting.
I20260812 06:36:39.034318  4239 tablet_bootstrap.cc:654] T ffffffffffffffffffffffffffffffff P 33e4521348de41838e32d1228d9a6d76: Neither blocks nor log segments found. Creating new log.
I20260812 06:36:39.035320  4239 tablet_bootstrap.cc:492] T ffffffffffffffffffffffffffffffff P 33e4521348de41838e32d1228d9a6d76: No bootstrap required, opened a new log
I20260812 06:36:39.035396  4239 ts_tablet_manager.cc:1403] T ffffffffffffffffffffffffffffffff P 33e4521348de41838e32d1228d9a6d76: Time spent bootstrapping tablet: real 0.002s	user 0.001s	sys 0.000s
I20260812 06:36:39.035796  4239 raft_consensus.cc:359] T ffffffffffffffffffffffffffffffff P 33e4521348de41838e32d1228d9a6d76 [term 0 FOLLOWER]: Replica starting. Triggering 0 pending ops. Active config: opid_index: -1 peers { permanent_uuid: "33e4521348de41838e32d1228d9a6d76" member_type: VOTER last_known_addr { host: "127.0.0.1" port: 37379 } }
I20260812 06:36:39.035892  4239 raft_consensus.cc:385] T ffffffffffffffffffffffffffffffff P 33e4521348de41838e32d1228d9a6d76 [term 0 FOLLOWER]: Consensus starting up: Expiring failure detector timer to make a prompt election more likely
I20260812 06:36:39.035915  4239 raft_consensus.cc:740] T ffffffffffffffffffffffffffffffff P 33e4521348de41838e32d1228d9a6d76 [term 0 FOLLOWER]: Becoming Follower/Learner. State: Replica: 33e4521348de41838e32d1228d9a6d76, State: Initialized, Role: FOLLOWER
I20260812 06:36:39.036085  4239 consensus_queue.cc:260] T ffffffffffffffffffffffffffffffff P 33e4521348de41838e32d1228d9a6d76 [NON_LEADER]: Queue going to NON_LEADER mode. State: All replicated index: 0, Majority replicated index: 0, Committed index: 0, Last appended: 0.0, Last appended by leader: 0, Current term: 0, Majority size: -1, State: 0, Mode: NON_LEADER, active raft config: opid_index: -1 peers { permanent_uuid: "33e4521348de41838e32d1228d9a6d76" member_type: VOTER last_known_addr { host: "127.0.0.1" port: 37379 } }
I20260812 06:36:39.036170  4239 raft_consensus.cc:399] T ffffffffffffffffffffffffffffffff P 33e4521348de41838e32d1228d9a6d76 [term 0 FOLLOWER]: Only one voter in the Raft config. Triggering election immediately
I20260812 06:36:39.036214  4239 raft_consensus.cc:493] T ffffffffffffffffffffffffffffffff P 33e4521348de41838e32d1228d9a6d76 [term 0 FOLLOWER]: Starting leader election (initial election of a single-replica configuration)
I20260812 06:36:39.036270  4239 raft_consensus.cc:3060] T ffffffffffffffffffffffffffffffff P 33e4521348de41838e32d1228d9a6d76 [term 0 FOLLOWER]: Advancing to term 1
I20260812 06:36:39.037061  4239 raft_consensus.cc:515] T ffffffffffffffffffffffffffffffff P 33e4521348de41838e32d1228d9a6d76 [term 1 FOLLOWER]: Starting leader election with config: opid_index: -1 peers { permanent_uuid: "33e4521348de41838e32d1228d9a6d76" member_type: VOTER last_known_addr { host: "127.0.0.1" port: 37379 } }
I20260812 06:36:39.037173  4239 leader_election.cc:304] T ffffffffffffffffffffffffffffffff P 33e4521348de41838e32d1228d9a6d76 [CANDIDATE]: Term 1 election: Election decided. Result: candidate won. Election summary: received 1 responses out of 1 voters: 1 yes votes; 0 no votes. yes voters: 33e4521348de41838e32d1228d9a6d76; no voters: 
I20260812 06:36:39.037405  4239 leader_election.cc:290] T ffffffffffffffffffffffffffffffff P 33e4521348de41838e32d1228d9a6d76 [CANDIDATE]: Term 1 election: Requested vote from peers 
I20260812 06:36:39.037544  4241 raft_consensus.cc:2804] T ffffffffffffffffffffffffffffffff P 33e4521348de41838e32d1228d9a6d76 [term 1 FOLLOWER]: Leader election won for term 1
I20260812 06:36:39.037771  4241 raft_consensus.cc:697] T ffffffffffffffffffffffffffffffff P 33e4521348de41838e32d1228d9a6d76 [term 1 LEADER]: Becoming Leader. State: Replica: 33e4521348de41838e32d1228d9a6d76, State: Running, Role: LEADER
I20260812 06:36:39.037803  4239 ts_tablet_manager.cc:1434] T ffffffffffffffffffffffffffffffff P 33e4521348de41838e32d1228d9a6d76: Time spent starting tablet: real 0.002s	user 0.003s	sys 0.000s
W20260812 06:36:39.037941  4159 reactor.cc:805] Failed to create an outbound connection to 255.255.255.255:1 because connect() failed: Network error: connect(2) error: Network is unreachable (error 101)
I20260812 06:36:39.037909  4241 consensus_queue.cc:237] T ffffffffffffffffffffffffffffffff P 33e4521348de41838e32d1228d9a6d76 [LEADER]: Queue going to LEADER mode. State: All replicated index: 0, Majority replicated index: 0, Committed index: 0, Last appended: 0.0, Last appended by leader: 0, Current term: 1, Majority size: 1, State: 0, Mode: LEADER, active raft config: opid_index: -1 peers { permanent_uuid: "33e4521348de41838e32d1228d9a6d76" member_type: VOTER last_known_addr { host: "127.0.0.1" port: 37379 } }
W20260812 06:36:39.038187  4159 reactor.cc:805] Failed to create an outbound connection to 255.255.255.255:1 because connect() failed: Network error: connect(2) error: Network is unreachable (error 101)
I20260812 06:36:39.062135  2610 tablet_server.cc:179] TabletServer@127.0.0.1:0 shutting down...
I20260812 06:36:39.281771  2610 ts_tablet_manager.cc:1507] Shutting down tablet manager...
I20260812 06:36:39.282123  2610 tablet_replica.cc:333] T ffffffffffffffffffffffffffffffff P 33e4521348de41838e32d1228d9a6d76: stopping tablet replica
I20260812 06:36:39.282253  2610 raft_consensus.cc:2243] T ffffffffffffffffffffffffffffffff P 33e4521348de41838e32d1228d9a6d76 [term 1 LEADER]: Raft consensus shutting down.
I20260812 06:36:39.282425  2610 raft_consensus.cc:2272] T ffffffffffffffffffffffffffffffff P 33e4521348de41838e32d1228d9a6d76 [term 1 FOLLOWER]: Raft consensus is shut down!
I20260812 06:36:39.295642  2610 tablet_server.cc:196] TabletServer@127.0.0.1:0 shutdown complete.
[       OK ] TabletServerTest.TestChecksumScan (298 ms)
[ RUN      ] TabletServerTest.TestNoMetricsForTombstonedTablet
I20260812 06:36:39.300283  2610 file_cache.cc:504] Constructed file cache file cache with capacity 419430
W20260812 06:36:39.301932  4259 instance_detector.cc:116] could not retrieve Azure instance metadata: Network error: curl error: HTTP response code said error: The requested URL returned error: 404
W20260812 06:36:39.302067  4257 instance_detector.cc:116] could not retrieve AWS instance metadata: Network error: curl error: HTTP response code said error: The requested URL returned error: 404
W20260812 06:36:39.302095  4263 instance_detector.cc:116] could not retrieve OpenStack instance metadata: Network error: curl error: HTTP response code said error: The requested URL returned error: 404
I20260812 06:36:39.302240  2610 server_base.cc:1061] running on GCE node
I20260812 06:36:39.302520  2610 hybrid_clock.cc:584] initializing the hybrid clock with 'system_unsync' time source
W20260812 06:36:39.302583  2610 system_unsync_time.cc:38] NTP support is disabled. Clock error bounds will not be accurate. This configuration is not suitable for distributed clusters.
I20260812 06:36:39.302600  2610 hybrid_clock.cc:648] HybridClock initialized: now 1786516599302600 us; error 0 us; skew 500 ppm
I20260812 06:36:39.303481  2610 webserver.cc:533] Webserver started at http://127.0.0.1:36869/ using document root <none> and password file <none>
I20260812 06:36:39.303663  2610 fs_manager.cc:362] Metadata directory not provided
I20260812 06:36:39.303714  2610 fs_manager.cc:368] Using write-ahead log directory (fs_wal_dir) as metadata directory
I20260812 06:36:39.303766  2610 server_base.cc:909] This appears to be a new deployment of Kudu; creating new FS layout
I20260812 06:36:39.304114  2610 fs_manager.cc:1068] Generated new instance metadata in path /tmp/dist-test-task6o0RSH/test-tmp/tablet_server-test.3.TabletServerTest.TestNoMetricsForTombstonedTablet.1786516591302136-2610-0/TabletServerTest-fsroot/instance:
uuid: "74f34093aecc4b129d7302148c2a4251"
format_stamp: "Formatted at 2026-08-12 06:36:39 on dist-test-slave-6k22"
I20260812 06:36:39.305667  2610 fs_manager.cc:696] Time spent creating directory manager: real 0.001s	user 0.002s	sys 0.000s
I20260812 06:36:39.306550  4270 log_block_manager.cc:4127] Time spent loading block containers with low live blocks: real 0.000s	user 0.000s	sys 0.000s
I20260812 06:36:39.306816  2610 fs_manager.cc:730] Time spent opening block manager: real 0.001s	user 0.001s	sys 0.000s
I20260812 06:36:39.306905  2610 fs_manager.cc:647] Opened local filesystem: /tmp/dist-test-task6o0RSH/test-tmp/tablet_server-test.3.TabletServerTest.TestNoMetricsForTombstonedTablet.1786516591302136-2610-0/TabletServerTest-fsroot
uuid: "74f34093aecc4b129d7302148c2a4251"
format_stamp: "Formatted at 2026-08-12 06:36:39 on dist-test-slave-6k22"
I20260812 06:36:39.306993  2610 fs_report.cc:389] FS layout report
--------------------
wal directory: /tmp/dist-test-task6o0RSH/test-tmp/tablet_server-test.3.TabletServerTest.TestNoMetricsForTombstonedTablet.1786516591302136-2610-0/TabletServerTest-fsroot
metadata directory: /tmp/dist-test-task6o0RSH/test-tmp/tablet_server-test.3.TabletServerTest.TestNoMetricsForTombstonedTablet.1786516591302136-2610-0/TabletServerTest-fsroot
1 data directories: /tmp/dist-test-task6o0RSH/test-tmp/tablet_server-test.3.TabletServerTest.TestNoMetricsForTombstonedTablet.1786516591302136-2610-0/TabletServerTest-fsroot/data
Total live blocks: 0
Total live bytes: 0
Total live bytes (after alignment): 0
Total number of LBM containers: 0 (0 full)
Did not check for missing blocks
Did not check for orphaned blocks
Total full LBM containers with extra space: 0 (0 repaired)
Total full LBM container extra space in bytes: 0 (0 repaired)
Total incomplete LBM containers: 0 (0 repaired)
Total LBM partial records: 0 (0 repaired)
Total corrupted LBM metadata records in RocksDB: 0 (0 repaired)
I20260812 06:36:39.314571  2610 rpc_server.cc:225] running with OpenSSL 1.1.1  11 Sep 2018
I20260812 06:36:39.314890  2610 kserver.cc:163] Server-wide thread pool size limit: 3276
I20260812 06:36:39.315155  2610 txn_system_client.cc:432] TxnSystemClient initialization is disabled...
I20260812 06:36:39.315627  2610 ts_tablet_manager.cc:585] Loaded tablet metadata (0 total tablets, 0 live tablets)
I20260812 06:36:39.315692  2610 ts_tablet_manager.cc:531] Time spent load tablet metadata: real 0.000s	user 0.000s	sys 0.000s
I20260812 06:36:39.315745  2610 ts_tablet_manager.cc:616] Registered 0 tablets
I20260812 06:36:39.315802  2610 ts_tablet_manager.cc:595] Time spent register tablets: real 0.000s	user 0.000s	sys 0.000s
I20260812 06:36:39.319870  4342 acceptor_pool.cc:272] collecting diagnostics on the listening RPC socket 127.0.0.1:34733 every 8 connection(s)
I20260812 06:36:39.319855  2610 rpc_server.cc:307] RPC server started. Bound to: 127.0.0.1:34733
W20260812 06:36:39.320583  4272 reactor.cc:805] Failed to create an outbound connection to 255.255.255.255:1 because connect() failed: Network error: connect(2) error: Network is unreachable (error 101)
I20260812 06:36:39.320678  2610 data_dirs.cc:400] Could only allocate 1 dirs of requested 3 for tablet ffffffffffffffffffffffffffffffff. 1 dirs total, 0 dirs full, 0 dirs failed
W20260812 06:36:39.320904  4272 reactor.cc:805] Failed to create an outbound connection to 255.255.255.255:1 because connect() failed: Network error: connect(2) error: Network is unreachable (error 101)
W20260812 06:36:39.321174  4272 reactor.cc:805] Failed to create an outbound connection to 255.255.255.255:1 because connect() failed: Network error: connect(2) error: Network is unreachable (error 101)
W20260812 06:36:39.321310  4343 heartbeater.cc:412] Failed 3 heartbeats in a row: no longer allowing fast heartbeat attempts.
I20260812 06:36:39.322629  4345 tablet_bootstrap.cc:492] T ffffffffffffffffffffffffffffffff P 74f34093aecc4b129d7302148c2a4251: Bootstrap starting.
I20260812 06:36:39.323402  4345 tablet_bootstrap.cc:654] T ffffffffffffffffffffffffffffffff P 74f34093aecc4b129d7302148c2a4251: Neither blocks nor log segments found. Creating new log.
I20260812 06:36:39.324443  4345 tablet_bootstrap.cc:492] T ffffffffffffffffffffffffffffffff P 74f34093aecc4b129d7302148c2a4251: No bootstrap required, opened a new log
I20260812 06:36:39.324517  4345 ts_tablet_manager.cc:1403] T ffffffffffffffffffffffffffffffff P 74f34093aecc4b129d7302148c2a4251: Time spent bootstrapping tablet: real 0.002s	user 0.001s	sys 0.000s
I20260812 06:36:39.324923  4345 raft_consensus.cc:359] T ffffffffffffffffffffffffffffffff P 74f34093aecc4b129d7302148c2a4251 [term 0 FOLLOWER]: Replica starting. Triggering 0 pending ops. Active config: opid_index: -1 peers { permanent_uuid: "74f34093aecc4b129d7302148c2a4251" member_type: VOTER last_known_addr { host: "127.0.0.1" port: 34733 } }
I20260812 06:36:39.325011  4345 raft_consensus.cc:385] T ffffffffffffffffffffffffffffffff P 74f34093aecc4b129d7302148c2a4251 [term 0 FOLLOWER]: Consensus starting up: Expiring failure detector timer to make a prompt election more likely
I20260812 06:36:39.325054  4345 raft_consensus.cc:740] T ffffffffffffffffffffffffffffffff P 74f34093aecc4b129d7302148c2a4251 [term 0 FOLLOWER]: Becoming Follower/Learner. State: Replica: 74f34093aecc4b129d7302148c2a4251, State: Initialized, Role: FOLLOWER
I20260812 06:36:39.325232  4345 consensus_queue.cc:260] T ffffffffffffffffffffffffffffffff P 74f34093aecc4b129d7302148c2a4251 [NON_LEADER]: Queue going to NON_LEADER mode. State: All replicated index: 0, Majority replicated index: 0, Committed index: 0, Last appended: 0.0, Last appended by leader: 0, Current term: 0, Majority size: -1, State: 0, Mode: NON_LEADER, active raft config: opid_index: -1 peers { permanent_uuid: "74f34093aecc4b129d7302148c2a4251" member_type: VOTER last_known_addr { host: "127.0.0.1" port: 34733 } }
I20260812 06:36:39.325306  4345 raft_consensus.cc:399] T ffffffffffffffffffffffffffffffff P 74f34093aecc4b129d7302148c2a4251 [term 0 FOLLOWER]: Only one voter in the Raft config. Triggering election immediately
I20260812 06:36:39.325330  4345 raft_consensus.cc:493] T ffffffffffffffffffffffffffffffff P 74f34093aecc4b129d7302148c2a4251 [term 0 FOLLOWER]: Starting leader election (initial election of a single-replica configuration)
I20260812 06:36:39.325404  4345 raft_consensus.cc:3060] T ffffffffffffffffffffffffffffffff P 74f34093aecc4b129d7302148c2a4251 [term 0 FOLLOWER]: Advancing to term 1
I20260812 06:36:39.326146  4345 raft_consensus.cc:515] T ffffffffffffffffffffffffffffffff P 74f34093aecc4b129d7302148c2a4251 [term 1 FOLLOWER]: Starting leader election with config: opid_index: -1 peers { permanent_uuid: "74f34093aecc4b129d7302148c2a4251" member_type: VOTER last_known_addr { host: "127.0.0.1" port: 34733 } }
I20260812 06:36:39.326285  4345 leader_election.cc:304] T ffffffffffffffffffffffffffffffff P 74f34093aecc4b129d7302148c2a4251 [CANDIDATE]: Term 1 election: Election decided. Result: candidate won. Election summary: received 1 responses out of 1 voters: 1 yes votes; 0 no votes. yes voters: 74f34093aecc4b129d7302148c2a4251; no voters: 
I20260812 06:36:39.326489  4345 leader_election.cc:290] T ffffffffffffffffffffffffffffffff P 74f34093aecc4b129d7302148c2a4251 [CANDIDATE]: Term 1 election: Requested vote from peers 
I20260812 06:36:39.326700  4348 raft_consensus.cc:2804] T ffffffffffffffffffffffffffffffff P 74f34093aecc4b129d7302148c2a4251 [term 1 FOLLOWER]: Leader election won for term 1
I20260812 06:36:39.326808  4345 ts_tablet_manager.cc:1434] T ffffffffffffffffffffffffffffffff P 74f34093aecc4b129d7302148c2a4251: Time spent starting tablet: real 0.002s	user 0.003s	sys 0.000s
I20260812 06:36:39.326829  4348 raft_consensus.cc:697] T ffffffffffffffffffffffffffffffff P 74f34093aecc4b129d7302148c2a4251 [term 1 LEADER]: Becoming Leader. State: Replica: 74f34093aecc4b129d7302148c2a4251, State: Running, Role: LEADER
W20260812 06:36:39.326928  4272 reactor.cc:805] Failed to create an outbound connection to 255.255.255.255:1 because connect() failed: Network error: connect(2) error: Network is unreachable (error 101)
I20260812 06:36:39.327005  4348 consensus_queue.cc:237] T ffffffffffffffffffffffffffffffff P 74f34093aecc4b129d7302148c2a4251 [LEADER]: Queue going to LEADER mode. State: All replicated index: 0, Majority replicated index: 0, Committed index: 0, Last appended: 0.0, Last appended by leader: 0, Current term: 1, Majority size: 1, State: 0, Mode: LEADER, active raft config: opid_index: -1 peers { permanent_uuid: "74f34093aecc4b129d7302148c2a4251" member_type: VOTER last_known_addr { host: "127.0.0.1" port: 34733 } }
W20260812 06:36:39.327229  4272 reactor.cc:805] Failed to create an outbound connection to 255.255.255.255:1 because connect() failed: Network error: connect(2) error: Network is unreachable (error 101)
I20260812 06:36:39.336042  4304 tablet_service.cc:1558] Processing DeleteTablet for tablet ffffffffffffffffffffffffffffffff with delete_type TABLET_DATA_TOMBSTONED from {username='slave'} at 127.0.0.1:59766
I20260812 06:36:39.336359  4358 tablet_replica.cc:333] T ffffffffffffffffffffffffffffffff P 74f34093aecc4b129d7302148c2a4251: stopping tablet replica
I20260812 06:36:39.336484  4358 raft_consensus.cc:2243] T ffffffffffffffffffffffffffffffff P 74f34093aecc4b129d7302148c2a4251 [term 1 LEADER]: Raft consensus shutting down.
I20260812 06:36:39.336616  4358 raft_consensus.cc:2272] T ffffffffffffffffffffffffffffffff P 74f34093aecc4b129d7302148c2a4251 [term 1 FOLLOWER]: Raft consensus is shut down!
I20260812 06:36:39.337148  4358 ts_tablet_manager.cc:1916] T ffffffffffffffffffffffffffffffff P 74f34093aecc4b129d7302148c2a4251: Deleting tablet data with delete state TABLET_DATA_TOMBSTONED
I20260812 06:36:39.338979  4358 ts_tablet_manager.cc:1929] T ffffffffffffffffffffffffffffffff P 74f34093aecc4b129d7302148c2a4251: tablet deleted with delete type TABLET_DATA_TOMBSTONED: last-logged OpId 1.2
I20260812 06:36:39.339048  4358 log.cc:1199] T ffffffffffffffffffffffffffffffff P 74f34093aecc4b129d7302148c2a4251: Deleting WAL directory at /tmp/dist-test-task6o0RSH/test-tmp/tablet_server-test.3.TabletServerTest.TestNoMetricsForTombstonedTablet.1786516591302136-2610-0/TabletServerTest-fsroot/wals/ffffffffffffffffffffffffffffffff
I20260812 06:36:39.366320  2610 tablet_server.cc:179] TabletServer@127.0.0.1:0 shutting down...
I20260812 06:36:39.571079  2610 ts_tablet_manager.cc:1507] Shutting down tablet manager...
I20260812 06:36:39.584190  2610 tablet_server.cc:196] TabletServer@127.0.0.1:0 shutdown complete.
[       OK ] TabletServerTest.TestNoMetricsForTombstonedTablet (288 ms)
[ RUN      ] TabletServerTest.TestScannerCheckMatchingUser
I20260812 06:36:39.588614  2610 file_cache.cc:504] Constructed file cache file cache with capacity 419430
W20260812 06:36:39.590728  4369 instance_detector.cc:116] could not retrieve OpenStack instance metadata: Network error: curl error: HTTP response code said error: The requested URL returned error: 404
I20260812 06:36:39.590787  2610 server_base.cc:1061] running on GCE node
W20260812 06:36:39.590804  4367 instance_detector.cc:116] could not retrieve Azure instance metadata: Network error: curl error: HTTP response code said error: The requested URL returned error: 404
W20260812 06:36:39.590883  4365 instance_detector.cc:116] could not retrieve AWS instance metadata: Network error: curl error: HTTP response code said error: The requested URL returned error: 404
I20260812 06:36:39.591225  2610 hybrid_clock.cc:584] initializing the hybrid clock with 'system_unsync' time source
W20260812 06:36:39.591286  2610 system_unsync_time.cc:38] NTP support is disabled. Clock error bounds will not be accurate. This configuration is not suitable for distributed clusters.
I20260812 06:36:39.591320  2610 hybrid_clock.cc:648] HybridClock initialized: now 1786516599591318 us; error 0 us; skew 500 ppm
I20260812 06:36:39.592195  2610 webserver.cc:533] Webserver started at http://127.0.0.1:43775/ using document root <none> and password file <none>
I20260812 06:36:39.592346  2610 fs_manager.cc:362] Metadata directory not provided
I20260812 06:36:39.592422  2610 fs_manager.cc:368] Using write-ahead log directory (fs_wal_dir) as metadata directory
I20260812 06:36:39.592497  2610 server_base.cc:909] This appears to be a new deployment of Kudu; creating new FS layout
I20260812 06:36:39.592885  2610 fs_manager.cc:1068] Generated new instance metadata in path /tmp/dist-test-task6o0RSH/test-tmp/tablet_server-test.3.TabletServerTest.TestScannerCheckMatchingUser.1786516591302136-2610-0/TabletServerTest-fsroot/instance:
uuid: "016588cb700546638efd67bc8e03948c"
format_stamp: "Formatted at 2026-08-12 06:36:39 on dist-test-slave-6k22"
I20260812 06:36:39.594362  2610 fs_manager.cc:696] Time spent creating directory manager: real 0.001s	user 0.002s	sys 0.000s
I20260812 06:36:39.595366  4379 log_block_manager.cc:4127] Time spent loading block containers with low live blocks: real 0.000s	user 0.000s	sys 0.000s
I20260812 06:36:39.595715  2610 fs_manager.cc:730] Time spent opening block manager: real 0.001s	user 0.001s	sys 0.000s
I20260812 06:36:39.595799  2610 fs_manager.cc:647] Opened local filesystem: /tmp/dist-test-task6o0RSH/test-tmp/tablet_server-test.3.TabletServerTest.TestScannerCheckMatchingUser.1786516591302136-2610-0/TabletServerTest-fsroot
uuid: "016588cb700546638efd67bc8e03948c"
format_stamp: "Formatted at 2026-08-12 06:36:39 on dist-test-slave-6k22"
I20260812 06:36:39.595877  2610 fs_report.cc:389] FS layout report
--------------------
wal directory: /tmp/dist-test-task6o0RSH/test-tmp/tablet_server-test.3.TabletServerTest.TestScannerCheckMatchingUser.1786516591302136-2610-0/TabletServerTest-fsroot
metadata directory: /tmp/dist-test-task6o0RSH/test-tmp/tablet_server-test.3.TabletServerTest.TestScannerCheckMatchingUser.1786516591302136-2610-0/TabletServerTest-fsroot
1 data directories: /tmp/dist-test-task6o0RSH/test-tmp/tablet_server-test.3.TabletServerTest.TestScannerCheckMatchingUser.1786516591302136-2610-0/TabletServerTest-fsroot/data
Total live blocks: 0
Total live bytes: 0
Total live bytes (after alignment): 0
Total number of LBM containers: 0 (0 full)
Did not check for missing blocks
Did not check for orphaned blocks
Total full LBM containers with extra space: 0 (0 repaired)
Total full LBM container extra space in bytes: 0 (0 repaired)
Total incomplete LBM containers: 0 (0 repaired)
Total LBM partial records: 0 (0 repaired)
Total corrupted LBM metadata records in RocksDB: 0 (0 repaired)
I20260812 06:36:39.604451  2610 rpc_server.cc:225] running with OpenSSL 1.1.1  11 Sep 2018
I20260812 06:36:39.604830  2610 kserver.cc:163] Server-wide thread pool size limit: 3276
I20260812 06:36:39.605185  2610 txn_system_client.cc:432] TxnSystemClient initialization is disabled...
I20260812 06:36:39.605783  2610 ts_tablet_manager.cc:585] Loaded tablet metadata (0 total tablets, 0 live tablets)
I20260812 06:36:39.605865  2610 ts_tablet_manager.cc:531] Time spent load tablet metadata: real 0.000s	user 0.000s	sys 0.000s
I20260812 06:36:39.605917  2610 ts_tablet_manager.cc:616] Registered 0 tablets
I20260812 06:36:39.605952  2610 ts_tablet_manager.cc:595] Time spent register tablets: real 0.000s	user 0.000s	sys 0.000s
I20260812 06:36:39.610091  2610 rpc_server.cc:307] RPC server started. Bound to: 127.0.0.1:46805
I20260812 06:36:39.610148  4458 acceptor_pool.cc:272] collecting diagnostics on the listening RPC socket 127.0.0.1:46805 every 8 connection(s)
W20260812 06:36:39.610890  4382 reactor.cc:805] Failed to create an outbound connection to 255.255.255.255:1 because connect() failed: Network error: connect(2) error: Network is unreachable (error 101)
I20260812 06:36:39.610896  2610 data_dirs.cc:400] Could only allocate 1 dirs of requested 3 for tablet ffffffffffffffffffffffffffffffff. 1 dirs total, 0 dirs full, 0 dirs failed
W20260812 06:36:39.611308  4382 reactor.cc:805] Failed to create an outbound connection to 255.255.255.255:1 because connect() failed: Network error: connect(2) error: Network is unreachable (error 101)
W20260812 06:36:39.611622  4382 reactor.cc:805] Failed to create an outbound connection to 255.255.255.255:1 because connect() failed: Network error: connect(2) error: Network is unreachable (error 101)
W20260812 06:36:39.611784  4459 heartbeater.cc:412] Failed 3 heartbeats in a row: no longer allowing fast heartbeat attempts.
I20260812 06:36:39.612965  4461 tablet_bootstrap.cc:492] T ffffffffffffffffffffffffffffffff P 016588cb700546638efd67bc8e03948c: Bootstrap starting.
