I20260812 06:33:55.917097 27504 raft_consensus.cc:493] T 73dc9b6292174129b38fbb79b36e970d P 37c749ab74bb4af795069d5cf95974e9 [term 0 FOLLOWER]: Starting leader election (initial election of a single-replica configuration)
I20260812 06:33:55.917171 27504 raft_consensus.cc:3060] T 73dc9b6292174129b38fbb79b36e970d P 37c749ab74bb4af795069d5cf95974e9 [term 0 FOLLOWER]: Advancing to term 1
I20260812 06:33:55.918051 27504 raft_consensus.cc:515] T 73dc9b6292174129b38fbb79b36e970d P 37c749ab74bb4af795069d5cf95974e9 [term 1 FOLLOWER]: Starting leader election with config: opid_index: -1 OBSOLETE_local: true peers { permanent_uuid: "37c749ab74bb4af795069d5cf95974e9" member_type: VOTER last_known_addr { host: "127.19.133.1" port: 42545 } }
I20260812 06:33:55.918211 27504 leader_election.cc:304] T 73dc9b6292174129b38fbb79b36e970d P 37c749ab74bb4af795069d5cf95974e9 [CANDIDATE]: Term 1 election: Election decided. Result: candidate won. Election summary: received 1 responses out of 1 voters: 1 yes votes; 0 no votes. yes voters: 37c749ab74bb4af795069d5cf95974e9; no voters: 
I20260812 06:33:55.918340 27504 leader_election.cc:290] T 73dc9b6292174129b38fbb79b36e970d P 37c749ab74bb4af795069d5cf95974e9 [CANDIDATE]: Term 1 election: Requested vote from peers 
I20260812 06:33:55.918453 27512 raft_consensus.cc:2804] T 73dc9b6292174129b38fbb79b36e970d P 37c749ab74bb4af795069d5cf95974e9 [term 1 FOLLOWER]: Leader election won for term 1
I20260812 06:33:55.918659 27504 ts_tablet_manager.cc:1434] T 73dc9b6292174129b38fbb79b36e970d P 37c749ab74bb4af795069d5cf95974e9: Time spent starting tablet: real 0.003s	user 0.000s	sys 0.002s
I20260812 06:33:55.918633 27512 raft_consensus.cc:697] T 73dc9b6292174129b38fbb79b36e970d P 37c749ab74bb4af795069d5cf95974e9 [term 1 LEADER]: Becoming Leader. State: Replica: 37c749ab74bb4af795069d5cf95974e9, State: Running, Role: LEADER
I20260812 06:33:55.918838 27504 tablet_bootstrap.cc:492] T 2aa53e78c6b7435c9902dd75892f43f9 P 37c749ab74bb4af795069d5cf95974e9: Bootstrap starting.
I20260812 06:33:55.918890 27512 consensus_queue.cc:237] T 73dc9b6292174129b38fbb79b36e970d P 37c749ab74bb4af795069d5cf95974e9 [LEADER]: Queue going to LEADER mode. State: All replicated index: 0, Majority replicated index: 0, Committed index: 0, Last appended: 0.0, Last appended by leader: 0, Current term: 1, Majority size: 1, State: 0, Mode: LEADER, active raft config: opid_index: -1 OBSOLETE_local: true peers { permanent_uuid: "37c749ab74bb4af795069d5cf95974e9" member_type: VOTER last_known_addr { host: "127.19.133.1" port: 42545 } }
I20260812 06:33:55.920008 27504 tablet_bootstrap.cc:654] T 2aa53e78c6b7435c9902dd75892f43f9 P 37c749ab74bb4af795069d5cf95974e9: Neither blocks nor log segments found. Creating new log.
I20260812 06:33:55.921428 27265 catalog_manager.cc:5719] T 73dc9b6292174129b38fbb79b36e970d P 37c749ab74bb4af795069d5cf95974e9 reported cstate change: term changed from 0 to 1, leader changed from <none> to 37c749ab74bb4af795069d5cf95974e9 (127.19.133.1). New cstate: current_term: 1 leader_uuid: "37c749ab74bb4af795069d5cf95974e9" committed_config { opid_index: -1 OBSOLETE_local: true peers { permanent_uuid: "37c749ab74bb4af795069d5cf95974e9" member_type: VOTER last_known_addr { host: "127.19.133.1" port: 42545 } health_report { overall_health: HEALTHY } } }
I20260812 06:33:55.921834 27504 tablet_bootstrap.cc:492] T 2aa53e78c6b7435c9902dd75892f43f9 P 37c749ab74bb4af795069d5cf95974e9: No bootstrap required, opened a new log
I20260812 06:33:55.921929 27504 ts_tablet_manager.cc:1403] T 2aa53e78c6b7435c9902dd75892f43f9 P 37c749ab74bb4af795069d5cf95974e9: Time spent bootstrapping tablet: real 0.003s	user 0.000s	sys 0.001s
I20260812 06:33:55.922354 27504 raft_consensus.cc:359] T 2aa53e78c6b7435c9902dd75892f43f9 P 37c749ab74bb4af795069d5cf95974e9 [term 0 FOLLOWER]: Replica starting. Triggering 0 pending ops. Active config: opid_index: -1 OBSOLETE_local: true peers { permanent_uuid: "37c749ab74bb4af795069d5cf95974e9" member_type: VOTER last_known_addr { host: "127.19.133.1" port: 42545 } }
I20260812 06:33:55.922451 27504 raft_consensus.cc:385] T 2aa53e78c6b7435c9902dd75892f43f9 P 37c749ab74bb4af795069d5cf95974e9 [term 0 FOLLOWER]: Consensus starting up: Expiring failure detector timer to make a prompt election more likely
I20260812 06:33:55.922497 27504 raft_consensus.cc:740] T 2aa53e78c6b7435c9902dd75892f43f9 P 37c749ab74bb4af795069d5cf95974e9 [term 0 FOLLOWER]: Becoming Follower/Learner. State: Replica: 37c749ab74bb4af795069d5cf95974e9, State: Initialized, Role: FOLLOWER
I20260812 06:33:55.922614 27504 consensus_queue.cc:260] T 2aa53e78c6b7435c9902dd75892f43f9 P 37c749ab74bb4af795069d5cf95974e9 [NON_LEADER]: Queue going to NON_LEADER mode. State: All replicated index: 0, Majority replicated index: 0, Committed index: 0, Last appended: 0.0, Last appended by leader: 0, Current term: 0, Majority size: -1, State: 0, Mode: NON_LEADER, active raft config: opid_index: -1 OBSOLETE_local: true peers { permanent_uuid: "37c749ab74bb4af795069d5cf95974e9" member_type: VOTER last_known_addr { host: "127.19.133.1" port: 42545 } }
I20260812 06:33:55.922674 27504 raft_consensus.cc:399] T 2aa53e78c6b7435c9902dd75892f43f9 P 37c749ab74bb4af795069d5cf95974e9 [term 0 FOLLOWER]: Only one voter in the Raft config. Triggering election immediately
I20260812 06:33:55.922729 27504 raft_consensus.cc:493] T 2aa53e78c6b7435c9902dd75892f43f9 P 37c749ab74bb4af795069d5cf95974e9 [term 0 FOLLOWER]: Starting leader election (initial election of a single-replica configuration)
I20260812 06:33:55.922788 27504 raft_consensus.cc:3060] T 2aa53e78c6b7435c9902dd75892f43f9 P 37c749ab74bb4af795069d5cf95974e9 [term 0 FOLLOWER]: Advancing to term 1
I20260812 06:33:55.923695 27504 raft_consensus.cc:515] T 2aa53e78c6b7435c9902dd75892f43f9 P 37c749ab74bb4af795069d5cf95974e9 [term 1 FOLLOWER]: Starting leader election with config: opid_index: -1 OBSOLETE_local: true peers { permanent_uuid: "37c749ab74bb4af795069d5cf95974e9" member_type: VOTER last_known_addr { host: "127.19.133.1" port: 42545 } }
I20260812 06:33:55.923828 27504 leader_election.cc:304] T 2aa53e78c6b7435c9902dd75892f43f9 P 37c749ab74bb4af795069d5cf95974e9 [CANDIDATE]: Term 1 election: Election decided. Result: candidate won. Election summary: received 1 responses out of 1 voters: 1 yes votes; 0 no votes. yes voters: 37c749ab74bb4af795069d5cf95974e9; no voters: 
I20260812 06:33:55.923920 27504 leader_election.cc:290] T 2aa53e78c6b7435c9902dd75892f43f9 P 37c749ab74bb4af795069d5cf95974e9 [CANDIDATE]: Term 1 election: Requested vote from peers 
I20260812 06:33:55.923995 27512 raft_consensus.cc:2804] T 2aa53e78c6b7435c9902dd75892f43f9 P 37c749ab74bb4af795069d5cf95974e9 [term 1 FOLLOWER]: Leader election won for term 1
I20260812 06:33:55.924115 27512 raft_consensus.cc:697] T 2aa53e78c6b7435c9902dd75892f43f9 P 37c749ab74bb4af795069d5cf95974e9 [term 1 LEADER]: Becoming Leader. State: Replica: 37c749ab74bb4af795069d5cf95974e9, State: Running, Role: LEADER
I20260812 06:33:55.924180 27504 ts_tablet_manager.cc:1434] T 2aa53e78c6b7435c9902dd75892f43f9 P 37c749ab74bb4af795069d5cf95974e9: Time spent starting tablet: real 0.002s	user 0.002s	sys 0.001s
I20260812 06:33:55.924266 27512 consensus_queue.cc:237] T 2aa53e78c6b7435c9902dd75892f43f9 P 37c749ab74bb4af795069d5cf95974e9 [LEADER]: Queue going to LEADER mode. State: All replicated index: 0, Majority replicated index: 0, Committed index: 0, Last appended: 0.0, Last appended by leader: 0, Current term: 1, Majority size: 1, State: 0, Mode: LEADER, active raft config: opid_index: -1 OBSOLETE_local: true peers { permanent_uuid: "37c749ab74bb4af795069d5cf95974e9" member_type: VOTER last_known_addr { host: "127.19.133.1" port: 42545 } }
I20260812 06:33:55.924427 27504 tablet_bootstrap.cc:492] T 0e5921bce75c429983ea01e6e01b7395 P 37c749ab74bb4af795069d5cf95974e9: Bootstrap starting.
I20260812 06:33:55.925678 27504 tablet_bootstrap.cc:654] T 0e5921bce75c429983ea01e6e01b7395 P 37c749ab74bb4af795069d5cf95974e9: Neither blocks nor log segments found. Creating new log.
I20260812 06:33:55.927006 27504 tablet_bootstrap.cc:492] T 0e5921bce75c429983ea01e6e01b7395 P 37c749ab74bb4af795069d5cf95974e9: No bootstrap required, opened a new log
I20260812 06:33:55.927119 27504 ts_tablet_manager.cc:1403] T 0e5921bce75c429983ea01e6e01b7395 P 37c749ab74bb4af795069d5cf95974e9: Time spent bootstrapping tablet: real 0.003s	user 0.002s	sys 0.000s
I20260812 06:33:55.927767 27504 raft_consensus.cc:359] T 0e5921bce75c429983ea01e6e01b7395 P 37c749ab74bb4af795069d5cf95974e9 [term 0 FOLLOWER]: Replica starting. Triggering 0 pending ops. Active config: opid_index: -1 OBSOLETE_local: true peers { permanent_uuid: "37c749ab74bb4af795069d5cf95974e9" member_type: VOTER last_known_addr { host: "127.19.133.1" port: 42545 } }
I20260812 06:33:55.927888 27504 raft_consensus.cc:385] T 0e5921bce75c429983ea01e6e01b7395 P 37c749ab74bb4af795069d5cf95974e9 [term 0 FOLLOWER]: Consensus starting up: Expiring failure detector timer to make a prompt election more likely
I20260812 06:33:55.927834 27265 catalog_manager.cc:5719] T 2aa53e78c6b7435c9902dd75892f43f9 P 37c749ab74bb4af795069d5cf95974e9 reported cstate change: term changed from 0 to 1, leader changed from <none> to 37c749ab74bb4af795069d5cf95974e9 (127.19.133.1). New cstate: current_term: 1 leader_uuid: "37c749ab74bb4af795069d5cf95974e9" committed_config { opid_index: -1 OBSOLETE_local: true peers { permanent_uuid: "37c749ab74bb4af795069d5cf95974e9" member_type: VOTER last_known_addr { host: "127.19.133.1" port: 42545 } health_report { overall_health: HEALTHY } } }
I20260812 06:33:55.927944 27504 raft_consensus.cc:740] T 0e5921bce75c429983ea01e6e01b7395 P 37c749ab74bb4af795069d5cf95974e9 [term 0 FOLLOWER]: Becoming Follower/Learner. State: Replica: 37c749ab74bb4af795069d5cf95974e9, State: Initialized, Role: FOLLOWER
I20260812 06:33:55.928107 27504 consensus_queue.cc:260] T 0e5921bce75c429983ea01e6e01b7395 P 37c749ab74bb4af795069d5cf95974e9 [NON_LEADER]: Queue going to NON_LEADER mode. State: All replicated index: 0, Majority replicated index: 0, Committed index: 0, Last appended: 0.0, Last appended by leader: 0, Current term: 0, Majority size: -1, State: 0, Mode: NON_LEADER, active raft config: opid_index: -1 OBSOLETE_local: true peers { permanent_uuid: "37c749ab74bb4af795069d5cf95974e9" member_type: VOTER last_known_addr { host: "127.19.133.1" port: 42545 } }
I20260812 06:33:55.928217 27504 raft_consensus.cc:399] T 0e5921bce75c429983ea01e6e01b7395 P 37c749ab74bb4af795069d5cf95974e9 [term 0 FOLLOWER]: Only one voter in the Raft config. Triggering election immediately
I20260812 06:33:55.928282 27504 raft_consensus.cc:493] T 0e5921bce75c429983ea01e6e01b7395 P 37c749ab74bb4af795069d5cf95974e9 [term 0 FOLLOWER]: Starting leader election (initial election of a single-replica configuration)
I20260812 06:33:55.928349 27504 raft_consensus.cc:3060] T 0e5921bce75c429983ea01e6e01b7395 P 37c749ab74bb4af795069d5cf95974e9 [term 0 FOLLOWER]: Advancing to term 1
I20260812 06:33:55.929490 27504 raft_consensus.cc:515] T 0e5921bce75c429983ea01e6e01b7395 P 37c749ab74bb4af795069d5cf95974e9 [term 1 FOLLOWER]: Starting leader election with config: opid_index: -1 OBSOLETE_local: true peers { permanent_uuid: "37c749ab74bb4af795069d5cf95974e9" member_type: VOTER last_known_addr { host: "127.19.133.1" port: 42545 } }
I20260812 06:33:55.929636 27504 leader_election.cc:304] T 0e5921bce75c429983ea01e6e01b7395 P 37c749ab74bb4af795069d5cf95974e9 [CANDIDATE]: Term 1 election: Election decided. Result: candidate won. Election summary: received 1 responses out of 1 voters: 1 yes votes; 0 no votes. yes voters: 37c749ab74bb4af795069d5cf95974e9; no voters: 
I20260812 06:33:55.929764 27504 leader_election.cc:290] T 0e5921bce75c429983ea01e6e01b7395 P 37c749ab74bb4af795069d5cf95974e9 [CANDIDATE]: Term 1 election: Requested vote from peers 
I20260812 06:33:55.929803 27512 raft_consensus.cc:2804] T 0e5921bce75c429983ea01e6e01b7395 P 37c749ab74bb4af795069d5cf95974e9 [term 1 FOLLOWER]: Leader election won for term 1
I20260812 06:33:55.929898 27512 raft_consensus.cc:697] T 0e5921bce75c429983ea01e6e01b7395 P 37c749ab74bb4af795069d5cf95974e9 [term 1 LEADER]: Becoming Leader. State: Replica: 37c749ab74bb4af795069d5cf95974e9, State: Running, Role: LEADER
I20260812 06:33:55.930042 27504 ts_tablet_manager.cc:1434] T 0e5921bce75c429983ea01e6e01b7395 P 37c749ab74bb4af795069d5cf95974e9: Time spent starting tablet: real 0.003s	user 0.000s	sys 0.003s
I20260812 06:33:55.930049 27512 consensus_queue.cc:237] T 0e5921bce75c429983ea01e6e01b7395 P 37c749ab74bb4af795069d5cf95974e9 [LEADER]: Queue going to LEADER mode. State: All replicated index: 0, Majority replicated index: 0, Committed index: 0, Last appended: 0.0, Last appended by leader: 0, Current term: 1, Majority size: 1, State: 0, Mode: LEADER, active raft config: opid_index: -1 OBSOLETE_local: true peers { permanent_uuid: "37c749ab74bb4af795069d5cf95974e9" member_type: VOTER last_known_addr { host: "127.19.133.1" port: 42545 } }
I20260812 06:33:55.930249 27504 tablet_bootstrap.cc:492] T 6c11d52b08f642ebb8e2ad86f7ea9584 P 37c749ab74bb4af795069d5cf95974e9: Bootstrap starting.
I20260812 06:33:55.931339 27504 tablet_bootstrap.cc:654] T 6c11d52b08f642ebb8e2ad86f7ea9584 P 37c749ab74bb4af795069d5cf95974e9: Neither blocks nor log segments found. Creating new log.
I20260812 06:33:55.932215 27265 catalog_manager.cc:5719] T 0e5921bce75c429983ea01e6e01b7395 P 37c749ab74bb4af795069d5cf95974e9 reported cstate change: term changed from 0 to 1, leader changed from <none> to 37c749ab74bb4af795069d5cf95974e9 (127.19.133.1). New cstate: current_term: 1 leader_uuid: "37c749ab74bb4af795069d5cf95974e9" committed_config { opid_index: -1 OBSOLETE_local: true peers { permanent_uuid: "37c749ab74bb4af795069d5cf95974e9" member_type: VOTER last_known_addr { host: "127.19.133.1" port: 42545 } health_report { overall_health: HEALTHY } } }
I20260812 06:33:55.933590 27504 tablet_bootstrap.cc:492] T 6c11d52b08f642ebb8e2ad86f7ea9584 P 37c749ab74bb4af795069d5cf95974e9: No bootstrap required, opened a new log
I20260812 06:33:55.933670 27504 ts_tablet_manager.cc:1403] T 6c11d52b08f642ebb8e2ad86f7ea9584 P 37c749ab74bb4af795069d5cf95974e9: Time spent bootstrapping tablet: real 0.003s	user 0.002s	sys 0.000s
I20260812 06:33:55.934130 27504 raft_consensus.cc:359] T 6c11d52b08f642ebb8e2ad86f7ea9584 P 37c749ab74bb4af795069d5cf95974e9 [term 0 FOLLOWER]: Replica starting. Triggering 0 pending ops. Active config: opid_index: -1 OBSOLETE_local: true peers { permanent_uuid: "37c749ab74bb4af795069d5cf95974e9" member_type: VOTER last_known_addr { host: "127.19.133.1" port: 42545 } }
I20260812 06:33:55.934258 27504 raft_consensus.cc:385] T 6c11d52b08f642ebb8e2ad86f7ea9584 P 37c749ab74bb4af795069d5cf95974e9 [term 0 FOLLOWER]: Consensus starting up: Expiring failure detector timer to make a prompt election more likely
I20260812 06:33:55.934301 27504 raft_consensus.cc:740] T 6c11d52b08f642ebb8e2ad86f7ea9584 P 37c749ab74bb4af795069d5cf95974e9 [term 0 FOLLOWER]: Becoming Follower/Learner. State: Replica: 37c749ab74bb4af795069d5cf95974e9, State: Initialized, Role: FOLLOWER
I20260812 06:33:55.934443 27504 consensus_queue.cc:260] T 6c11d52b08f642ebb8e2ad86f7ea9584 P 37c749ab74bb4af795069d5cf95974e9 [NON_LEADER]: Queue going to NON_LEADER mode. State: All replicated index: 0, Majority replicated index: 0, Committed index: 0, Last appended: 0.0, Last appended by leader: 0, Current term: 0, Majority size: -1, State: 0, Mode: NON_LEADER, active raft config: opid_index: -1 OBSOLETE_local: true peers { permanent_uuid: "37c749ab74bb4af795069d5cf95974e9" member_type: VOTER last_known_addr { host: "127.19.133.1" port: 42545 } }
I20260812 06:33:55.934559 27504 raft_consensus.cc:399] T 6c11d52b08f642ebb8e2ad86f7ea9584 P 37c749ab74bb4af795069d5cf95974e9 [term 0 FOLLOWER]: Only one voter in the Raft config. Triggering election immediately
I20260812 06:33:55.934644 27504 raft_consensus.cc:493] T 6c11d52b08f642ebb8e2ad86f7ea9584 P 37c749ab74bb4af795069d5cf95974e9 [term 0 FOLLOWER]: Starting leader election (initial election of a single-replica configuration)
I20260812 06:33:55.934705 27504 raft_consensus.cc:3060] T 6c11d52b08f642ebb8e2ad86f7ea9584 P 37c749ab74bb4af795069d5cf95974e9 [term 0 FOLLOWER]: Advancing to term 1
I20260812 06:33:55.935508 27504 raft_consensus.cc:515] T 6c11d52b08f642ebb8e2ad86f7ea9584 P 37c749ab74bb4af795069d5cf95974e9 [term 1 FOLLOWER]: Starting leader election with config: opid_index: -1 OBSOLETE_local: true peers { permanent_uuid: "37c749ab74bb4af795069d5cf95974e9" member_type: VOTER last_known_addr { host: "127.19.133.1" port: 42545 } }
I20260812 06:33:55.935626 27504 leader_election.cc:304] T 6c11d52b08f642ebb8e2ad86f7ea9584 P 37c749ab74bb4af795069d5cf95974e9 [CANDIDATE]: Term 1 election: Election decided. Result: candidate won. Election summary: received 1 responses out of 1 voters: 1 yes votes; 0 no votes. yes voters: 37c749ab74bb4af795069d5cf95974e9; no voters: 
I20260812 06:33:55.935796 27504 leader_election.cc:290] T 6c11d52b08f642ebb8e2ad86f7ea9584 P 37c749ab74bb4af795069d5cf95974e9 [CANDIDATE]: Term 1 election: Requested vote from peers 
I20260812 06:33:55.935909 27512 raft_consensus.cc:2804] T 6c11d52b08f642ebb8e2ad86f7ea9584 P 37c749ab74bb4af795069d5cf95974e9 [term 1 FOLLOWER]: Leader election won for term 1
I20260812 06:33:55.936039 27512 raft_consensus.cc:697] T 6c11d52b08f642ebb8e2ad86f7ea9584 P 37c749ab74bb4af795069d5cf95974e9 [term 1 LEADER]: Becoming Leader. State: Replica: 37c749ab74bb4af795069d5cf95974e9, State: Running, Role: LEADER
I20260812 06:33:55.936105 27504 ts_tablet_manager.cc:1434] T 6c11d52b08f642ebb8e2ad86f7ea9584 P 37c749ab74bb4af795069d5cf95974e9: Time spent starting tablet: real 0.002s	user 0.000s	sys 0.000s
I20260812 06:33:55.936159 27512 consensus_queue.cc:237] T 6c11d52b08f642ebb8e2ad86f7ea9584 P 37c749ab74bb4af795069d5cf95974e9 [LEADER]: Queue going to LEADER mode. State: All replicated index: 0, Majority replicated index: 0, Committed index: 0, Last appended: 0.0, Last appended by leader: 0, Current term: 1, Majority size: 1, State: 0, Mode: LEADER, active raft config: opid_index: -1 OBSOLETE_local: true peers { permanent_uuid: "37c749ab74bb4af795069d5cf95974e9" member_type: VOTER last_known_addr { host: "127.19.133.1" port: 42545 } }
I20260812 06:33:55.936290 27504 tablet_bootstrap.cc:492] T 528df170270b43d6aae4c6fabbf50b7c P 37c749ab74bb4af795069d5cf95974e9: Bootstrap starting.
I20260812 06:33:55.937613 27504 tablet_bootstrap.cc:654] T 528df170270b43d6aae4c6fabbf50b7c P 37c749ab74bb4af795069d5cf95974e9: Neither blocks nor log segments found. Creating new log.
I20260812 06:33:55.938408 27265 catalog_manager.cc:5719] T 6c11d52b08f642ebb8e2ad86f7ea9584 P 37c749ab74bb4af795069d5cf95974e9 reported cstate change: term changed from 0 to 1, leader changed from <none> to 37c749ab74bb4af795069d5cf95974e9 (127.19.133.1). New cstate: current_term: 1 leader_uuid: "37c749ab74bb4af795069d5cf95974e9" committed_config { opid_index: -1 OBSOLETE_local: true peers { permanent_uuid: "37c749ab74bb4af795069d5cf95974e9" member_type: VOTER last_known_addr { host: "127.19.133.1" port: 42545 } health_report { overall_health: HEALTHY } } }
I20260812 06:33:55.939642 27504 tablet_bootstrap.cc:492] T 528df170270b43d6aae4c6fabbf50b7c P 37c749ab74bb4af795069d5cf95974e9: No bootstrap required, opened a new log
I20260812 06:33:55.939739 27504 ts_tablet_manager.cc:1403] T 528df170270b43d6aae4c6fabbf50b7c P 37c749ab74bb4af795069d5cf95974e9: Time spent bootstrapping tablet: real 0.003s	user 0.002s	sys 0.000s
I20260812 06:33:55.940193 27504 raft_consensus.cc:359] T 528df170270b43d6aae4c6fabbf50b7c P 37c749ab74bb4af795069d5cf95974e9 [term 0 FOLLOWER]: Replica starting. Triggering 0 pending ops. Active config: opid_index: -1 OBSOLETE_local: true peers { permanent_uuid: "37c749ab74bb4af795069d5cf95974e9" member_type: VOTER last_known_addr { host: "127.19.133.1" port: 42545 } }
I20260812 06:33:55.940286 27504 raft_consensus.cc:385] T 528df170270b43d6aae4c6fabbf50b7c P 37c749ab74bb4af795069d5cf95974e9 [term 0 FOLLOWER]: Consensus starting up: Expiring failure detector timer to make a prompt election more likely
I20260812 06:33:55.940323 27504 raft_consensus.cc:740] T 528df170270b43d6aae4c6fabbf50b7c P 37c749ab74bb4af795069d5cf95974e9 [term 0 FOLLOWER]: Becoming Follower/Learner. State: Replica: 37c749ab74bb4af795069d5cf95974e9, State: Initialized, Role: FOLLOWER
I20260812 06:33:55.940446 27504 consensus_queue.cc:260] T 528df170270b43d6aae4c6fabbf50b7c P 37c749ab74bb4af795069d5cf95974e9 [NON_LEADER]: Queue going to NON_LEADER mode. State: All replicated index: 0, Majority replicated index: 0, Committed index: 0, Last appended: 0.0, Last appended by leader: 0, Current term: 0, Majority size: -1, State: 0, Mode: NON_LEADER, active raft config: opid_index: -1 OBSOLETE_local: true peers { permanent_uuid: "37c749ab74bb4af795069d5cf95974e9" member_type: VOTER last_known_addr { host: "127.19.133.1" port: 42545 } }
I20260812 06:33:55.940563 27504 raft_consensus.cc:399] T 528df170270b43d6aae4c6fabbf50b7c P 37c749ab74bb4af795069d5cf95974e9 [term 0 FOLLOWER]: Only one voter in the Raft config. Triggering election immediately
I20260812 06:33:55.940599 27504 raft_consensus.cc:493] T 528df170270b43d6aae4c6fabbf50b7c P 37c749ab74bb4af795069d5cf95974e9 [term 0 FOLLOWER]: Starting leader election (initial election of a single-replica configuration)
I20260812 06:33:55.940645 27504 raft_consensus.cc:3060] T 528df170270b43d6aae4c6fabbf50b7c P 37c749ab74bb4af795069d5cf95974e9 [term 0 FOLLOWER]: Advancing to term 1
I20260812 06:33:55.941669 27504 raft_consensus.cc:515] T 528df170270b43d6aae4c6fabbf50b7c P 37c749ab74bb4af795069d5cf95974e9 [term 1 FOLLOWER]: Starting leader election with config: opid_index: -1 OBSOLETE_local: true peers { permanent_uuid: "37c749ab74bb4af795069d5cf95974e9" member_type: VOTER last_known_addr { host: "127.19.133.1" port: 42545 } }
I20260812 06:33:55.941815 27504 leader_election.cc:304] T 528df170270b43d6aae4c6fabbf50b7c P 37c749ab74bb4af795069d5cf95974e9 [CANDIDATE]: Term 1 election: Election decided. Result: candidate won. Election summary: received 1 responses out of 1 voters: 1 yes votes; 0 no votes. yes voters: 37c749ab74bb4af795069d5cf95974e9; no voters: 
I20260812 06:33:55.941929 27504 leader_election.cc:290] T 528df170270b43d6aae4c6fabbf50b7c P 37c749ab74bb4af795069d5cf95974e9 [CANDIDATE]: Term 1 election: Requested vote from peers 
I20260812 06:33:55.941989 27512 raft_consensus.cc:2804] T 528df170270b43d6aae4c6fabbf50b7c P 37c749ab74bb4af795069d5cf95974e9 [term 1 FOLLOWER]: Leader election won for term 1
I20260812 06:33:55.942073 27512 raft_consensus.cc:697] T 528df170270b43d6aae4c6fabbf50b7c P 37c749ab74bb4af795069d5cf95974e9 [term 1 LEADER]: Becoming Leader. State: Replica: 37c749ab74bb4af795069d5cf95974e9, State: Running, Role: LEADER
I20260812 06:33:55.942180 27512 consensus_queue.cc:237] T 528df170270b43d6aae4c6fabbf50b7c P 37c749ab74bb4af795069d5cf95974e9 [LEADER]: Queue going to LEADER mode. State: All replicated index: 0, Majority replicated index: 0, Committed index: 0, Last appended: 0.0, Last appended by leader: 0, Current term: 1, Majority size: 1, State: 0, Mode: LEADER, active raft config: opid_index: -1 OBSOLETE_local: true peers { permanent_uuid: "37c749ab74bb4af795069d5cf95974e9" member_type: VOTER last_known_addr { host: "127.19.133.1" port: 42545 } }
I20260812 06:33:55.942219 27504 ts_tablet_manager.cc:1434] T 528df170270b43d6aae4c6fabbf50b7c P 37c749ab74bb4af795069d5cf95974e9: Time spent starting tablet: real 0.002s	user 0.000s	sys 0.002s
I20260812 06:33:55.942404 27504 tablet_bootstrap.cc:492] T 90d5cd0fef5e48f6b72695601841f0ef P 37c749ab74bb4af795069d5cf95974e9: Bootstrap starting.
I20260812 06:33:55.943362 27504 tablet_bootstrap.cc:654] T 90d5cd0fef5e48f6b72695601841f0ef P 37c749ab74bb4af795069d5cf95974e9: Neither blocks nor log segments found. Creating new log.
I20260812 06:33:55.944911 27504 tablet_bootstrap.cc:492] T 90d5cd0fef5e48f6b72695601841f0ef P 37c749ab74bb4af795069d5cf95974e9: No bootstrap required, opened a new log
I20260812 06:33:55.945029 27504 ts_tablet_manager.cc:1403] T 90d5cd0fef5e48f6b72695601841f0ef P 37c749ab74bb4af795069d5cf95974e9: Time spent bootstrapping tablet: real 0.003s	user 0.001s	sys 0.000s
I20260812 06:33:55.945048 27265 catalog_manager.cc:5719] T 528df170270b43d6aae4c6fabbf50b7c P 37c749ab74bb4af795069d5cf95974e9 reported cstate change: term changed from 0 to 1, leader changed from <none> to 37c749ab74bb4af795069d5cf95974e9 (127.19.133.1). New cstate: current_term: 1 leader_uuid: "37c749ab74bb4af795069d5cf95974e9" committed_config { opid_index: -1 OBSOLETE_local: true peers { permanent_uuid: "37c749ab74bb4af795069d5cf95974e9" member_type: VOTER last_known_addr { host: "127.19.133.1" port: 42545 } health_report { overall_health: HEALTHY } } }
I20260812 06:33:55.945493 27504 raft_consensus.cc:359] T 90d5cd0fef5e48f6b72695601841f0ef P 37c749ab74bb4af795069d5cf95974e9 [term 0 FOLLOWER]: Replica starting. Triggering 0 pending ops. Active config: opid_index: -1 OBSOLETE_local: true peers { permanent_uuid: "37c749ab74bb4af795069d5cf95974e9" member_type: VOTER last_known_addr { host: "127.19.133.1" port: 42545 } }
I20260812 06:33:55.945596 27504 raft_consensus.cc:385] T 90d5cd0fef5e48f6b72695601841f0ef P 37c749ab74bb4af795069d5cf95974e9 [term 0 FOLLOWER]: Consensus starting up: Expiring failure detector timer to make a prompt election more likely
I20260812 06:33:55.945643 27504 raft_consensus.cc:740] T 90d5cd0fef5e48f6b72695601841f0ef P 37c749ab74bb4af795069d5cf95974e9 [term 0 FOLLOWER]: Becoming Follower/Learner. State: Replica: 37c749ab74bb4af795069d5cf95974e9, State: Initialized, Role: FOLLOWER
I20260812 06:33:55.945775 27504 consensus_queue.cc:260] T 90d5cd0fef5e48f6b72695601841f0ef P 37c749ab74bb4af795069d5cf95974e9 [NON_LEADER]: Queue going to NON_LEADER mode. State: All replicated index: 0, Majority replicated index: 0, Committed index: 0, Last appended: 0.0, Last appended by leader: 0, Current term: 0, Majority size: -1, State: 0, Mode: NON_LEADER, active raft config: opid_index: -1 OBSOLETE_local: true peers { permanent_uuid: "37c749ab74bb4af795069d5cf95974e9" member_type: VOTER last_known_addr { host: "127.19.133.1" port: 42545 } }
I20260812 06:33:55.945863 27504 raft_consensus.cc:399] T 90d5cd0fef5e48f6b72695601841f0ef P 37c749ab74bb4af795069d5cf95974e9 [term 0 FOLLOWER]: Only one voter in the Raft config. Triggering election immediately
I20260812 06:33:55.945886 27504 raft_consensus.cc:493] T 90d5cd0fef5e48f6b72695601841f0ef P 37c749ab74bb4af795069d5cf95974e9 [term 0 FOLLOWER]: Starting leader election (initial election of a single-replica configuration)
I20260812 06:33:55.945962 27504 raft_consensus.cc:3060] T 90d5cd0fef5e48f6b72695601841f0ef P 37c749ab74bb4af795069d5cf95974e9 [term 0 FOLLOWER]: Advancing to term 1
I20260812 06:33:55.947067 27504 raft_consensus.cc:515] T 90d5cd0fef5e48f6b72695601841f0ef P 37c749ab74bb4af795069d5cf95974e9 [term 1 FOLLOWER]: Starting leader election with config: opid_index: -1 OBSOLETE_local: true peers { permanent_uuid: "37c749ab74bb4af795069d5cf95974e9" member_type: VOTER last_known_addr { host: "127.19.133.1" port: 42545 } }
I20260812 06:33:55.947203 27504 leader_election.cc:304] T 90d5cd0fef5e48f6b72695601841f0ef P 37c749ab74bb4af795069d5cf95974e9 [CANDIDATE]: Term 1 election: Election decided. Result: candidate won. Election summary: received 1 responses out of 1 voters: 1 yes votes; 0 no votes. yes voters: 37c749ab74bb4af795069d5cf95974e9; no voters: 
I20260812 06:33:55.947467 27504 leader_election.cc:290] T 90d5cd0fef5e48f6b72695601841f0ef P 37c749ab74bb4af795069d5cf95974e9 [CANDIDATE]: Term 1 election: Requested vote from peers 
I20260812 06:33:55.947592 27512 raft_consensus.cc:2804] T 90d5cd0fef5e48f6b72695601841f0ef P 37c749ab74bb4af795069d5cf95974e9 [term 1 FOLLOWER]: Leader election won for term 1
I20260812 06:33:55.947667 27512 raft_consensus.cc:697] T 90d5cd0fef5e48f6b72695601841f0ef P 37c749ab74bb4af795069d5cf95974e9 [term 1 LEADER]: Becoming Leader. State: Replica: 37c749ab74bb4af795069d5cf95974e9, State: Running, Role: LEADER
I20260812 06:33:55.947742 27504 ts_tablet_manager.cc:1434] T 90d5cd0fef5e48f6b72695601841f0ef P 37c749ab74bb4af795069d5cf95974e9: Time spent starting tablet: real 0.003s	user 0.003s	sys 0.000s
I20260812 06:33:55.947768 27512 consensus_queue.cc:237] T 90d5cd0fef5e48f6b72695601841f0ef P 37c749ab74bb4af795069d5cf95974e9 [LEADER]: Queue going to LEADER mode. State: All replicated index: 0, Majority replicated index: 0, Committed index: 0, Last appended: 0.0, Last appended by leader: 0, Current term: 1, Majority size: 1, State: 0, Mode: LEADER, active raft config: opid_index: -1 OBSOLETE_local: true peers { permanent_uuid: "37c749ab74bb4af795069d5cf95974e9" member_type: VOTER last_known_addr { host: "127.19.133.1" port: 42545 } }
I20260812 06:33:55.947897 27504 tablet_bootstrap.cc:492] T 785f1783dcca44d080dc945a1e3958d5 P 37c749ab74bb4af795069d5cf95974e9: Bootstrap starting.
I20260812 06:33:55.948907 27504 tablet_bootstrap.cc:654] T 785f1783dcca44d080dc945a1e3958d5 P 37c749ab74bb4af795069d5cf95974e9: Neither blocks nor log segments found. Creating new log.
I20260812 06:33:55.949851 27265 catalog_manager.cc:5719] T 90d5cd0fef5e48f6b72695601841f0ef P 37c749ab74bb4af795069d5cf95974e9 reported cstate change: term changed from 0 to 1, leader changed from <none> to 37c749ab74bb4af795069d5cf95974e9 (127.19.133.1). New cstate: current_term: 1 leader_uuid: "37c749ab74bb4af795069d5cf95974e9" committed_config { opid_index: -1 OBSOLETE_local: true peers { permanent_uuid: "37c749ab74bb4af795069d5cf95974e9" member_type: VOTER last_known_addr { host: "127.19.133.1" port: 42545 } health_report { overall_health: HEALTHY } } }
I20260812 06:33:55.950906 27504 tablet_bootstrap.cc:492] T 785f1783dcca44d080dc945a1e3958d5 P 37c749ab74bb4af795069d5cf95974e9: No bootstrap required, opened a new log
I20260812 06:33:55.951009 27504 ts_tablet_manager.cc:1403] T 785f1783dcca44d080dc945a1e3958d5 P 37c749ab74bb4af795069d5cf95974e9: Time spent bootstrapping tablet: real 0.003s	user 0.002s	sys 0.000s
I20260812 06:33:55.951409 27504 raft_consensus.cc:359] T 785f1783dcca44d080dc945a1e3958d5 P 37c749ab74bb4af795069d5cf95974e9 [term 0 FOLLOWER]: Replica starting. Triggering 0 pending ops. Active config: opid_index: -1 OBSOLETE_local: true peers { permanent_uuid: "37c749ab74bb4af795069d5cf95974e9" member_type: VOTER last_known_addr { host: "127.19.133.1" port: 42545 } }
I20260812 06:33:55.951503 27504 raft_consensus.cc:385] T 785f1783dcca44d080dc945a1e3958d5 P 37c749ab74bb4af795069d5cf95974e9 [term 0 FOLLOWER]: Consensus starting up: Expiring failure detector timer to make a prompt election more likely
I20260812 06:33:55.951537 27504 raft_consensus.cc:740] T 785f1783dcca44d080dc945a1e3958d5 P 37c749ab74bb4af795069d5cf95974e9 [term 0 FOLLOWER]: Becoming Follower/Learner. State: Replica: 37c749ab74bb4af795069d5cf95974e9, State: Initialized, Role: FOLLOWER
I20260812 06:33:55.951659 27504 consensus_queue.cc:260] T 785f1783dcca44d080dc945a1e3958d5 P 37c749ab74bb4af795069d5cf95974e9 [NON_LEADER]: Queue going to NON_LEADER mode. State: All replicated index: 0, Majority replicated index: 0, Committed index: 0, Last appended: 0.0, Last appended by leader: 0, Current term: 0, Majority size: -1, State: 0, Mode: NON_LEADER, active raft config: opid_index: -1 OBSOLETE_local: true peers { permanent_uuid: "37c749ab74bb4af795069d5cf95974e9" member_type: VOTER last_known_addr { host: "127.19.133.1" port: 42545 } }
I20260812 06:33:55.951745 27504 raft_consensus.cc:399] T 785f1783dcca44d080dc945a1e3958d5 P 37c749ab74bb4af795069d5cf95974e9 [term 0 FOLLOWER]: Only one voter in the Raft config. Triggering election immediately
I20260812 06:33:55.951779 27504 raft_consensus.cc:493] T 785f1783dcca44d080dc945a1e3958d5 P 37c749ab74bb4af795069d5cf95974e9 [term 0 FOLLOWER]: Starting leader election (initial election of a single-replica configuration)
I20260812 06:33:55.951838 27504 raft_consensus.cc:3060] T 785f1783dcca44d080dc945a1e3958d5 P 37c749ab74bb4af795069d5cf95974e9 [term 0 FOLLOWER]: Advancing to term 1
I20260812 06:33:55.952677 27504 raft_consensus.cc:515] T 785f1783dcca44d080dc945a1e3958d5 P 37c749ab74bb4af795069d5cf95974e9 [term 1 FOLLOWER]: Starting leader election with config: opid_index: -1 OBSOLETE_local: true peers { permanent_uuid: "37c749ab74bb4af795069d5cf95974e9" member_type: VOTER last_known_addr { host: "127.19.133.1" port: 42545 } }
I20260812 06:33:55.952829 27504 leader_election.cc:304] T 785f1783dcca44d080dc945a1e3958d5 P 37c749ab74bb4af795069d5cf95974e9 [CANDIDATE]: Term 1 election: Election decided. Result: candidate won. Election summary: received 1 responses out of 1 voters: 1 yes votes; 0 no votes. yes voters: 37c749ab74bb4af795069d5cf95974e9; no voters: 
I20260812 06:33:55.952950 27504 leader_election.cc:290] T 785f1783dcca44d080dc945a1e3958d5 P 37c749ab74bb4af795069d5cf95974e9 [CANDIDATE]: Term 1 election: Requested vote from peers 
I20260812 06:33:55.952999 27512 raft_consensus.cc:2804] T 785f1783dcca44d080dc945a1e3958d5 P 37c749ab74bb4af795069d5cf95974e9 [term 1 FOLLOWER]: Leader election won for term 1
I20260812 06:33:55.953083 27512 raft_consensus.cc:697] T 785f1783dcca44d080dc945a1e3958d5 P 37c749ab74bb4af795069d5cf95974e9 [term 1 LEADER]: Becoming Leader. State: Replica: 37c749ab74bb4af795069d5cf95974e9, State: Running, Role: LEADER
I20260812 06:33:55.953179 27512 consensus_queue.cc:237] T 785f1783dcca44d080dc945a1e3958d5 P 37c749ab74bb4af795069d5cf95974e9 [LEADER]: Queue going to LEADER mode. State: All replicated index: 0, Majority replicated index: 0, Committed index: 0, Last appended: 0.0, Last appended by leader: 0, Current term: 1, Majority size: 1, State: 0, Mode: LEADER, active raft config: opid_index: -1 OBSOLETE_local: true peers { permanent_uuid: "37c749ab74bb4af795069d5cf95974e9" member_type: VOTER last_known_addr { host: "127.19.133.1" port: 42545 } }
I20260812 06:33:55.953227 27504 ts_tablet_manager.cc:1434] T 785f1783dcca44d080dc945a1e3958d5 P 37c749ab74bb4af795069d5cf95974e9: Time spent starting tablet: real 0.002s	user 0.000s	sys 0.000s
I20260812 06:33:55.953440 27504 tablet_bootstrap.cc:492] T 0e4e70fb1e5f48728a2ab70dc5abe333 P 37c749ab74bb4af795069d5cf95974e9: Bootstrap starting.
I20260812 06:33:55.954630 27504 tablet_bootstrap.cc:654] T 0e4e70fb1e5f48728a2ab70dc5abe333 P 37c749ab74bb4af795069d5cf95974e9: Neither blocks nor log segments found. Creating new log.
I20260812 06:33:55.955717 27265 catalog_manager.cc:5719] T 785f1783dcca44d080dc945a1e3958d5 P 37c749ab74bb4af795069d5cf95974e9 reported cstate change: term changed from 0 to 1, leader changed from <none> to 37c749ab74bb4af795069d5cf95974e9 (127.19.133.1). New cstate: current_term: 1 leader_uuid: "37c749ab74bb4af795069d5cf95974e9" committed_config { opid_index: -1 OBSOLETE_local: true peers { permanent_uuid: "37c749ab74bb4af795069d5cf95974e9" member_type: VOTER last_known_addr { host: "127.19.133.1" port: 42545 } health_report { overall_health: HEALTHY } } }
I20260812 06:33:55.956187 27504 tablet_bootstrap.cc:492] T 0e4e70fb1e5f48728a2ab70dc5abe333 P 37c749ab74bb4af795069d5cf95974e9: No bootstrap required, opened a new log
I20260812 06:33:55.956274 27504 ts_tablet_manager.cc:1403] T 0e4e70fb1e5f48728a2ab70dc5abe333 P 37c749ab74bb4af795069d5cf95974e9: Time spent bootstrapping tablet: real 0.003s	user 0.002s	sys 0.000s
I20260812 06:33:55.956688 27504 raft_consensus.cc:359] T 0e4e70fb1e5f48728a2ab70dc5abe333 P 37c749ab74bb4af795069d5cf95974e9 [term 0 FOLLOWER]: Replica starting. Triggering 0 pending ops. Active config: opid_index: -1 OBSOLETE_local: true peers { permanent_uuid: "37c749ab74bb4af795069d5cf95974e9" member_type: VOTER last_known_addr { host: "127.19.133.1" port: 42545 } }
I20260812 06:33:55.956789 27504 raft_consensus.cc:385] T 0e4e70fb1e5f48728a2ab70dc5abe333 P 37c749ab74bb4af795069d5cf95974e9 [term 0 FOLLOWER]: Consensus starting up: Expiring failure detector timer to make a prompt election more likely
I20260812 06:33:55.956813 27504 raft_consensus.cc:740] T 0e4e70fb1e5f48728a2ab70dc5abe333 P 37c749ab74bb4af795069d5cf95974e9 [term 0 FOLLOWER]: Becoming Follower/Learner. State: Replica: 37c749ab74bb4af795069d5cf95974e9, State: Initialized, Role: FOLLOWER
I20260812 06:33:55.956948 27504 consensus_queue.cc:260] T 0e4e70fb1e5f48728a2ab70dc5abe333 P 37c749ab74bb4af795069d5cf95974e9 [NON_LEADER]: Queue going to NON_LEADER mode. State: All replicated index: 0, Majority replicated index: 0, Committed index: 0, Last appended: 0.0, Last appended by leader: 0, Current term: 0, Majority size: -1, State: 0, Mode: NON_LEADER, active raft config: opid_index: -1 OBSOLETE_local: true peers { permanent_uuid: "37c749ab74bb4af795069d5cf95974e9" member_type: VOTER last_known_addr { host: "127.19.133.1" port: 42545 } }
I20260812 06:33:55.957050 27504 raft_consensus.cc:399] T 0e4e70fb1e5f48728a2ab70dc5abe333 P 37c749ab74bb4af795069d5cf95974e9 [term 0 FOLLOWER]: Only one voter in the Raft config. Triggering election immediately
I20260812 06:33:55.957094 27504 raft_consensus.cc:493] T 0e4e70fb1e5f48728a2ab70dc5abe333 P 37c749ab74bb4af795069d5cf95974e9 [term 0 FOLLOWER]: Starting leader election (initial election of a single-replica configuration)
I20260812 06:33:55.957141 27504 raft_consensus.cc:3060] T 0e4e70fb1e5f48728a2ab70dc5abe333 P 37c749ab74bb4af795069d5cf95974e9 [term 0 FOLLOWER]: Advancing to term 1
I20260812 06:33:55.958096 27504 raft_consensus.cc:515] T 0e4e70fb1e5f48728a2ab70dc5abe333 P 37c749ab74bb4af795069d5cf95974e9 [term 1 FOLLOWER]: Starting leader election with config: opid_index: -1 OBSOLETE_local: true peers { permanent_uuid: "37c749ab74bb4af795069d5cf95974e9" member_type: VOTER last_known_addr { host: "127.19.133.1" port: 42545 } }
I20260812 06:33:55.958201 27504 leader_election.cc:304] T 0e4e70fb1e5f48728a2ab70dc5abe333 P 37c749ab74bb4af795069d5cf95974e9 [CANDIDATE]: Term 1 election: Election decided. Result: candidate won. Election summary: received 1 responses out of 1 voters: 1 yes votes; 0 no votes. yes voters: 37c749ab74bb4af795069d5cf95974e9; no voters: 
I20260812 06:33:55.958269 27504 leader_election.cc:290] T 0e4e70fb1e5f48728a2ab70dc5abe333 P 37c749ab74bb4af795069d5cf95974e9 [CANDIDATE]: Term 1 election: Requested vote from peers 
I20260812 06:33:55.958326 27510 raft_consensus.cc:2804] T 0e4e70fb1e5f48728a2ab70dc5abe333 P 37c749ab74bb4af795069d5cf95974e9 [term 1 FOLLOWER]: Leader election won for term 1
I20260812 06:33:55.958447 27510 raft_consensus.cc:697] T 0e4e70fb1e5f48728a2ab70dc5abe333 P 37c749ab74bb4af795069d5cf95974e9 [term 1 LEADER]: Becoming Leader. State: Replica: 37c749ab74bb4af795069d5cf95974e9, State: Running, Role: LEADER
I20260812 06:33:55.958534 27504 ts_tablet_manager.cc:1434] T 0e4e70fb1e5f48728a2ab70dc5abe333 P 37c749ab74bb4af795069d5cf95974e9: Time spent starting tablet: real 0.002s	user 0.002s	sys 0.000s
I20260812 06:33:55.958566 27510 consensus_queue.cc:237] T 0e4e70fb1e5f48728a2ab70dc5abe333 P 37c749ab74bb4af795069d5cf95974e9 [LEADER]: Queue going to LEADER mode. State: All replicated index: 0, Majority replicated index: 0, Committed index: 0, Last appended: 0.0, Last appended by leader: 0, Current term: 1, Majority size: 1, State: 0, Mode: LEADER, active raft config: opid_index: -1 OBSOLETE_local: true peers { permanent_uuid: "37c749ab74bb4af795069d5cf95974e9" member_type: VOTER last_known_addr { host: "127.19.133.1" port: 42545 } }
I20260812 06:33:55.958717 27504 tablet_bootstrap.cc:492] T 9e2ea77fe13d44afb29215aacdeb1d07 P 37c749ab74bb4af795069d5cf95974e9: Bootstrap starting.
I20260812 06:33:55.959738 27504 tablet_bootstrap.cc:654] T 9e2ea77fe13d44afb29215aacdeb1d07 P 37c749ab74bb4af795069d5cf95974e9: Neither blocks nor log segments found. Creating new log.
I20260812 06:33:55.960986 27265 catalog_manager.cc:5719] T 0e4e70fb1e5f48728a2ab70dc5abe333 P 37c749ab74bb4af795069d5cf95974e9 reported cstate change: term changed from 0 to 1, leader changed from <none> to 37c749ab74bb4af795069d5cf95974e9 (127.19.133.1). New cstate: current_term: 1 leader_uuid: "37c749ab74bb4af795069d5cf95974e9" committed_config { opid_index: -1 OBSOLETE_local: true peers { permanent_uuid: "37c749ab74bb4af795069d5cf95974e9" member_type: VOTER last_known_addr { host: "127.19.133.1" port: 42545 } health_report { overall_health: HEALTHY } } }
I20260812 06:33:55.961740 27504 tablet_bootstrap.cc:492] T 9e2ea77fe13d44afb29215aacdeb1d07 P 37c749ab74bb4af795069d5cf95974e9: No bootstrap required, opened a new log
I20260812 06:33:55.961831 27504 ts_tablet_manager.cc:1403] T 9e2ea77fe13d44afb29215aacdeb1d07 P 37c749ab74bb4af795069d5cf95974e9: Time spent bootstrapping tablet: real 0.003s	user 0.002s	sys 0.000s
I20260812 06:33:55.962245 27504 raft_consensus.cc:359] T 9e2ea77fe13d44afb29215aacdeb1d07 P 37c749ab74bb4af795069d5cf95974e9 [term 0 FOLLOWER]: Replica starting. Triggering 0 pending ops. Active config: opid_index: -1 OBSOLETE_local: true peers { permanent_uuid: "37c749ab74bb4af795069d5cf95974e9" member_type: VOTER last_known_addr { host: "127.19.133.1" port: 42545 } }
I20260812 06:33:55.962343 27504 raft_consensus.cc:385] T 9e2ea77fe13d44afb29215aacdeb1d07 P 37c749ab74bb4af795069d5cf95974e9 [term 0 FOLLOWER]: Consensus starting up: Expiring failure detector timer to make a prompt election more likely
I20260812 06:33:55.962385 27504 raft_consensus.cc:740] T 9e2ea77fe13d44afb29215aacdeb1d07 P 37c749ab74bb4af795069d5cf95974e9 [term 0 FOLLOWER]: Becoming Follower/Learner. State: Replica: 37c749ab74bb4af795069d5cf95974e9, State: Initialized, Role: FOLLOWER
I20260812 06:33:55.962496 27504 consensus_queue.cc:260] T 9e2ea77fe13d44afb29215aacdeb1d07 P 37c749ab74bb4af795069d5cf95974e9 [NON_LEADER]: Queue going to NON_LEADER mode. State: All replicated index: 0, Majority replicated index: 0, Committed index: 0, Last appended: 0.0, Last appended by leader: 0, Current term: 0, Majority size: -1, State: 0, Mode: NON_LEADER, active raft config: opid_index: -1 OBSOLETE_local: true peers { permanent_uuid: "37c749ab74bb4af795069d5cf95974e9" member_type: VOTER last_known_addr { host: "127.19.133.1" port: 42545 } }
I20260812 06:33:55.962599 27504 raft_consensus.cc:399] T 9e2ea77fe13d44afb29215aacdeb1d07 P 37c749ab74bb4af795069d5cf95974e9 [term 0 FOLLOWER]: Only one voter in the Raft config. Triggering election immediately
I20260812 06:33:55.962632 27504 raft_consensus.cc:493] T 9e2ea77fe13d44afb29215aacdeb1d07 P 37c749ab74bb4af795069d5cf95974e9 [term 0 FOLLOWER]: Starting leader election (initial election of a single-replica configuration)
I20260812 06:33:55.962677 27504 raft_consensus.cc:3060] T 9e2ea77fe13d44afb29215aacdeb1d07 P 37c749ab74bb4af795069d5cf95974e9 [term 0 FOLLOWER]: Advancing to term 1
I20260812 06:33:55.963639 27504 raft_consensus.cc:515] T 9e2ea77fe13d44afb29215aacdeb1d07 P 37c749ab74bb4af795069d5cf95974e9 [term 1 FOLLOWER]: Starting leader election with config: opid_index: -1 OBSOLETE_local: true peers { permanent_uuid: "37c749ab74bb4af795069d5cf95974e9" member_type: VOTER last_known_addr { host: "127.19.133.1" port: 42545 } }
I20260812 06:33:55.963768 27504 leader_election.cc:304] T 9e2ea77fe13d44afb29215aacdeb1d07 P 37c749ab74bb4af795069d5cf95974e9 [CANDIDATE]: Term 1 election: Election decided. Result: candidate won. Election summary: received 1 responses out of 1 voters: 1 yes votes; 0 no votes. yes voters: 37c749ab74bb4af795069d5cf95974e9; no voters: 
I20260812 06:33:55.963860 27504 leader_election.cc:290] T 9e2ea77fe13d44afb29215aacdeb1d07 P 37c749ab74bb4af795069d5cf95974e9 [CANDIDATE]: Term 1 election: Requested vote from peers 
I20260812 06:33:55.963929 27510 raft_consensus.cc:2804] T 9e2ea77fe13d44afb29215aacdeb1d07 P 37c749ab74bb4af795069d5cf95974e9 [term 1 FOLLOWER]: Leader election won for term 1
I20260812 06:33:55.964025 27510 raft_consensus.cc:697] T 9e2ea77fe13d44afb29215aacdeb1d07 P 37c749ab74bb4af795069d5cf95974e9 [term 1 LEADER]: Becoming Leader. State: Replica: 37c749ab74bb4af795069d5cf95974e9, State: Running, Role: LEADER
I20260812 06:33:55.964131 27504 ts_tablet_manager.cc:1434] T 9e2ea77fe13d44afb29215aacdeb1d07 P 37c749ab74bb4af795069d5cf95974e9: Time spent starting tablet: real 0.002s	user 0.002s	sys 0.000s
I20260812 06:33:55.964159 27510 consensus_queue.cc:237] T 9e2ea77fe13d44afb29215aacdeb1d07 P 37c749ab74bb4af795069d5cf95974e9 [LEADER]: Queue going to LEADER mode. State: All replicated index: 0, Majority replicated index: 0, Committed index: 0, Last appended: 0.0, Last appended by leader: 0, Current term: 1, Majority size: 1, State: 0, Mode: LEADER, active raft config: opid_index: -1 OBSOLETE_local: true peers { permanent_uuid: "37c749ab74bb4af795069d5cf95974e9" member_type: VOTER last_known_addr { host: "127.19.133.1" port: 42545 } }
I20260812 06:33:55.964319 27504 tablet_bootstrap.cc:492] T e055162145944318b498003b81e474f3 P 37c749ab74bb4af795069d5cf95974e9: Bootstrap starting.
I20260812 06:33:55.965397 27504 tablet_bootstrap.cc:654] T e055162145944318b498003b81e474f3 P 37c749ab74bb4af795069d5cf95974e9: Neither blocks nor log segments found. Creating new log.
I20260812 06:33:55.966802 27504 tablet_bootstrap.cc:492] T e055162145944318b498003b81e474f3 P 37c749ab74bb4af795069d5cf95974e9: No bootstrap required, opened a new log
I20260812 06:33:55.966835 27265 catalog_manager.cc:5719] T 9e2ea77fe13d44afb29215aacdeb1d07 P 37c749ab74bb4af795069d5cf95974e9 reported cstate change: term changed from 0 to 1, leader changed from <none> to 37c749ab74bb4af795069d5cf95974e9 (127.19.133.1). New cstate: current_term: 1 leader_uuid: "37c749ab74bb4af795069d5cf95974e9" committed_config { opid_index: -1 OBSOLETE_local: true peers { permanent_uuid: "37c749ab74bb4af795069d5cf95974e9" member_type: VOTER last_known_addr { host: "127.19.133.1" port: 42545 } health_report { overall_health: HEALTHY } } }
I20260812 06:33:55.966909 27504 ts_tablet_manager.cc:1403] T e055162145944318b498003b81e474f3 P 37c749ab74bb4af795069d5cf95974e9: Time spent bootstrapping tablet: real 0.003s	user 0.002s	sys 0.000s
I20260812 06:33:55.967407 27504 raft_consensus.cc:359] T e055162145944318b498003b81e474f3 P 37c749ab74bb4af795069d5cf95974e9 [term 0 FOLLOWER]: Replica starting. Triggering 0 pending ops. Active config: opid_index: -1 OBSOLETE_local: true peers { permanent_uuid: "37c749ab74bb4af795069d5cf95974e9" member_type: VOTER last_known_addr { host: "127.19.133.1" port: 42545 } }
I20260812 06:33:55.967504 27504 raft_consensus.cc:385] T e055162145944318b498003b81e474f3 P 37c749ab74bb4af795069d5cf95974e9 [term 0 FOLLOWER]: Consensus starting up: Expiring failure detector timer to make a prompt election more likely
I20260812 06:33:55.967540 27504 raft_consensus.cc:740] T e055162145944318b498003b81e474f3 P 37c749ab74bb4af795069d5cf95974e9 [term 0 FOLLOWER]: Becoming Follower/Learner. State: Replica: 37c749ab74bb4af795069d5cf95974e9, State: Initialized, Role: FOLLOWER
I20260812 06:33:55.967655 27504 consensus_queue.cc:260] T e055162145944318b498003b81e474f3 P 37c749ab74bb4af795069d5cf95974e9 [NON_LEADER]: Queue going to NON_LEADER mode. State: All replicated index: 0, Majority replicated index: 0, Committed index: 0, Last appended: 0.0, Last appended by leader: 0, Current term: 0, Majority size: -1, State: 0, Mode: NON_LEADER, active raft config: opid_index: -1 OBSOLETE_local: true peers { permanent_uuid: "37c749ab74bb4af795069d5cf95974e9" member_type: VOTER last_known_addr { host: "127.19.133.1" port: 42545 } }
I20260812 06:33:55.967746 27504 raft_consensus.cc:399] T e055162145944318b498003b81e474f3 P 37c749ab74bb4af795069d5cf95974e9 [term 0 FOLLOWER]: Only one voter in the Raft config. Triggering election immediately
I20260812 06:33:55.967784 27504 raft_consensus.cc:493] T e055162145944318b498003b81e474f3 P 37c749ab74bb4af795069d5cf95974e9 [term 0 FOLLOWER]: Starting leader election (initial election of a single-replica configuration)
I20260812 06:33:55.967823 27504 raft_consensus.cc:3060] T e055162145944318b498003b81e474f3 P 37c749ab74bb4af795069d5cf95974e9 [term 0 FOLLOWER]: Advancing to term 1
I20260812 06:33:55.968660 27504 raft_consensus.cc:515] T e055162145944318b498003b81e474f3 P 37c749ab74bb4af795069d5cf95974e9 [term 1 FOLLOWER]: Starting leader election with config: opid_index: -1 OBSOLETE_local: true peers { permanent_uuid: "37c749ab74bb4af795069d5cf95974e9" member_type: VOTER last_known_addr { host: "127.19.133.1" port: 42545 } }
I20260812 06:33:55.968794 27504 leader_election.cc:304] T e055162145944318b498003b81e474f3 P 37c749ab74bb4af795069d5cf95974e9 [CANDIDATE]: Term 1 election: Election decided. Result: candidate won. Election summary: received 1 responses out of 1 voters: 1 yes votes; 0 no votes. yes voters: 37c749ab74bb4af795069d5cf95974e9; no voters: 
I20260812 06:33:55.968890 27504 leader_election.cc:290] T e055162145944318b498003b81e474f3 P 37c749ab74bb4af795069d5cf95974e9 [CANDIDATE]: Term 1 election: Requested vote from peers 
I20260812 06:33:55.968942 27512 raft_consensus.cc:2804] T e055162145944318b498003b81e474f3 P 37c749ab74bb4af795069d5cf95974e9 [term 1 FOLLOWER]: Leader election won for term 1
I20260812 06:33:55.969058 27512 raft_consensus.cc:697] T e055162145944318b498003b81e474f3 P 37c749ab74bb4af795069d5cf95974e9 [term 1 LEADER]: Becoming Leader. State: Replica: 37c749ab74bb4af795069d5cf95974e9, State: Running, Role: LEADER
I20260812 06:33:55.969177 27504 ts_tablet_manager.cc:1434] T e055162145944318b498003b81e474f3 P 37c749ab74bb4af795069d5cf95974e9: Time spent starting tablet: real 0.002s	user 0.000s	sys 0.000s
