Total LBM partial records: 0 (0 repaired)
Total corrupted LBM metadata records in RocksDB: 0 (0 repaired)
I20260812 06:36:27.688233  9238 rpc_server.cc:225] running with OpenSSL 1.1.1  11 Sep 2018
I20260812 06:36:27.688966  9238 env_posix.cc:2285] Not raising this process' running threads per effective uid limit of 18446744073709551615; it is already as high as it can go
I20260812 06:36:27.689196  9238 kserver.cc:163] Server-wide thread pool size limit: 3276
I20260812 06:36:27.689797  9238 txn_system_client.cc:432] TxnSystemClient initialization is disabled...
I20260812 06:36:27.690876  9238 ts_tablet_manager.cc:585] Loaded tablet metadata (0 total tablets, 0 live tablets)
I20260812 06:36:27.690935  9238 ts_tablet_manager.cc:531] Time spent load tablet metadata: real 0.000s	user 0.000s	sys 0.000s
I20260812 06:36:27.691053  9238 ts_tablet_manager.cc:616] Registered 0 tablets
I20260812 06:36:27.691092  9238 ts_tablet_manager.cc:595] Time spent register tablets: real 0.000s	user 0.000s	sys 0.000s
I20260812 06:36:27.701157  9238 rpc_server.cc:307] RPC server started. Bound to: 127.6.115.2:39603
I20260812 06:36:27.701195  9446 acceptor_pool.cc:272] collecting diagnostics on the listening RPC socket 127.6.115.2:39603 every 8 connection(s)
I20260812 06:36:27.702239  9238 server_base.cc:1193] Dumped server information to /tmp/dist-test-taskxTrMWg/test-tmp/kudu-admin-test.5.AdminCliTest.TestDescribeTableColumnFlags.1786516578974459-6604-0/raft_consensus-itest-cluster/ts-1/data/info.pb
I20260812 06:36:27.705102  6604 external_mini_cluster.cc:1434] Started /tmp/dist-test-taskxTrMWg/build/debug/bin/kudu as pid 9238
I20260812 06:36:27.705227  6604 external_mini_cluster.cc:1448] Reading /tmp/dist-test-taskxTrMWg/test-tmp/kudu-admin-test.5.AdminCliTest.TestDescribeTableColumnFlags.1786516578974459-6604-0/raft_consensus-itest-cluster/ts-1/wal/instance
I20260812 06:36:27.707574  6604 external_mini_cluster.cc:1372] Running /tmp/dist-test-taskxTrMWg/build/debug/bin/kudu
/tmp/dist-test-taskxTrMWg/build/debug/bin/kudu
--fs_wal_dir=/tmp/dist-test-taskxTrMWg/test-tmp/kudu-admin-test.5.AdminCliTest.TestDescribeTableColumnFlags.1786516578974459-6604-0/raft_consensus-itest-cluster/ts-2/wal
--fs_data_dirs=/tmp/dist-test-taskxTrMWg/test-tmp/kudu-admin-test.5.AdminCliTest.TestDescribeTableColumnFlags.1786516578974459-6604-0/raft_consensus-itest-cluster/ts-2/data
--block_manager=log
--webserver_interface=localhost
--never_fsync
--enable_minidumps=false
--redact=none
--metrics_log_interval_ms=1000
--log_dir=/tmp/dist-test-taskxTrMWg/test-tmp/kudu-admin-test.5.AdminCliTest.TestDescribeTableColumnFlags.1786516578974459-6604-0/raft_consensus-itest-cluster/ts-2/logs
--server_dump_info_path=/tmp/dist-test-taskxTrMWg/test-tmp/kudu-admin-test.5.AdminCliTest.TestDescribeTableColumnFlags.1786516578974459-6604-0/raft_consensus-itest-cluster/ts-2/data/info.pb
--server_dump_info_format=pb
--rpc_server_allow_ephemeral_ports
--unlock_experimental_flags
--unlock_unsafe_flags
--logtostderr
--logbuflevel=-1
--ipki_server_key_size=768
--openssl_security_level_override=0
tserver
run
--rpc_bind_addresses=127.6.115.3:0
--local_ip_for_outbound_sockets=127.6.115.3
--webserver_interface=127.6.115.3
--webserver_port=0
--tserver_master_addrs=127.6.115.62:46087
--builtin_ntp_servers=127.6.115.20:44483
--builtin_ntp_poll_interval_ms=100
--ntp_initial_sync_wait_secs=10
--time_source=builtin
--log_cache_size_limit_mb=10
--consensus_rpc_timeout_ms=30000 with env {}
I20260812 06:36:27.711362  9447 heartbeater.cc:344] Connected to a master server at 127.6.115.62:46087
I20260812 06:36:27.711644  9447 heartbeater.cc:461] Registering TS with master...
I20260812 06:36:27.712316  9447 heartbeater.cc:507] Master 127.6.115.62:46087 requested a full tablet report, sending...
I20260812 06:36:27.713533  8932 ts_manager.cc:194] Registered new tserver with Master: 624dfe21fd0b4c19b7d291b0ef7819d7 (127.6.115.2:39603)
I20260812 06:36:27.714124  8932 master_service.cc:502] Signed X509 certificate for tserver {username='slave'} at 127.6.115.2:42939
W20260812 06:36:27.820132  9450 flags.cc:432] Enabled unsafe flag: --openssl_security_level_override=0
W20260812 06:36:27.820398  9450 flags.cc:432] Enabled unsafe flag: --rpc_server_allow_ephemeral_ports=true
W20260812 06:36:27.820461  9450 flags.cc:432] Enabled unsafe flag: --never_fsync=true
W20260812 06:36:27.824066  9450 flags.cc:432] Enabled experimental flag: --ipki_server_key_size=768
W20260812 06:36:27.824225  9450 flags.cc:432] Enabled experimental flag: --local_ip_for_outbound_sockets=127.6.115.3
I20260812 06:36:27.828444  9450 tablet_server_runner.cc:78] Tablet server non-default flags:
--log_dir=/tmp/dist-test-taskxTrMWg/test-tmp/kudu-admin-test.5.AdminCliTest.TestDescribeTableColumnFlags.1786516578974459-6604-0/raft_consensus-itest-cluster/ts-2/logs
--logbuflevel=-1
--logtostderr=true
--builtin_ntp_poll_interval_ms=100
--builtin_ntp_servers=127.6.115.20:44483
--ntp_initial_sync_wait_secs=10
--time_source=builtin
--log_cache_size_limit_mb=10
--fs_data_dirs=/tmp/dist-test-taskxTrMWg/test-tmp/kudu-admin-test.5.AdminCliTest.TestDescribeTableColumnFlags.1786516578974459-6604-0/raft_consensus-itest-cluster/ts-2/data
--fs_wal_dir=/tmp/dist-test-taskxTrMWg/test-tmp/kudu-admin-test.5.AdminCliTest.TestDescribeTableColumnFlags.1786516578974459-6604-0/raft_consensus-itest-cluster/ts-2/wal
--ipki_server_key_size=768
--openssl_security_level_override=0
--rpc_bind_addresses=127.6.115.3:0
--rpc_server_allow_ephemeral_ports=true
--metrics_log_interval_ms=1000
--server_dump_info_format=pb
--server_dump_info_path=/tmp/dist-test-taskxTrMWg/test-tmp/kudu-admin-test.5.AdminCliTest.TestDescribeTableColumnFlags.1786516578974459-6604-0/raft_consensus-itest-cluster/ts-2/data/info.pb
--webserver_interface=127.6.115.3
--webserver_port=0
--tserver_master_addrs=127.6.115.62:46087
--never_fsync=true
--heap_profile_path=/tmp/kudu.9450
--redact=none
--unlock_experimental_flags=true
--unlock_unsafe_flags=true
--enable_minidumps=false
--local_ip_for_outbound_sockets=127.6.115.3

Tablet server version:
kudu 1.19.0-SNAPSHOT
revision 70c51312f1186a8ae9f46647160b7730123f7601-dirty
build type DEBUG
built by None at 12 Aug 2026 06:06:26 UTC on 39be9dd7121a
I20260812 06:36:27.829659  9450 env_posix.cc:2285] Not raising this process' open files per process limit of 1048576; it is already as high as it can go
I20260812 06:36:27.830994  9450 file_cache.cc:504] Constructed file cache file cache with capacity 419430
W20260812 06:36:27.837908  9468 instance_detector.cc:116] could not retrieve OpenStack instance metadata: Network error: curl error: HTTP response code said error: The requested URL returned error: 404
W20260812 06:36:27.837908  9462 instance_detector.cc:116] could not retrieve Azure instance metadata: Network error: curl error: HTTP response code said error: The requested URL returned error: 404
W20260812 06:36:27.837913  9461 instance_detector.cc:116] could not retrieve AWS instance metadata: Network error: curl error: HTTP response code said error: The requested URL returned error: 404
I20260812 06:36:27.838215  9450 server_base.cc:1061] running on GCE node
I20260812 06:36:27.838716  9450 hybrid_clock.cc:584] initializing the hybrid clock with 'builtin' time source
I20260812 06:36:27.839337  9450 hybrid_clock.cc:630] waiting up to --ntp_initial_sync_wait_secs=10 seconds for the clock to synchronize
I20260812 06:36:27.840502  9450 hybrid_clock.cc:648] HybridClock initialized: now 1786516587840489 us; error 28 us; skew 500 ppm
I20260812 06:36:27.842710  9450 webserver.cc:533] Webserver started at http://127.6.115.3:45543/ using document root <none> and password file <none>
I20260812 06:36:27.843340  9450 fs_manager.cc:362] Metadata directory not provided
I20260812 06:36:27.843406  9450 fs_manager.cc:368] Using write-ahead log directory (fs_wal_dir) as metadata directory
I20260812 06:36:27.843611  9450 server_base.cc:909] This appears to be a new deployment of Kudu; creating new FS layout
I20260812 06:36:27.845396  9450 fs_manager.cc:1068] Generated new instance metadata in path /tmp/dist-test-taskxTrMWg/test-tmp/kudu-admin-test.5.AdminCliTest.TestDescribeTableColumnFlags.1786516578974459-6604-0/raft_consensus-itest-cluster/ts-2/data/instance:
uuid: "e6a76fd006a549d6854233155e4e552e"
format_stamp: "Formatted at 2026-08-12 06:36:27 on dist-test-slave-1l3l"
I20260812 06:36:27.845937  9450 fs_manager.cc:1068] Generated new instance metadata in path /tmp/dist-test-taskxTrMWg/test-tmp/kudu-admin-test.5.AdminCliTest.TestDescribeTableColumnFlags.1786516578974459-6604-0/raft_consensus-itest-cluster/ts-2/wal/instance:
uuid: "e6a76fd006a549d6854233155e4e552e"
format_stamp: "Formatted at 2026-08-12 06:36:27 on dist-test-slave-1l3l"
I20260812 06:36:27.849820  9450 fs_manager.cc:696] Time spent creating directory manager: real 0.004s	user 0.005s	sys 0.000s
I20260812 06:36:27.852432  9478 log_block_manager.cc:4127] Time spent loading block containers with low live blocks: real 0.000s	user 0.000s	sys 0.000s
I20260812 06:36:27.853590  9450 fs_manager.cc:730] Time spent opening block manager: real 0.002s	user 0.003s	sys 0.000s
I20260812 06:36:27.853730  9450 fs_manager.cc:647] Opened local filesystem: /tmp/dist-test-taskxTrMWg/test-tmp/kudu-admin-test.5.AdminCliTest.TestDescribeTableColumnFlags.1786516578974459-6604-0/raft_consensus-itest-cluster/ts-2/data,/tmp/dist-test-taskxTrMWg/test-tmp/kudu-admin-test.5.AdminCliTest.TestDescribeTableColumnFlags.1786516578974459-6604-0/raft_consensus-itest-cluster/ts-2/wal
uuid: "e6a76fd006a549d6854233155e4e552e"
format_stamp: "Formatted at 2026-08-12 06:36:27 on dist-test-slave-1l3l"
I20260812 06:36:27.853840  9450 fs_report.cc:389] FS layout report
--------------------
wal directory: /tmp/dist-test-taskxTrMWg/test-tmp/kudu-admin-test.5.AdminCliTest.TestDescribeTableColumnFlags.1786516578974459-6604-0/raft_consensus-itest-cluster/ts-2/wal
metadata directory: /tmp/dist-test-taskxTrMWg/test-tmp/kudu-admin-test.5.AdminCliTest.TestDescribeTableColumnFlags.1786516578974459-6604-0/raft_consensus-itest-cluster/ts-2/wal
1 data directories: /tmp/dist-test-taskxTrMWg/test-tmp/kudu-admin-test.5.AdminCliTest.TestDescribeTableColumnFlags.1786516578974459-6604-0/raft_consensus-itest-cluster/ts-2/data/data
Total live blocks: 0
Total live bytes: 0
Total live bytes (after alignment): 0
Total number of LBM containers: 0 (0 full)
Did not check for missing blocks
Did not check for orphaned blocks
Total full LBM containers with extra space: 0 (0 repaired)
Total full LBM container extra space in bytes: 0 (0 repaired)
Total incomplete LBM containers: 0 (0 repaired)
Total LBM partial records: 0 (0 repaired)
Total corrupted LBM metadata records in RocksDB: 0 (0 repaired)
I20260812 06:36:27.871429  9450 rpc_server.cc:225] running with OpenSSL 1.1.1  11 Sep 2018
I20260812 06:36:27.872256  9450 env_posix.cc:2285] Not raising this process' running threads per effective uid limit of 18446744073709551615; it is already as high as it can go
I20260812 06:36:27.872452  9450 kserver.cc:163] Server-wide thread pool size limit: 3276
I20260812 06:36:27.873083  9450 txn_system_client.cc:432] TxnSystemClient initialization is disabled...
I20260812 06:36:27.874214  9450 ts_tablet_manager.cc:585] Loaded tablet metadata (0 total tablets, 0 live tablets)
I20260812 06:36:27.874269  9450 ts_tablet_manager.cc:531] Time spent load tablet metadata: real 0.000s	user 0.000s	sys 0.000s
I20260812 06:36:27.874323  9450 ts_tablet_manager.cc:616] Registered 0 tablets
I20260812 06:36:27.874349  9450 ts_tablet_manager.cc:595] Time spent register tablets: real 0.000s	user 0.000s	sys 0.000s
I20260812 06:36:27.883986  9450 rpc_server.cc:307] RPC server started. Bound to: 127.6.115.3:40897
I20260812 06:36:27.884017  9667 acceptor_pool.cc:272] collecting diagnostics on the listening RPC socket 127.6.115.3:40897 every 8 connection(s)
I20260812 06:36:27.885071  9450 server_base.cc:1193] Dumped server information to /tmp/dist-test-taskxTrMWg/test-tmp/kudu-admin-test.5.AdminCliTest.TestDescribeTableColumnFlags.1786516578974459-6604-0/raft_consensus-itest-cluster/ts-2/data/info.pb
I20260812 06:36:27.894349  9669 heartbeater.cc:344] Connected to a master server at 127.6.115.62:46087
I20260812 06:36:27.894651  9669 heartbeater.cc:461] Registering TS with master...
I20260812 06:36:27.895380  9669 heartbeater.cc:507] Master 127.6.115.62:46087 requested a full tablet report, sending...
I20260812 06:36:27.895426  6604 external_mini_cluster.cc:1434] Started /tmp/dist-test-taskxTrMWg/build/debug/bin/kudu as pid 9450
I20260812 06:36:27.895521  6604 external_mini_cluster.cc:1448] Reading /tmp/dist-test-taskxTrMWg/test-tmp/kudu-admin-test.5.AdminCliTest.TestDescribeTableColumnFlags.1786516578974459-6604-0/raft_consensus-itest-cluster/ts-2/wal/instance
I20260812 06:36:27.896667  8931 ts_manager.cc:194] Registered new tserver with Master: e6a76fd006a549d6854233155e4e552e (127.6.115.3:40897)
I20260812 06:36:27.897254  8931 master_service.cc:502] Signed X509 certificate for tserver {username='slave'} at 127.6.115.3:51907
I20260812 06:36:27.897938  6604 external_mini_cluster.cc:955] 3 TS(s) registered with all masters
I20260812 06:36:27.907172  8932 catalog_manager.cc:2283] Servicing CreateTable request from {username='slave'} at 127.0.0.1:35848:
name: "TestTable"
schema {
  columns {
    name: "key"
    type: INT32
    is_key: true
    is_nullable: false
    encoding: AUTO_ENCODING
    compression: DEFAULT_COMPRESSION
    cfile_block_size: 0
    immutable: false
  }
  columns {
    name: "int_val"
    type: INT32
    is_key: false
    is_nullable: false
    encoding: AUTO_ENCODING
    compression: DEFAULT_COMPRESSION
    cfile_block_size: 0
    immutable: false
  }
  columns {
    name: "string_val"
    type: STRING
    is_key: false
    is_nullable: true
    encoding: AUTO_ENCODING
    compression: DEFAULT_COMPRESSION
    cfile_block_size: 0
    immutable: false
  }
}
num_replicas: 3
split_rows_range_bounds {
}
partition_schema {
  range_schema {
    columns {
      name: "key"
    }
  }
}
owner: "alice"
W20260812 06:36:27.909718  8932 catalog_manager.cc:7099] The number of live tablet servers is not enough to re-replicate a tablet replica of the newly created table TestTable in case of a server failure: 4 tablet servers would be needed, 3 are available. Consider bringing up more tablet servers.
I20260812 06:36:27.926994  9122 tablet_service.cc:1511] Processing CreateTablet for tablet 80b9bb2b51d04d029c16968e71aeb69e (DEFAULT_TABLE table=TestTable [id=8f6121b97d384b82aca78387b61b89c2]), partition=RANGE (key) PARTITION UNBOUNDED
I20260812 06:36:27.927377  9344 tablet_service.cc:1511] Processing CreateTablet for tablet 80b9bb2b51d04d029c16968e71aeb69e (DEFAULT_TABLE table=TestTable [id=8f6121b97d384b82aca78387b61b89c2]), partition=RANGE (key) PARTITION UNBOUNDED
I20260812 06:36:27.927377  9557 tablet_service.cc:1511] Processing CreateTablet for tablet 80b9bb2b51d04d029c16968e71aeb69e (DEFAULT_TABLE table=TestTable [id=8f6121b97d384b82aca78387b61b89c2]), partition=RANGE (key) PARTITION UNBOUNDED
I20260812 06:36:27.928049  9122 data_dirs.cc:400] Could only allocate 1 dirs of requested 3 for tablet 80b9bb2b51d04d029c16968e71aeb69e. 1 dirs total, 0 dirs full, 0 dirs failed
I20260812 06:36:27.928381  9344 data_dirs.cc:400] Could only allocate 1 dirs of requested 3 for tablet 80b9bb2b51d04d029c16968e71aeb69e. 1 dirs total, 0 dirs full, 0 dirs failed
I20260812 06:36:27.928381  9557 data_dirs.cc:400] Could only allocate 1 dirs of requested 3 for tablet 80b9bb2b51d04d029c16968e71aeb69e. 1 dirs total, 0 dirs full, 0 dirs failed
I20260812 06:36:27.933672  9702 tablet_bootstrap.cc:492] T 80b9bb2b51d04d029c16968e71aeb69e P 1430c957afe44220b56272e675173b6d: Bootstrap starting.
I20260812 06:36:27.935127  9705 tablet_bootstrap.cc:492] T 80b9bb2b51d04d029c16968e71aeb69e P 624dfe21fd0b4c19b7d291b0ef7819d7: Bootstrap starting.
I20260812 06:36:27.935132  9703 tablet_bootstrap.cc:492] T 80b9bb2b51d04d029c16968e71aeb69e P e6a76fd006a549d6854233155e4e552e: Bootstrap starting.
I20260812 06:36:27.936911  9702 tablet_bootstrap.cc:654] T 80b9bb2b51d04d029c16968e71aeb69e P 1430c957afe44220b56272e675173b6d: Neither blocks nor log segments found. Creating new log.
I20260812 06:36:27.937176  9705 tablet_bootstrap.cc:654] T 80b9bb2b51d04d029c16968e71aeb69e P 624dfe21fd0b4c19b7d291b0ef7819d7: Neither blocks nor log segments found. Creating new log.
I20260812 06:36:27.937288  9703 tablet_bootstrap.cc:654] T 80b9bb2b51d04d029c16968e71aeb69e P e6a76fd006a549d6854233155e4e552e: Neither blocks nor log segments found. Creating new log.
I20260812 06:36:27.937866  9702 log.cc:826] T 80b9bb2b51d04d029c16968e71aeb69e P 1430c957afe44220b56272e675173b6d: Log is configured to *not* fsync() on all Append() calls
I20260812 06:36:27.937996  9703 log.cc:826] T 80b9bb2b51d04d029c16968e71aeb69e P e6a76fd006a549d6854233155e4e552e: Log is configured to *not* fsync() on all Append() calls
I20260812 06:36:27.938019  9705 log.cc:826] T 80b9bb2b51d04d029c16968e71aeb69e P 624dfe21fd0b4c19b7d291b0ef7819d7: Log is configured to *not* fsync() on all Append() calls
I20260812 06:36:27.939651  9703 tablet_bootstrap.cc:492] T 80b9bb2b51d04d029c16968e71aeb69e P e6a76fd006a549d6854233155e4e552e: No bootstrap required, opened a new log
I20260812 06:36:27.939733  9705 tablet_bootstrap.cc:492] T 80b9bb2b51d04d029c16968e71aeb69e P 624dfe21fd0b4c19b7d291b0ef7819d7: No bootstrap required, opened a new log
I20260812 06:36:27.939744  9702 tablet_bootstrap.cc:492] T 80b9bb2b51d04d029c16968e71aeb69e P 1430c957afe44220b56272e675173b6d: No bootstrap required, opened a new log
I20260812 06:36:27.939932  9703 ts_tablet_manager.cc:1403] T 80b9bb2b51d04d029c16968e71aeb69e P e6a76fd006a549d6854233155e4e552e: Time spent bootstrapping tablet: real 0.005s	user 0.005s	sys 0.000s
I20260812 06:36:27.939934  9705 ts_tablet_manager.cc:1403] T 80b9bb2b51d04d029c16968e71aeb69e P 624dfe21fd0b4c19b7d291b0ef7819d7: Time spent bootstrapping tablet: real 0.005s	user 0.005s	sys 0.000s
I20260812 06:36:27.939934  9702 ts_tablet_manager.cc:1403] T 80b9bb2b51d04d029c16968e71aeb69e P 1430c957afe44220b56272e675173b6d: Time spent bootstrapping tablet: real 0.006s	user 0.005s	sys 0.000s
I20260812 06:36:27.942790  9703 raft_consensus.cc:359] T 80b9bb2b51d04d029c16968e71aeb69e P e6a76fd006a549d6854233155e4e552e [term 0 FOLLOWER]: Replica starting. Triggering 0 pending ops. Active config: opid_index: -1 OBSOLETE_local: false peers { permanent_uuid: "e6a76fd006a549d6854233155e4e552e" member_type: VOTER last_known_addr { host: "127.6.115.3" port: 40897 } } peers { permanent_uuid: "1430c957afe44220b56272e675173b6d" member_type: VOTER last_known_addr { host: "127.6.115.1" port: 44251 } } peers { permanent_uuid: "624dfe21fd0b4c19b7d291b0ef7819d7" member_type: VOTER last_known_addr { host: "127.6.115.2" port: 39603 } }
I20260812 06:36:27.943018  9703 raft_consensus.cc:385] T 80b9bb2b51d04d029c16968e71aeb69e P e6a76fd006a549d6854233155e4e552e [term 0 FOLLOWER]: Consensus starting up: Expiring failure detector timer to make a prompt election more likely
I20260812 06:36:27.943089  9703 raft_consensus.cc:740] T 80b9bb2b51d04d029c16968e71aeb69e P e6a76fd006a549d6854233155e4e552e [term 0 FOLLOWER]: Becoming Follower/Learner. State: Replica: e6a76fd006a549d6854233155e4e552e, State: Initialized, Role: FOLLOWER
I20260812 06:36:27.943089  9705 raft_consensus.cc:359] T 80b9bb2b51d04d029c16968e71aeb69e P 624dfe21fd0b4c19b7d291b0ef7819d7 [term 0 FOLLOWER]: Replica starting. Triggering 0 pending ops. Active config: opid_index: -1 OBSOLETE_local: false peers { permanent_uuid: "e6a76fd006a549d6854233155e4e552e" member_type: VOTER last_known_addr { host: "127.6.115.3" port: 40897 } } peers { permanent_uuid: "1430c957afe44220b56272e675173b6d" member_type: VOTER last_known_addr { host: "127.6.115.1" port: 44251 } } peers { permanent_uuid: "624dfe21fd0b4c19b7d291b0ef7819d7" member_type: VOTER last_known_addr { host: "127.6.115.2" port: 39603 } }
I20260812 06:36:27.943095  9702 raft_consensus.cc:359] T 80b9bb2b51d04d029c16968e71aeb69e P 1430c957afe44220b56272e675173b6d [term 0 FOLLOWER]: Replica starting. Triggering 0 pending ops. Active config: opid_index: -1 OBSOLETE_local: false peers { permanent_uuid: "e6a76fd006a549d6854233155e4e552e" member_type: VOTER last_known_addr { host: "127.6.115.3" port: 40897 } } peers { permanent_uuid: "1430c957afe44220b56272e675173b6d" member_type: VOTER last_known_addr { host: "127.6.115.1" port: 44251 } } peers { permanent_uuid: "624dfe21fd0b4c19b7d291b0ef7819d7" member_type: VOTER last_known_addr { host: "127.6.115.2" port: 39603 } }
I20260812 06:36:27.943310  9705 raft_consensus.cc:385] T 80b9bb2b51d04d029c16968e71aeb69e P 624dfe21fd0b4c19b7d291b0ef7819d7 [term 0 FOLLOWER]: Consensus starting up: Expiring failure detector timer to make a prompt election more likely
I20260812 06:36:27.943310  9702 raft_consensus.cc:385] T 80b9bb2b51d04d029c16968e71aeb69e P 1430c957afe44220b56272e675173b6d [term 0 FOLLOWER]: Consensus starting up: Expiring failure detector timer to make a prompt election more likely
I20260812 06:36:27.943361  9702 raft_consensus.cc:740] T 80b9bb2b51d04d029c16968e71aeb69e P 1430c957afe44220b56272e675173b6d [term 0 FOLLOWER]: Becoming Follower/Learner. State: Replica: 1430c957afe44220b56272e675173b6d, State: Initialized, Role: FOLLOWER
I20260812 06:36:27.943372  9705 raft_consensus.cc:740] T 80b9bb2b51d04d029c16968e71aeb69e P 624dfe21fd0b4c19b7d291b0ef7819d7 [term 0 FOLLOWER]: Becoming Follower/Learner. State: Replica: 624dfe21fd0b4c19b7d291b0ef7819d7, State: Initialized, Role: FOLLOWER
I20260812 06:36:27.943553  9703 consensus_queue.cc:260] T 80b9bb2b51d04d029c16968e71aeb69e P e6a76fd006a549d6854233155e4e552e [NON_LEADER]: Queue going to NON_LEADER mode. State: All replicated index: 0, Majority replicated index: 0, Committed index: 0, Last appended: 0.0, Last appended by leader: 0, Current term: 0, Majority size: -1, State: 0, Mode: NON_LEADER, active raft config: opid_index: -1 OBSOLETE_local: false peers { permanent_uuid: "e6a76fd006a549d6854233155e4e552e" member_type: VOTER last_known_addr { host: "127.6.115.3" port: 40897 } } peers { permanent_uuid: "1430c957afe44220b56272e675173b6d" member_type: VOTER last_known_addr { host: "127.6.115.1" port: 44251 } } peers { permanent_uuid: "624dfe21fd0b4c19b7d291b0ef7819d7" member_type: VOTER last_known_addr { host: "127.6.115.2" port: 39603 } }
I20260812 06:36:27.943807  9705 consensus_queue.cc:260] T 80b9bb2b51d04d029c16968e71aeb69e P 624dfe21fd0b4c19b7d291b0ef7819d7 [NON_LEADER]: Queue going to NON_LEADER mode. State: All replicated index: 0, Majority replicated index: 0, Committed index: 0, Last appended: 0.0, Last appended by leader: 0, Current term: 0, Majority size: -1, State: 0, Mode: NON_LEADER, active raft config: opid_index: -1 OBSOLETE_local: false peers { permanent_uuid: "e6a76fd006a549d6854233155e4e552e" member_type: VOTER last_known_addr { host: "127.6.115.3" port: 40897 } } peers { permanent_uuid: "1430c957afe44220b56272e675173b6d" member_type: VOTER last_known_addr { host: "127.6.115.1" port: 44251 } } peers { permanent_uuid: "624dfe21fd0b4c19b7d291b0ef7819d7" member_type: VOTER last_known_addr { host: "127.6.115.2" port: 39603 } }
I20260812 06:36:27.943807  9702 consensus_queue.cc:260] T 80b9bb2b51d04d029c16968e71aeb69e P 1430c957afe44220b56272e675173b6d [NON_LEADER]: Queue going to NON_LEADER mode. State: All replicated index: 0, Majority replicated index: 0, Committed index: 0, Last appended: 0.0, Last appended by leader: 0, Current term: 0, Majority size: -1, State: 0, Mode: NON_LEADER, active raft config: opid_index: -1 OBSOLETE_local: false peers { permanent_uuid: "e6a76fd006a549d6854233155e4e552e" member_type: VOTER last_known_addr { host: "127.6.115.3" port: 40897 } } peers { permanent_uuid: "1430c957afe44220b56272e675173b6d" member_type: VOTER last_known_addr { host: "127.6.115.1" port: 44251 } } peers { permanent_uuid: "624dfe21fd0b4c19b7d291b0ef7819d7" member_type: VOTER last_known_addr { host: "127.6.115.2" port: 39603 } }
I20260812 06:36:27.944347  9669 heartbeater.cc:499] Master 127.6.115.62:46087 was elected leader, sending a full tablet report...
I20260812 06:36:27.944576  9703 ts_tablet_manager.cc:1434] T 80b9bb2b51d04d029c16968e71aeb69e P e6a76fd006a549d6854233155e4e552e: Time spent starting tablet: real 0.005s	user 0.004s	sys 0.000s
I20260812 06:36:27.944691  9705 ts_tablet_manager.cc:1434] T 80b9bb2b51d04d029c16968e71aeb69e P 624dfe21fd0b4c19b7d291b0ef7819d7: Time spent starting tablet: real 0.005s	user 0.004s	sys 0.000s
I20260812 06:36:27.944691  9702 ts_tablet_manager.cc:1434] T 80b9bb2b51d04d029c16968e71aeb69e P 1430c957afe44220b56272e675173b6d: Time spent starting tablet: real 0.005s	user 0.004s	sys 0.000s
I20260812 06:36:27.945044  9232 heartbeater.cc:499] Master 127.6.115.62:46087 was elected leader, sending a full tablet report...
I20260812 06:36:27.945045  9447 heartbeater.cc:499] Master 127.6.115.62:46087 was elected leader, sending a full tablet report...
I20260812 06:36:27.949783  9709 raft_consensus.cc:493] T 80b9bb2b51d04d029c16968e71aeb69e P e6a76fd006a549d6854233155e4e552e [term 0 FOLLOWER]: Starting pre-election (no leader contacted us within the election timeout)
I20260812 06:36:27.950333  9709 raft_consensus.cc:515] T 80b9bb2b51d04d029c16968e71aeb69e P e6a76fd006a549d6854233155e4e552e [term 0 FOLLOWER]: Starting pre-election with config: opid_index: -1 OBSOLETE_local: false peers { permanent_uuid: "e6a76fd006a549d6854233155e4e552e" member_type: VOTER last_known_addr { host: "127.6.115.3" port: 40897 } } peers { permanent_uuid: "1430c957afe44220b56272e675173b6d" member_type: VOTER last_known_addr { host: "127.6.115.1" port: 44251 } } peers { permanent_uuid: "624dfe21fd0b4c19b7d291b0ef7819d7" member_type: VOTER last_known_addr { host: "127.6.115.2" port: 39603 } }
I20260812 06:36:27.951407  9709 leader_election.cc:290] T 80b9bb2b51d04d029c16968e71aeb69e P e6a76fd006a549d6854233155e4e552e [CANDIDATE]: Term 1 pre-election: Requested pre-vote from peers 1430c957afe44220b56272e675173b6d (127.6.115.1:44251), 624dfe21fd0b4c19b7d291b0ef7819d7 (127.6.115.2:39603)
W20260812 06:36:27.953153  9448 tablet.cc:2406] T 80b9bb2b51d04d029c16968e71aeb69e P 624dfe21fd0b4c19b7d291b0ef7819d7: Can't schedule compaction. Clean time has not been advanced past its initial value.
I20260812 06:36:27.956194  9152 tablet_service.cc:1917] Received RequestConsensusVote() RPC: tablet_id: "80b9bb2b51d04d029c16968e71aeb69e" candidate_uuid: "e6a76fd006a549d6854233155e4e552e" candidate_term: 1 candidate_status { last_received { term: 0 index: 0 } } ignore_live_leader: false dest_uuid: "1430c957afe44220b56272e675173b6d" is_pre_election: true
I20260812 06:36:27.956570  9152 raft_consensus.cc:2468] T 80b9bb2b51d04d029c16968e71aeb69e P 1430c957afe44220b56272e675173b6d [term 0 FOLLOWER]: Leader pre-election vote request: Granting yes vote for candidate e6a76fd006a549d6854233155e4e552e in term 0.
I20260812 06:36:27.956666  9377 tablet_service.cc:1917] Received RequestConsensusVote() RPC: tablet_id: "80b9bb2b51d04d029c16968e71aeb69e" candidate_uuid: "e6a76fd006a549d6854233155e4e552e" candidate_term: 1 candidate_status { last_received { term: 0 index: 0 } } ignore_live_leader: false dest_uuid: "624dfe21fd0b4c19b7d291b0ef7819d7" is_pre_election: true
I20260812 06:36:27.956935  9377 raft_consensus.cc:2468] T 80b9bb2b51d04d029c16968e71aeb69e P 624dfe21fd0b4c19b7d291b0ef7819d7 [term 0 FOLLOWER]: Leader pre-election vote request: Granting yes vote for candidate e6a76fd006a549d6854233155e4e552e in term 0.
I20260812 06:36:27.957479  9484 leader_election.cc:304] T 80b9bb2b51d04d029c16968e71aeb69e P e6a76fd006a549d6854233155e4e552e [CANDIDATE]: Term 1 pre-election: Election decided. Result: candidate won. Election summary: received 2 responses out of 3 voters: 2 yes votes; 0 no votes. yes voters: 1430c957afe44220b56272e675173b6d, e6a76fd006a549d6854233155e4e552e; no voters: 
I20260812 06:36:27.957777  9709 raft_consensus.cc:2804] T 80b9bb2b51d04d029c16968e71aeb69e P e6a76fd006a549d6854233155e4e552e [term 0 FOLLOWER]: Leader pre-election won for term 1
I20260812 06:36:27.957854  9709 raft_consensus.cc:493] T 80b9bb2b51d04d029c16968e71aeb69e P e6a76fd006a549d6854233155e4e552e [term 0 FOLLOWER]: Starting leader election (no leader contacted us within the election timeout)
I20260812 06:36:27.957911  9709 raft_consensus.cc:3060] T 80b9bb2b51d04d029c16968e71aeb69e P e6a76fd006a549d6854233155e4e552e [term 0 FOLLOWER]: Advancing to term 1
I20260812 06:36:27.958882  9709 raft_consensus.cc:515] T 80b9bb2b51d04d029c16968e71aeb69e P e6a76fd006a549d6854233155e4e552e [term 1 FOLLOWER]: Starting leader election with config: opid_index: -1 OBSOLETE_local: false peers { permanent_uuid: "e6a76fd006a549d6854233155e4e552e" member_type: VOTER last_known_addr { host: "127.6.115.3" port: 40897 } } peers { permanent_uuid: "1430c957afe44220b56272e675173b6d" member_type: VOTER last_known_addr { host: "127.6.115.1" port: 44251 } } peers { permanent_uuid: "624dfe21fd0b4c19b7d291b0ef7819d7" member_type: VOTER last_known_addr { host: "127.6.115.2" port: 39603 } }
I20260812 06:36:27.959291  9709 leader_election.cc:290] T 80b9bb2b51d04d029c16968e71aeb69e P e6a76fd006a549d6854233155e4e552e [CANDIDATE]: Term 1 election: Requested vote from peers 1430c957afe44220b56272e675173b6d (127.6.115.1:44251), 624dfe21fd0b4c19b7d291b0ef7819d7 (127.6.115.2:39603)
I20260812 06:36:27.959786  9152 tablet_service.cc:1917] Received RequestConsensusVote() RPC: tablet_id: "80b9bb2b51d04d029c16968e71aeb69e" candidate_uuid: "e6a76fd006a549d6854233155e4e552e" candidate_term: 1 candidate_status { last_received { term: 0 index: 0 } } ignore_live_leader: false dest_uuid: "1430c957afe44220b56272e675173b6d"
I20260812 06:36:27.959947  9152 raft_consensus.cc:3060] T 80b9bb2b51d04d029c16968e71aeb69e P 1430c957afe44220b56272e675173b6d [term 0 FOLLOWER]: Advancing to term 1
I20260812 06:36:27.960912  9152 raft_consensus.cc:2468] T 80b9bb2b51d04d029c16968e71aeb69e P 1430c957afe44220b56272e675173b6d [term 1 FOLLOWER]: Leader election vote request: Granting yes vote for candidate e6a76fd006a549d6854233155e4e552e in term 1.
I20260812 06:36:27.961212  9377 tablet_service.cc:1917] Received RequestConsensusVote() RPC: tablet_id: "80b9bb2b51d04d029c16968e71aeb69e" candidate_uuid: "e6a76fd006a549d6854233155e4e552e" candidate_term: 1 candidate_status { last_received { term: 0 index: 0 } } ignore_live_leader: false dest_uuid: "624dfe21fd0b4c19b7d291b0ef7819d7"
I20260812 06:36:27.961268  9484 leader_election.cc:304] T 80b9bb2b51d04d029c16968e71aeb69e P e6a76fd006a549d6854233155e4e552e [CANDIDATE]: Term 1 election: Election decided. Result: candidate won. Election summary: received 2 responses out of 3 voters: 2 yes votes; 0 no votes. yes voters: 1430c957afe44220b56272e675173b6d, e6a76fd006a549d6854233155e4e552e; no voters: 
I20260812 06:36:27.961341  9377 raft_consensus.cc:3060] T 80b9bb2b51d04d029c16968e71aeb69e P 624dfe21fd0b4c19b7d291b0ef7819d7 [term 0 FOLLOWER]: Advancing to term 1
I20260812 06:36:27.961475  9709 raft_consensus.cc:2804] T 80b9bb2b51d04d029c16968e71aeb69e P e6a76fd006a549d6854233155e4e552e [term 1 FOLLOWER]: Leader election won for term 1
I20260812 06:36:27.961788  9709 raft_consensus.cc:697] T 80b9bb2b51d04d029c16968e71aeb69e P e6a76fd006a549d6854233155e4e552e [term 1 LEADER]: Becoming Leader. State: Replica: e6a76fd006a549d6854233155e4e552e, State: Running, Role: LEADER
I20260812 06:36:27.962165  9709 consensus_queue.cc:237] T 80b9bb2b51d04d029c16968e71aeb69e P e6a76fd006a549d6854233155e4e552e [LEADER]: Queue going to LEADER mode. State: All replicated index: 0, Majority replicated index: 0, Committed index: 0, Last appended: 0.0, Last appended by leader: 0, Current term: 1, Majority size: 2, State: 0, Mode: LEADER, active raft config: opid_index: -1 OBSOLETE_local: false peers { permanent_uuid: "e6a76fd006a549d6854233155e4e552e" member_type: VOTER last_known_addr { host: "127.6.115.3" port: 40897 } } peers { permanent_uuid: "1430c957afe44220b56272e675173b6d" member_type: VOTER last_known_addr { host: "127.6.115.1" port: 44251 } } peers { permanent_uuid: "624dfe21fd0b4c19b7d291b0ef7819d7" member_type: VOTER last_known_addr { host: "127.6.115.2" port: 39603 } }
I20260812 06:36:27.962553  9377 raft_consensus.cc:2468] T 80b9bb2b51d04d029c16968e71aeb69e P 624dfe21fd0b4c19b7d291b0ef7819d7 [term 1 FOLLOWER]: Leader election vote request: Granting yes vote for candidate e6a76fd006a549d6854233155e4e552e in term 1.
I20260812 06:36:27.965886  8932 catalog_manager.cc:5719] T 80b9bb2b51d04d029c16968e71aeb69e P e6a76fd006a549d6854233155e4e552e reported cstate change: term changed from 0 to 1, leader changed from <none> to e6a76fd006a549d6854233155e4e552e (127.6.115.3). New cstate: current_term: 1 leader_uuid: "e6a76fd006a549d6854233155e4e552e" committed_config { opid_index: -1 OBSOLETE_local: false peers { permanent_uuid: "e6a76fd006a549d6854233155e4e552e" member_type: VOTER last_known_addr { host: "127.6.115.3" port: 40897 } health_report { overall_health: HEALTHY } } peers { permanent_uuid: "1430c957afe44220b56272e675173b6d" member_type: VOTER last_known_addr { host: "127.6.115.1" port: 44251 } health_report { overall_health: UNKNOWN } } peers { permanent_uuid: "624dfe21fd0b4c19b7d291b0ef7819d7" member_type: VOTER last_known_addr { host: "127.6.115.2" port: 39603 } health_report { overall_health: UNKNOWN } } }
I20260812 06:36:27.984937  6604 external_mini_cluster.cc:955] 3 TS(s) registered with all masters
I20260812 06:36:27.986459  6604 ts_itest-base.cc:246] Waiting for 1 tablets on tserver 1430c957afe44220b56272e675173b6d to finish bootstrapping
I20260812 06:36:27.992367  6604 ts_itest-base.cc:246] Waiting for 1 tablets on tserver 624dfe21fd0b4c19b7d291b0ef7819d7 to finish bootstrapping
I20260812 06:36:27.997856  6604 ts_itest-base.cc:246] Waiting for 1 tablets on tserver e6a76fd006a549d6854233155e4e552e to finish bootstrapping
I20260812 06:36:28.005116  8932 catalog_manager.cc:2283] Servicing CreateTable request from {username='slave'} at 127.0.0.1:35848:
name: "TestAnotherTable"
schema {
  columns {
    name: "foo"
    type: INT32
    is_key: true
    is_nullable: false
    encoding: AUTO_ENCODING
    compression: DEFAULT_COMPRESSION
    cfile_block_size: 0
    immutable: false
  }
  columns {
    name: "bar"
    type: INT32
    is_key: false
    is_nullable: false
    encoding: AUTO_ENCODING
    compression: DEFAULT_COMPRESSION
    cfile_block_size: 0
    comment: "comment for bar"
    immutable: false
  }
}
split_rows_range_bounds {
}
partition_schema {
  range_schema {
    columns {
      name: "foo"
    }
  }
}
W20260812 06:36:28.005657  8932 catalog_manager.cc:7099] The number of live tablet servers is not enough to re-replicate a tablet replica of the newly created table TestAnotherTable in case of a server failure: 4 tablet servers would be needed, 3 are available. Consider bringing up more tablet servers.
I20260812 06:36:28.011000  9122 tablet_service.cc:1511] Processing CreateTablet for tablet 9ae67c1b3d374a3388694284d970c0f7 (DEFAULT_TABLE table=TestAnotherTable [id=cdb3baf863504aee963a430f0573e634]), partition=RANGE (foo) PARTITION UNBOUNDED
I20260812 06:36:28.011065  9344 tablet_service.cc:1511] Processing CreateTablet for tablet 9ae67c1b3d374a3388694284d970c0f7 (DEFAULT_TABLE table=TestAnotherTable [id=cdb3baf863504aee963a430f0573e634]), partition=RANGE (foo) PARTITION UNBOUNDED
I20260812 06:36:28.011371  9122 data_dirs.cc:400] Could only allocate 1 dirs of requested 3 for tablet 9ae67c1b3d374a3388694284d970c0f7. 1 dirs total, 0 dirs full, 0 dirs failed
I20260812 06:36:28.011371  9344 data_dirs.cc:400] Could only allocate 1 dirs of requested 3 for tablet 9ae67c1b3d374a3388694284d970c0f7. 1 dirs total, 0 dirs full, 0 dirs failed
I20260812 06:36:28.011323  9557 tablet_service.cc:1511] Processing CreateTablet for tablet 9ae67c1b3d374a3388694284d970c0f7 (DEFAULT_TABLE table=TestAnotherTable [id=cdb3baf863504aee963a430f0573e634]), partition=RANGE (foo) PARTITION UNBOUNDED
I20260812 06:36:28.011644  9557 data_dirs.cc:400] Could only allocate 1 dirs of requested 3 for tablet 9ae67c1b3d374a3388694284d970c0f7. 1 dirs total, 0 dirs full, 0 dirs failed
I20260812 06:36:28.013407  9703 tablet_bootstrap.cc:492] T 9ae67c1b3d374a3388694284d970c0f7 P e6a76fd006a549d6854233155e4e552e: Bootstrap starting.
I20260812 06:36:28.013811  9702 tablet_bootstrap.cc:492] T 9ae67c1b3d374a3388694284d970c0f7 P 1430c957afe44220b56272e675173b6d: Bootstrap starting.
I20260812 06:36:28.014038  9705 tablet_bootstrap.cc:492] T 9ae67c1b3d374a3388694284d970c0f7 P 624dfe21fd0b4c19b7d291b0ef7819d7: Bootstrap starting.
I20260812 06:36:28.014581  9703 tablet_bootstrap.cc:654] T 9ae67c1b3d374a3388694284d970c0f7 P e6a76fd006a549d6854233155e4e552e: Neither blocks nor log segments found. Creating new log.
I20260812 06:36:28.014753  9702 tablet_bootstrap.cc:654] T 9ae67c1b3d374a3388694284d970c0f7 P 1430c957afe44220b56272e675173b6d: Neither blocks nor log segments found. Creating new log.
I20260812 06:36:28.015101  9705 tablet_bootstrap.cc:654] T 9ae67c1b3d374a3388694284d970c0f7 P 624dfe21fd0b4c19b7d291b0ef7819d7: Neither blocks nor log segments found. Creating new log.
I20260812 06:36:28.016005  9703 tablet_bootstrap.cc:492] T 9ae67c1b3d374a3388694284d970c0f7 P e6a76fd006a549d6854233155e4e552e: No bootstrap required, opened a new log
I20260812 06:36:28.016122  9703 ts_tablet_manager.cc:1403] T 9ae67c1b3d374a3388694284d970c0f7 P e6a76fd006a549d6854233155e4e552e: Time spent bootstrapping tablet: real 0.003s	user 0.002s	sys 0.000s
I20260812 06:36:28.016422  9705 tablet_bootstrap.cc:492] T 9ae67c1b3d374a3388694284d970c0f7 P 624dfe21fd0b4c19b7d291b0ef7819d7: No bootstrap required, opened a new log
I20260812 06:36:28.016531  9705 ts_tablet_manager.cc:1403] T 9ae67c1b3d374a3388694284d970c0f7 P 624dfe21fd0b4c19b7d291b0ef7819d7: Time spent bootstrapping tablet: real 0.003s	user 0.001s	sys 0.001s
I20260812 06:36:28.016571  9702 tablet_bootstrap.cc:492] T 9ae67c1b3d374a3388694284d970c0f7 P 1430c957afe44220b56272e675173b6d: No bootstrap required, opened a new log
I20260812 06:36:28.016660  9702 ts_tablet_manager.cc:1403] T 9ae67c1b3d374a3388694284d970c0f7 P 1430c957afe44220b56272e675173b6d: Time spent bootstrapping tablet: real 0.003s	user 0.002s	sys 0.000s
I20260812 06:36:28.016834  9703 raft_consensus.cc:359] T 9ae67c1b3d374a3388694284d970c0f7 P e6a76fd006a549d6854233155e4e552e [term 0 FOLLOWER]: Replica starting. Triggering 0 pending ops. Active config: opid_index: -1 OBSOLETE_local: false peers { permanent_uuid: "1430c957afe44220b56272e675173b6d" member_type: VOTER last_known_addr { host: "127.6.115.1" port: 44251 } } peers { permanent_uuid: "624dfe21fd0b4c19b7d291b0ef7819d7" member_type: VOTER last_known_addr { host: "127.6.115.2" port: 39603 } } peers { permanent_uuid: "e6a76fd006a549d6854233155e4e552e" member_type: VOTER last_known_addr { host: "127.6.115.3" port: 40897 } }
I20260812 06:36:28.016955  9703 raft_consensus.cc:385] T 9ae67c1b3d374a3388694284d970c0f7 P e6a76fd006a549d6854233155e4e552e [term 0 FOLLOWER]: Consensus starting up: Expiring failure detector timer to make a prompt election more likely
I20260812 06:36:28.016993  9703 raft_consensus.cc:740] T 9ae67c1b3d374a3388694284d970c0f7 P e6a76fd006a549d6854233155e4e552e [term 0 FOLLOWER]: Becoming Follower/Learner. State: Replica: e6a76fd006a549d6854233155e4e552e, State: Initialized, Role: FOLLOWER
I20260812 06:36:28.017153  9703 consensus_queue.cc:260] T 9ae67c1b3d374a3388694284d970c0f7 P e6a76fd006a549d6854233155e4e552e [NON_LEADER]: Queue going to NON_LEADER mode. State: All replicated index: 0, Majority replicated index: 0, Committed index: 0, Last appended: 0.0, Last appended by leader: 0, Current term: 0, Majority size: -1, State: 0, Mode: NON_LEADER, active raft config: opid_index: -1 OBSOLETE_local: false peers { permanent_uuid: "1430c957afe44220b56272e675173b6d" member_type: VOTER last_known_addr { host: "127.6.115.1" port: 44251 } } peers { permanent_uuid: "624dfe21fd0b4c19b7d291b0ef7819d7" member_type: VOTER last_known_addr { host: "127.6.115.2" port: 39603 } } peers { permanent_uuid: "e6a76fd006a549d6854233155e4e552e" member_type: VOTER last_known_addr { host: "127.6.115.3" port: 40897 } }
I20260812 06:36:28.017153  9705 raft_consensus.cc:359] T 9ae67c1b3d374a3388694284d970c0f7 P 624dfe21fd0b4c19b7d291b0ef7819d7 [term 0 FOLLOWER]: Replica starting. Triggering 0 pending ops. Active config: opid_index: -1 OBSOLETE_local: false peers { permanent_uuid: "1430c957afe44220b56272e675173b6d" member_type: VOTER last_known_addr { host: "127.6.115.1" port: 44251 } } peers { permanent_uuid: "624dfe21fd0b4c19b7d291b0ef7819d7" member_type: VOTER last_known_addr { host: "127.6.115.2" port: 39603 } } peers { permanent_uuid: "e6a76fd006a549d6854233155e4e552e" member_type: VOTER last_known_addr { host: "127.6.115.3" port: 40897 } }
I20260812 06:36:28.017187  9702 raft_consensus.cc:359] T 9ae67c1b3d374a3388694284d970c0f7 P 1430c957afe44220b56272e675173b6d [term 0 FOLLOWER]: Replica starting. Triggering 0 pending ops. Active config: opid_index: -1 OBSOLETE_local: false peers { permanent_uuid: "1430c957afe44220b56272e675173b6d" member_type: VOTER last_known_addr { host: "127.6.115.1" port: 44251 } } peers { permanent_uuid: "624dfe21fd0b4c19b7d291b0ef7819d7" member_type: VOTER last_known_addr { host: "127.6.115.2" port: 39603 } } peers { permanent_uuid: "e6a76fd006a549d6854233155e4e552e" member_type: VOTER last_known_addr { host: "127.6.115.3" port: 40897 } }
I20260812 06:36:28.017264  9705 raft_consensus.cc:385] T 9ae67c1b3d374a3388694284d970c0f7 P 624dfe21fd0b4c19b7d291b0ef7819d7 [term 0 FOLLOWER]: Consensus starting up: Expiring failure detector timer to make a prompt election more likely
I20260812 06:36:28.017304  9705 raft_consensus.cc:740] T 9ae67c1b3d374a3388694284d970c0f7 P 624dfe21fd0b4c19b7d291b0ef7819d7 [term 0 FOLLOWER]: Becoming Follower/Learner. State: Replica: 624dfe21fd0b4c19b7d291b0ef7819d7, State: Initialized, Role: FOLLOWER
I20260812 06:36:28.017452  9703 ts_tablet_manager.cc:1434] T 9ae67c1b3d374a3388694284d970c0f7 P e6a76fd006a549d6854233155e4e552e: Time spent starting tablet: real 0.001s	user 0.000s	sys 0.000s
I20260812 06:36:28.017447  9705 consensus_queue.cc:260] T 9ae67c1b3d374a3388694284d970c0f7 P 624dfe21fd0b4c19b7d291b0ef7819d7 [NON_LEADER]: Queue going to NON_LEADER mode. State: All replicated index: 0, Majority replicated index: 0, Committed index: 0, Last appended: 0.0, Last appended by leader: 0, Current term: 0, Majority size: -1, State: 0, Mode: NON_LEADER, active raft config: opid_index: -1 OBSOLETE_local: false peers { permanent_uuid: "1430c957afe44220b56272e675173b6d" member_type: VOTER last_known_addr { host: "127.6.115.1" port: 44251 } } peers { permanent_uuid: "624dfe21fd0b4c19b7d291b0ef7819d7" member_type: VOTER last_known_addr { host: "127.6.115.2" port: 39603 } } peers { permanent_uuid: "e6a76fd006a549d6854233155e4e552e" member_type: VOTER last_known_addr { host: "127.6.115.3" port: 40897 } }
I20260812 06:36:28.017721  9705 ts_tablet_manager.cc:1434] T 9ae67c1b3d374a3388694284d970c0f7 P 624dfe21fd0b4c19b7d291b0ef7819d7: Time spent starting tablet: real 0.001s	user 0.000s	sys 0.000s
I20260812 06:36:28.017275  9702 raft_consensus.cc:385] T 9ae67c1b3d374a3388694284d970c0f7 P 1430c957afe44220b56272e675173b6d [term 0 FOLLOWER]: Consensus starting up: Expiring failure detector timer to make a prompt election more likely
I20260812 06:36:28.017920  9702 raft_consensus.cc:740] T 9ae67c1b3d374a3388694284d970c0f7 P 1430c957afe44220b56272e675173b6d [term 0 FOLLOWER]: Becoming Follower/Learner. State: Replica: 1430c957afe44220b56272e675173b6d, State: Initialized, Role: FOLLOWER
I20260812 06:36:28.018069  9702 consensus_queue.cc:260] T 9ae67c1b3d374a3388694284d970c0f7 P 1430c957afe44220b56272e675173b6d [NON_LEADER]: Queue going to NON_LEADER mode. State: All replicated index: 0, Majority replicated index: 0, Committed index: 0, Last appended: 0.0, Last appended by leader: 0, Current term: 0, Majority size: -1, State: 0, Mode: NON_LEADER, active raft config: opid_index: -1 OBSOLETE_local: false peers { permanent_uuid: "1430c957afe44220b56272e675173b6d" member_type: VOTER last_known_addr { host: "127.6.115.1" port: 44251 } } peers { permanent_uuid: "624dfe21fd0b4c19b7d291b0ef7819d7" member_type: VOTER last_known_addr { host: "127.6.115.2" port: 39603 } } peers { permanent_uuid: "e6a76fd006a549d6854233155e4e552e" member_type: VOTER last_known_addr { host: "127.6.115.3" port: 40897 } }
I20260812 06:36:28.018345  9702 ts_tablet_manager.cc:1434] T 9ae67c1b3d374a3388694284d970c0f7 P 1430c957afe44220b56272e675173b6d: Time spent starting tablet: real 0.002s	user 0.001s	sys 0.000s
W20260812 06:36:28.021914  9234 tablet.cc:2406] T 80b9bb2b51d04d029c16968e71aeb69e P 1430c957afe44220b56272e675173b6d: Can't schedule compaction. Clean time has not been advanced past its initial value.
W20260812 06:36:28.136163  9670 tablet.cc:2406] T 80b9bb2b51d04d029c16968e71aeb69e P e6a76fd006a549d6854233155e4e552e: Can't schedule compaction. Clean time has not been advanced past its initial value.
I20260812 06:36:28.245258  9710 raft_consensus.cc:493] T 9ae67c1b3d374a3388694284d970c0f7 P 624dfe21fd0b4c19b7d291b0ef7819d7 [term 0 FOLLOWER]: Starting pre-election (no leader contacted us within the election timeout)
I20260812 06:36:28.245451  9710 raft_consensus.cc:515] T 9ae67c1b3d374a3388694284d970c0f7 P 624dfe21fd0b4c19b7d291b0ef7819d7 [term 0 FOLLOWER]: Starting pre-election with config: opid_index: -1 OBSOLETE_local: false peers { permanent_uuid: "1430c957afe44220b56272e675173b6d" member_type: VOTER last_known_addr { host: "127.6.115.1" port: 44251 } } peers { permanent_uuid: "624dfe21fd0b4c19b7d291b0ef7819d7" member_type: VOTER last_known_addr { host: "127.6.115.2" port: 39603 } } peers { permanent_uuid: "e6a76fd006a549d6854233155e4e552e" member_type: VOTER last_known_addr { host: "127.6.115.3" port: 40897 } }
I20260812 06:36:28.246673  9710 leader_election.cc:290] T 9ae67c1b3d374a3388694284d970c0f7 P 624dfe21fd0b4c19b7d291b0ef7819d7 [CANDIDATE]: Term 1 pre-election: Requested pre-vote from peers 1430c957afe44220b56272e675173b6d (127.6.115.1:44251), e6a76fd006a549d6854233155e4e552e (127.6.115.3:40897)
I20260812 06:36:28.251597  9592 tablet_service.cc:1917] Received RequestConsensusVote() RPC: tablet_id: "9ae67c1b3d374a3388694284d970c0f7" candidate_uuid: "624dfe21fd0b4c19b7d291b0ef7819d7" candidate_term: 1 candidate_status { last_received { term: 0 index: 0 } } ignore_live_leader: false dest_uuid: "e6a76fd006a549d6854233155e4e552e" is_pre_election: true
I20260812 06:36:28.251928  9592 raft_consensus.cc:2468] T 9ae67c1b3d374a3388694284d970c0f7 P e6a76fd006a549d6854233155e4e552e [term 0 FOLLOWER]: Leader pre-election vote request: Granting yes vote for candidate 624dfe21fd0b4c19b7d291b0ef7819d7 in term 0.
I20260812 06:36:28.252071  9152 tablet_service.cc:1917] Received RequestConsensusVote() RPC: tablet_id: "9ae67c1b3d374a3388694284d970c0f7" candidate_uuid: "624dfe21fd0b4c19b7d291b0ef7819d7" candidate_term: 1 candidate_status { last_received { term: 0 index: 0 } } ignore_live_leader: false dest_uuid: "1430c957afe44220b56272e675173b6d" is_pre_election: true
I20260812 06:36:28.252229  9152 raft_consensus.cc:2468] T 9ae67c1b3d374a3388694284d970c0f7 P 1430c957afe44220b56272e675173b6d [term 0 FOLLOWER]: Leader pre-election vote request: Granting yes vote for candidate 624dfe21fd0b4c19b7d291b0ef7819d7 in term 0.
I20260812 06:36:28.252501  9271 leader_election.cc:304] T 9ae67c1b3d374a3388694284d970c0f7 P 624dfe21fd0b4c19b7d291b0ef7819d7 [CANDIDATE]: Term 1 pre-election: Election decided. Result: candidate won. Election summary: received 2 responses out of 3 voters: 2 yes votes; 0 no votes. yes voters: 624dfe21fd0b4c19b7d291b0ef7819d7, e6a76fd006a549d6854233155e4e552e; no voters: 
I20260812 06:36:28.252820  9710 raft_consensus.cc:2804] T 9ae67c1b3d374a3388694284d970c0f7 P 624dfe21fd0b4c19b7d291b0ef7819d7 [term 0 FOLLOWER]: Leader pre-election won for term 1
I20260812 06:36:28.252897  9710 raft_consensus.cc:493] T 9ae67c1b3d374a3388694284d970c0f7 P 624dfe21fd0b4c19b7d291b0ef7819d7 [term 0 FOLLOWER]: Starting leader election (no leader contacted us within the election timeout)
I20260812 06:36:28.252940  9710 raft_consensus.cc:3060] T 9ae67c1b3d374a3388694284d970c0f7 P 624dfe21fd0b4c19b7d291b0ef7819d7 [term 0 FOLLOWER]: Advancing to term 1
I20260812 06:36:28.253981  9710 raft_consensus.cc:515] T 9ae67c1b3d374a3388694284d970c0f7 P 624dfe21fd0b4c19b7d291b0ef7819d7 [term 1 FOLLOWER]: Starting leader election with config: opid_index: -1 OBSOLETE_local: false peers { permanent_uuid: "1430c957afe44220b56272e675173b6d" member_type: VOTER last_known_addr { host: "127.6.115.1" port: 44251 } } peers { permanent_uuid: "624dfe21fd0b4c19b7d291b0ef7819d7" member_type: VOTER last_known_addr { host: "127.6.115.2" port: 39603 } } peers { permanent_uuid: "e6a76fd006a549d6854233155e4e552e" member_type: VOTER last_known_addr { host: "127.6.115.3" port: 40897 } }
I20260812 06:36:28.254446  9710 leader_election.cc:290] T 9ae67c1b3d374a3388694284d970c0f7 P 624dfe21fd0b4c19b7d291b0ef7819d7 [CANDIDATE]: Term 1 election: Requested vote from peers 1430c957afe44220b56272e675173b6d (127.6.115.1:44251), e6a76fd006a549d6854233155e4e552e (127.6.115.3:40897)
I20260812 06:36:28.254968  9152 tablet_service.cc:1917] Received RequestConsensusVote() RPC: tablet_id: "9ae67c1b3d374a3388694284d970c0f7" candidate_uuid: "624dfe21fd0b4c19b7d291b0ef7819d7" candidate_term: 1 candidate_status { last_received { term: 0 index: 0 } } ignore_live_leader: false dest_uuid: "1430c957afe44220b56272e675173b6d"
