I20260812 06:37:18.681366  6662 tablet_bootstrap.cc:654] T 00000000000000000000000000000000 P 8c46b7a08d6743b2bf32d0d578cf39b8: Neither blocks nor log segments found. Creating new log.
I20260812 06:37:18.682264  6662 tablet_bootstrap.cc:492] T 00000000000000000000000000000000 P 8c46b7a08d6743b2bf32d0d578cf39b8: No bootstrap required, opened a new log
I20260812 06:37:18.682654  6662 raft_consensus.cc:359] T 00000000000000000000000000000000 P 8c46b7a08d6743b2bf32d0d578cf39b8 [term 0 FOLLOWER]: Replica starting. Triggering 0 pending ops. Active config: opid_index: -1 OBSOLETE_local: true peers { permanent_uuid: "8c46b7a08d6743b2bf32d0d578cf39b8" member_type: VOTER }
I20260812 06:37:18.682735  6662 raft_consensus.cc:385] T 00000000000000000000000000000000 P 8c46b7a08d6743b2bf32d0d578cf39b8 [term 0 FOLLOWER]: Consensus starting up: Expiring failure detector timer to make a prompt election more likely
I20260812 06:37:18.682770  6662 raft_consensus.cc:740] T 00000000000000000000000000000000 P 8c46b7a08d6743b2bf32d0d578cf39b8 [term 0 FOLLOWER]: Becoming Follower/Learner. State: Replica: 8c46b7a08d6743b2bf32d0d578cf39b8, State: Initialized, Role: FOLLOWER
I20260812 06:37:18.682950  6662 consensus_queue.cc:260] T 00000000000000000000000000000000 P 8c46b7a08d6743b2bf32d0d578cf39b8 [NON_LEADER]: Queue going to NON_LEADER mode. State: All replicated index: 0, Majority replicated index: 0, Committed index: 0, Last appended: 0.0, Last appended by leader: 0, Current term: 0, Majority size: -1, State: 0, Mode: NON_LEADER, active raft config: opid_index: -1 OBSOLETE_local: true peers { permanent_uuid: "8c46b7a08d6743b2bf32d0d578cf39b8" member_type: VOTER }
I20260812 06:37:18.683036  6662 raft_consensus.cc:399] T 00000000000000000000000000000000 P 8c46b7a08d6743b2bf32d0d578cf39b8 [term 0 FOLLOWER]: Only one voter in the Raft config. Triggering election immediately
I20260812 06:37:18.683074  6662 raft_consensus.cc:493] T 00000000000000000000000000000000 P 8c46b7a08d6743b2bf32d0d578cf39b8 [term 0 FOLLOWER]: Starting leader election (initial election of a single-replica configuration)
I20260812 06:37:18.683125  6662 raft_consensus.cc:3060] T 00000000000000000000000000000000 P 8c46b7a08d6743b2bf32d0d578cf39b8 [term 0 FOLLOWER]: Advancing to term 1
I20260812 06:37:18.683777  6662 raft_consensus.cc:515] T 00000000000000000000000000000000 P 8c46b7a08d6743b2bf32d0d578cf39b8 [term 1 FOLLOWER]: Starting leader election with config: opid_index: -1 OBSOLETE_local: true peers { permanent_uuid: "8c46b7a08d6743b2bf32d0d578cf39b8" member_type: VOTER }
I20260812 06:37:18.683897  6662 leader_election.cc:304] T 00000000000000000000000000000000 P 8c46b7a08d6743b2bf32d0d578cf39b8 [CANDIDATE]: Term 1 election: Election decided. Result: candidate won. Election summary: received 1 responses out of 1 voters: 1 yes votes; 0 no votes. yes voters: 8c46b7a08d6743b2bf32d0d578cf39b8; no voters: 
I20260812 06:37:18.684072  6662 leader_election.cc:290] T 00000000000000000000000000000000 P 8c46b7a08d6743b2bf32d0d578cf39b8 [CANDIDATE]: Term 1 election: Requested vote from peers 
I20260812 06:37:18.684187  6665 raft_consensus.cc:2804] T 00000000000000000000000000000000 P 8c46b7a08d6743b2bf32d0d578cf39b8 [term 1 FOLLOWER]: Leader election won for term 1
I20260812 06:37:18.684386  6665 raft_consensus.cc:697] T 00000000000000000000000000000000 P 8c46b7a08d6743b2bf32d0d578cf39b8 [term 1 LEADER]: Becoming Leader. State: Replica: 8c46b7a08d6743b2bf32d0d578cf39b8, State: Running, Role: LEADER
I20260812 06:37:18.684494  6662 sys_catalog.cc:565] T 00000000000000000000000000000000 P 8c46b7a08d6743b2bf32d0d578cf39b8 [sys.catalog]: configured and running, proceeding with master startup.
I20260812 06:37:18.684514  6665 consensus_queue.cc:237] T 00000000000000000000000000000000 P 8c46b7a08d6743b2bf32d0d578cf39b8 [LEADER]: Queue going to LEADER mode. State: All replicated index: 0, Majority replicated index: 0, Committed index: 0, Last appended: 0.0, Last appended by leader: 0, Current term: 1, Majority size: 1, State: 0, Mode: LEADER, active raft config: opid_index: -1 OBSOLETE_local: true peers { permanent_uuid: "8c46b7a08d6743b2bf32d0d578cf39b8" member_type: VOTER }
I20260812 06:37:18.684906  6666 sys_catalog.cc:455] T 00000000000000000000000000000000 P 8c46b7a08d6743b2bf32d0d578cf39b8 [sys.catalog]: SysCatalogTable state changed. Reason: RaftConsensus started. Latest consensus state: current_term: 1 leader_uuid: "8c46b7a08d6743b2bf32d0d578cf39b8" committed_config { opid_index: -1 OBSOLETE_local: true peers { permanent_uuid: "8c46b7a08d6743b2bf32d0d578cf39b8" member_type: VOTER } }
I20260812 06:37:18.684959  6667 sys_catalog.cc:455] T 00000000000000000000000000000000 P 8c46b7a08d6743b2bf32d0d578cf39b8 [sys.catalog]: SysCatalogTable state changed. Reason: New leader 8c46b7a08d6743b2bf32d0d578cf39b8. Latest consensus state: current_term: 1 leader_uuid: "8c46b7a08d6743b2bf32d0d578cf39b8" committed_config { opid_index: -1 OBSOLETE_local: true peers { permanent_uuid: "8c46b7a08d6743b2bf32d0d578cf39b8" member_type: VOTER } }
I20260812 06:37:18.685094  6667 sys_catalog.cc:458] T 00000000000000000000000000000000 P 8c46b7a08d6743b2bf32d0d578cf39b8 [sys.catalog]: This master's current role is: LEADER
I20260812 06:37:18.685070  6666 sys_catalog.cc:458] T 00000000000000000000000000000000 P 8c46b7a08d6743b2bf32d0d578cf39b8 [sys.catalog]: This master's current role is: LEADER
I20260812 06:37:18.685653  6673 catalog_manager.cc:1511] Loading table and tablet metadata into memory...
I20260812 06:37:18.686404  6673 catalog_manager.cc:1520] Initializing Kudu cluster ID...
I20260812 06:37:18.686554 27056 internal_mini_cluster.cc:184] Waiting to initialize catalog manager on master 0
I20260812 06:37:18.688095  6673 catalog_manager.cc:1383] Generated new cluster ID: 420beb0f56a74927b4cfc1a678ae9070
I20260812 06:37:18.688150  6673 catalog_manager.cc:1531] Initializing Kudu internal certificate authority...
I20260812 06:37:18.701463  6673 catalog_manager.cc:1406] Generated new certificate authority record
I20260812 06:37:18.701958  6673 catalog_manager.cc:1540] Loading token signing keys...
I20260812 06:37:18.709966  6673 catalog_manager.cc:6092] T 00000000000000000000000000000000 P 8c46b7a08d6743b2bf32d0d578cf39b8: Generated new TSK 0
I20260812 06:37:18.710117  6673 catalog_manager.cc:1550] Initializing in-progress tserver states...
I20260812 06:37:18.718640 27056 file_cache.cc:504] Constructed file cache file cache with capacity 419430
W20260812 06:37:18.720325  6692 instance_detector.cc:116] could not retrieve Azure instance metadata: Network error: curl error: HTTP response code said error: The requested URL returned error: 404
W20260812 06:37:18.720453  6689 instance_detector.cc:116] could not retrieve AWS instance metadata: Network error: curl error: HTTP response code said error: The requested URL returned error: 404
W20260812 06:37:18.720541  6695 instance_detector.cc:116] could not retrieve OpenStack instance metadata: Network error: curl error: HTTP response code said error: The requested URL returned error: 404
I20260812 06:37:18.720633 27056 server_base.cc:1061] running on GCE node
I20260812 06:37:18.720767 27056 hybrid_clock.cc:584] initializing the hybrid clock with 'system_unsync' time source
W20260812 06:37:18.720800 27056 system_unsync_time.cc:38] NTP support is disabled. Clock error bounds will not be accurate. This configuration is not suitable for distributed clusters.
I20260812 06:37:18.720813 27056 hybrid_clock.cc:648] HybridClock initialized: now 1786516638720813 us; error 0 us; skew 500 ppm
I20260812 06:37:18.721666 27056 webserver.cc:533] Webserver started at http://127.26.108.1:46223/ using document root <none> and password file <none>
I20260812 06:37:18.721786 27056 fs_manager.cc:362] Metadata directory not provided
I20260812 06:37:18.721824 27056 fs_manager.cc:368] Using write-ahead log directory (fs_wal_dir) as metadata directory
I20260812 06:37:18.721877 27056 server_base.cc:909] This appears to be a new deployment of Kudu; creating new FS layout
I20260812 06:37:18.722208 27056 fs_manager.cc:1068] Generated new instance metadata in path /tmp/dist-test-taskWU6rZy/test-tmp/client-test.0.ServiceUnavailableRetryClientTest.CreateTable_1.1786516576629129-27056-0/minicluster-data/ts-0-root/instance:
uuid: "2a91db6df7624389ab840b7212eda255"
format_stamp: "Formatted at 2026-08-12 06:37:18 on dist-test-slave-5bn2"
I20260812 06:37:18.723577 27056 fs_manager.cc:696] Time spent creating directory manager: real 0.001s	user 0.000s	sys 0.002s
I20260812 06:37:18.724365  6702 log_block_manager.cc:4127] Time spent loading block containers with low live blocks: real 0.000s	user 0.000s	sys 0.000s
I20260812 06:37:18.724575 27056 fs_manager.cc:730] Time spent opening block manager: real 0.001s	user 0.000s	sys 0.001s
I20260812 06:37:18.724637 27056 fs_manager.cc:647] Opened local filesystem: /tmp/dist-test-taskWU6rZy/test-tmp/client-test.0.ServiceUnavailableRetryClientTest.CreateTable_1.1786516576629129-27056-0/minicluster-data/ts-0-root
uuid: "2a91db6df7624389ab840b7212eda255"
format_stamp: "Formatted at 2026-08-12 06:37:18 on dist-test-slave-5bn2"
I20260812 06:37:18.724689 27056 fs_report.cc:389] FS layout report
--------------------
wal directory: /tmp/dist-test-taskWU6rZy/test-tmp/client-test.0.ServiceUnavailableRetryClientTest.CreateTable_1.1786516576629129-27056-0/minicluster-data/ts-0-root
metadata directory: /tmp/dist-test-taskWU6rZy/test-tmp/client-test.0.ServiceUnavailableRetryClientTest.CreateTable_1.1786516576629129-27056-0/minicluster-data/ts-0-root
1 data directories: /tmp/dist-test-taskWU6rZy/test-tmp/client-test.0.ServiceUnavailableRetryClientTest.CreateTable_1.1786516576629129-27056-0/minicluster-data/ts-0-root/data
Total live blocks: 0
Total live bytes: 0
Total live bytes (after alignment): 0
Total number of LBM containers: 0 (0 full)
Did not check for missing blocks
Did not check for orphaned blocks
Total full LBM containers with extra space: 0 (0 repaired)
Total full LBM container extra space in bytes: 0 (0 repaired)
Total incomplete LBM containers: 0 (0 repaired)
Total LBM partial records: 0 (0 repaired)
Total corrupted LBM metadata records in RocksDB: 0 (0 repaired)
I20260812 06:37:18.734309 27056 rpc_server.cc:225] running with OpenSSL 1.1.1  11 Sep 2018
I20260812 06:37:18.734620 27056 kserver.cc:163] Server-wide thread pool size limit: 3276
I20260812 06:37:18.735373 27056 ts_tablet_manager.cc:585] Loaded tablet metadata (0 total tablets, 0 live tablets)
I20260812 06:37:18.735416 27056 ts_tablet_manager.cc:531] Time spent load tablet metadata: real 0.000s	user 0.000s	sys 0.000s
I20260812 06:37:18.735466 27056 ts_tablet_manager.cc:616] Registered 0 tablets
I20260812 06:37:18.735494 27056 ts_tablet_manager.cc:595] Time spent register tablets: real 0.000s	user 0.000s	sys 0.000s
I20260812 06:37:18.740296 27056 rpc_server.cc:307] RPC server started. Bound to: 127.26.108.1:45381
I20260812 06:37:18.740327  6828 acceptor_pool.cc:272] collecting diagnostics on the listening RPC socket 127.26.108.1:45381 every 8 connection(s)
I20260812 06:37:18.741331  6838 heartbeater.cc:344] Connected to a master server at 127.26.108.62:43065
I20260812 06:37:18.741423  6838 heartbeater.cc:461] Registering TS with master...
I20260812 06:37:18.741638  6838 heartbeater.cc:507] Master 127.26.108.62:43065 requested a full tablet report, sending...
I20260812 06:37:18.742189  6570 ts_manager.cc:194] Registered new tserver with Master: 2a91db6df7624389ab840b7212eda255 (127.26.108.1:45381)
I20260812 06:37:18.742997 27056 internal_mini_cluster.cc:371] 1 TS(s) registered with all masters after 0.002225781s
I20260812 06:37:18.743189  6570 master_service.cc:502] Signed X509 certificate for tserver {username='slave'} at 127.0.0.1:35124
I20260812 06:37:18.749173  6570 catalog_manager.cc:2283] Servicing CreateTable request from {username='slave'} at 127.0.0.1:35138:
name: "client-testtb"
schema {
  columns {
    name: "key"
    type: INT32
    is_key: true
    is_nullable: false
    encoding: AUTO_ENCODING
    compression: DEFAULT_COMPRESSION
    cfile_block_size: 0
    immutable: false
  }
  columns {
    name: "int_val"
    type: INT32
    is_key: false
    is_nullable: false
    encoding: AUTO_ENCODING
    compression: DEFAULT_COMPRESSION
    cfile_block_size: 0
    immutable: false
  }
  columns {
    name: "string_val"
    type: STRING
    is_key: false
    is_nullable: true
    encoding: AUTO_ENCODING
    compression: DEFAULT_COMPRESSION
    cfile_block_size: 0
    immutable: false
  }
  columns {
    name: "non_null_with_default"
    type: INT32
    is_key: false
    is_nullable: false
    read_default_value: "90\000\000"
    encoding: AUTO_ENCODING
    compression: DEFAULT_COMPRESSION
    cfile_block_size: 0
    immutable: false
  }
}
num_replicas: 1
split_rows_range_bounds {
  rows: "\004\001\000\t\000\000\000""\004\001\000\t\000\000\000"
  indirect_data: """"
}
partition_schema {
  range_schema {
    columns {
      name: "key"
    }
  }
}
I20260812 06:37:18.754034  6838 heartbeater.cc:499] Master 127.26.108.62:43065 was elected leader, sending a full tablet report...
I20260812 06:37:18.757238  6758 tablet_service.cc:1511] Processing CreateTablet for tablet 44f19eb687ce429a9f0d579f344f77a8 (DEFAULT_TABLE table=client-testtb [id=d36f6231104e4472a071553d146396f8]), partition=RANGE (key) PARTITION VALUES < 9
I20260812 06:37:18.757299  6756 tablet_service.cc:1511] Processing CreateTablet for tablet db814fe76e514ef2bf4f06a480abf62f (DEFAULT_TABLE table=client-testtb [id=d36f6231104e4472a071553d146396f8]), partition=RANGE (key) PARTITION 9 <= VALUES
I20260812 06:37:18.757511  6758 data_dirs.cc:400] Could only allocate 1 dirs of requested 3 for tablet 44f19eb687ce429a9f0d579f344f77a8. 1 dirs total, 0 dirs full, 0 dirs failed
I20260812 06:37:18.757697  6756 data_dirs.cc:400] Could only allocate 1 dirs of requested 3 for tablet db814fe76e514ef2bf4f06a480abf62f. 1 dirs total, 0 dirs full, 0 dirs failed
I20260812 06:37:18.759554  6853 tablet_bootstrap.cc:492] T 44f19eb687ce429a9f0d579f344f77a8 P 2a91db6df7624389ab840b7212eda255: Bootstrap starting.
I20260812 06:37:18.760298  6853 tablet_bootstrap.cc:654] T 44f19eb687ce429a9f0d579f344f77a8 P 2a91db6df7624389ab840b7212eda255: Neither blocks nor log segments found. Creating new log.
I20260812 06:37:18.761206  6853 tablet_bootstrap.cc:492] T 44f19eb687ce429a9f0d579f344f77a8 P 2a91db6df7624389ab840b7212eda255: No bootstrap required, opened a new log
I20260812 06:37:18.761293  6853 ts_tablet_manager.cc:1403] T 44f19eb687ce429a9f0d579f344f77a8 P 2a91db6df7624389ab840b7212eda255: Time spent bootstrapping tablet: real 0.002s	user 0.001s	sys 0.000s
I20260812 06:37:18.761632  6853 raft_consensus.cc:359] T 44f19eb687ce429a9f0d579f344f77a8 P 2a91db6df7624389ab840b7212eda255 [term 0 FOLLOWER]: Replica starting. Triggering 0 pending ops. Active config: opid_index: -1 OBSOLETE_local: true peers { permanent_uuid: "2a91db6df7624389ab840b7212eda255" member_type: VOTER last_known_addr { host: "127.26.108.1" port: 45381 } }
I20260812 06:37:18.761715  6853 raft_consensus.cc:385] T 44f19eb687ce429a9f0d579f344f77a8 P 2a91db6df7624389ab840b7212eda255 [term 0 FOLLOWER]: Consensus starting up: Expiring failure detector timer to make a prompt election more likely
I20260812 06:37:18.761744  6853 raft_consensus.cc:740] T 44f19eb687ce429a9f0d579f344f77a8 P 2a91db6df7624389ab840b7212eda255 [term 0 FOLLOWER]: Becoming Follower/Learner. State: Replica: 2a91db6df7624389ab840b7212eda255, State: Initialized, Role: FOLLOWER
I20260812 06:37:18.761862  6853 consensus_queue.cc:260] T 44f19eb687ce429a9f0d579f344f77a8 P 2a91db6df7624389ab840b7212eda255 [NON_LEADER]: Queue going to NON_LEADER mode. State: All replicated index: 0, Majority replicated index: 0, Committed index: 0, Last appended: 0.0, Last appended by leader: 0, Current term: 0, Majority size: -1, State: 0, Mode: NON_LEADER, active raft config: opid_index: -1 OBSOLETE_local: true peers { permanent_uuid: "2a91db6df7624389ab840b7212eda255" member_type: VOTER last_known_addr { host: "127.26.108.1" port: 45381 } }
I20260812 06:37:18.761927  6853 raft_consensus.cc:399] T 44f19eb687ce429a9f0d579f344f77a8 P 2a91db6df7624389ab840b7212eda255 [term 0 FOLLOWER]: Only one voter in the Raft config. Triggering election immediately
I20260812 06:37:18.761976  6853 raft_consensus.cc:493] T 44f19eb687ce429a9f0d579f344f77a8 P 2a91db6df7624389ab840b7212eda255 [term 0 FOLLOWER]: Starting leader election (initial election of a single-replica configuration)
I20260812 06:37:18.762020  6853 raft_consensus.cc:3060] T 44f19eb687ce429a9f0d579f344f77a8 P 2a91db6df7624389ab840b7212eda255 [term 0 FOLLOWER]: Advancing to term 1
I20260812 06:37:18.762735  6853 raft_consensus.cc:515] T 44f19eb687ce429a9f0d579f344f77a8 P 2a91db6df7624389ab840b7212eda255 [term 1 FOLLOWER]: Starting leader election with config: opid_index: -1 OBSOLETE_local: true peers { permanent_uuid: "2a91db6df7624389ab840b7212eda255" member_type: VOTER last_known_addr { host: "127.26.108.1" port: 45381 } }
I20260812 06:37:18.762878  6853 leader_election.cc:304] T 44f19eb687ce429a9f0d579f344f77a8 P 2a91db6df7624389ab840b7212eda255 [CANDIDATE]: Term 1 election: Election decided. Result: candidate won. Election summary: received 1 responses out of 1 voters: 1 yes votes; 0 no votes. yes voters: 2a91db6df7624389ab840b7212eda255; no voters: 
I20260812 06:37:18.763068  6853 leader_election.cc:290] T 44f19eb687ce429a9f0d579f344f77a8 P 2a91db6df7624389ab840b7212eda255 [CANDIDATE]: Term 1 election: Requested vote from peers 
I20260812 06:37:18.763145  6858 raft_consensus.cc:2804] T 44f19eb687ce429a9f0d579f344f77a8 P 2a91db6df7624389ab840b7212eda255 [term 1 FOLLOWER]: Leader election won for term 1
I20260812 06:37:18.763351  6858 raft_consensus.cc:697] T 44f19eb687ce429a9f0d579f344f77a8 P 2a91db6df7624389ab840b7212eda255 [term 1 LEADER]: Becoming Leader. State: Replica: 2a91db6df7624389ab840b7212eda255, State: Running, Role: LEADER
I20260812 06:37:18.763509  6853 ts_tablet_manager.cc:1434] T 44f19eb687ce429a9f0d579f344f77a8 P 2a91db6df7624389ab840b7212eda255: Time spent starting tablet: real 0.002s	user 0.002s	sys 0.000s
I20260812 06:37:18.763492  6858 consensus_queue.cc:237] T 44f19eb687ce429a9f0d579f344f77a8 P 2a91db6df7624389ab840b7212eda255 [LEADER]: Queue going to LEADER mode. State: All replicated index: 0, Majority replicated index: 0, Committed index: 0, Last appended: 0.0, Last appended by leader: 0, Current term: 1, Majority size: 1, State: 0, Mode: LEADER, active raft config: opid_index: -1 OBSOLETE_local: true peers { permanent_uuid: "2a91db6df7624389ab840b7212eda255" member_type: VOTER last_known_addr { host: "127.26.108.1" port: 45381 } }
I20260812 06:37:18.763689  6853 tablet_bootstrap.cc:492] T db814fe76e514ef2bf4f06a480abf62f P 2a91db6df7624389ab840b7212eda255: Bootstrap starting.
I20260812 06:37:18.764467  6853 tablet_bootstrap.cc:654] T db814fe76e514ef2bf4f06a480abf62f P 2a91db6df7624389ab840b7212eda255: Neither blocks nor log segments found. Creating new log.
I20260812 06:37:18.764588  6568 catalog_manager.cc:5719] T 44f19eb687ce429a9f0d579f344f77a8 P 2a91db6df7624389ab840b7212eda255 reported cstate change: term changed from 0 to 1, leader changed from <none> to 2a91db6df7624389ab840b7212eda255 (127.26.108.1). New cstate: current_term: 1 leader_uuid: "2a91db6df7624389ab840b7212eda255" committed_config { opid_index: -1 OBSOLETE_local: true peers { permanent_uuid: "2a91db6df7624389ab840b7212eda255" member_type: VOTER last_known_addr { host: "127.26.108.1" port: 45381 } health_report { overall_health: HEALTHY } } }
I20260812 06:37:18.765409  6853 tablet_bootstrap.cc:492] T db814fe76e514ef2bf4f06a480abf62f P 2a91db6df7624389ab840b7212eda255: No bootstrap required, opened a new log
I20260812 06:37:18.765499  6853 ts_tablet_manager.cc:1403] T db814fe76e514ef2bf4f06a480abf62f P 2a91db6df7624389ab840b7212eda255: Time spent bootstrapping tablet: real 0.002s	user 0.002s	sys 0.000s
I20260812 06:37:18.765897  6853 raft_consensus.cc:359] T db814fe76e514ef2bf4f06a480abf62f P 2a91db6df7624389ab840b7212eda255 [term 0 FOLLOWER]: Replica starting. Triggering 0 pending ops. Active config: opid_index: -1 OBSOLETE_local: true peers { permanent_uuid: "2a91db6df7624389ab840b7212eda255" member_type: VOTER last_known_addr { host: "127.26.108.1" port: 45381 } }
I20260812 06:37:18.765978  6853 raft_consensus.cc:385] T db814fe76e514ef2bf4f06a480abf62f P 2a91db6df7624389ab840b7212eda255 [term 0 FOLLOWER]: Consensus starting up: Expiring failure detector timer to make a prompt election more likely
I20260812 06:37:18.766007  6853 raft_consensus.cc:740] T db814fe76e514ef2bf4f06a480abf62f P 2a91db6df7624389ab840b7212eda255 [term 0 FOLLOWER]: Becoming Follower/Learner. State: Replica: 2a91db6df7624389ab840b7212eda255, State: Initialized, Role: FOLLOWER
I20260812 06:37:18.766119  6853 consensus_queue.cc:260] T db814fe76e514ef2bf4f06a480abf62f P 2a91db6df7624389ab840b7212eda255 [NON_LEADER]: Queue going to NON_LEADER mode. State: All replicated index: 0, Majority replicated index: 0, Committed index: 0, Last appended: 0.0, Last appended by leader: 0, Current term: 0, Majority size: -1, State: 0, Mode: NON_LEADER, active raft config: opid_index: -1 OBSOLETE_local: true peers { permanent_uuid: "2a91db6df7624389ab840b7212eda255" member_type: VOTER last_known_addr { host: "127.26.108.1" port: 45381 } }
I20260812 06:37:18.766183  6853 raft_consensus.cc:399] T db814fe76e514ef2bf4f06a480abf62f P 2a91db6df7624389ab840b7212eda255 [term 0 FOLLOWER]: Only one voter in the Raft config. Triggering election immediately
I20260812 06:37:18.766213  6853 raft_consensus.cc:493] T db814fe76e514ef2bf4f06a480abf62f P 2a91db6df7624389ab840b7212eda255 [term 0 FOLLOWER]: Starting leader election (initial election of a single-replica configuration)
I20260812 06:37:18.766250  6853 raft_consensus.cc:3060] T db814fe76e514ef2bf4f06a480abf62f P 2a91db6df7624389ab840b7212eda255 [term 0 FOLLOWER]: Advancing to term 1
I20260812 06:37:18.767102  6853 raft_consensus.cc:515] T db814fe76e514ef2bf4f06a480abf62f P 2a91db6df7624389ab840b7212eda255 [term 1 FOLLOWER]: Starting leader election with config: opid_index: -1 OBSOLETE_local: true peers { permanent_uuid: "2a91db6df7624389ab840b7212eda255" member_type: VOTER last_known_addr { host: "127.26.108.1" port: 45381 } }
I20260812 06:37:18.767208  6853 leader_election.cc:304] T db814fe76e514ef2bf4f06a480abf62f P 2a91db6df7624389ab840b7212eda255 [CANDIDATE]: Term 1 election: Election decided. Result: candidate won. Election summary: received 1 responses out of 1 voters: 1 yes votes; 0 no votes. yes voters: 2a91db6df7624389ab840b7212eda255; no voters: 
I20260812 06:37:18.767303  6853 leader_election.cc:290] T db814fe76e514ef2bf4f06a480abf62f P 2a91db6df7624389ab840b7212eda255 [CANDIDATE]: Term 1 election: Requested vote from peers 
I20260812 06:37:18.767383  6858 raft_consensus.cc:2804] T db814fe76e514ef2bf4f06a480abf62f P 2a91db6df7624389ab840b7212eda255 [term 1 FOLLOWER]: Leader election won for term 1
I20260812 06:37:18.767482  6858 raft_consensus.cc:697] T db814fe76e514ef2bf4f06a480abf62f P 2a91db6df7624389ab840b7212eda255 [term 1 LEADER]: Becoming Leader. State: Replica: 2a91db6df7624389ab840b7212eda255, State: Running, Role: LEADER
I20260812 06:37:18.767616  6853 ts_tablet_manager.cc:1434] T db814fe76e514ef2bf4f06a480abf62f P 2a91db6df7624389ab840b7212eda255: Time spent starting tablet: real 0.002s	user 0.002s	sys 0.000s
I20260812 06:37:18.767581  6858 consensus_queue.cc:237] T db814fe76e514ef2bf4f06a480abf62f P 2a91db6df7624389ab840b7212eda255 [LEADER]: Queue going to LEADER mode. State: All replicated index: 0, Majority replicated index: 0, Committed index: 0, Last appended: 0.0, Last appended by leader: 0, Current term: 1, Majority size: 1, State: 0, Mode: LEADER, active raft config: opid_index: -1 OBSOLETE_local: true peers { permanent_uuid: "2a91db6df7624389ab840b7212eda255" member_type: VOTER last_known_addr { host: "127.26.108.1" port: 45381 } }
I20260812 06:37:18.768605  6568 catalog_manager.cc:5719] T db814fe76e514ef2bf4f06a480abf62f P 2a91db6df7624389ab840b7212eda255 reported cstate change: term changed from 0 to 1, leader changed from <none> to 2a91db6df7624389ab840b7212eda255 (127.26.108.1). New cstate: current_term: 1 leader_uuid: "2a91db6df7624389ab840b7212eda255" committed_config { opid_index: -1 OBSOLETE_local: true peers { permanent_uuid: "2a91db6df7624389ab840b7212eda255" member_type: VOTER last_known_addr { host: "127.26.108.1" port: 45381 } health_report { overall_health: HEALTHY } } }
W20260812 06:37:18.773140  6848 master_proxy_rpc.cc:203] Re-attempting CreateTable request to leader Master (127.26.108.62:43065)
I20260812 06:37:19.791846  6838 heartbeater.cc:499] Master 127.26.108.62:43065 was elected leader, sending a full tablet report...
I20260812 06:37:20.275833  6568 catalog_manager.cc:2283] Servicing CreateTable request from {username='slave'} at 127.0.0.1:35138:
name: "service-unavailable-retry"
schema {
  columns {
    name: "key"
    type: INT32
    is_key: true
    is_nullable: false
    encoding: AUTO_ENCODING
    compression: DEFAULT_COMPRESSION
    cfile_block_size: 0
    immutable: false
  }
  columns {
    name: "int_val"
    type: INT32
    is_key: false
    is_nullable: false
    encoding: AUTO_ENCODING
    compression: DEFAULT_COMPRESSION
    cfile_block_size: 0
    immutable: false
  }
  columns {
    name: "string_val"
    type: STRING
    is_key: false
    is_nullable: true
    encoding: AUTO_ENCODING
    compression: DEFAULT_COMPRESSION
    cfile_block_size: 0
    immutable: false
  }
  columns {
    name: "non_null_with_default"
    type: INT32
    is_key: false
    is_nullable: false
    read_default_value: "90\000\000"
    encoding: AUTO_ENCODING
    compression: DEFAULT_COMPRESSION
    cfile_block_size: 0
    immutable: false
  }
}
num_replicas: 1
split_rows_range_bounds {
}
partition_schema {
  range_schema {
    columns {
      name: "key"
    }
  }
}
I20260812 06:37:20.280932  6758 tablet_service.cc:1511] Processing CreateTablet for tablet ddbb4ab989554de394175ab70d5f6a57 (DEFAULT_TABLE table=service-unavailable-retry [id=2ab9fd16e7d04283b05b6602dd7c408f]), partition=RANGE (key) PARTITION UNBOUNDED
I20260812 06:37:20.281234  6758 data_dirs.cc:400] Could only allocate 1 dirs of requested 3 for tablet ddbb4ab989554de394175ab70d5f6a57. 1 dirs total, 0 dirs full, 0 dirs failed
I20260812 06:37:20.283207  6873 tablet_bootstrap.cc:492] T ddbb4ab989554de394175ab70d5f6a57 P 2a91db6df7624389ab840b7212eda255: Bootstrap starting.
I20260812 06:37:20.284140  6873 tablet_bootstrap.cc:654] T ddbb4ab989554de394175ab70d5f6a57 P 2a91db6df7624389ab840b7212eda255: Neither blocks nor log segments found. Creating new log.
I20260812 06:37:20.285030  6873 tablet_bootstrap.cc:492] T ddbb4ab989554de394175ab70d5f6a57 P 2a91db6df7624389ab840b7212eda255: No bootstrap required, opened a new log
I20260812 06:37:20.285108  6873 ts_tablet_manager.cc:1403] T ddbb4ab989554de394175ab70d5f6a57 P 2a91db6df7624389ab840b7212eda255: Time spent bootstrapping tablet: real 0.002s	user 0.001s	sys 0.000s
I20260812 06:37:20.285498  6873 raft_consensus.cc:359] T ddbb4ab989554de394175ab70d5f6a57 P 2a91db6df7624389ab840b7212eda255 [term 0 FOLLOWER]: Replica starting. Triggering 0 pending ops. Active config: opid_index: -1 OBSOLETE_local: true peers { permanent_uuid: "2a91db6df7624389ab840b7212eda255" member_type: VOTER last_known_addr { host: "127.26.108.1" port: 45381 } }
I20260812 06:37:20.285593  6873 raft_consensus.cc:385] T ddbb4ab989554de394175ab70d5f6a57 P 2a91db6df7624389ab840b7212eda255 [term 0 FOLLOWER]: Consensus starting up: Expiring failure detector timer to make a prompt election more likely
I20260812 06:37:20.285631  6873 raft_consensus.cc:740] T ddbb4ab989554de394175ab70d5f6a57 P 2a91db6df7624389ab840b7212eda255 [term 0 FOLLOWER]: Becoming Follower/Learner. State: Replica: 2a91db6df7624389ab840b7212eda255, State: Initialized, Role: FOLLOWER
I20260812 06:37:20.285743  6873 consensus_queue.cc:260] T ddbb4ab989554de394175ab70d5f6a57 P 2a91db6df7624389ab840b7212eda255 [NON_LEADER]: Queue going to NON_LEADER mode. State: All replicated index: 0, Majority replicated index: 0, Committed index: 0, Last appended: 0.0, Last appended by leader: 0, Current term: 0, Majority size: -1, State: 0, Mode: NON_LEADER, active raft config: opid_index: -1 OBSOLETE_local: true peers { permanent_uuid: "2a91db6df7624389ab840b7212eda255" member_type: VOTER last_known_addr { host: "127.26.108.1" port: 45381 } }
I20260812 06:37:20.285823  6873 raft_consensus.cc:399] T ddbb4ab989554de394175ab70d5f6a57 P 2a91db6df7624389ab840b7212eda255 [term 0 FOLLOWER]: Only one voter in the Raft config. Triggering election immediately
I20260812 06:37:20.285852  6873 raft_consensus.cc:493] T ddbb4ab989554de394175ab70d5f6a57 P 2a91db6df7624389ab840b7212eda255 [term 0 FOLLOWER]: Starting leader election (initial election of a single-replica configuration)
I20260812 06:37:20.285885  6873 raft_consensus.cc:3060] T ddbb4ab989554de394175ab70d5f6a57 P 2a91db6df7624389ab840b7212eda255 [term 0 FOLLOWER]: Advancing to term 1
I20260812 06:37:20.286808  6873 raft_consensus.cc:515] T ddbb4ab989554de394175ab70d5f6a57 P 2a91db6df7624389ab840b7212eda255 [term 1 FOLLOWER]: Starting leader election with config: opid_index: -1 OBSOLETE_local: true peers { permanent_uuid: "2a91db6df7624389ab840b7212eda255" member_type: VOTER last_known_addr { host: "127.26.108.1" port: 45381 } }
I20260812 06:37:20.286957  6873 leader_election.cc:304] T ddbb4ab989554de394175ab70d5f6a57 P 2a91db6df7624389ab840b7212eda255 [CANDIDATE]: Term 1 election: Election decided. Result: candidate won. Election summary: received 1 responses out of 1 voters: 1 yes votes; 0 no votes. yes voters: 2a91db6df7624389ab840b7212eda255; no voters: 
I20260812 06:37:20.287113  6873 leader_election.cc:290] T ddbb4ab989554de394175ab70d5f6a57 P 2a91db6df7624389ab840b7212eda255 [CANDIDATE]: Term 1 election: Requested vote from peers 
I20260812 06:37:20.287199  6875 raft_consensus.cc:2804] T ddbb4ab989554de394175ab70d5f6a57 P 2a91db6df7624389ab840b7212eda255 [term 1 FOLLOWER]: Leader election won for term 1
I20260812 06:37:20.287406  6873 ts_tablet_manager.cc:1434] T ddbb4ab989554de394175ab70d5f6a57 P 2a91db6df7624389ab840b7212eda255: Time spent starting tablet: real 0.002s	user 0.003s	sys 0.000s
I20260812 06:37:20.287431  6875 raft_consensus.cc:697] T ddbb4ab989554de394175ab70d5f6a57 P 2a91db6df7624389ab840b7212eda255 [term 1 LEADER]: Becoming Leader. State: Replica: 2a91db6df7624389ab840b7212eda255, State: Running, Role: LEADER
I20260812 06:37:20.287559  6875 consensus_queue.cc:237] T ddbb4ab989554de394175ab70d5f6a57 P 2a91db6df7624389ab840b7212eda255 [LEADER]: Queue going to LEADER mode. State: All replicated index: 0, Majority replicated index: 0, Committed index: 0, Last appended: 0.0, Last appended by leader: 0, Current term: 1, Majority size: 1, State: 0, Mode: LEADER, active raft config: opid_index: -1 OBSOLETE_local: true peers { permanent_uuid: "2a91db6df7624389ab840b7212eda255" member_type: VOTER last_known_addr { host: "127.26.108.1" port: 45381 } }
I20260812 06:37:20.288659  6568 catalog_manager.cc:5719] T ddbb4ab989554de394175ab70d5f6a57 P 2a91db6df7624389ab840b7212eda255 reported cstate change: term changed from 0 to 1, leader changed from <none> to 2a91db6df7624389ab840b7212eda255 (127.26.108.1). New cstate: current_term: 1 leader_uuid: "2a91db6df7624389ab840b7212eda255" committed_config { opid_index: -1 OBSOLETE_local: true peers { permanent_uuid: "2a91db6df7624389ab840b7212eda255" member_type: VOTER last_known_addr { host: "127.26.108.1" port: 45381 } health_report { overall_health: HEALTHY } } }
I20260812 06:37:20.293934 27056 tablet_server.cc:179] TabletServer@127.26.108.1:0 shutting down...
I20260812 06:37:20.297163 27056 ts_tablet_manager.cc:1507] Shutting down tablet manager...
I20260812 06:37:20.297369 27056 tablet_replica.cc:333] T ddbb4ab989554de394175ab70d5f6a57 P 2a91db6df7624389ab840b7212eda255: stopping tablet replica
I20260812 06:37:20.297478 27056 raft_consensus.cc:2243] T ddbb4ab989554de394175ab70d5f6a57 P 2a91db6df7624389ab840b7212eda255 [term 1 LEADER]: Raft consensus shutting down.
I20260812 06:37:20.297569 27056 raft_consensus.cc:2272] T ddbb4ab989554de394175ab70d5f6a57 P 2a91db6df7624389ab840b7212eda255 [term 1 FOLLOWER]: Raft consensus is shut down!
I20260812 06:37:20.298045 27056 tablet_replica.cc:333] T 44f19eb687ce429a9f0d579f344f77a8 P 2a91db6df7624389ab840b7212eda255: stopping tablet replica
I20260812 06:37:20.298134 27056 raft_consensus.cc:2243] T 44f19eb687ce429a9f0d579f344f77a8 P 2a91db6df7624389ab840b7212eda255 [term 1 LEADER]: Raft consensus shutting down.
I20260812 06:37:20.298224 27056 raft_consensus.cc:2272] T 44f19eb687ce429a9f0d579f344f77a8 P 2a91db6df7624389ab840b7212eda255 [term 1 FOLLOWER]: Raft consensus is shut down!
I20260812 06:37:20.298518 27056 tablet_replica.cc:333] T db814fe76e514ef2bf4f06a480abf62f P 2a91db6df7624389ab840b7212eda255: stopping tablet replica
I20260812 06:37:20.298589 27056 raft_consensus.cc:2243] T db814fe76e514ef2bf4f06a480abf62f P 2a91db6df7624389ab840b7212eda255 [term 1 LEADER]: Raft consensus shutting down.
I20260812 06:37:20.298674 27056 raft_consensus.cc:2272] T db814fe76e514ef2bf4f06a480abf62f P 2a91db6df7624389ab840b7212eda255 [term 1 FOLLOWER]: Raft consensus is shut down!
I20260812 06:37:20.311075 27056 tablet_server.cc:196] TabletServer@127.26.108.1:0 shutdown complete.
I20260812 06:37:20.313364 27056 master.cc:562] Master@127.26.108.62:43065 shutting down...
I20260812 06:37:20.317076 27056 raft_consensus.cc:2243] T 00000000000000000000000000000000 P 8c46b7a08d6743b2bf32d0d578cf39b8 [term 1 LEADER]: Raft consensus shutting down.
I20260812 06:37:20.317195 27056 raft_consensus.cc:2272] T 00000000000000000000000000000000 P 8c46b7a08d6743b2bf32d0d578cf39b8 [term 1 FOLLOWER]: Raft consensus is shut down!
I20260812 06:37:20.317240 27056 tablet_replica.cc:333] T 00000000000000000000000000000000 P 8c46b7a08d6743b2bf32d0d578cf39b8: stopping tablet replica
I20260812 06:37:20.329389 27056 master.cc:584] Master@127.26.108.62:43065 shutdown complete.
[       OK ] ServiceUnavailableRetryClientTest.CreateTable/1 (1677 ms)
[----------] 1 test from ServiceUnavailableRetryClientTest (1677 ms total)

[----------] 2 tests from Params/ClientTestImmutableColumn
[ RUN      ] Params/ClientTestImmutableColumn.TestUpdateIgnore/3
I20260812 06:37:20.334297 27056 internal_mini_cluster.cc:156] Creating distributed mini masters. Addrs: 127.26.108.62:34171
I20260812 06:37:20.334597 27056 file_cache.cc:504] Constructed file cache file cache with capacity 419430
W20260812 06:37:20.336262  6882 instance_detector.cc:116] could not retrieve Azure instance metadata: Network error: curl error: HTTP response code said error: The requested URL returned error: 404
W20260812 06:37:20.336354  6880 instance_detector.cc:116] could not retrieve AWS instance metadata: Network error: curl error: HTTP response code said error: The requested URL returned error: 404
W20260812 06:37:20.336460  6884 instance_detector.cc:116] could not retrieve OpenStack instance metadata: Network error: curl error: HTTP response code said error: The requested URL returned error: 404
I20260812 06:37:20.336478 27056 server_base.cc:1061] running on GCE node
I20260812 06:37:20.336684 27056 hybrid_clock.cc:584] initializing the hybrid clock with 'system_unsync' time source
W20260812 06:37:20.336720 27056 system_unsync_time.cc:38] NTP support is disabled. Clock error bounds will not be accurate. This configuration is not suitable for distributed clusters.
I20260812 06:37:20.336740 27056 hybrid_clock.cc:648] HybridClock initialized: now 1786516640336739 us; error 0 us; skew 500 ppm
I20260812 06:37:20.337491 27056 webserver.cc:533] Webserver started at http://127.26.108.62:46377/ using document root <none> and password file <none>
I20260812 06:37:20.337621 27056 fs_manager.cc:362] Metadata directory not provided
I20260812 06:37:20.337671 27056 fs_manager.cc:368] Using write-ahead log directory (fs_wal_dir) as metadata directory
I20260812 06:37:20.337741 27056 server_base.cc:909] This appears to be a new deployment of Kudu; creating new FS layout
I20260812 06:37:20.338109 27056 fs_manager.cc:1068] Generated new instance metadata in path /tmp/dist-test-taskWU6rZy/test-tmp/client-test.0.Params_ClientTestImmutableColumn.TestUpdateIgnore_3.1786516576629129-27056-0/minicluster-data/master-0-root/instance:
uuid: "43ec3d0dffd84670972c62265d3eb09a"
format_stamp: "Formatted at 2026-08-12 06:37:20 on dist-test-slave-5bn2"
I20260812 06:37:20.339498 27056 fs_manager.cc:696] Time spent creating directory manager: real 0.001s	user 0.002s	sys 0.000s
I20260812 06:37:20.340279  6892 log_block_manager.cc:4127] Time spent loading block containers with low live blocks: real 0.000s	user 0.000s	sys 0.000s
I20260812 06:37:20.340512 27056 fs_manager.cc:730] Time spent opening block manager: real 0.001s	user 0.001s	sys 0.000s
I20260812 06:37:20.340579 27056 fs_manager.cc:647] Opened local filesystem: /tmp/dist-test-taskWU6rZy/test-tmp/client-test.0.Params_ClientTestImmutableColumn.TestUpdateIgnore_3.1786516576629129-27056-0/minicluster-data/master-0-root
uuid: "43ec3d0dffd84670972c62265d3eb09a"
format_stamp: "Formatted at 2026-08-12 06:37:20 on dist-test-slave-5bn2"
I20260812 06:37:20.340646 27056 fs_report.cc:389] FS layout report
--------------------
wal directory: /tmp/dist-test-taskWU6rZy/test-tmp/client-test.0.Params_ClientTestImmutableColumn.TestUpdateIgnore_3.1786516576629129-27056-0/minicluster-data/master-0-root
metadata directory: /tmp/dist-test-taskWU6rZy/test-tmp/client-test.0.Params_ClientTestImmutableColumn.TestUpdateIgnore_3.1786516576629129-27056-0/minicluster-data/master-0-root
1 data directories: /tmp/dist-test-taskWU6rZy/test-tmp/client-test.0.Params_ClientTestImmutableColumn.TestUpdateIgnore_3.1786516576629129-27056-0/minicluster-data/master-0-root/data
Total live blocks: 0
Total live bytes: 0
Total live bytes (after alignment): 0
Total number of LBM containers: 0 (0 full)
Did not check for missing blocks
Did not check for orphaned blocks
Total full LBM containers with extra space: 0 (0 repaired)
Total full LBM container extra space in bytes: 0 (0 repaired)
Total incomplete LBM containers: 0 (0 repaired)
Total LBM partial records: 0 (0 repaired)
Total corrupted LBM metadata records in RocksDB: 0 (0 repaired)
I20260812 06:37:20.362982 27056 rpc_server.cc:225] running with OpenSSL 1.1.1  11 Sep 2018
I20260812 06:37:20.363332 27056 kserver.cc:163] Server-wide thread pool size limit: 3276
I20260812 06:37:20.367635 27056 rpc_server.cc:307] RPC server started. Bound to: 127.26.108.62:34171
I20260812 06:37:20.368069  7007 acceptor_pool.cc:272] collecting diagnostics on the listening RPC socket 127.26.108.62:34171 every 8 connection(s)
I20260812 06:37:20.368603  7008 data_dirs.cc:400] Could only allocate 1 dirs of requested 3 for tablet 00000000000000000000000000000000. 1 dirs total, 0 dirs full, 0 dirs failed
I20260812 06:37:20.370312  7008 tablet_bootstrap.cc:492] T 00000000000000000000000000000000 P 43ec3d0dffd84670972c62265d3eb09a: Bootstrap starting.
I20260812 06:37:20.371107  7008 tablet_bootstrap.cc:654] T 00000000000000000000000000000000 P 43ec3d0dffd84670972c62265d3eb09a: Neither blocks nor log segments found. Creating new log.
I20260812 06:37:20.371994  7008 tablet_bootstrap.cc:492] T 00000000000000000000000000000000 P 43ec3d0dffd84670972c62265d3eb09a: No bootstrap required, opened a new log
I20260812 06:37:20.372367  7008 raft_consensus.cc:359] T 00000000000000000000000000000000 P 43ec3d0dffd84670972c62265d3eb09a [term 0 FOLLOWER]: Replica starting. Triggering 0 pending ops. Active config: opid_index: -1 OBSOLETE_local: true peers { permanent_uuid: "43ec3d0dffd84670972c62265d3eb09a" member_type: VOTER }
I20260812 06:37:20.372470  7008 raft_consensus.cc:385] T 00000000000000000000000000000000 P 43ec3d0dffd84670972c62265d3eb09a [term 0 FOLLOWER]: Consensus starting up: Expiring failure detector timer to make a prompt election more likely
I20260812 06:37:20.372502  7008 raft_consensus.cc:740] T 00000000000000000000000000000000 P 43ec3d0dffd84670972c62265d3eb09a [term 0 FOLLOWER]: Becoming Follower/Learner. State: Replica: 43ec3d0dffd84670972c62265d3eb09a, State: Initialized, Role: FOLLOWER
I20260812 06:37:20.372642  7008 consensus_queue.cc:260] T 00000000000000000000000000000000 P 43ec3d0dffd84670972c62265d3eb09a [NON_LEADER]: Queue going to NON_LEADER mode. State: All replicated index: 0, Majority replicated index: 0, Committed index: 0, Last appended: 0.0, Last appended by leader: 0, Current term: 0, Majority size: -1, State: 0, Mode: NON_LEADER, active raft config: opid_index: -1 OBSOLETE_local: true peers { permanent_uuid: "43ec3d0dffd84670972c62265d3eb09a" member_type: VOTER }
I20260812 06:37:20.372725  7008 raft_consensus.cc:399] T 00000000000000000000000000000000 P 43ec3d0dffd84670972c62265d3eb09a [term 0 FOLLOWER]: Only one voter in the Raft config. Triggering election immediately
I20260812 06:37:20.372767  7008 raft_consensus.cc:493] T 00000000000000000000000000000000 P 43ec3d0dffd84670972c62265d3eb09a [term 0 FOLLOWER]: Starting leader election (initial election of a single-replica configuration)
I20260812 06:37:20.372814  7008 raft_consensus.cc:3060] T 00000000000000000000000000000000 P 43ec3d0dffd84670972c62265d3eb09a [term 0 FOLLOWER]: Advancing to term 1
I20260812 06:37:20.373484  7008 raft_consensus.cc:515] T 00000000000000000000000000000000 P 43ec3d0dffd84670972c62265d3eb09a [term 1 FOLLOWER]: Starting leader election with config: opid_index: -1 OBSOLETE_local: true peers { permanent_uuid: "43ec3d0dffd84670972c62265d3eb09a" member_type: VOTER }
I20260812 06:37:20.373608  7008 leader_election.cc:304] T 00000000000000000000000000000000 P 43ec3d0dffd84670972c62265d3eb09a [CANDIDATE]: Term 1 election: Election decided. Result: candidate won. Election summary: received 1 responses out of 1 voters: 1 yes votes; 0 no votes. yes voters: 43ec3d0dffd84670972c62265d3eb09a; no voters: 
I20260812 06:37:20.373778  7008 leader_election.cc:290] T 00000000000000000000000000000000 P 43ec3d0dffd84670972c62265d3eb09a [CANDIDATE]: Term 1 election: Requested vote from peers 
I20260812 06:37:20.373865  7014 raft_consensus.cc:2804] T 00000000000000000000000000000000 P 43ec3d0dffd84670972c62265d3eb09a [term 1 FOLLOWER]: Leader election won for term 1
I20260812 06:37:20.374054  7014 raft_consensus.cc:697] T 00000000000000000000000000000000 P 43ec3d0dffd84670972c62265d3eb09a [term 1 LEADER]: Becoming Leader. State: Replica: 43ec3d0dffd84670972c62265d3eb09a, State: Running, Role: LEADER
I20260812 06:37:20.374179  7014 consensus_queue.cc:237] T 00000000000000000000000000000000 P 43ec3d0dffd84670972c62265d3eb09a [LEADER]: Queue going to LEADER mode. State: All replicated index: 0, Majority replicated index: 0, Committed index: 0, Last appended: 0.0, Last appended by leader: 0, Current term: 1, Majority size: 1, State: 0, Mode: LEADER, active raft config: opid_index: -1 OBSOLETE_local: true peers { permanent_uuid: "43ec3d0dffd84670972c62265d3eb09a" member_type: VOTER }
I20260812 06:37:20.374185  7008 sys_catalog.cc:565] T 00000000000000000000000000000000 P 43ec3d0dffd84670972c62265d3eb09a [sys.catalog]: configured and running, proceeding with master startup.
I20260812 06:37:20.374568  7015 sys_catalog.cc:455] T 00000000000000000000000000000000 P 43ec3d0dffd84670972c62265d3eb09a [sys.catalog]: SysCatalogTable state changed. Reason: RaftConsensus started. Latest consensus state: current_term: 1 leader_uuid: "43ec3d0dffd84670972c62265d3eb09a" committed_config { opid_index: -1 OBSOLETE_local: true peers { permanent_uuid: "43ec3d0dffd84670972c62265d3eb09a" member_type: VOTER } }
I20260812 06:37:20.374670  7015 sys_catalog.cc:458] T 00000000000000000000000000000000 P 43ec3d0dffd84670972c62265d3eb09a [sys.catalog]: This master's current role is: LEADER
I20260812 06:37:20.374583  7016 sys_catalog.cc:455] T 00000000000000000000000000000000 P 43ec3d0dffd84670972c62265d3eb09a [sys.catalog]: SysCatalogTable state changed. Reason: New leader 43ec3d0dffd84670972c62265d3eb09a. Latest consensus state: current_term: 1 leader_uuid: "43ec3d0dffd84670972c62265d3eb09a" committed_config { opid_index: -1 OBSOLETE_local: true peers { permanent_uuid: "43ec3d0dffd84670972c62265d3eb09a" member_type: VOTER } }
I20260812 06:37:20.374876  7016 sys_catalog.cc:458] T 00000000000000000000000000000000 P 43ec3d0dffd84670972c62265d3eb09a [sys.catalog]: This master's current role is: LEADER
I20260812 06:37:20.375253  7023 catalog_manager.cc:1511] Loading table and tablet metadata into memory...
I20260812 06:37:20.375984  7023 catalog_manager.cc:1520] Initializing Kudu cluster ID...
I20260812 06:37:20.376133 27056 internal_mini_cluster.cc:184] Waiting to initialize catalog manager on master 0
I20260812 06:37:20.377669  7023 catalog_manager.cc:1383] Generated new cluster ID: 20a33c42e6c5470d84d2d8edf5821a20
I20260812 06:37:20.377722  7023 catalog_manager.cc:1531] Initializing Kudu internal certificate authority...
I20260812 06:37:20.397789  7023 catalog_manager.cc:1406] Generated new certificate authority record
I20260812 06:37:20.398438  7023 catalog_manager.cc:1540] Loading token signing keys...
I20260812 06:37:20.408953  7023 catalog_manager.cc:6092] T 00000000000000000000000000000000 P 43ec3d0dffd84670972c62265d3eb09a: Generated new TSK 0
I20260812 06:37:20.409116  7023 catalog_manager.cc:1550] Initializing in-progress tserver states...
I20260812 06:37:20.440708 27056 file_cache.cc:504] Constructed file cache file cache with capacity 419430
W20260812 06:37:20.442672  7047 instance_detector.cc:116] could not retrieve Azure instance metadata: Network error: curl error: HTTP response code said error: The requested URL returned error: 404
I20260812 06:37:20.442838 27056 server_base.cc:1061] running on GCE node
W20260812 06:37:20.442907  7045 instance_detector.cc:116] could not retrieve AWS instance metadata: Network error: curl error: HTTP response code said error: The requested URL returned error: 404
W20260812 06:37:20.443032  7051 instance_detector.cc:116] could not retrieve OpenStack instance metadata: Network error: curl error: HTTP response code said error: The requested URL returned error: 404
I20260812 06:37:20.443202 27056 hybrid_clock.cc:584] initializing the hybrid clock with 'system_unsync' time source
W20260812 06:37:20.443259 27056 system_unsync_time.cc:38] NTP support is disabled. Clock error bounds will not be accurate. This configuration is not suitable for distributed clusters.
I20260812 06:37:20.443284 27056 hybrid_clock.cc:648] HybridClock initialized: now 1786516640443284 us; error 0 us; skew 500 ppm
I20260812 06:37:20.444228 27056 webserver.cc:533] Webserver started at http://127.26.108.1:39315/ using document root <none> and password file <none>
I20260812 06:37:20.444389 27056 fs_manager.cc:362] Metadata directory not provided
I20260812 06:37:20.444447 27056 fs_manager.cc:368] Using write-ahead log directory (fs_wal_dir) as metadata directory
I20260812 06:37:20.444533 27056 server_base.cc:909] This appears to be a new deployment of Kudu; creating new FS layout
I20260812 06:37:20.444954 27056 fs_manager.cc:1068] Generated new instance metadata in path /tmp/dist-test-taskWU6rZy/test-tmp/client-test.0.Params_ClientTestImmutableColumn.TestUpdateIgnore_3.1786516576629129-27056-0/minicluster-data/ts-0-root/instance:
uuid: "a2243d31fdd64bdab6c3fc9cbbe082f1"
format_stamp: "Formatted at 2026-08-12 06:37:20 on dist-test-slave-5bn2"
I20260812 06:37:20.446460 27056 fs_manager.cc:696] Time spent creating directory manager: real 0.001s	user 0.002s	sys 0.000s
I20260812 06:37:20.447379  7059 log_block_manager.cc:4127] Time spent loading block containers with low live blocks: real 0.000s	user 0.000s	sys 0.000s
I20260812 06:37:20.447582 27056 fs_manager.cc:730] Time spent opening block manager: real 0.001s	user 0.000s	sys 0.000s
I20260812 06:37:20.447656 27056 fs_manager.cc:647] Opened local filesystem: /tmp/dist-test-taskWU6rZy/test-tmp/client-test.0.Params_ClientTestImmutableColumn.TestUpdateIgnore_3.1786516576629129-27056-0/minicluster-data/ts-0-root
uuid: "a2243d31fdd64bdab6c3fc9cbbe082f1"
format_stamp: "Formatted at 2026-08-12 06:37:20 on dist-test-slave-5bn2"
I20260812 06:37:20.447727 27056 fs_report.cc:389] FS layout report
--------------------
wal directory: /tmp/dist-test-taskWU6rZy/test-tmp/client-test.0.Params_ClientTestImmutableColumn.TestUpdateIgnore_3.1786516576629129-27056-0/minicluster-data/ts-0-root
metadata directory: /tmp/dist-test-taskWU6rZy/test-tmp/client-test.0.Params_ClientTestImmutableColumn.TestUpdateIgnore_3.1786516576629129-27056-0/minicluster-data/ts-0-root
1 data directories: /tmp/dist-test-taskWU6rZy/test-tmp/client-test.0.Params_ClientTestImmutableColumn.TestUpdateIgnore_3.1786516576629129-27056-0/minicluster-data/ts-0-root/data
Total live blocks: 0
Total live bytes: 0
Total live bytes (after alignment): 0
Total number of LBM containers: 0 (0 full)
Did not check for missing blocks
Did not check for orphaned blocks
Total full LBM containers with extra space: 0 (0 repaired)
Total full LBM container extra space in bytes: 0 (0 repaired)
Total incomplete LBM containers: 0 (0 repaired)
Total LBM partial records: 0 (0 repaired)
Total corrupted LBM metadata records in RocksDB: 0 (0 repaired)
I20260812 06:37:20.461501 27056 rpc_server.cc:225] running with OpenSSL 1.1.1  11 Sep 2018
I20260812 06:37:20.461854 27056 kserver.cc:163] Server-wide thread pool size limit: 3276
I20260812 06:37:20.462670 27056 ts_tablet_manager.cc:585] Loaded tablet metadata (0 total tablets, 0 live tablets)
I20260812 06:37:20.462728 27056 ts_tablet_manager.cc:531] Time spent load tablet metadata: real 0.000s	user 0.000s	sys 0.000s
I20260812 06:37:20.462781 27056 ts_tablet_manager.cc:616] Registered 0 tablets
