I20260812 06:36:59.029740 13176 leader_election.cc:290] T 2cd3bf4d446147de95e618239dd3074c P a60c871d36ed4e6ea4b74231f1414739 [CANDIDATE]: Term 14 election: Requested vote from peers 9f32be8bb322423eaa290fd71a8baf10 (127.7.212.194:34921), 89c37a5fdd994ff58d6a23cdafbc6209 (127.7.212.195:40613), d12989a6d0f445359c9b09b7ce6cb578 (127.7.212.198:35139), 1adfc3d9d367476090a9513b769ac76a (127.7.212.196:38991), c74db17d01e8469fadd613ce468bbc60 (127.7.212.199:34285), 9e8291da04bf4d8dafd875d0dfe291f0 (127.7.212.193:37797)
I20260812 06:36:59.029933 13327 tablet_service.cc:1917] Received RequestConsensusVote() RPC: tablet_id: "2cd3bf4d446147de95e618239dd3074c" candidate_uuid: "a60c871d36ed4e6ea4b74231f1414739" candidate_term: 14 candidate_status { last_received { term: 12 index: 51 } } ignore_live_leader: false dest_uuid: "89c37a5fdd994ff58d6a23cdafbc6209"
I20260812 06:36:59.029951 12133 tablet_service.cc:1917] Received RequestConsensusVote() RPC: tablet_id: "2cd3bf4d446147de95e618239dd3074c" candidate_uuid: "a60c871d36ed4e6ea4b74231f1414739" candidate_term: 14 candidate_status { last_received { term: 12 index: 51 } } ignore_live_leader: false dest_uuid: "9f32be8bb322423eaa290fd71a8baf10"
I20260812 06:36:59.030010 12981 tablet_service.cc:1917] Received RequestConsensusVote() RPC: tablet_id: "2cd3bf4d446147de95e618239dd3074c" candidate_uuid: "a60c871d36ed4e6ea4b74231f1414739" candidate_term: 14 candidate_status { last_received { term: 12 index: 51 } } ignore_live_leader: false dest_uuid: "1adfc3d9d367476090a9513b769ac76a"
I20260812 06:36:59.030054 13327 raft_consensus.cc:3060] T 2cd3bf4d446147de95e618239dd3074c P 89c37a5fdd994ff58d6a23cdafbc6209 [term 13 FOLLOWER]: Advancing to term 14
I20260812 06:36:59.030076 12133 raft_consensus.cc:3060] T 2cd3bf4d446147de95e618239dd3074c P 9f32be8bb322423eaa290fd71a8baf10 [term 13 FOLLOWER]: Advancing to term 14
I20260812 06:36:59.030119 12981 raft_consensus.cc:3060] T 2cd3bf4d446147de95e618239dd3074c P 1adfc3d9d367476090a9513b769ac76a [term 13 FOLLOWER]: Advancing to term 14
I20260812 06:36:59.030220  8330 tablet_service.cc:1917] Received RequestConsensusVote() RPC: tablet_id: "2cd3bf4d446147de95e618239dd3074c" candidate_uuid: "a60c871d36ed4e6ea4b74231f1414739" candidate_term: 14 candidate_status { last_received { term: 12 index: 51 } } ignore_live_leader: false dest_uuid: "9e8291da04bf4d8dafd875d0dfe291f0"
I20260812 06:36:59.030331  8330 raft_consensus.cc:3060] T 2cd3bf4d446147de95e618239dd3074c P 9e8291da04bf4d8dafd875d0dfe291f0 [term 13 FOLLOWER]: Advancing to term 14
I20260812 06:36:59.031131 12133 raft_consensus.cc:2468] T 2cd3bf4d446147de95e618239dd3074c P 9f32be8bb322423eaa290fd71a8baf10 [term 14 FOLLOWER]: Leader election vote request: Granting yes vote for candidate a60c871d36ed4e6ea4b74231f1414739 in term 14.
I20260812 06:36:59.031144 13327 raft_consensus.cc:2468] T 2cd3bf4d446147de95e618239dd3074c P 89c37a5fdd994ff58d6a23cdafbc6209 [term 14 FOLLOWER]: Leader election vote request: Granting yes vote for candidate a60c871d36ed4e6ea4b74231f1414739 in term 14.
I20260812 06:36:59.031144 12981 raft_consensus.cc:2468] T 2cd3bf4d446147de95e618239dd3074c P 1adfc3d9d367476090a9513b769ac76a [term 14 FOLLOWER]: Leader election vote request: Granting yes vote for candidate a60c871d36ed4e6ea4b74231f1414739 in term 14.
I20260812 06:36:59.031354  8330 raft_consensus.cc:2468] T 2cd3bf4d446147de95e618239dd3074c P 9e8291da04bf4d8dafd875d0dfe291f0 [term 14 FOLLOWER]: Leader election vote request: Granting yes vote for candidate a60c871d36ed4e6ea4b74231f1414739 in term 14.
I20260812 06:36:59.031488  9510 tablet_service.cc:1917] Received RequestConsensusVote() RPC: tablet_id: "2cd3bf4d446147de95e618239dd3074c" candidate_uuid: "a60c871d36ed4e6ea4b74231f1414739" candidate_term: 14 candidate_status { last_received { term: 12 index: 51 } } ignore_live_leader: false dest_uuid: "d12989a6d0f445359c9b09b7ce6cb578"
I20260812 06:36:59.031636  9510 raft_consensus.cc:3060] T 2cd3bf4d446147de95e618239dd3074c P d12989a6d0f445359c9b09b7ce6cb578 [term 13 FOLLOWER]: Advancing to term 14
I20260812 06:36:59.031863 11308 tablet_service.cc:1917] Received RequestConsensusVote() RPC: tablet_id: "2cd3bf4d446147de95e618239dd3074c" candidate_uuid: "a60c871d36ed4e6ea4b74231f1414739" candidate_term: 14 candidate_status { last_received { term: 12 index: 51 } } ignore_live_leader: false dest_uuid: "c74db17d01e8469fadd613ce468bbc60"
I20260812 06:36:59.031890 10678 leader_election.cc:304] T 2cd3bf4d446147de95e618239dd3074c P a60c871d36ed4e6ea4b74231f1414739 [CANDIDATE]: Term 14 election: Election decided. Result: candidate won. Election summary: received 4 responses out of 7 voters: 4 yes votes; 0 no votes. yes voters: 1adfc3d9d367476090a9513b769ac76a, 89c37a5fdd994ff58d6a23cdafbc6209, 9f32be8bb322423eaa290fd71a8baf10, a60c871d36ed4e6ea4b74231f1414739; no voters: 
I20260812 06:36:59.031980 11308 raft_consensus.cc:3060] T 2cd3bf4d446147de95e618239dd3074c P c74db17d01e8469fadd613ce468bbc60 [term 13 FOLLOWER]: Advancing to term 14
I20260812 06:36:59.032420 13176 raft_consensus.cc:2804] T 2cd3bf4d446147de95e618239dd3074c P a60c871d36ed4e6ea4b74231f1414739 [term 14 FOLLOWER]: Leader election won for term 14
I20260812 06:36:59.032613 13176 raft_consensus.cc:697] T 2cd3bf4d446147de95e618239dd3074c P a60c871d36ed4e6ea4b74231f1414739 [term 14 LEADER]: Becoming Leader. State: Replica: a60c871d36ed4e6ea4b74231f1414739, State: Running, Role: LEADER
I20260812 06:36:59.032797  9510 raft_consensus.cc:2468] T 2cd3bf4d446147de95e618239dd3074c P d12989a6d0f445359c9b09b7ce6cb578 [term 14 FOLLOWER]: Leader election vote request: Granting yes vote for candidate a60c871d36ed4e6ea4b74231f1414739 in term 14.
I20260812 06:36:59.033051 11308 raft_consensus.cc:2468] T 2cd3bf4d446147de95e618239dd3074c P c74db17d01e8469fadd613ce468bbc60 [term 14 FOLLOWER]: Leader election vote request: Granting yes vote for candidate a60c871d36ed4e6ea4b74231f1414739 in term 14.
I20260812 06:36:59.033023 13176 consensus_queue.cc:237] T 2cd3bf4d446147de95e618239dd3074c P a60c871d36ed4e6ea4b74231f1414739 [LEADER]: Queue going to LEADER mode. State: All replicated index: 0, Majority replicated index: 41, Committed index: 41, Last appended: 12.51, Last appended by leader: 51, Current term: 14, Majority size: 4, State: 0, Mode: LEADER, active raft config: opid_index: -1 OBSOLETE_local: false peers { permanent_uuid: "9f32be8bb322423eaa290fd71a8baf10" member_type: VOTER last_known_addr { host: "127.7.212.194" port: 34921 } } peers { permanent_uuid: "a60c871d36ed4e6ea4b74231f1414739" member_type: VOTER last_known_addr { host: "127.7.212.197" port: 41571 } } peers { permanent_uuid: "89c37a5fdd994ff58d6a23cdafbc6209" member_type: VOTER last_known_addr { host: "127.7.212.195" port: 40613 } } peers { permanent_uuid: "d12989a6d0f445359c9b09b7ce6cb578" member_type: VOTER last_known_addr { host: "127.7.212.198" port: 35139 } } peers { permanent_uuid: "1adfc3d9d367476090a9513b769ac76a" member_type: VOTER last_known_addr { host: "127.7.212.196" port: 38991 } } peers { permanent_uuid: "c74db17d01e8469fadd613ce468bbc60" member_type: VOTER last_known_addr { host: "127.7.212.199" port: 34285 } } peers { permanent_uuid: "9e8291da04bf4d8dafd875d0dfe291f0" member_type: VOTER last_known_addr { host: "127.7.212.193" port: 37797 } }
W20260812 06:36:59.034564 13111 log.cc:510] T 2cd3bf4d446147de95e618239dd3074c P a60c871d36ed4e6ea4b74231f1414739: Injecting 75ms of latency in SegmentAllocator::Sync()
I20260812 06:36:59.035873  8077 catalog_manager.cc:5719] T 2cd3bf4d446147de95e618239dd3074c P a60c871d36ed4e6ea4b74231f1414739 reported cstate change: term changed from 12 to 14, leader changed from 89c37a5fdd994ff58d6a23cdafbc6209 (127.7.212.195) to a60c871d36ed4e6ea4b74231f1414739 (127.7.212.197). New cstate: current_term: 14 leader_uuid: "a60c871d36ed4e6ea4b74231f1414739" committed_config { opid_index: -1 OBSOLETE_local: false peers { permanent_uuid: "9f32be8bb322423eaa290fd71a8baf10" member_type: VOTER last_known_addr { host: "127.7.212.194" port: 34921 } health_report { overall_health: UNKNOWN } } peers { permanent_uuid: "a60c871d36ed4e6ea4b74231f1414739" member_type: VOTER last_known_addr { host: "127.7.212.197" port: 41571 } health_report { overall_health: HEALTHY } } peers { permanent_uuid: "89c37a5fdd994ff58d6a23cdafbc6209" member_type: VOTER last_known_addr { host: "127.7.212.195" port: 40613 } health_report { overall_health: UNKNOWN } } peers { permanent_uuid: "d12989a6d0f445359c9b09b7ce6cb578" member_type: VOTER last_known_addr { host: "127.7.212.198" port: 35139 } health_report { overall_health: UNKNOWN } } peers { permanent_uuid: "1adfc3d9d367476090a9513b769ac76a" member_type: VOTER last_known_addr { host: "127.7.212.196" port: 38991 } health_report { overall_health: UNKNOWN } } peers { permanent_uuid: "c74db17d01e8469fadd613ce468bbc60" member_type: VOTER last_known_addr { host: "127.7.212.199" port: 34285 } health_report { overall_health: UNKNOWN } } peers { permanent_uuid: "9e8291da04bf4d8dafd875d0dfe291f0" member_type: VOTER last_known_addr { host: "127.7.212.193" port: 37797 } health_report { overall_health: UNKNOWN } } }
W20260812 06:36:59.042347  8256 tablet_service.cc:731] failed op from {username='slave'} at 127.0.0.1:54898: Illegal state: replica 9e8291da04bf4d8dafd875d0dfe291f0 is not leader of this config: current role FOLLOWER
W20260812 06:36:59.048542  8256 tablet_service.cc:731] failed op from {username='slave'} at 127.0.0.1:54898: Illegal state: replica 9e8291da04bf4d8dafd875d0dfe291f0 is not leader of this config: current role FOLLOWER
W20260812 06:36:59.052899  8256 tablet_service.cc:731] failed op from {username='slave'} at 127.0.0.1:54898: Illegal state: replica 9e8291da04bf4d8dafd875d0dfe291f0 is not leader of this config: current role FOLLOWER
W20260812 06:36:59.055619 13176 fault_injection.cc:43] FAULT INJECTION ENABLED!
W20260812 06:36:59.055682 13176 fault_injection.cc:44] THIS SERVER MAY CRASH!
I20260812 06:36:59.056605  8330 raft_consensus.cc:1275] T 2cd3bf4d446147de95e618239dd3074c P 9e8291da04bf4d8dafd875d0dfe291f0 [term 14 FOLLOWER]: Refusing update from remote peer a60c871d36ed4e6ea4b74231f1414739: Log matching property violated. Preceding OpId in replica: term: 12 index: 40. Preceding OpId from leader: term: 14 index: 53. (index mismatch)
I20260812 06:36:59.056728 12981 raft_consensus.cc:1275] T 2cd3bf4d446147de95e618239dd3074c P 1adfc3d9d367476090a9513b769ac76a [term 14 FOLLOWER]: Refusing update from remote peer a60c871d36ed4e6ea4b74231f1414739: Log matching property violated. Preceding OpId in replica: term: 12 index: 49. Preceding OpId from leader: term: 14 index: 53. (index mismatch)
I20260812 06:36:59.056900 12133 raft_consensus.cc:1275] T 2cd3bf4d446147de95e618239dd3074c P 9f32be8bb322423eaa290fd71a8baf10 [term 14 FOLLOWER]: Refusing update from remote peer a60c871d36ed4e6ea4b74231f1414739: Log matching property violated. Preceding OpId in replica: term: 12 index: 51. Preceding OpId from leader: term: 14 index: 53. (index mismatch)
I20260812 06:36:59.057379 11308 raft_consensus.cc:1275] T 2cd3bf4d446147de95e618239dd3074c P c74db17d01e8469fadd613ce468bbc60 [term 14 FOLLOWER]: Refusing update from remote peer a60c871d36ed4e6ea4b74231f1414739: Log matching property violated. Preceding OpId in replica: term: 12 index: 40. Preceding OpId from leader: term: 14 index: 53. (index mismatch)
I20260812 06:36:59.057425  9510 raft_consensus.cc:1275] T 2cd3bf4d446147de95e618239dd3074c P d12989a6d0f445359c9b09b7ce6cb578 [term 14 FOLLOWER]: Refusing update from remote peer a60c871d36ed4e6ea4b74231f1414739: Log matching property violated. Preceding OpId in replica: term: 12 index: 49. Preceding OpId from leader: term: 14 index: 53. (index mismatch)
I20260812 06:36:59.057580 13327 raft_consensus.cc:1275] T 2cd3bf4d446147de95e618239dd3074c P 89c37a5fdd994ff58d6a23cdafbc6209 [term 14 FOLLOWER]: Refusing update from remote peer a60c871d36ed4e6ea4b74231f1414739: Log matching property violated. Preceding OpId in replica: term: 12 index: 51. Preceding OpId from leader: term: 14 index: 53. (index mismatch)
I20260812 06:36:59.058010 13176 consensus_queue.cc:1048] T 2cd3bf4d446147de95e618239dd3074c P a60c871d36ed4e6ea4b74231f1414739 [LEADER]: Connected to new peer: Peer: permanent_uuid: "c74db17d01e8469fadd613ce468bbc60" member_type: VOTER last_known_addr { host: "127.7.212.199" port: 34285 }, Status: LMP_MISMATCH, Last received: 0.0, Next index: 52, Last known committed idx: 39, Time since last communication: 0.000s
I20260812 06:36:59.058193 13480 consensus_queue.cc:1048] T 2cd3bf4d446147de95e618239dd3074c P a60c871d36ed4e6ea4b74231f1414739 [LEADER]: Connected to new peer: Peer: permanent_uuid: "9e8291da04bf4d8dafd875d0dfe291f0" member_type: VOTER last_known_addr { host: "127.7.212.193" port: 37797 }, Status: LMP_MISMATCH, Last received: 0.0, Next index: 52, Last known committed idx: 39, Time since last communication: 0.000s
I20260812 06:36:59.058363 13494 consensus_queue.cc:1048] T 2cd3bf4d446147de95e618239dd3074c P a60c871d36ed4e6ea4b74231f1414739 [LEADER]: Connected to new peer: Peer: permanent_uuid: "89c37a5fdd994ff58d6a23cdafbc6209" member_type: VOTER last_known_addr { host: "127.7.212.195" port: 40613 }, Status: LMP_MISMATCH, Last received: 0.0, Next index: 52, Last known committed idx: 42, Time since last communication: 0.000s
I20260812 06:36:59.058633 13480 consensus_queue.cc:1048] T 2cd3bf4d446147de95e618239dd3074c P a60c871d36ed4e6ea4b74231f1414739 [LEADER]: Connected to new peer: Peer: permanent_uuid: "1adfc3d9d367476090a9513b769ac76a" member_type: VOTER last_known_addr { host: "127.7.212.196" port: 38991 }, Status: LMP_MISMATCH, Last received: 0.0, Next index: 52, Last known committed idx: 39, Time since last communication: 0.000s
I20260812 06:36:59.058750 13489 consensus_queue.cc:1048] T 2cd3bf4d446147de95e618239dd3074c P a60c871d36ed4e6ea4b74231f1414739 [LEADER]: Connected to new peer: Peer: permanent_uuid: "d12989a6d0f445359c9b09b7ce6cb578" member_type: VOTER last_known_addr { host: "127.7.212.198" port: 35139 }, Status: LMP_MISMATCH, Last received: 0.0, Next index: 52, Last known committed idx: 39, Time since last communication: 0.000s
I20260812 06:36:59.058890 13490 consensus_queue.cc:1048] T 2cd3bf4d446147de95e618239dd3074c P a60c871d36ed4e6ea4b74231f1414739 [LEADER]: Connected to new peer: Peer: permanent_uuid: "9f32be8bb322423eaa290fd71a8baf10" member_type: VOTER last_known_addr { host: "127.7.212.194" port: 34921 }, Status: LMP_MISMATCH, Last received: 0.0, Next index: 52, Last known committed idx: 42, Time since last communication: 0.000s
W20260812 06:36:59.061954 13506 log.cc:510] T 2cd3bf4d446147de95e618239dd3074c P 89c37a5fdd994ff58d6a23cdafbc6209: Injecting 70ms of latency in SegmentAllocator::Sync()
W20260812 06:36:59.063382 11928 log.cc:510] T 2cd3bf4d446147de95e618239dd3074c P d12989a6d0f445359c9b09b7ce6cb578: Injecting 134ms of latency in SegmentAllocator::Sync()
W20260812 06:36:59.065881 13104 log.cc:510] T 2cd3bf4d446147de95e618239dd3074c P c74db17d01e8469fadd613ce468bbc60: Injecting 90ms of latency in SegmentAllocator::Sync()
W20260812 06:36:59.066100 11430 log.cc:510] T 2cd3bf4d446147de95e618239dd3074c P 9e8291da04bf4d8dafd875d0dfe291f0: Injecting 181ms of latency in SegmentAllocator::Sync()
W20260812 06:36:59.069952 13106 log.cc:510] T 2cd3bf4d446147de95e618239dd3074c P 1adfc3d9d367476090a9513b769ac76a: Injecting 74ms of latency in SegmentAllocator::Sync()
E20260812 06:36:59.091457 13480 fault_injection.cc:59] injecting fault for kudu (pid 10651): FLAGS_fault_crash_on_leader_request_fraction (process will exit)
W20260812 06:36:59.114368  9818 connection.cc:573] client connection to 127.7.212.197:41571 recv error: Network error: recv error from unknown peer: Transport endpoint is not connected (error 107)
I20260812 06:36:59.114567  9944 meta_cache.cc:1510] marking tablet server a60c871d36ed4e6ea4b74231f1414739 (127.7.212.197:41571) as failed
I20260812 06:36:59.120076  8019 ts_itest-base.cc:575] TS 4 appears to have crashed. Restarting.
I20260812 06:36:59.120498  8019 external_mini_cluster.cc:1372] Running /tmp/dist-test-task0q5Kdv/build/debug/bin/kudu
/tmp/dist-test-task0q5Kdv/build/debug/bin/kudu
--fs_wal_dir=/tmp/dist-test-task0q5Kdv/test-tmp/raft_consensus-itest.5.RaftConsensusITest.InsertUniqueKeysWithCrashyNodes.1786516611938192-8019-0/raft_consensus-itest-crashy-nodes-cluster/ts-4/wal
--fs_data_dirs=/tmp/dist-test-task0q5Kdv/test-tmp/raft_consensus-itest.5.RaftConsensusITest.InsertUniqueKeysWithCrashyNodes.1786516611938192-8019-0/raft_consensus-itest-crashy-nodes-cluster/ts-4/data
--block_manager=log
--webserver_interface=localhost
--never_fsync
--enable_minidumps=false
--redact=none
--metrics_log_interval_ms=1000
--log_dir=/tmp/dist-test-task0q5Kdv/test-tmp/raft_consensus-itest.5.RaftConsensusITest.InsertUniqueKeysWithCrashyNodes.1786516611938192-8019-0/raft_consensus-itest-crashy-nodes-cluster/ts-4/logs
--server_dump_info_path=/tmp/dist-test-task0q5Kdv/test-tmp/raft_consensus-itest.5.RaftConsensusITest.InsertUniqueKeysWithCrashyNodes.1786516611938192-8019-0/raft_consensus-itest-crashy-nodes-cluster/ts-4/data/info.pb
--server_dump_info_format=pb
--rpc_server_allow_ephemeral_ports
--unlock_experimental_flags
--unlock_unsafe_flags
--logtostderr
--logbuflevel=-1
--ipki_server_key_size=768
--openssl_security_level_override=0
tserver
run
--rpc_bind_addresses=127.7.212.197:41571
--local_ip_for_outbound_sockets=127.7.212.197
--tserver_master_addrs=127.7.212.254:33393
--webserver_port=33771
--webserver_interface=127.7.212.197
--builtin_ntp_servers=127.7.212.212:35403
--builtin_ntp_poll_interval_ms=100
--ntp_initial_sync_wait_secs=10
--time_source=builtin
--fault_crash_on_leader_request_fraction=0.05
--log_inject_latency
--log_inject_latency_ms_mean=30
--log_inject_latency_ms_stddev=60
--raft_heartbeat_interval_ms=100
--log_preallocate_segments=false with env {}
W20260812 06:36:59.132725 13218 connection.cc:466] server connection from 127.7.212.197:41159 torn down before Call kudu.consensus.ConsensusService.UpdateConsensus from 127.7.212.197:41159 (request call id 5) could send its response
W20260812 06:36:59.144590 12855 connection.cc:466] server connection from 127.7.212.197:47211 torn down before Call kudu.consensus.ConsensusService.UpdateConsensus from 127.7.212.197:47211 (request call id 6) could send its response
W20260812 06:36:59.156136 12034 tablet_service.cc:731] failed op from {username='slave'} at 127.0.0.1:57194: Illegal state: replica 9f32be8bb322423eaa290fd71a8baf10 is not leader of this config: current role FOLLOWER
W20260812 06:36:59.156591 11173 connection.cc:466] server connection from 127.7.212.197:49855 torn down before Call kudu.consensus.ConsensusService.UpdateConsensus from 127.7.212.197:49855 (request call id 6) could send its response
W20260812 06:36:59.198043  9387 connection.cc:466] server connection from 127.7.212.197:54499 torn down before Call kudu.consensus.ConsensusService.UpdateConsensus from 127.7.212.197:54499 (request call id 6) could send its response
W20260812 06:36:59.199105 13254 tablet_service.cc:731] failed op from {username='slave'} at 127.0.0.1:41114: Illegal state: replica 89c37a5fdd994ff58d6a23cdafbc6209 is not leader of this config: current role FOLLOWER
W20260812 06:36:59.199097 13262 tablet_service.cc:731] failed op from {username='slave'} at 127.0.0.1:41114: Illegal state: replica 89c37a5fdd994ff58d6a23cdafbc6209 is not leader of this config: current role FOLLOWER
W20260812 06:36:59.200399 13262 tablet_service.cc:731] failed op from {username='slave'} at 127.0.0.1:41114: Illegal state: replica 89c37a5fdd994ff58d6a23cdafbc6209 is not leader of this config: current role FOLLOWER
W20260812 06:36:59.200400 13254 tablet_service.cc:731] failed op from {username='slave'} at 127.0.0.1:41114: Illegal state: replica 89c37a5fdd994ff58d6a23cdafbc6209 is not leader of this config: current role FOLLOWER
W20260812 06:36:59.232734 13529 flags.cc:432] Enabled unsafe flag: --fault_crash_on_leader_request_fraction=0.050000000000000003
W20260812 06:36:59.232985 13529 flags.cc:432] Enabled unsafe flag: --log_inject_latency=true
W20260812 06:36:59.233016 13529 flags.cc:432] Enabled unsafe flag: --log_inject_latency_ms_mean=30
W20260812 06:36:59.233053 13529 flags.cc:432] Enabled unsafe flag: --log_inject_latency_ms_stddev=60
W20260812 06:36:59.233122 13529 flags.cc:432] Enabled unsafe flag: --openssl_security_level_override=0
W20260812 06:36:59.233172 13529 flags.cc:432] Enabled unsafe flag: --rpc_server_allow_ephemeral_ports=true
W20260812 06:36:59.233253 13529 flags.cc:432] Enabled unsafe flag: --never_fsync=true
W20260812 06:36:59.236490 13529 flags.cc:432] Enabled experimental flag: --ipki_server_key_size=768
W20260812 06:36:59.236653 13529 flags.cc:432] Enabled experimental flag: --local_ip_for_outbound_sockets=127.7.212.197
I20260812 06:36:59.240682 13529 tablet_server_runner.cc:78] Tablet server non-default flags:
--log_dir=/tmp/dist-test-task0q5Kdv/test-tmp/raft_consensus-itest.5.RaftConsensusITest.InsertUniqueKeysWithCrashyNodes.1786516611938192-8019-0/raft_consensus-itest-crashy-nodes-cluster/ts-4/logs
--logbuflevel=-1
--logtostderr=true
--builtin_ntp_poll_interval_ms=100
--builtin_ntp_servers=127.7.212.212:35403
--ntp_initial_sync_wait_secs=10
--time_source=builtin
--fault_crash_on_leader_request_fraction=0.050000000000000003
--log_inject_latency=true
--log_inject_latency_ms_mean=30
--log_inject_latency_ms_stddev=60
--log_preallocate_segments=false
--raft_heartbeat_interval_ms=100
--fs_data_dirs=/tmp/dist-test-task0q5Kdv/test-tmp/raft_consensus-itest.5.RaftConsensusITest.InsertUniqueKeysWithCrashyNodes.1786516611938192-8019-0/raft_consensus-itest-crashy-nodes-cluster/ts-4/data
--fs_wal_dir=/tmp/dist-test-task0q5Kdv/test-tmp/raft_consensus-itest.5.RaftConsensusITest.InsertUniqueKeysWithCrashyNodes.1786516611938192-8019-0/raft_consensus-itest-crashy-nodes-cluster/ts-4/wal
--ipki_server_key_size=768
--openssl_security_level_override=0
--rpc_bind_addresses=127.7.212.197:41571
--rpc_server_allow_ephemeral_ports=true
--metrics_log_interval_ms=1000
--server_dump_info_format=pb
--server_dump_info_path=/tmp/dist-test-task0q5Kdv/test-tmp/raft_consensus-itest.5.RaftConsensusITest.InsertUniqueKeysWithCrashyNodes.1786516611938192-8019-0/raft_consensus-itest-crashy-nodes-cluster/ts-4/data/info.pb
--webserver_interface=127.7.212.197
--webserver_port=33771
--tserver_master_addrs=127.7.212.254:33393
--never_fsync=true
--heap_profile_path=/tmp/kudu.13529
--redact=none
--unlock_experimental_flags=true
--unlock_unsafe_flags=true
--enable_minidumps=false
--local_ip_for_outbound_sockets=127.7.212.197

Tablet server version:
kudu 1.19.0-SNAPSHOT
revision 70c51312f1186a8ae9f46647160b7730123f7601-dirty
build type DEBUG
built by None at 12 Aug 2026 06:06:26 UTC on 39be9dd7121a
W20260812 06:36:59.241298 12034 tablet_service.cc:731] failed op from {username='slave'} at 127.0.0.1:57194: Illegal state: replica 9f32be8bb322423eaa290fd71a8baf10 is not leader of this config: current role FOLLOWER
I20260812 06:36:59.242033 13529 env_posix.cc:2285] Not raising this process' open files per process limit of 1048576; it is already as high as it can go
I20260812 06:36:59.243202 13529 file_cache.cc:504] Constructed file cache file cache with capacity 419430
W20260812 06:36:59.244665  9437 tablet_service.cc:731] failed op from {username='slave'} at 127.0.0.1:39090: Illegal state: replica d12989a6d0f445359c9b09b7ce6cb578 is not leader of this config: current role FOLLOWER
E20260812 06:36:59.246225 13529 multi_raft_batcher.cc:235] multi_raft_heartbeat_window_ms should not be more than  raft_heartbeat_interval_ms / 2. , forcing multi_raft_heartbeat_window_ms = 50
W20260812 06:36:59.247586  8217 connection.cc:466] server connection from 127.7.212.197:52885 torn down before Call kudu.consensus.ConsensusService.UpdateConsensus from 127.7.212.197:52885 (request call id 7) could send its response
W20260812 06:36:59.250119 13542 instance_detector.cc:116] could not retrieve OpenStack instance metadata: Network error: curl error: HTTP response code said error: The requested URL returned error: 404
W20260812 06:36:59.250119 13540 instance_detector.cc:116] could not retrieve Azure instance metadata: Network error: curl error: HTTP response code said error: The requested URL returned error: 404
I20260812 06:36:59.250351 13529 server_base.cc:1061] running on GCE node
W20260812 06:36:59.250181 13538 instance_detector.cc:116] could not retrieve AWS instance metadata: Network error: curl error: HTTP response code said error: The requested URL returned error: 404
I20260812 06:36:59.251116 13529 hybrid_clock.cc:584] initializing the hybrid clock with 'builtin' time source
I20260812 06:36:59.251724 13529 hybrid_clock.cc:630] waiting up to --ntp_initial_sync_wait_secs=10 seconds for the clock to synchronize
I20260812 06:36:59.252926 13529 hybrid_clock.cc:648] HybridClock initialized: now 1786516619252914 us; error 30 us; skew 500 ppm
I20260812 06:36:59.254820 13529 webserver.cc:533] Webserver started at http://127.7.212.197:33771/ using document root <none> and password file <none>
I20260812 06:36:59.255532 13529 fs_manager.cc:362] Metadata directory not provided
I20260812 06:36:59.255597 13529 fs_manager.cc:368] Using write-ahead log directory (fs_wal_dir) as metadata directory
I20260812 06:36:59.259421 13529 fs_manager.cc:714] Time spent opening directory manager: real 0.002s	user 0.002s	sys 0.000s
I20260812 06:36:59.261497 13550 log_block_manager.cc:4127] Time spent loading block containers with low live blocks: real 0.000s	user 0.000s	sys 0.000s
I20260812 06:36:59.262538 13529 fs_manager.cc:730] Time spent opening block manager: real 0.002s	user 0.002s	sys 0.001s
I20260812 06:36:59.262668 13529 fs_manager.cc:647] Opened local filesystem: /tmp/dist-test-task0q5Kdv/test-tmp/raft_consensus-itest.5.RaftConsensusITest.InsertUniqueKeysWithCrashyNodes.1786516611938192-8019-0/raft_consensus-itest-crashy-nodes-cluster/ts-4/data,/tmp/dist-test-task0q5Kdv/test-tmp/raft_consensus-itest.5.RaftConsensusITest.InsertUniqueKeysWithCrashyNodes.1786516611938192-8019-0/raft_consensus-itest-crashy-nodes-cluster/ts-4/wal
uuid: "a60c871d36ed4e6ea4b74231f1414739"
format_stamp: "Formatted at 2026-08-12 06:36:53 on dist-test-slave-g170"
I20260812 06:36:59.263149 13529 fs_report.cc:389] FS layout report
--------------------
wal directory: /tmp/dist-test-task0q5Kdv/test-tmp/raft_consensus-itest.5.RaftConsensusITest.InsertUniqueKeysWithCrashyNodes.1786516611938192-8019-0/raft_consensus-itest-crashy-nodes-cluster/ts-4/wal
metadata directory: /tmp/dist-test-task0q5Kdv/test-tmp/raft_consensus-itest.5.RaftConsensusITest.InsertUniqueKeysWithCrashyNodes.1786516611938192-8019-0/raft_consensus-itest-crashy-nodes-cluster/ts-4/wal
1 data directories: /tmp/dist-test-task0q5Kdv/test-tmp/raft_consensus-itest.5.RaftConsensusITest.InsertUniqueKeysWithCrashyNodes.1786516611938192-8019-0/raft_consensus-itest-crashy-nodes-cluster/ts-4/data/data
Total live blocks: 0
Total live bytes: 0
Total live bytes (after alignment): 0
Total number of LBM containers: 0 (0 full)
Did not check for missing blocks
Did not check for orphaned blocks
Total full LBM containers with extra space: 0 (0 repaired)
Total full LBM container extra space in bytes: 0 (0 repaired)
Total incomplete LBM containers: 0 (0 repaired)
Total LBM partial records: 0 (0 repaired)
Total corrupted LBM metadata records in RocksDB: 0 (0 repaired)
I20260812 06:36:59.279356 13529 rpc_server.cc:225] running with OpenSSL 1.1.1  11 Sep 2018
I20260812 06:36:59.280117 13529 env_posix.cc:2285] Not raising this process' running threads per effective uid limit of 18446744073709551615; it is already as high as it can go
I20260812 06:36:59.280349 13529 kserver.cc:163] Server-wide thread pool size limit: 3276
I20260812 06:36:59.281060 13529 txn_system_client.cc:432] TxnSystemClient initialization is disabled...
I20260812 06:36:59.282436 13561 ts_tablet_manager.cc:542] Loading tablet metadata (0/1 complete)
I20260812 06:36:59.285770 13529 ts_tablet_manager.cc:585] Loaded tablet metadata (1 total tablets, 1 live tablets)
I20260812 06:36:59.285843 13529 ts_tablet_manager.cc:531] Time spent load tablet metadata: real 0.004s	user 0.001s	sys 0.000s
I20260812 06:36:59.285933 13529 ts_tablet_manager.cc:600] Registering tablets (0/1 complete)
I20260812 06:36:59.287622 13529 ts_tablet_manager.cc:616] Registered 1 tablets
I20260812 06:36:59.287742 13529 ts_tablet_manager.cc:595] Time spent register tablets: real 0.002s	user 0.000s	sys 0.000s
I20260812 06:36:59.288123 13561 tablet_bootstrap.cc:492] T 2cd3bf4d446147de95e618239dd3074c P a60c871d36ed4e6ea4b74231f1414739: Bootstrap starting.
W20260812 06:36:59.288383  9437 tablet_service.cc:731] failed op from {username='slave'} at 127.0.0.1:39090: Illegal state: replica d12989a6d0f445359c9b09b7ce6cb578 is not leader of this config: current role FOLLOWER
W20260812 06:36:59.291111 12899 tablet_service.cc:731] failed op from {username='slave'} at 127.0.0.1:52252: Illegal state: replica 1adfc3d9d367476090a9513b769ac76a is not leader of this config: current role FOLLOWER
I20260812 06:36:59.299068 13561 log.cc:826] T 2cd3bf4d446147de95e618239dd3074c P a60c871d36ed4e6ea4b74231f1414739: Log is configured to *not* fsync() on all Append() calls
I20260812 06:36:59.300845 13529 rpc_server.cc:307] RPC server started. Bound to: 127.7.212.197:41571
I20260812 06:36:59.300912 13748 acceptor_pool.cc:272] collecting diagnostics on the listening RPC socket 127.7.212.197:41571 every 8 connection(s)
I20260812 06:36:59.301796 13529 server_base.cc:1193] Dumped server information to /tmp/dist-test-task0q5Kdv/test-tmp/raft_consensus-itest.5.RaftConsensusITest.InsertUniqueKeysWithCrashyNodes.1786516611938192-8019-0/raft_consensus-itest-crashy-nodes-cluster/ts-4/data/info.pb
I20260812 06:36:59.308060  8019 external_mini_cluster.cc:1434] Started /tmp/dist-test-task0q5Kdv/build/debug/bin/kudu as pid 13529
I20260812 06:36:59.311827 13749 heartbeater.cc:344] Connected to a master server at 127.7.212.254:33393
I20260812 06:36:59.312073 13749 heartbeater.cc:461] Registering TS with master...
I20260812 06:36:59.312566 13749 heartbeater.cc:507] Master 127.7.212.254:33393 requested a full tablet report, sending...
I20260812 06:36:59.314446  8077 ts_manager.cc:194] Re-registered known tserver with Master: a60c871d36ed4e6ea4b74231f1414739 (127.7.212.197:41571)
I20260812 06:36:59.315445  8077 master_service.cc:502] Signed X509 certificate for tserver {username='slave'} at 127.7.212.197:50665
I20260812 06:36:59.326541 13561 tablet_bootstrap.cc:492] T 2cd3bf4d446147de95e618239dd3074c P a60c871d36ed4e6ea4b74231f1414739: Bootstrap replayed 1/1 log segments. Stats: ops{read=59 overwritten=7 applied=41 ignored=0} inserts{seen=31 ignored=0} mutations{seen=0 ignored=0} orphaned_commits=0. Pending: 11 replicates
I20260812 06:36:59.327029 13561 tablet_bootstrap.cc:492] T 2cd3bf4d446147de95e618239dd3074c P a60c871d36ed4e6ea4b74231f1414739: Bootstrap complete.
W20260812 06:36:59.327260 13561 log.cc:510] T 2cd3bf4d446147de95e618239dd3074c P a60c871d36ed4e6ea4b74231f1414739: Injecting 67ms of latency in SegmentAllocator::Sync()
W20260812 06:36:59.335171 12899 tablet_service.cc:731] failed op from {username='slave'} at 127.0.0.1:52252: Illegal state: replica 1adfc3d9d367476090a9513b769ac76a is not leader of this config: current role FOLLOWER
W20260812 06:36:59.335170 11229 tablet_service.cc:731] failed op from {username='slave'} at 127.0.0.1:42250: Illegal state: replica c74db17d01e8469fadd613ce468bbc60 is not leader of this config: current role FOLLOWER
I20260812 06:36:59.360414 13468 raft_consensus.cc:493] T 2cd3bf4d446147de95e618239dd3074c P 89c37a5fdd994ff58d6a23cdafbc6209 [term 14 FOLLOWER]: Starting pre-election (detected failure of leader a60c871d36ed4e6ea4b74231f1414739)
I20260812 06:36:59.360569 13468 raft_consensus.cc:515] T 2cd3bf4d446147de95e618239dd3074c P 89c37a5fdd994ff58d6a23cdafbc6209 [term 14 FOLLOWER]: Starting pre-election with config: opid_index: -1 OBSOLETE_local: false peers { permanent_uuid: "9f32be8bb322423eaa290fd71a8baf10" member_type: VOTER last_known_addr { host: "127.7.212.194" port: 34921 } } peers { permanent_uuid: "a60c871d36ed4e6ea4b74231f1414739" member_type: VOTER last_known_addr { host: "127.7.212.197" port: 41571 } } peers { permanent_uuid: "89c37a5fdd994ff58d6a23cdafbc6209" member_type: VOTER last_known_addr { host: "127.7.212.195" port: 40613 } } peers { permanent_uuid: "d12989a6d0f445359c9b09b7ce6cb578" member_type: VOTER last_known_addr { host: "127.7.212.198" port: 35139 } } peers { permanent_uuid: "1adfc3d9d367476090a9513b769ac76a" member_type: VOTER last_known_addr { host: "127.7.212.196" port: 38991 } } peers { permanent_uuid: "c74db17d01e8469fadd613ce468bbc60" member_type: VOTER last_known_addr { host: "127.7.212.199" port: 34285 } } peers { permanent_uuid: "9e8291da04bf4d8dafd875d0dfe291f0" member_type: VOTER last_known_addr { host: "127.7.212.193" port: 37797 } }
I20260812 06:36:59.360857 13461 raft_consensus.cc:493] T 2cd3bf4d446147de95e618239dd3074c P c74db17d01e8469fadd613ce468bbc60 [term 14 FOLLOWER]: Starting pre-election (detected failure of leader a60c871d36ed4e6ea4b74231f1414739)
I20260812 06:36:59.361020 13461 raft_consensus.cc:515] T 2cd3bf4d446147de95e618239dd3074c P c74db17d01e8469fadd613ce468bbc60 [term 14 FOLLOWER]: Starting pre-election with config: opid_index: -1 OBSOLETE_local: false peers { permanent_uuid: "9f32be8bb322423eaa290fd71a8baf10" member_type: VOTER last_known_addr { host: "127.7.212.194" port: 34921 } } peers { permanent_uuid: "a60c871d36ed4e6ea4b74231f1414739" member_type: VOTER last_known_addr { host: "127.7.212.197" port: 41571 } } peers { permanent_uuid: "89c37a5fdd994ff58d6a23cdafbc6209" member_type: VOTER last_known_addr { host: "127.7.212.195" port: 40613 } } peers { permanent_uuid: "d12989a6d0f445359c9b09b7ce6cb578" member_type: VOTER last_known_addr { host: "127.7.212.198" port: 35139 } } peers { permanent_uuid: "1adfc3d9d367476090a9513b769ac76a" member_type: VOTER last_known_addr { host: "127.7.212.196" port: 38991 } } peers { permanent_uuid: "c74db17d01e8469fadd613ce468bbc60" member_type: VOTER last_known_addr { host: "127.7.212.199" port: 34285 } } peers { permanent_uuid: "9e8291da04bf4d8dafd875d0dfe291f0" member_type: VOTER last_known_addr { host: "127.7.212.193" port: 37797 } }
I20260812 06:36:59.361665 13468 leader_election.cc:290] T 2cd3bf4d446147de95e618239dd3074c P 89c37a5fdd994ff58d6a23cdafbc6209 [CANDIDATE]: Term 15 pre-election: Requested pre-vote from peers 9f32be8bb322423eaa290fd71a8baf10 (127.7.212.194:34921), a60c871d36ed4e6ea4b74231f1414739 (127.7.212.197:41571), d12989a6d0f445359c9b09b7ce6cb578 (127.7.212.198:35139), 1adfc3d9d367476090a9513b769ac76a (127.7.212.196:38991), c74db17d01e8469fadd613ce468bbc60 (127.7.212.199:34285), 9e8291da04bf4d8dafd875d0dfe291f0 (127.7.212.193:37797)
I20260812 06:36:59.361786 13461 leader_election.cc:290] T 2cd3bf4d446147de95e618239dd3074c P c74db17d01e8469fadd613ce468bbc60 [CANDIDATE]: Term 15 pre-election: Requested pre-vote from peers 9f32be8bb322423eaa290fd71a8baf10 (127.7.212.194:34921), a60c871d36ed4e6ea4b74231f1414739 (127.7.212.197:41571), 89c37a5fdd994ff58d6a23cdafbc6209 (127.7.212.195:40613), d12989a6d0f445359c9b09b7ce6cb578 (127.7.212.198:35139), 1adfc3d9d367476090a9513b769ac76a (127.7.212.196:38991), 9e8291da04bf4d8dafd875d0dfe291f0 (127.7.212.193:37797)
I20260812 06:36:59.362387 12133 tablet_service.cc:1917] Received RequestConsensusVote() RPC: tablet_id: "2cd3bf4d446147de95e618239dd3074c" candidate_uuid: "89c37a5fdd994ff58d6a23cdafbc6209" candidate_term: 15 candidate_status { last_received { term: 14 index: 53 } } ignore_live_leader: false dest_uuid: "9f32be8bb322423eaa290fd71a8baf10" is_pre_election: true
I20260812 06:36:59.362423  8330 tablet_service.cc:1917] Received RequestConsensusVote() RPC: tablet_id: "2cd3bf4d446147de95e618239dd3074c" candidate_uuid: "89c37a5fdd994ff58d6a23cdafbc6209" candidate_term: 15 candidate_status { last_received { term: 14 index: 53 } } ignore_live_leader: false dest_uuid: "9e8291da04bf4d8dafd875d0dfe291f0" is_pre_election: true
I20260812 06:36:59.362816 12130 tablet_service.cc:1917] Received RequestConsensusVote() RPC: tablet_id: "2cd3bf4d446147de95e618239dd3074c" candidate_uuid: "c74db17d01e8469fadd613ce468bbc60" candidate_term: 15 candidate_status { last_received { term: 14 index: 53 } } ignore_live_leader: false dest_uuid: "9f32be8bb322423eaa290fd71a8baf10" is_pre_election: true
I20260812 06:36:59.363132  8330 tablet_service.cc:1917] Received RequestConsensusVote() RPC: tablet_id: "2cd3bf4d446147de95e618239dd3074c" candidate_uuid: "c74db17d01e8469fadd613ce468bbc60" candidate_term: 15 candidate_status { last_received { term: 14 index: 53 } } ignore_live_leader: false dest_uuid: "9e8291da04bf4d8dafd875d0dfe291f0" is_pre_election: true
I20260812 06:36:59.363343 12981 tablet_service.cc:1917] Received RequestConsensusVote() RPC: tablet_id: "2cd3bf4d446147de95e618239dd3074c" candidate_uuid: "c74db17d01e8469fadd613ce468bbc60" candidate_term: 15 candidate_status { last_received { term: 14 index: 53 } } ignore_live_leader: false dest_uuid: "1adfc3d9d367476090a9513b769ac76a" is_pre_election: true
I20260812 06:36:59.363382 12980 tablet_service.cc:1917] Received RequestConsensusVote() RPC: tablet_id: "2cd3bf4d446147de95e618239dd3074c" candidate_uuid: "89c37a5fdd994ff58d6a23cdafbc6209" candidate_term: 15 candidate_status { last_received { term: 14 index: 53 } } ignore_live_leader: false dest_uuid: "1adfc3d9d367476090a9513b769ac76a" is_pre_election: true
I20260812 06:36:59.363673  9510 tablet_service.cc:1917] Received RequestConsensusVote() RPC: tablet_id: "2cd3bf4d446147de95e618239dd3074c" candidate_uuid: "89c37a5fdd994ff58d6a23cdafbc6209" candidate_term: 15 candidate_status { last_received { term: 14 index: 53 } } ignore_live_leader: false dest_uuid: "d12989a6d0f445359c9b09b7ce6cb578" is_pre_election: true
I20260812 06:36:59.363842 11308 tablet_service.cc:1917] Received RequestConsensusVote() RPC: tablet_id: "2cd3bf4d446147de95e618239dd3074c" candidate_uuid: "89c37a5fdd994ff58d6a23cdafbc6209" candidate_term: 15 candidate_status { last_received { term: 14 index: 53 } } ignore_live_leader: false dest_uuid: "c74db17d01e8469fadd613ce468bbc60" is_pre_election: true
I20260812 06:36:59.363965 11308 raft_consensus.cc:2468] T 2cd3bf4d446147de95e618239dd3074c P c74db17d01e8469fadd613ce468bbc60 [term 14 FOLLOWER]: Leader pre-election vote request: Granting yes vote for candidate 89c37a5fdd994ff58d6a23cdafbc6209 in term 14.
I20260812 06:36:59.364199  9511 tablet_service.cc:1917] Received RequestConsensusVote() RPC: tablet_id: "2cd3bf4d446147de95e618239dd3074c" candidate_uuid: "c74db17d01e8469fadd613ce468bbc60" candidate_term: 15 candidate_status { last_received { term: 14 index: 53 } } ignore_live_leader: false dest_uuid: "d12989a6d0f445359c9b09b7ce6cb578" is_pre_election: true
I20260812 06:36:59.364517 13327 tablet_service.cc:1917] Received RequestConsensusVote() RPC: tablet_id: "2cd3bf4d446147de95e618239dd3074c" candidate_uuid: "c74db17d01e8469fadd613ce468bbc60" candidate_term: 15 candidate_status { last_received { term: 14 index: 53 } } ignore_live_leader: false dest_uuid: "89c37a5fdd994ff58d6a23cdafbc6209" is_pre_election: true
I20260812 06:36:59.364639 13327 raft_consensus.cc:2468] T 2cd3bf4d446147de95e618239dd3074c P 89c37a5fdd994ff58d6a23cdafbc6209 [term 14 FOLLOWER]: Leader pre-election vote request: Granting yes vote for candidate c74db17d01e8469fadd613ce468bbc60 in term 14.
I20260812 06:36:59.365177 13219 leader_election.cc:304] T 2cd3bf4d446147de95e618239dd3074c P 89c37a5fdd994ff58d6a23cdafbc6209 [CANDIDATE]: Term 15 pre-election: Election decided. Result: candidate lost. Election summary: received 6 responses out of 7 voters: 2 yes votes; 4 no votes. yes voters: 89c37a5fdd994ff58d6a23cdafbc6209, c74db17d01e8469fadd613ce468bbc60; no voters: 1adfc3d9d367476090a9513b769ac76a, 9e8291da04bf4d8dafd875d0dfe291f0, 9f32be8bb322423eaa290fd71a8baf10, d12989a6d0f445359c9b09b7ce6cb578
I20260812 06:36:59.365381 13468 raft_consensus.cc:2749] T 2cd3bf4d446147de95e618239dd3074c P 89c37a5fdd994ff58d6a23cdafbc6209 [term 14 FOLLOWER]: Leader pre-election lost for term 15. Reason: could not achieve majority
I20260812 06:36:59.365492 11172 leader_election.cc:304] T 2cd3bf4d446147de95e618239dd3074c P c74db17d01e8469fadd613ce468bbc60 [CANDIDATE]: Term 15 pre-election: Election decided. Result: candidate lost. Election summary: received 6 responses out of 7 voters: 2 yes votes; 4 no votes. yes voters: 89c37a5fdd994ff58d6a23cdafbc6209, c74db17d01e8469fadd613ce468bbc60; no voters: 1adfc3d9d367476090a9513b769ac76a, 9e8291da04bf4d8dafd875d0dfe291f0, 9f32be8bb322423eaa290fd71a8baf10, d12989a6d0f445359c9b09b7ce6cb578
I20260812 06:36:59.365667 13461 raft_consensus.cc:2749] T 2cd3bf4d446147de95e618239dd3074c P c74db17d01e8469fadd613ce468bbc60 [term 14 FOLLOWER]: Leader pre-election lost for term 15. Reason: could not achieve majority
I20260812 06:36:59.370067 13516 raft_consensus.cc:493] T 2cd3bf4d446147de95e618239dd3074c P 1adfc3d9d367476090a9513b769ac76a [term 14 FOLLOWER]: Starting pre-election (detected failure of leader a60c871d36ed4e6ea4b74231f1414739)
I20260812 06:36:59.370182 13516 raft_consensus.cc:515] T 2cd3bf4d446147de95e618239dd3074c P 1adfc3d9d367476090a9513b769ac76a [term 14 FOLLOWER]: Starting pre-election with config: opid_index: -1 OBSOLETE_local: false peers { permanent_uuid: "9f32be8bb322423eaa290fd71a8baf10" member_type: VOTER last_known_addr { host: "127.7.212.194" port: 34921 } } peers { permanent_uuid: "a60c871d36ed4e6ea4b74231f1414739" member_type: VOTER last_known_addr { host: "127.7.212.197" port: 41571 } } peers { permanent_uuid: "89c37a5fdd994ff58d6a23cdafbc6209" member_type: VOTER last_known_addr { host: "127.7.212.195" port: 40613 } } peers { permanent_uuid: "d12989a6d0f445359c9b09b7ce6cb578" member_type: VOTER last_known_addr { host: "127.7.212.198" port: 35139 } } peers { permanent_uuid: "1adfc3d9d367476090a9513b769ac76a" member_type: VOTER last_known_addr { host: "127.7.212.196" port: 38991 } } peers { permanent_uuid: "c74db17d01e8469fadd613ce468bbc60" member_type: VOTER last_known_addr { host: "127.7.212.199" port: 34285 } } peers { permanent_uuid: "9e8291da04bf4d8dafd875d0dfe291f0" member_type: VOTER last_known_addr { host: "127.7.212.193" port: 37797 } }
I20260812 06:36:59.369040 13672 tablet_service.cc:1917] Received RequestConsensusVote() RPC: tablet_id: "2cd3bf4d446147de95e618239dd3074c" candidate_uuid: "c74db17d01e8469fadd613ce468bbc60" candidate_term: 15 candidate_status { last_received { term: 14 index: 53 } } ignore_live_leader: false dest_uuid: "a60c871d36ed4e6ea4b74231f1414739" is_pre_election: true
I20260812 06:36:59.369060 13671 tablet_service.cc:1917] Received RequestConsensusVote() RPC: tablet_id: "2cd3bf4d446147de95e618239dd3074c" candidate_uuid: "89c37a5fdd994ff58d6a23cdafbc6209" candidate_term: 15 candidate_status { last_received { term: 14 index: 53 } } ignore_live_leader: false dest_uuid: "a60c871d36ed4e6ea4b74231f1414739" is_pre_election: true
I20260812 06:36:59.370954 13516 leader_election.cc:290] T 2cd3bf4d446147de95e618239dd3074c P 1adfc3d9d367476090a9513b769ac76a [CANDIDATE]: Term 15 pre-election: Requested pre-vote from peers 9f32be8bb322423eaa290fd71a8baf10 (127.7.212.194:34921), a60c871d36ed4e6ea4b74231f1414739 (127.7.212.197:41571), 89c37a5fdd994ff58d6a23cdafbc6209 (127.7.212.195:40613), d12989a6d0f445359c9b09b7ce6cb578 (127.7.212.198:35139), c74db17d01e8469fadd613ce468bbc60 (127.7.212.199:34285), 9e8291da04bf4d8dafd875d0dfe291f0 (127.7.212.193:37797)
I20260812 06:36:59.371609 11308 tablet_service.cc:1917] Received RequestConsensusVote() RPC: tablet_id: "2cd3bf4d446147de95e618239dd3074c" candidate_uuid: "1adfc3d9d367476090a9513b769ac76a" candidate_term: 15 candidate_status { last_received { term: 14 index: 55 } } ignore_live_leader: false dest_uuid: "c74db17d01e8469fadd613ce468bbc60" is_pre_election: true
I20260812 06:36:59.371760 11308 raft_consensus.cc:2468] T 2cd3bf4d446147de95e618239dd3074c P c74db17d01e8469fadd613ce468bbc60 [term 14 FOLLOWER]: Leader pre-election vote request: Granting yes vote for candidate 1adfc3d9d367476090a9513b769ac76a in term 14.
W20260812 06:36:59.371821 13216 leader_election.cc:343] T 2cd3bf4d446147de95e618239dd3074c P 89c37a5fdd994ff58d6a23cdafbc6209 [CANDIDATE]: Term 15 pre-election: Tablet error from VoteRequest() call to peer a60c871d36ed4e6ea4b74231f1414739 (127.7.212.197:41571): Illegal state: must be running to vote when last-logged opid is not known
I20260812 06:36:59.374868 12130 tablet_service.cc:1917] Received RequestConsensusVote() RPC: tablet_id: "2cd3bf4d446147de95e618239dd3074c" candidate_uuid: "1adfc3d9d367476090a9513b769ac76a" candidate_term: 15 candidate_status { last_received { term: 14 index: 55 } } ignore_live_leader: false dest_uuid: "9f32be8bb322423eaa290fd71a8baf10" is_pre_election: true
I20260812 06:36:59.374982  8330 tablet_service.cc:1917] Received RequestConsensusVote() RPC: tablet_id: "2cd3bf4d446147de95e618239dd3074c" candidate_uuid: "1adfc3d9d367476090a9513b769ac76a" candidate_term: 15 candidate_status { last_received { term: 14 index: 55 } } ignore_live_leader: false dest_uuid: "9e8291da04bf4d8dafd875d0dfe291f0" is_pre_election: true
I20260812 06:36:59.374994 13327 tablet_service.cc:1917] Received RequestConsensusVote() RPC: tablet_id: "2cd3bf4d446147de95e618239dd3074c" candidate_uuid: "1adfc3d9d367476090a9513b769ac76a" candidate_term: 15 candidate_status { last_received { term: 14 index: 55 } } ignore_live_leader: false dest_uuid: "89c37a5fdd994ff58d6a23cdafbc6209" is_pre_election: true
I20260812 06:36:59.375115 13327 raft_consensus.cc:2468] T 2cd3bf4d446147de95e618239dd3074c P 89c37a5fdd994ff58d6a23cdafbc6209 [term 14 FOLLOWER]: Leader pre-election vote request: Granting yes vote for candidate 1adfc3d9d367476090a9513b769ac76a in term 14.
I20260812 06:36:59.375388  9511 tablet_service.cc:1917] Received RequestConsensusVote() RPC: tablet_id: "2cd3bf4d446147de95e618239dd3074c" candidate_uuid: "1adfc3d9d367476090a9513b769ac76a" candidate_term: 15 candidate_status { last_received { term: 14 index: 55 } } ignore_live_leader: false dest_uuid: "d12989a6d0f445359c9b09b7ce6cb578" is_pre_election: true
I20260812 06:36:59.379429 13672 tablet_service.cc:1917] Received RequestConsensusVote() RPC: tablet_id: "2cd3bf4d446147de95e618239dd3074c" candidate_uuid: "1adfc3d9d367476090a9513b769ac76a" candidate_term: 15 candidate_status { last_received { term: 14 index: 55 } } ignore_live_leader: false dest_uuid: "a60c871d36ed4e6ea4b74231f1414739" is_pre_election: true
W20260812 06:36:59.379853 12849 leader_election.cc:343] T 2cd3bf4d446147de95e618239dd3074c P 1adfc3d9d367476090a9513b769ac76a [CANDIDATE]: Term 15 pre-election: Tablet error from VoteRequest() call to peer a60c871d36ed4e6ea4b74231f1414739 (127.7.212.197:41571): Illegal state: must be running to vote when last-logged opid is not known
I20260812 06:36:59.379961 12849 leader_election.cc:304] T 2cd3bf4d446147de95e618239dd3074c P 1adfc3d9d367476090a9513b769ac76a [CANDIDATE]: Term 15 pre-election: Election decided. Result: candidate lost. Election summary: received 7 responses out of 7 voters: 3 yes votes; 4 no votes. yes voters: 1adfc3d9d367476090a9513b769ac76a, 89c37a5fdd994ff58d6a23cdafbc6209, c74db17d01e8469fadd613ce468bbc60; no voters: 9e8291da04bf4d8dafd875d0dfe291f0, 9f32be8bb322423eaa290fd71a8baf10, a60c871d36ed4e6ea4b74231f1414739, d12989a6d0f445359c9b09b7ce6cb578
I20260812 06:36:59.380151 13516 raft_consensus.cc:2749] T 2cd3bf4d446147de95e618239dd3074c P 1adfc3d9d367476090a9513b769ac76a [term 14 FOLLOWER]: Leader pre-election lost for term 15. Reason: could not achieve majority
W20260812 06:36:59.380918 11229 tablet_service.cc:731] failed op from {username='slave'} at 127.0.0.1:42250: Illegal state: replica c74db17d01e8469fadd613ce468bbc60 is not leader of this config: current role FOLLOWER
W20260812 06:36:59.383540  8256 tablet_service.cc:731] failed op from {username='slave'} at 127.0.0.1:54898: Illegal state: replica 9e8291da04bf4d8dafd875d0dfe291f0 is not leader of this config: current role FOLLOWER
I20260812 06:36:59.386511 13140 raft_consensus.cc:493] T 2cd3bf4d446147de95e618239dd3074c P 9f32be8bb322423eaa290fd71a8baf10 [term 14 FOLLOWER]: Starting pre-election (detected failure of leader a60c871d36ed4e6ea4b74231f1414739)
I20260812 06:36:59.386626 13140 raft_consensus.cc:515] T 2cd3bf4d446147de95e618239dd3074c P 9f32be8bb322423eaa290fd71a8baf10 [term 14 FOLLOWER]: Starting pre-election with config: opid_index: -1 OBSOLETE_local: false peers { permanent_uuid: "9f32be8bb322423eaa290fd71a8baf10" member_type: VOTER last_known_addr { host: "127.7.212.194" port: 34921 } } peers { permanent_uuid: "a60c871d36ed4e6ea4b74231f1414739" member_type: VOTER last_known_addr { host: "127.7.212.197" port: 41571 } } peers { permanent_uuid: "89c37a5fdd994ff58d6a23cdafbc6209" member_type: VOTER last_known_addr { host: "127.7.212.195" port: 40613 } } peers { permanent_uuid: "d12989a6d0f445359c9b09b7ce6cb578" member_type: VOTER last_known_addr { host: "127.7.212.198" port: 35139 } } peers { permanent_uuid: "1adfc3d9d367476090a9513b769ac76a" member_type: VOTER last_known_addr { host: "127.7.212.196" port: 38991 } } peers { permanent_uuid: "c74db17d01e8469fadd613ce468bbc60" member_type: VOTER last_known_addr { host: "127.7.212.199" port: 34285 } } peers { permanent_uuid: "9e8291da04bf4d8dafd875d0dfe291f0" member_type: VOTER last_known_addr { host: "127.7.212.193" port: 37797 } }
