I20260812 06:37:00.568579  8868 maintenance_manager.cc:643] P 24b871dffc1448018983fe00400410f4: CompactRowSetsOp(76679524591a4a0ba239ec278461beb6) complete. Timing: real 0.028s	user 0.012s	sys 0.003s Metrics: {"bytes_written":5386,"cfile_cache_hit":19,"cfile_cache_hit_bytes":762,"cfile_cache_miss":37,"cfile_cache_miss_bytes":2850,"cfile_init":12,"delta_iterators_relevant":6,"dirs.queue_time_us":456,"dirs.run_cpu_time_us":914,"dirs.run_wall_time_us":5257,"drs_written":1,"lbm_read_time_us":1139,"lbm_reads_lt_1ms":85,"lbm_write_time_us":1378,"lbm_writes_lt_1ms":37,"mutex_wait_us":22,"num_input_rowsets":2,"peak_mem_usage":65536,"rows_written":20,"spinlock_wait_cycles":768}
I20260812 06:37:00.569563  9069 maintenance_manager.cc:419] P 24b871dffc1448018983fe00400410f4: Scheduling UndoDeltaBlockGCOp(5ac9647fdc3d45428f7f83aaa2c7b8d6): 1644 bytes on disk
I20260812 06:37:00.569983  8868 maintenance_manager.cc:643] P 24b871dffc1448018983fe00400410f4: UndoDeltaBlockGCOp(5ac9647fdc3d45428f7f83aaa2c7b8d6) complete. Timing: real 0.000s	user 0.000s	sys 0.000s Metrics: {"cfile_init":1,"lbm_read_time_us":53,"lbm_reads_lt_1ms":4}
I20260812 06:37:00.570568  9069 maintenance_manager.cc:419] P 24b871dffc1448018983fe00400410f4: Scheduling UndoDeltaBlockGCOp(eb101fde30534362a8e4e17cef7a5922): 1001 bytes on disk
I20260812 06:37:00.570935  8868 maintenance_manager.cc:643] P 24b871dffc1448018983fe00400410f4: UndoDeltaBlockGCOp(eb101fde30534362a8e4e17cef7a5922) complete. Timing: real 0.000s	user 0.000s	sys 0.000s Metrics: {"cfile_init":1,"lbm_read_time_us":53,"lbm_reads_lt_1ms":4}
I20260812 06:37:00.571476  9069 maintenance_manager.cc:419] P 24b871dffc1448018983fe00400410f4: Scheduling CompactRowSetsOp(a35175f1b6024100ab50facbf5464b1e): perf score=0.647839
I20260812 06:37:00.571738  8870 tablet.cc:1724] T 27dae763986c453ca31e278898600f10 P 24b871dffc1448018983fe00400410f4: Alter schema from (
    10:c163 INT32 NOT NULL,
    26:c947 INT32 NOT NULL,
    27:c486 INT32 NOT NULL,
    29:c674 INT32 NOT NULL,
    PRIMARY KEY (c163)
) version 28 to (
    10:c163 INT32 NOT NULL,
    26:c209 INT32 NOT NULL,
    27:c486 INT32 NOT NULL,
    29:c674 INT32 NOT NULL,
    30:c447 INT32 NOT NULL,
    PRIMARY KEY (c163)
) version 29
I20260812 06:37:00.572057  8870 tablet.cc:1622] T 27dae763986c453ca31e278898600f10 P 24b871dffc1448018983fe00400410f4: MemRowSet was empty: no flush needed.
I20260812 06:37:00.572134  8870 tablet_metadata.cc:647] Not flushing: waiting for 1 pins to be released.
I20260812 06:37:00.572832  8870 tablet.cc:1724] T 27dae763986c453ca31e278898600f10 P 24b871dffc1448018983fe00400410f4: Alter schema from (
    10:c163 INT32 NOT NULL,
    26:c209 INT32 NOT NULL,
    27:c486 INT32 NOT NULL,
    29:c674 INT32 NOT NULL,
    30:c447 INT32 NOT NULL,
    PRIMARY KEY (c163)
) version 29 to (
    10:c163 INT32 NOT NULL,
    26:c209 INT32 NOT NULL,
    27:c486 INT32 NOT NULL,
    29:c752 INT32 NOT NULL,
    30:c447 INT32 NOT NULL,
    PRIMARY KEY (c163)
) version 30
I20260812 06:37:00.573127  8870 tablet.cc:1622] T 27dae763986c453ca31e278898600f10 P 24b871dffc1448018983fe00400410f4: MemRowSet was empty: no flush needed.
I20260812 06:37:00.573189  8870 tablet_metadata.cc:647] Not flushing: waiting for 1 pins to be released.
I20260812 06:37:00.573853  8870 tablet.cc:1724] T 27dae763986c453ca31e278898600f10 P 24b871dffc1448018983fe00400410f4: Alter schema from (
    10:c163 INT32 NOT NULL,
    26:c209 INT32 NOT NULL,
    27:c486 INT32 NOT NULL,
    29:c752 INT32 NOT NULL,
    30:c447 INT32 NOT NULL,
    PRIMARY KEY (c163)
) version 30 to (
    10:c163 INT32 NOT NULL,
    26:c209 INT32 NOT NULL,
    27:c486 INT32 NOT NULL,
    29:c752 INT32 NOT NULL,
    30:c447 INT32 NOT NULL,
    31:c321 INT32 NOT NULL,
    PRIMARY KEY (c163)
) version 31
I20260812 06:37:00.574144  8870 tablet.cc:1622] T 27dae763986c453ca31e278898600f10 P 24b871dffc1448018983fe00400410f4: MemRowSet was empty: no flush needed.
I20260812 06:37:00.574205  8870 tablet_metadata.cc:647] Not flushing: waiting for 1 pins to be released.
I20260812 06:37:00.575917  8870 tablet.cc:1724] T 27dae763986c453ca31e278898600f10 P 24b871dffc1448018983fe00400410f4: Alter schema from (
    10:c163 INT32 NOT NULL,
    26:c209 INT32 NOT NULL,
    27:c486 INT32 NOT NULL,
    29:c752 INT32 NOT NULL,
    30:c447 INT32 NOT NULL,
    31:c321 INT32 NOT NULL,
    PRIMARY KEY (c163)
) version 31 to (
    10:c236 INT32 NOT NULL,
    26:c209 INT32 NOT NULL,
    27:c486 INT32 NOT NULL,
    29:c752 INT32 NOT NULL,
    30:c447 INT32 NOT NULL,
    31:c321 INT32 NOT NULL,
    PRIMARY KEY (c236)
) version 32
I20260812 06:37:00.576228  8870 tablet.cc:1622] T 27dae763986c453ca31e278898600f10 P 24b871dffc1448018983fe00400410f4: MemRowSet was empty: no flush needed.
I20260812 06:37:00.576308  8870 tablet_metadata.cc:647] Not flushing: waiting for 1 pins to be released.
I20260812 06:37:00.580508  8870 tablet_bootstrap.cc:492] T 27dae763986c453ca31e278898600f10 P 24b871dffc1448018983fe00400410f4: Bootstrap replayed 1/1 log segments. Stats: ops{read=37 overwritten=0 applied=37 ignored=24} inserts{seen=5 ignored=0} mutations{seen=0 ignored=0} orphaned_commits=0. Pending: 0 replicates
I20260812 06:37:00.580909  8870 tablet_bootstrap.cc:492] T 27dae763986c453ca31e278898600f10 P 24b871dffc1448018983fe00400410f4: Bootstrap complete.
I20260812 06:37:00.583693  8870 ts_tablet_manager.cc:1403] T 27dae763986c453ca31e278898600f10 P 24b871dffc1448018983fe00400410f4: Time spent bootstrapping tablet: real 0.042s	user 0.032s	sys 0.008s
I20260812 06:37:00.584225  8870 raft_consensus.cc:359] T 27dae763986c453ca31e278898600f10 P 24b871dffc1448018983fe00400410f4 [term 1 FOLLOWER]: Replica starting. Triggering 0 pending ops. Active config: opid_index: -1 OBSOLETE_local: false peers { permanent_uuid: "24b871dffc1448018983fe00400410f4" member_type: VOTER last_known_addr { host: "127.2.199.129" port: 36331 } } peers { permanent_uuid: "2f118d5e1bcb4984adb10c4bd38ce902" member_type: VOTER last_known_addr { host: "127.2.199.130" port: 34635 } } peers { permanent_uuid: "c03dc3071f364652a99918e34639d9e3" member_type: VOTER last_known_addr { host: "127.2.199.131" port: 36015 } }
I20260812 06:37:00.584357  8870 raft_consensus.cc:740] T 27dae763986c453ca31e278898600f10 P 24b871dffc1448018983fe00400410f4 [term 1 FOLLOWER]: Becoming Follower/Learner. State: Replica: 24b871dffc1448018983fe00400410f4, State: Initialized, Role: FOLLOWER
I20260812 06:37:00.584520  8870 consensus_queue.cc:260] T 27dae763986c453ca31e278898600f10 P 24b871dffc1448018983fe00400410f4 [NON_LEADER]: Queue going to NON_LEADER mode. State: All replicated index: 0, Majority replicated index: 0, Committed index: 37, Last appended: 1.37, Last appended by leader: 37, Current term: 0, Majority size: -1, State: 0, Mode: NON_LEADER, active raft config: opid_index: -1 OBSOLETE_local: false peers { permanent_uuid: "24b871dffc1448018983fe00400410f4" member_type: VOTER last_known_addr { host: "127.2.199.129" port: 36331 } } peers { permanent_uuid: "2f118d5e1bcb4984adb10c4bd38ce902" member_type: VOTER last_known_addr { host: "127.2.199.130" port: 34635 } } peers { permanent_uuid: "c03dc3071f364652a99918e34639d9e3" member_type: VOTER last_known_addr { host: "127.2.199.131" port: 36015 } }
I20260812 06:37:00.584996  8870 ts_tablet_manager.cc:1434] T 27dae763986c453ca31e278898600f10 P 24b871dffc1448018983fe00400410f4: Time spent starting tablet: real 0.001s	user 0.002s	sys 0.000s
I20260812 06:37:00.585165  8870 tablet_bootstrap.cc:492] T c4776300c64c47299b9a05b8ab7817d9 P 24b871dffc1448018983fe00400410f4: Bootstrap starting.
I20260812 06:37:00.597189  8868 maintenance_manager.cc:643] P 24b871dffc1448018983fe00400410f4: CompactRowSetsOp(a35175f1b6024100ab50facbf5464b1e) complete. Timing: real 0.026s	user 0.013s	sys 0.001s Metrics: {"bytes_written":5501,"cfile_cache_hit":20,"cfile_cache_hit_bytes":1050,"cfile_cache_miss":40,"cfile_cache_miss_bytes":3528,"cfile_init":13,"delta_iterators_relevant":6,"dirs.queue_time_us":226,"dirs.run_cpu_time_us":97,"dirs.run_wall_time_us":587,"drs_written":1,"lbm_read_time_us":1046,"lbm_reads_lt_1ms":92,"lbm_write_time_us":2580,"lbm_writes_1-10_ms":1,"lbm_writes_lt_1ms":36,"num_input_rowsets":2,"peak_mem_usage":65536,"rows_written":29}
I20260812 06:37:00.600677  9069 maintenance_manager.cc:419] P 24b871dffc1448018983fe00400410f4: Scheduling UndoDeltaBlockGCOp(a35175f1b6024100ab50facbf5464b1e): 800 bytes on disk
I20260812 06:37:00.601116  8868 maintenance_manager.cc:643] P 24b871dffc1448018983fe00400410f4: UndoDeltaBlockGCOp(a35175f1b6024100ab50facbf5464b1e) complete. Timing: real 0.000s	user 0.000s	sys 0.000s Metrics: {"cfile_init":1,"lbm_read_time_us":51,"lbm_reads_lt_1ms":4}
I20260812 06:37:00.601723  9069 maintenance_manager.cc:419] P 24b871dffc1448018983fe00400410f4: Scheduling UndoDeltaBlockGCOp(76679524591a4a0ba239ec278461beb6): 689 bytes on disk
I20260812 06:37:00.602098  8868 maintenance_manager.cc:643] P 24b871dffc1448018983fe00400410f4: UndoDeltaBlockGCOp(76679524591a4a0ba239ec278461beb6) complete. Timing: real 0.000s	user 0.000s	sys 0.000s Metrics: {"cfile_init":1,"lbm_read_time_us":53,"lbm_reads_lt_1ms":4}
I20260812 06:37:00.602710  9069 maintenance_manager.cc:419] P 24b871dffc1448018983fe00400410f4: Scheduling CompactRowSetsOp(27dae763986c453ca31e278898600f10): perf score=0.976786
I20260812 06:37:00.603945  8870 tablet.cc:1724] T c4776300c64c47299b9a05b8ab7817d9 P 24b871dffc1448018983fe00400410f4: Alter schema from (
    10:c414 INT32 NOT NULL,
    19:c613 INT32 NULLABLE,
    23:c409 INT32 NULLABLE,
    25:c203 INT32 NOT NULL,
    PRIMARY KEY (c414)
) version 0 to (
    10:c414 INT32 NOT NULL,
    19:c613 INT32 NULLABLE,
    23:c409 INT32 NULLABLE,
    25:c203 INT32 NOT NULL,
    PRIMARY KEY (c414)
) version 23
I20260812 06:37:00.604097  8870 tablet_metadata.cc:647] Not flushing: waiting for 1 pins to be released.
I20260812 06:37:00.605021  8870 tablet.cc:1724] T c4776300c64c47299b9a05b8ab7817d9 P 24b871dffc1448018983fe00400410f4: Alter schema from (
    10:c414 INT32 NOT NULL,
    19:c613 INT32 NULLABLE,
    23:c409 INT32 NULLABLE,
    25:c203 INT32 NOT NULL,
    PRIMARY KEY (c414)
) version 23 to (
    10:c414 INT32 NOT NULL,
    19:c571 INT32 NULLABLE,
    25:c203 INT32 NOT NULL,
    26:c704 INT32 NOT NULL,
    27:c507 INT32 NOT NULL,
    PRIMARY KEY (c414)
) version 24
I20260812 06:37:00.605311  8870 tablet.cc:1622] T c4776300c64c47299b9a05b8ab7817d9 P 24b871dffc1448018983fe00400410f4: MemRowSet was empty: no flush needed.
I20260812 06:37:00.605376  8870 tablet_metadata.cc:647] Not flushing: waiting for 1 pins to be released.
I20260812 06:37:00.607210  8870 tablet.cc:1724] T c4776300c64c47299b9a05b8ab7817d9 P 24b871dffc1448018983fe00400410f4: Alter schema from (
    10:c414 INT32 NOT NULL,
    19:c571 INT32 NULLABLE,
    25:c203 INT32 NOT NULL,
    26:c704 INT32 NOT NULL,
    27:c507 INT32 NOT NULL,
    PRIMARY KEY (c414)
) version 24 to (
    10:c842 INT32 NOT NULL,
    19:c763 INT32 NULLABLE,
    25:c203 INT32 NOT NULL,
    26:c704 INT32 NOT NULL,
    27:c376 INT32 NOT NULL,
    28:c11 INT32 NULLABLE,
    29:c674 INT32 NOT NULL,
    PRIMARY KEY (c842)
) version 25
I20260812 06:37:00.607515  8870 tablet.cc:1622] T c4776300c64c47299b9a05b8ab7817d9 P 24b871dffc1448018983fe00400410f4: MemRowSet was empty: no flush needed.
I20260812 06:37:00.607578  8870 tablet_metadata.cc:647] Not flushing: waiting for 1 pins to be released.
I20260812 06:37:00.608260  8870 tablet.cc:1724] T c4776300c64c47299b9a05b8ab7817d9 P 24b871dffc1448018983fe00400410f4: Alter schema from (
    10:c842 INT32 NOT NULL,
    19:c763 INT32 NULLABLE,
    25:c203 INT32 NOT NULL,
    26:c704 INT32 NOT NULL,
    27:c376 INT32 NOT NULL,
    28:c11 INT32 NULLABLE,
    29:c674 INT32 NOT NULL,
    PRIMARY KEY (c842)
) version 25 to (
    10:c842 INT32 NOT NULL,
    19:c763 INT32 NULLABLE,
    26:c947 INT32 NOT NULL,
    27:c376 INT32 NOT NULL,
    28:c11 INT32 NULLABLE,
    29:c674 INT32 NOT NULL,
    PRIMARY KEY (c842)
) version 26
I20260812 06:37:00.608560  8870 tablet.cc:1622] T c4776300c64c47299b9a05b8ab7817d9 P 24b871dffc1448018983fe00400410f4: MemRowSet was empty: no flush needed.
I20260812 06:37:00.608620  8870 tablet_metadata.cc:647] Not flushing: waiting for 1 pins to be released.
I20260812 06:37:00.614843  8870 tablet.cc:1724] T c4776300c64c47299b9a05b8ab7817d9 P 24b871dffc1448018983fe00400410f4: Alter schema from (
    10:c842 INT32 NOT NULL,
    19:c763 INT32 NULLABLE,
    26:c947 INT32 NOT NULL,
    27:c376 INT32 NOT NULL,
    28:c11 INT32 NULLABLE,
    29:c674 INT32 NOT NULL,
    PRIMARY KEY (c842)
) version 26 to (
    10:c842 INT32 NOT NULL,
    26:c947 INT32 NOT NULL,
    27:c376 INT32 NOT NULL,
    28:c972 INT32 NULLABLE,
    29:c674 INT32 NOT NULL,
    PRIMARY KEY (c842)
) version 27
I20260812 06:37:00.615200  8870 tablet.cc:1622] T c4776300c64c47299b9a05b8ab7817d9 P 24b871dffc1448018983fe00400410f4: MemRowSet was empty: no flush needed.
I20260812 06:37:00.615271  8870 tablet_metadata.cc:647] Not flushing: waiting for 1 pins to be released.
I20260812 06:37:00.618777  8870 tablet.cc:1724] T c4776300c64c47299b9a05b8ab7817d9 P 24b871dffc1448018983fe00400410f4: Alter schema from (
    10:c842 INT32 NOT NULL,
    26:c947 INT32 NOT NULL,
    27:c376 INT32 NOT NULL,
    28:c972 INT32 NULLABLE,
    29:c674 INT32 NOT NULL,
    PRIMARY KEY (c842)
) version 27 to (
    10:c163 INT32 NOT NULL,
    26:c947 INT32 NOT NULL,
    27:c486 INT32 NOT NULL,
    29:c674 INT32 NOT NULL,
    PRIMARY KEY (c163)
) version 28
I20260812 06:37:00.619154  8870 tablet.cc:1622] T c4776300c64c47299b9a05b8ab7817d9 P 24b871dffc1448018983fe00400410f4: MemRowSet was empty: no flush needed.
I20260812 06:37:00.619235  8870 tablet_metadata.cc:647] Not flushing: waiting for 1 pins to be released.
I20260812 06:37:00.621469  8868 maintenance_manager.cc:643] P 24b871dffc1448018983fe00400410f4: CompactRowSetsOp(27dae763986c453ca31e278898600f10) complete. Timing: real 0.019s	user 0.014s	sys 0.000s Metrics: {"bytes_written":5222,"cfile_cache_hit":14,"cfile_cache_hit_bytes":353,"cfile_cache_miss":42,"cfile_cache_miss_bytes":2641,"cfile_init":13,"delta_iterators_relevant":6,"dirs.queue_time_us":613,"dirs.run_cpu_time_us":1070,"dirs.run_wall_time_us":7130,"drs_written":1,"lbm_read_time_us":1301,"lbm_reads_lt_1ms":94,"lbm_write_time_us":3402,"lbm_writes_1-10_ms":1,"lbm_writes_lt_1ms":36,"mutex_wait_us":344,"num_input_rowsets":2,"peak_mem_usage":65536,"rows_written":16}
I20260812 06:37:00.622360  9069 maintenance_manager.cc:419] P 24b871dffc1448018983fe00400410f4: Scheduling UndoDeltaBlockGCOp(f423c654ac794b0e9d18d1ba9b4c8197): 522 bytes on disk
I20260812 06:37:00.624157  8870 tablet.cc:1724] T c4776300c64c47299b9a05b8ab7817d9 P 24b871dffc1448018983fe00400410f4: Alter schema from (
    10:c163 INT32 NOT NULL,
    26:c947 INT32 NOT NULL,
    27:c486 INT32 NOT NULL,
    29:c674 INT32 NOT NULL,
    PRIMARY KEY (c163)
) version 28 to (
    10:c163 INT32 NOT NULL,
    26:c209 INT32 NOT NULL,
    27:c486 INT32 NOT NULL,
    29:c674 INT32 NOT NULL,
    30:c447 INT32 NOT NULL,
    PRIMARY KEY (c163)
) version 29
I20260812 06:37:00.624457  8870 tablet.cc:1622] T c4776300c64c47299b9a05b8ab7817d9 P 24b871dffc1448018983fe00400410f4: MemRowSet was empty: no flush needed.
I20260812 06:37:00.624507  8870 tablet_metadata.cc:647] Not flushing: waiting for 1 pins to be released.
I20260812 06:37:00.624936  8868 maintenance_manager.cc:643] P 24b871dffc1448018983fe00400410f4: UndoDeltaBlockGCOp(f423c654ac794b0e9d18d1ba9b4c8197) complete. Timing: real 0.000s	user 0.000s	sys 0.000s Metrics: {"cfile_init":1,"lbm_read_time_us":59,"lbm_reads_lt_1ms":4}
I20260812 06:37:00.625619  9069 maintenance_manager.cc:419] P 24b871dffc1448018983fe00400410f4: Scheduling UndoDeltaBlockGCOp(27dae763986c453ca31e278898600f10): 459 bytes on disk
I20260812 06:37:00.625830  8870 tablet.cc:1724] T c4776300c64c47299b9a05b8ab7817d9 P 24b871dffc1448018983fe00400410f4: Alter schema from (
    10:c163 INT32 NOT NULL,
    26:c209 INT32 NOT NULL,
    27:c486 INT32 NOT NULL,
    29:c674 INT32 NOT NULL,
    30:c447 INT32 NOT NULL,
    PRIMARY KEY (c163)
) version 29 to (
    10:c163 INT32 NOT NULL,
    26:c209 INT32 NOT NULL,
    27:c486 INT32 NOT NULL,
    29:c752 INT32 NOT NULL,
    30:c447 INT32 NOT NULL,
    PRIMARY KEY (c163)
) version 30
I20260812 06:37:00.626143  8870 tablet.cc:1622] T c4776300c64c47299b9a05b8ab7817d9 P 24b871dffc1448018983fe00400410f4: MemRowSet was empty: no flush needed.
I20260812 06:37:00.626259  8870 tablet_metadata.cc:647] Not flushing: waiting for 1 pins to be released.
I20260812 06:37:00.626087  8868 maintenance_manager.cc:643] P 24b871dffc1448018983fe00400410f4: UndoDeltaBlockGCOp(27dae763986c453ca31e278898600f10) complete. Timing: real 0.000s	user 0.000s	sys 0.000s Metrics: {"cfile_init":1,"lbm_read_time_us":56,"lbm_reads_lt_1ms":4}
I20260812 06:37:00.626978  8870 tablet.cc:1724] T c4776300c64c47299b9a05b8ab7817d9 P 24b871dffc1448018983fe00400410f4: Alter schema from (
    10:c163 INT32 NOT NULL,
    26:c209 INT32 NOT NULL,
    27:c486 INT32 NOT NULL,
    29:c752 INT32 NOT NULL,
    30:c447 INT32 NOT NULL,
    PRIMARY KEY (c163)
) version 30 to (
    10:c163 INT32 NOT NULL,
    26:c209 INT32 NOT NULL,
    27:c486 INT32 NOT NULL,
    29:c752 INT32 NOT NULL,
    30:c447 INT32 NOT NULL,
    31:c321 INT32 NOT NULL,
    PRIMARY KEY (c163)
) version 31
I20260812 06:37:00.627267  8870 tablet.cc:1622] T c4776300c64c47299b9a05b8ab7817d9 P 24b871dffc1448018983fe00400410f4: MemRowSet was empty: no flush needed.
I20260812 06:37:00.627323  8870 tablet_metadata.cc:647] Not flushing: waiting for 1 pins to be released.
I20260812 06:37:00.630393  8870 tablet.cc:1724] T c4776300c64c47299b9a05b8ab7817d9 P 24b871dffc1448018983fe00400410f4: Alter schema from (
    10:c163 INT32 NOT NULL,
    26:c209 INT32 NOT NULL,
    27:c486 INT32 NOT NULL,
    29:c752 INT32 NOT NULL,
    30:c447 INT32 NOT NULL,
    31:c321 INT32 NOT NULL,
    PRIMARY KEY (c163)
) version 31 to (
    10:c236 INT32 NOT NULL,
    26:c209 INT32 NOT NULL,
    27:c486 INT32 NOT NULL,
    29:c752 INT32 NOT NULL,
    30:c447 INT32 NOT NULL,
    31:c321 INT32 NOT NULL,
    PRIMARY KEY (c236)
) version 32
I20260812 06:37:00.630699  8870 tablet.cc:1622] T c4776300c64c47299b9a05b8ab7817d9 P 24b871dffc1448018983fe00400410f4: MemRowSet was empty: no flush needed.
I20260812 06:37:00.630764  8870 tablet_metadata.cc:647] Not flushing: waiting for 1 pins to be released.
I20260812 06:37:00.637187  8870 tablet_bootstrap.cc:492] T c4776300c64c47299b9a05b8ab7817d9 P 24b871dffc1448018983fe00400410f4: Bootstrap replayed 1/1 log segments. Stats: ops{read=59 overwritten=0 applied=59 ignored=40} inserts{seen=2 ignored=0} mutations{seen=6 ignored=0} orphaned_commits=0. Pending: 0 replicates
I20260812 06:37:00.637574  8870 tablet_bootstrap.cc:492] T c4776300c64c47299b9a05b8ab7817d9 P 24b871dffc1448018983fe00400410f4: Bootstrap complete.
I20260812 06:37:00.640401  8870 ts_tablet_manager.cc:1403] T c4776300c64c47299b9a05b8ab7817d9 P 24b871dffc1448018983fe00400410f4: Time spent bootstrapping tablet: real 0.055s	user 0.048s	sys 0.004s
I20260812 06:37:00.640903  8870 raft_consensus.cc:359] T c4776300c64c47299b9a05b8ab7817d9 P 24b871dffc1448018983fe00400410f4 [term 1 FOLLOWER]: Replica starting. Triggering 0 pending ops. Active config: opid_index: -1 OBSOLETE_local: false peers { permanent_uuid: "24b871dffc1448018983fe00400410f4" member_type: VOTER last_known_addr { host: "127.2.199.129" port: 36331 } } peers { permanent_uuid: "2f118d5e1bcb4984adb10c4bd38ce902" member_type: VOTER last_known_addr { host: "127.2.199.130" port: 34635 } } peers { permanent_uuid: "c03dc3071f364652a99918e34639d9e3" member_type: VOTER last_known_addr { host: "127.2.199.131" port: 36015 } }
I20260812 06:37:00.641031  8870 raft_consensus.cc:740] T c4776300c64c47299b9a05b8ab7817d9 P 24b871dffc1448018983fe00400410f4 [term 1 FOLLOWER]: Becoming Follower/Learner. State: Replica: 24b871dffc1448018983fe00400410f4, State: Initialized, Role: FOLLOWER
I20260812 06:37:00.641185  8870 consensus_queue.cc:260] T c4776300c64c47299b9a05b8ab7817d9 P 24b871dffc1448018983fe00400410f4 [NON_LEADER]: Queue going to NON_LEADER mode. State: All replicated index: 0, Majority replicated index: 0, Committed index: 59, Last appended: 1.59, Last appended by leader: 59, Current term: 0, Majority size: -1, State: 0, Mode: NON_LEADER, active raft config: opid_index: -1 OBSOLETE_local: false peers { permanent_uuid: "24b871dffc1448018983fe00400410f4" member_type: VOTER last_known_addr { host: "127.2.199.129" port: 36331 } } peers { permanent_uuid: "2f118d5e1bcb4984adb10c4bd38ce902" member_type: VOTER last_known_addr { host: "127.2.199.130" port: 34635 } } peers { permanent_uuid: "c03dc3071f364652a99918e34639d9e3" member_type: VOTER last_known_addr { host: "127.2.199.131" port: 36015 } }
I20260812 06:37:00.641499  8870 ts_tablet_manager.cc:1434] T c4776300c64c47299b9a05b8ab7817d9 P 24b871dffc1448018983fe00400410f4: Time spent starting tablet: real 0.001s	user 0.003s	sys 0.000s
I20260812 06:37:00.648272  2846 alter_table-randomized-test.cc:127] TS 24b871dffc1448018983fe00400410f4 (index 0) restarted
W20260812 06:37:00.667611  8882 tablet_service.cc:731] failed op from {username='slave'} at 127.0.0.1:50438: Illegal state: replica 24b871dffc1448018983fe00400410f4 is not leader of this config: current role FOLLOWER
W20260812 06:37:00.671209  7030 tablet_service.cc:731] failed op from {username='slave'} at 127.0.0.1:49674: Illegal state: replica 2f118d5e1bcb4984adb10c4bd38ce902 is not leader of this config: current role FOLLOWER
W20260812 06:37:00.678718  7569 tablet_service.cc:731] failed op from {username='slave'} at 127.0.0.1:55126: Illegal state: replica c03dc3071f364652a99918e34639d9e3 is not leader of this config: current role FOLLOWER
W20260812 06:37:00.688395  8882 tablet_service.cc:731] failed op from {username='slave'} at 127.0.0.1:50438: Illegal state: replica 24b871dffc1448018983fe00400410f4 is not leader of this config: current role FOLLOWER
W20260812 06:37:00.694875  7030 tablet_service.cc:731] failed op from {username='slave'} at 127.0.0.1:49674: Illegal state: replica 2f118d5e1bcb4984adb10c4bd38ce902 is not leader of this config: current role FOLLOWER
W20260812 06:37:00.701325  7569 tablet_service.cc:731] failed op from {username='slave'} at 127.0.0.1:55126: Illegal state: replica c03dc3071f364652a99918e34639d9e3 is not leader of this config: current role FOLLOWER
W20260812 06:37:00.711350  8882 tablet_service.cc:731] failed op from {username='slave'} at 127.0.0.1:50438: Illegal state: replica 24b871dffc1448018983fe00400410f4 is not leader of this config: current role FOLLOWER
W20260812 06:37:00.725185  7030 tablet_service.cc:731] failed op from {username='slave'} at 127.0.0.1:49674: Illegal state: replica 2f118d5e1bcb4984adb10c4bd38ce902 is not leader of this config: current role FOLLOWER
W20260812 06:37:00.737881  7569 tablet_service.cc:731] failed op from {username='slave'} at 127.0.0.1:55126: Illegal state: replica c03dc3071f364652a99918e34639d9e3 is not leader of this config: current role FOLLOWER
W20260812 06:37:00.754045  8882 tablet_service.cc:731] failed op from {username='slave'} at 127.0.0.1:50438: Illegal state: replica 24b871dffc1448018983fe00400410f4 is not leader of this config: current role FOLLOWER
W20260812 06:37:00.769733  7030 tablet_service.cc:731] failed op from {username='slave'} at 127.0.0.1:49674: Illegal state: replica 2f118d5e1bcb4984adb10c4bd38ce902 is not leader of this config: current role FOLLOWER
W20260812 06:37:00.782361  7569 tablet_service.cc:731] failed op from {username='slave'} at 127.0.0.1:55126: Illegal state: replica c03dc3071f364652a99918e34639d9e3 is not leader of this config: current role FOLLOWER
W20260812 06:37:00.800406  8882 tablet_service.cc:731] failed op from {username='slave'} at 127.0.0.1:50438: Illegal state: replica 24b871dffc1448018983fe00400410f4 is not leader of this config: current role FOLLOWER
W20260812 06:37:00.814977  7030 tablet_service.cc:731] failed op from {username='slave'} at 127.0.0.1:49674: Illegal state: replica 2f118d5e1bcb4984adb10c4bd38ce902 is not leader of this config: current role FOLLOWER
W20260812 06:37:00.831477  7569 tablet_service.cc:731] failed op from {username='slave'} at 127.0.0.1:55126: Illegal state: replica c03dc3071f364652a99918e34639d9e3 is not leader of this config: current role FOLLOWER
W20260812 06:37:00.852391  8882 tablet_service.cc:731] failed op from {username='slave'} at 127.0.0.1:50438: Illegal state: replica 24b871dffc1448018983fe00400410f4 is not leader of this config: current role FOLLOWER
W20260812 06:37:00.873986  7030 tablet_service.cc:731] failed op from {username='slave'} at 127.0.0.1:49674: Illegal state: replica 2f118d5e1bcb4984adb10c4bd38ce902 is not leader of this config: current role FOLLOWER
I20260812 06:37:00.877782  9069 maintenance_manager.cc:419] P 24b871dffc1448018983fe00400410f4: Scheduling UndoDeltaBlockGCOp(c4776300c64c47299b9a05b8ab7817d9): 836 bytes on disk
I20260812 06:37:00.878459  8868 maintenance_manager.cc:643] P 24b871dffc1448018983fe00400410f4: UndoDeltaBlockGCOp(c4776300c64c47299b9a05b8ab7817d9) complete. Timing: real 0.000s	user 0.000s	sys 0.000s Metrics: {"cfile_init":2,"lbm_read_time_us":98,"lbm_reads_lt_1ms":8}
I20260812 06:37:00.879108  9069 maintenance_manager.cc:419] P 24b871dffc1448018983fe00400410f4: Scheduling CompactRowSetsOp(c4776300c64c47299b9a05b8ab7817d9): perf score=0.808102
I20260812 06:37:00.890617  8868 maintenance_manager.cc:643] P 24b871dffc1448018983fe00400410f4: CompactRowSetsOp(c4776300c64c47299b9a05b8ab7817d9) complete. Timing: real 0.011s	user 0.011s	sys 0.000s Metrics: {"bytes_written":5432,"cfile_cache_hit":20,"cfile_cache_hit_bytes":867,"cfile_cache_miss":40,"cfile_cache_miss_bytes":3123,"cfile_init":11,"delta_iterators_relevant":6,"dirs.queue_time_us":1038,"drs_written":1,"lbm_read_time_us":758,"lbm_reads_lt_1ms":84,"lbm_write_time_us":970,"lbm_writes_lt_1ms":37,"mutex_wait_us":262,"num_input_rowsets":2,"peak_mem_usage":65536,"rows_written":24,"spinlock_wait_cycles":2944}
I20260812 06:37:00.891402  9069 maintenance_manager.cc:419] P 24b871dffc1448018983fe00400410f4: Scheduling UndoDeltaBlockGCOp(c4776300c64c47299b9a05b8ab7817d9): 797 bytes on disk
I20260812 06:37:00.891811  8868 maintenance_manager.cc:643] P 24b871dffc1448018983fe00400410f4: UndoDeltaBlockGCOp(c4776300c64c47299b9a05b8ab7817d9) complete. Timing: real 0.000s	user 0.000s	sys 0.000s Metrics: {"cfile_init":1,"lbm_read_time_us":61,"lbm_reads_lt_1ms":4}
W20260812 06:37:00.892792  7569 tablet_service.cc:731] failed op from {username='slave'} at 127.0.0.1:55126: Illegal state: replica c03dc3071f364652a99918e34639d9e3 is not leader of this config: current role FOLLOWER
W20260812 06:37:00.916762  8882 tablet_service.cc:731] failed op from {username='slave'} at 127.0.0.1:50438: Illegal state: replica 24b871dffc1448018983fe00400410f4 is not leader of this config: current role FOLLOWER
W20260812 06:37:00.938442  7030 tablet_service.cc:731] failed op from {username='slave'} at 127.0.0.1:49674: Illegal state: replica 2f118d5e1bcb4984adb10c4bd38ce902 is not leader of this config: current role FOLLOWER
I20260812 06:37:00.948671  9089 raft_consensus.cc:493] T 5ac9647fdc3d45428f7f83aaa2c7b8d6 P c03dc3071f364652a99918e34639d9e3 [term 2 FOLLOWER]: Starting pre-election (detected failure of leader 24b871dffc1448018983fe00400410f4)
I20260812 06:37:00.948815  9089 raft_consensus.cc:515] T 5ac9647fdc3d45428f7f83aaa2c7b8d6 P c03dc3071f364652a99918e34639d9e3 [term 2 FOLLOWER]: Starting pre-election with config: opid_index: -1 OBSOLETE_local: false peers { permanent_uuid: "24b871dffc1448018983fe00400410f4" member_type: VOTER last_known_addr { host: "127.2.199.129" port: 36331 } } peers { permanent_uuid: "2f118d5e1bcb4984adb10c4bd38ce902" member_type: VOTER last_known_addr { host: "127.2.199.130" port: 34635 } } peers { permanent_uuid: "c03dc3071f364652a99918e34639d9e3" member_type: VOTER last_known_addr { host: "127.2.199.131" port: 36015 } }
I20260812 06:37:00.948971  9127 raft_consensus.cc:493] T 5ac9647fdc3d45428f7f83aaa2c7b8d6 P 2f118d5e1bcb4984adb10c4bd38ce902 [term 2 FOLLOWER]: Starting pre-election (detected failure of leader 24b871dffc1448018983fe00400410f4)
I20260812 06:37:00.949106  9127 raft_consensus.cc:515] T 5ac9647fdc3d45428f7f83aaa2c7b8d6 P 2f118d5e1bcb4984adb10c4bd38ce902 [term 2 FOLLOWER]: Starting pre-election with config: opid_index: -1 OBSOLETE_local: false peers { permanent_uuid: "24b871dffc1448018983fe00400410f4" member_type: VOTER last_known_addr { host: "127.2.199.129" port: 36331 } } peers { permanent_uuid: "2f118d5e1bcb4984adb10c4bd38ce902" member_type: VOTER last_known_addr { host: "127.2.199.130" port: 34635 } } peers { permanent_uuid: "c03dc3071f364652a99918e34639d9e3" member_type: VOTER last_known_addr { host: "127.2.199.131" port: 36015 } }
I20260812 06:37:00.949352  9089 leader_election.cc:290] T 5ac9647fdc3d45428f7f83aaa2c7b8d6 P c03dc3071f364652a99918e34639d9e3 [CANDIDATE]: Term 3 pre-election: Requested pre-vote from peers 24b871dffc1448018983fe00400410f4 (127.2.199.129:36331), 2f118d5e1bcb4984adb10c4bd38ce902 (127.2.199.130:34635)
I20260812 06:37:00.949785  7111 tablet_service.cc:1917] Received RequestConsensusVote() RPC: tablet_id: "5ac9647fdc3d45428f7f83aaa2c7b8d6" candidate_uuid: "c03dc3071f364652a99918e34639d9e3" candidate_term: 3 candidate_status { last_received { term: 2 index: 151 } } ignore_live_leader: false dest_uuid: "2f118d5e1bcb4984adb10c4bd38ce902" is_pre_election: true
I20260812 06:37:00.949838  8978 tablet_service.cc:1917] Received RequestConsensusVote() RPC: tablet_id: "5ac9647fdc3d45428f7f83aaa2c7b8d6" candidate_uuid: "c03dc3071f364652a99918e34639d9e3" candidate_term: 3 candidate_status { last_received { term: 2 index: 151 } } ignore_live_leader: false dest_uuid: "24b871dffc1448018983fe00400410f4" is_pre_election: true
I20260812 06:37:00.949918  7111 raft_consensus.cc:2468] T 5ac9647fdc3d45428f7f83aaa2c7b8d6 P 2f118d5e1bcb4984adb10c4bd38ce902 [term 2 FOLLOWER]: Leader pre-election vote request: Granting yes vote for candidate c03dc3071f364652a99918e34639d9e3 in term 2.
I20260812 06:37:00.950142  8978 raft_consensus.cc:2468] T 5ac9647fdc3d45428f7f83aaa2c7b8d6 P 24b871dffc1448018983fe00400410f4 [term 2 FOLLOWER]: Leader pre-election vote request: Granting yes vote for candidate c03dc3071f364652a99918e34639d9e3 in term 2.
I20260812 06:37:00.950242  7523 leader_election.cc:304] T 5ac9647fdc3d45428f7f83aaa2c7b8d6 P c03dc3071f364652a99918e34639d9e3 [CANDIDATE]: Term 3 pre-election: Election decided. Result: candidate won. Election summary: received 2 responses out of 3 voters: 2 yes votes; 0 no votes. yes voters: 2f118d5e1bcb4984adb10c4bd38ce902, c03dc3071f364652a99918e34639d9e3; no voters: 
I20260812 06:37:00.950543  9089 raft_consensus.cc:2804] T 5ac9647fdc3d45428f7f83aaa2c7b8d6 P c03dc3071f364652a99918e34639d9e3 [term 2 FOLLOWER]: Leader pre-election won for term 3
I20260812 06:37:00.950606  9089 raft_consensus.cc:493] T 5ac9647fdc3d45428f7f83aaa2c7b8d6 P c03dc3071f364652a99918e34639d9e3 [term 2 FOLLOWER]: Starting leader election (detected failure of leader 24b871dffc1448018983fe00400410f4)
I20260812 06:37:00.950603  8978 tablet_service.cc:1917] Received RequestConsensusVote() RPC: tablet_id: "5ac9647fdc3d45428f7f83aaa2c7b8d6" candidate_uuid: "2f118d5e1bcb4984adb10c4bd38ce902" candidate_term: 3 candidate_status { last_received { term: 2 index: 151 } } ignore_live_leader: false dest_uuid: "24b871dffc1448018983fe00400410f4" is_pre_election: true
I20260812 06:37:00.950646  9089 raft_consensus.cc:3060] T 5ac9647fdc3d45428f7f83aaa2c7b8d6 P c03dc3071f364652a99918e34639d9e3 [term 2 FOLLOWER]: Advancing to term 3
I20260812 06:37:00.950697  8978 raft_consensus.cc:2468] T 5ac9647fdc3d45428f7f83aaa2c7b8d6 P 24b871dffc1448018983fe00400410f4 [term 2 FOLLOWER]: Leader pre-election vote request: Granting yes vote for candidate 2f118d5e1bcb4984adb10c4bd38ce902 in term 2.
I20260812 06:37:00.951057  6991 leader_election.cc:304] T 5ac9647fdc3d45428f7f83aaa2c7b8d6 P 2f118d5e1bcb4984adb10c4bd38ce902 [CANDIDATE]: Term 3 pre-election: Election decided. Result: candidate won. Election summary: received 2 responses out of 3 voters: 2 yes votes; 0 no votes. yes voters: 24b871dffc1448018983fe00400410f4, 2f118d5e1bcb4984adb10c4bd38ce902; no voters: 
I20260812 06:37:00.951203  9127 leader_election.cc:290] T 5ac9647fdc3d45428f7f83aaa2c7b8d6 P 2f118d5e1bcb4984adb10c4bd38ce902 [CANDIDATE]: Term 3 pre-election: Requested pre-vote from peers 24b871dffc1448018983fe00400410f4 (127.2.199.129:36331), c03dc3071f364652a99918e34639d9e3 (127.2.199.131:36015)
I20260812 06:37:00.951241  9095 raft_consensus.cc:2804] T 5ac9647fdc3d45428f7f83aaa2c7b8d6 P 2f118d5e1bcb4984adb10c4bd38ce902 [term 2 FOLLOWER]: Leader pre-election won for term 3
I20260812 06:37:00.951300  9095 raft_consensus.cc:493] T 5ac9647fdc3d45428f7f83aaa2c7b8d6 P 2f118d5e1bcb4984adb10c4bd38ce902 [term 2 FOLLOWER]: Starting leader election (detected failure of leader 24b871dffc1448018983fe00400410f4)
I20260812 06:37:00.951336  9095 raft_consensus.cc:3060] T 5ac9647fdc3d45428f7f83aaa2c7b8d6 P 2f118d5e1bcb4984adb10c4bd38ce902 [term 2 FOLLOWER]: Advancing to term 3
I20260812 06:37:00.951375  7648 tablet_service.cc:1917] Received RequestConsensusVote() RPC: tablet_id: "5ac9647fdc3d45428f7f83aaa2c7b8d6" candidate_uuid: "2f118d5e1bcb4984adb10c4bd38ce902" candidate_term: 3 candidate_status { last_received { term: 2 index: 151 } } ignore_live_leader: false dest_uuid: "c03dc3071f364652a99918e34639d9e3" is_pre_election: true
I20260812 06:37:00.951839  9089 raft_consensus.cc:515] T 5ac9647fdc3d45428f7f83aaa2c7b8d6 P c03dc3071f364652a99918e34639d9e3 [term 3 FOLLOWER]: Starting leader election with config: opid_index: -1 OBSOLETE_local: false peers { permanent_uuid: "24b871dffc1448018983fe00400410f4" member_type: VOTER last_known_addr { host: "127.2.199.129" port: 36331 } } peers { permanent_uuid: "2f118d5e1bcb4984adb10c4bd38ce902" member_type: VOTER last_known_addr { host: "127.2.199.130" port: 34635 } } peers { permanent_uuid: "c03dc3071f364652a99918e34639d9e3" member_type: VOTER last_known_addr { host: "127.2.199.131" port: 36015 } }
I20260812 06:37:00.952049  7648 raft_consensus.cc:2393] T 5ac9647fdc3d45428f7f83aaa2c7b8d6 P c03dc3071f364652a99918e34639d9e3 [term 3 FOLLOWER]: Leader pre-election vote request: Denying vote to candidate 2f118d5e1bcb4984adb10c4bd38ce902 in current term 3: Already voted for candidate c03dc3071f364652a99918e34639d9e3 in this term.
I20260812 06:37:00.952198  9089 leader_election.cc:290] T 5ac9647fdc3d45428f7f83aaa2c7b8d6 P c03dc3071f364652a99918e34639d9e3 [CANDIDATE]: Term 3 election: Requested vote from peers 24b871dffc1448018983fe00400410f4 (127.2.199.129:36331), 2f118d5e1bcb4984adb10c4bd38ce902 (127.2.199.130:34635)
I20260812 06:37:00.952529  9095 raft_consensus.cc:515] T 5ac9647fdc3d45428f7f83aaa2c7b8d6 P 2f118d5e1bcb4984adb10c4bd38ce902 [term 3 FOLLOWER]: Starting leader election with config: opid_index: -1 OBSOLETE_local: false peers { permanent_uuid: "24b871dffc1448018983fe00400410f4" member_type: VOTER last_known_addr { host: "127.2.199.129" port: 36331 } } peers { permanent_uuid: "2f118d5e1bcb4984adb10c4bd38ce902" member_type: VOTER last_known_addr { host: "127.2.199.130" port: 34635 } } peers { permanent_uuid: "c03dc3071f364652a99918e34639d9e3" member_type: VOTER last_known_addr { host: "127.2.199.131" port: 36015 } }
I20260812 06:37:00.952617  8978 tablet_service.cc:1917] Received RequestConsensusVote() RPC: tablet_id: "5ac9647fdc3d45428f7f83aaa2c7b8d6" candidate_uuid: "c03dc3071f364652a99918e34639d9e3" candidate_term: 3 candidate_status { last_received { term: 2 index: 151 } } ignore_live_leader: false dest_uuid: "24b871dffc1448018983fe00400410f4"
I20260812 06:37:00.952636  7111 tablet_service.cc:1917] Received RequestConsensusVote() RPC: tablet_id: "5ac9647fdc3d45428f7f83aaa2c7b8d6" candidate_uuid: "c03dc3071f364652a99918e34639d9e3" candidate_term: 3 candidate_status { last_received { term: 2 index: 151 } } ignore_live_leader: false dest_uuid: "2f118d5e1bcb4984adb10c4bd38ce902"
I20260812 06:37:00.952706  8978 raft_consensus.cc:3060] T 5ac9647fdc3d45428f7f83aaa2c7b8d6 P 24b871dffc1448018983fe00400410f4 [term 2 FOLLOWER]: Advancing to term 3
I20260812 06:37:00.952760  7111 raft_consensus.cc:2393] T 5ac9647fdc3d45428f7f83aaa2c7b8d6 P 2f118d5e1bcb4984adb10c4bd38ce902 [term 3 FOLLOWER]: Leader election vote request: Denying vote to candidate c03dc3071f364652a99918e34639d9e3 in current term 3: Already voted for candidate 2f118d5e1bcb4984adb10c4bd38ce902 in this term.
I20260812 06:37:00.952872  9095 leader_election.cc:290] T 5ac9647fdc3d45428f7f83aaa2c7b8d6 P 2f118d5e1bcb4984adb10c4bd38ce902 [CANDIDATE]: Term 3 election: Requested vote from peers 24b871dffc1448018983fe00400410f4 (127.2.199.129:36331), c03dc3071f364652a99918e34639d9e3 (127.2.199.131:36015)
I20260812 06:37:00.953366  8960 tablet_service.cc:1917] Received RequestConsensusVote() RPC: tablet_id: "5ac9647fdc3d45428f7f83aaa2c7b8d6" candidate_uuid: "2f118d5e1bcb4984adb10c4bd38ce902" candidate_term: 3 candidate_status { last_received { term: 2 index: 151 } } ignore_live_leader: false dest_uuid: "24b871dffc1448018983fe00400410f4"
I20260812 06:37:00.953631  7648 tablet_service.cc:1917] Received RequestConsensusVote() RPC: tablet_id: "5ac9647fdc3d45428f7f83aaa2c7b8d6" candidate_uuid: "2f118d5e1bcb4984adb10c4bd38ce902" candidate_term: 3 candidate_status { last_received { term: 2 index: 151 } } ignore_live_leader: false dest_uuid: "c03dc3071f364652a99918e34639d9e3"
I20260812 06:37:00.953683  8978 raft_consensus.cc:2468] T 5ac9647fdc3d45428f7f83aaa2c7b8d6 P 24b871dffc1448018983fe00400410f4 [term 3 FOLLOWER]: Leader election vote request: Granting yes vote for candidate c03dc3071f364652a99918e34639d9e3 in term 3.
I20260812 06:37:00.953763  7648 raft_consensus.cc:2393] T 5ac9647fdc3d45428f7f83aaa2c7b8d6 P c03dc3071f364652a99918e34639d9e3 [term 3 FOLLOWER]: Leader election vote request: Denying vote to candidate 2f118d5e1bcb4984adb10c4bd38ce902 in current term 3: Already voted for candidate c03dc3071f364652a99918e34639d9e3 in this term.
I20260812 06:37:00.953974  7518 leader_election.cc:304] T 5ac9647fdc3d45428f7f83aaa2c7b8d6 P c03dc3071f364652a99918e34639d9e3 [CANDIDATE]: Term 3 election: Election decided. Result: candidate won. Election summary: received 3 responses out of 3 voters: 2 yes votes; 1 no votes. yes voters: 24b871dffc1448018983fe00400410f4, c03dc3071f364652a99918e34639d9e3; no voters: 2f118d5e1bcb4984adb10c4bd38ce902
I20260812 06:37:00.954128  6991 leader_election.cc:304] T 5ac9647fdc3d45428f7f83aaa2c7b8d6 P 2f118d5e1bcb4984adb10c4bd38ce902 [CANDIDATE]: Term 3 election: Election decided. Result: candidate lost. Election summary: received 3 responses out of 3 voters: 1 yes votes; 2 no votes. yes voters: 2f118d5e1bcb4984adb10c4bd38ce902; no voters: 24b871dffc1448018983fe00400410f4, c03dc3071f364652a99918e34639d9e3
I20260812 06:37:00.954198  9089 raft_consensus.cc:2804] T 5ac9647fdc3d45428f7f83aaa2c7b8d6 P c03dc3071f364652a99918e34639d9e3 [term 3 FOLLOWER]: Leader election won for term 3
I20260812 06:37:00.954352  9095 raft_consensus.cc:2749] T 5ac9647fdc3d45428f7f83aaa2c7b8d6 P 2f118d5e1bcb4984adb10c4bd38ce902 [term 3 FOLLOWER]: Leader election lost for term 3. Reason: could not achieve majority
I20260812 06:37:00.954386  9089 raft_consensus.cc:697] T 5ac9647fdc3d45428f7f83aaa2c7b8d6 P c03dc3071f364652a99918e34639d9e3 [term 3 LEADER]: Becoming Leader. State: Replica: c03dc3071f364652a99918e34639d9e3, State: Running, Role: LEADER
I20260812 06:37:00.954737  9089 consensus_queue.cc:237] T 5ac9647fdc3d45428f7f83aaa2c7b8d6 P c03dc3071f364652a99918e34639d9e3 [LEADER]: Queue going to LEADER mode. State: All replicated index: 0, Majority replicated index: 151, Committed index: 151, Last appended: 2.151, Last appended by leader: 151, Current term: 3, Majority size: 2, State: 0, Mode: LEADER, active raft config: opid_index: -1 OBSOLETE_local: false peers { permanent_uuid: "24b871dffc1448018983fe00400410f4" member_type: VOTER last_known_addr { host: "127.2.199.129" port: 36331 } } peers { permanent_uuid: "2f118d5e1bcb4984adb10c4bd38ce902" member_type: VOTER last_known_addr { host: "127.2.199.130" port: 34635 } } peers { permanent_uuid: "c03dc3071f364652a99918e34639d9e3" member_type: VOTER last_known_addr { host: "127.2.199.131" port: 36015 } }
I20260812 06:37:00.956568  8279 catalog_manager.cc:5719] T 5ac9647fdc3d45428f7f83aaa2c7b8d6 P c03dc3071f364652a99918e34639d9e3 reported cstate change: term changed from 2 to 3, leader changed from 24b871dffc1448018983fe00400410f4 (127.2.199.129) to c03dc3071f364652a99918e34639d9e3 (127.2.199.131). New cstate: current_term: 3 leader_uuid: "c03dc3071f364652a99918e34639d9e3" committed_config { opid_index: -1 OBSOLETE_local: false peers { permanent_uuid: "24b871dffc1448018983fe00400410f4" member_type: VOTER last_known_addr { host: "127.2.199.129" port: 36331 } health_report { overall_health: UNKNOWN } } peers { permanent_uuid: "2f118d5e1bcb4984adb10c4bd38ce902" member_type: VOTER last_known_addr { host: "127.2.199.130" port: 34635 } health_report { overall_health: UNKNOWN } } peers { permanent_uuid: "c03dc3071f364652a99918e34639d9e3" member_type: VOTER last_known_addr { host: "127.2.199.131" port: 36015 } health_report { overall_health: HEALTHY } } }
I20260812 06:37:00.962108  7111 raft_consensus.cc:1275] T 5ac9647fdc3d45428f7f83aaa2c7b8d6 P 2f118d5e1bcb4984adb10c4bd38ce902 [term 3 FOLLOWER]: Refusing update from remote peer c03dc3071f364652a99918e34639d9e3: Log matching property violated. Preceding OpId in replica: term: 2 index: 151. Preceding OpId from leader: term: 3 index: 153. (index mismatch)
I20260812 06:37:00.962221  8978 raft_consensus.cc:1275] T 5ac9647fdc3d45428f7f83aaa2c7b8d6 P 24b871dffc1448018983fe00400410f4 [term 3 FOLLOWER]: Refusing update from remote peer c03dc3071f364652a99918e34639d9e3: Log matching property violated. Preceding OpId in replica: term: 2 index: 151. Preceding OpId from leader: term: 3 index: 153. (index mismatch)
I20260812 06:37:00.962548  9128 consensus_queue.cc:1048] T 5ac9647fdc3d45428f7f83aaa2c7b8d6 P c03dc3071f364652a99918e34639d9e3 [LEADER]: Connected to new peer: Peer: permanent_uuid: "2f118d5e1bcb4984adb10c4bd38ce902" member_type: VOTER last_known_addr { host: "127.2.199.130" port: 34635 }, Status: LMP_MISMATCH, Last received: 0.0, Next index: 152, Last known committed idx: 151, Time since last communication: 0.000s
I20260812 06:37:00.962678  9089 consensus_queue.cc:1048] T 5ac9647fdc3d45428f7f83aaa2c7b8d6 P c03dc3071f364652a99918e34639d9e3 [LEADER]: Connected to new peer: Peer: permanent_uuid: "24b871dffc1448018983fe00400410f4" member_type: VOTER last_known_addr { host: "127.2.199.129" port: 36331 }, Status: LMP_MISMATCH, Last received: 0.0, Next index: 152, Last known committed idx: 151, Time since last communication: 0.000s
I20260812 06:37:00.969237  9122 mvcc.cc:204] Tried to move back new op lower bound from 7317572079456952320 to 7317572079432089600. Current Snapshot: MvccSnapshot[applied={T|T < 7317572079456952320 or (T in {7317572079456952320})}]
W20260812 06:37:00.999217  8882 tablet_service.cc:731] failed op from {username='slave'} at 127.0.0.1:50438: Illegal state: replica 24b871dffc1448018983fe00400410f4 is not leader of this config: current role FOLLOWER
I20260812 06:37:01.003012  9142 raft_consensus.cc:493] T eb101fde30534362a8e4e17cef7a5922 P c03dc3071f364652a99918e34639d9e3 [term 2 FOLLOWER]: Starting pre-election (detected failure of leader 24b871dffc1448018983fe00400410f4)
I20260812 06:37:01.003129  9142 raft_consensus.cc:515] T eb101fde30534362a8e4e17cef7a5922 P c03dc3071f364652a99918e34639d9e3 [term 2 FOLLOWER]: Starting pre-election with config: opid_index: -1 OBSOLETE_local: false peers { permanent_uuid: "24b871dffc1448018983fe00400410f4" member_type: VOTER last_known_addr { host: "127.2.199.129" port: 36331 } } peers { permanent_uuid: "2f118d5e1bcb4984adb10c4bd38ce902" member_type: VOTER last_known_addr { host: "127.2.199.130" port: 34635 } } peers { permanent_uuid: "c03dc3071f364652a99918e34639d9e3" member_type: VOTER last_known_addr { host: "127.2.199.131" port: 36015 } }
I20260812 06:37:01.003684  9142 leader_election.cc:290] T eb101fde30534362a8e4e17cef7a5922 P c03dc3071f364652a99918e34639d9e3 [CANDIDATE]: Term 3 pre-election: Requested pre-vote from peers 24b871dffc1448018983fe00400410f4 (127.2.199.129:36331), 2f118d5e1bcb4984adb10c4bd38ce902 (127.2.199.130:34635)
I20260812 06:37:01.003832  8701 raft_consensus.cc:493] T eb101fde30534362a8e4e17cef7a5922 P 2f118d5e1bcb4984adb10c4bd38ce902 [term 2 FOLLOWER]: Starting pre-election (detected failure of leader 24b871dffc1448018983fe00400410f4)
I20260812 06:37:01.003862  7111 tablet_service.cc:1917] Received RequestConsensusVote() RPC: tablet_id: "eb101fde30534362a8e4e17cef7a5922" candidate_uuid: "c03dc3071f364652a99918e34639d9e3" candidate_term: 3 candidate_status { last_received { term: 2 index: 103 } } ignore_live_leader: false dest_uuid: "2f118d5e1bcb4984adb10c4bd38ce902" is_pre_election: true
I20260812 06:37:01.003909  8978 tablet_service.cc:1917] Received RequestConsensusVote() RPC: tablet_id: "eb101fde30534362a8e4e17cef7a5922" candidate_uuid: "c03dc3071f364652a99918e34639d9e3" candidate_term: 3 candidate_status { last_received { term: 2 index: 103 } } ignore_live_leader: false dest_uuid: "24b871dffc1448018983fe00400410f4" is_pre_election: true
I20260812 06:37:01.003933  8701 raft_consensus.cc:515] T eb101fde30534362a8e4e17cef7a5922 P 2f118d5e1bcb4984adb10c4bd38ce902 [term 2 FOLLOWER]: Starting pre-election with config: opid_index: -1 OBSOLETE_local: false peers { permanent_uuid: "24b871dffc1448018983fe00400410f4" member_type: VOTER last_known_addr { host: "127.2.199.129" port: 36331 } } peers { permanent_uuid: "2f118d5e1bcb4984adb10c4bd38ce902" member_type: VOTER last_known_addr { host: "127.2.199.130" port: 34635 } } peers { permanent_uuid: "c03dc3071f364652a99918e34639d9e3" member_type: VOTER last_known_addr { host: "127.2.199.131" port: 36015 } }
I20260812 06:37:01.004015  8978 raft_consensus.cc:2468] T eb101fde30534362a8e4e17cef7a5922 P 24b871dffc1448018983fe00400410f4 [term 2 FOLLOWER]: Leader pre-election vote request: Granting yes vote for candidate c03dc3071f364652a99918e34639d9e3 in term 2.
I20260812 06:37:01.004106  7111 raft_consensus.cc:2468] T eb101fde30534362a8e4e17cef7a5922 P 2f118d5e1bcb4984adb10c4bd38ce902 [term 2 FOLLOWER]: Leader pre-election vote request: Granting yes vote for candidate c03dc3071f364652a99918e34639d9e3 in term 2.
I20260812 06:37:01.004277  8701 leader_election.cc:290] T eb101fde30534362a8e4e17cef7a5922 P 2f118d5e1bcb4984adb10c4bd38ce902 [CANDIDATE]: Term 3 pre-election: Requested pre-vote from peers 24b871dffc1448018983fe00400410f4 (127.2.199.129:36331), c03dc3071f364652a99918e34639d9e3 (127.2.199.131:36015)
I20260812 06:37:01.004324  7518 leader_election.cc:304] T eb101fde30534362a8e4e17cef7a5922 P c03dc3071f364652a99918e34639d9e3 [CANDIDATE]: Term 3 pre-election: Election decided. Result: candidate won. Election summary: received 2 responses out of 3 voters: 2 yes votes; 0 no votes. yes voters: 24b871dffc1448018983fe00400410f4, c03dc3071f364652a99918e34639d9e3; no voters: 
I20260812 06:37:01.004513  9142 raft_consensus.cc:2804] T eb101fde30534362a8e4e17cef7a5922 P c03dc3071f364652a99918e34639d9e3 [term 2 FOLLOWER]: Leader pre-election won for term 3
I20260812 06:37:01.004580  9142 raft_consensus.cc:493] T eb101fde30534362a8e4e17cef7a5922 P c03dc3071f364652a99918e34639d9e3 [term 2 FOLLOWER]: Starting leader election (detected failure of leader 24b871dffc1448018983fe00400410f4)
I20260812 06:37:01.004621  9142 raft_consensus.cc:3060] T eb101fde30534362a8e4e17cef7a5922 P c03dc3071f364652a99918e34639d9e3 [term 2 FOLLOWER]: Advancing to term 3
I20260812 06:37:01.004946  7648 tablet_service.cc:1917] Received RequestConsensusVote() RPC: tablet_id: "eb101fde30534362a8e4e17cef7a5922" candidate_uuid: "2f118d5e1bcb4984adb10c4bd38ce902" candidate_term: 3 candidate_status { last_received { term: 2 index: 103 } } ignore_live_leader: false dest_uuid: "c03dc3071f364652a99918e34639d9e3" is_pre_election: true
I20260812 06:37:01.005249  8978 tablet_service.cc:1917] Received RequestConsensusVote() RPC: tablet_id: "eb101fde30534362a8e4e17cef7a5922" candidate_uuid: "2f118d5e1bcb4984adb10c4bd38ce902" candidate_term: 3 candidate_status { last_received { term: 2 index: 103 } } ignore_live_leader: false dest_uuid: "24b871dffc1448018983fe00400410f4" is_pre_election: true
I20260812 06:37:01.005357  8978 raft_consensus.cc:2468] T eb101fde30534362a8e4e17cef7a5922 P 24b871dffc1448018983fe00400410f4 [term 2 FOLLOWER]: Leader pre-election vote request: Granting yes vote for candidate 2f118d5e1bcb4984adb10c4bd38ce902 in term 2.
W20260812 06:37:01.005573  7030 tablet_service.cc:731] failed op from {username='slave'} at 127.0.0.1:49674: Illegal state: replica 2f118d5e1bcb4984adb10c4bd38ce902 is not leader of this config: current role FOLLOWER
I20260812 06:37:01.005631  6991 leader_election.cc:304] T eb101fde30534362a8e4e17cef7a5922 P 2f118d5e1bcb4984adb10c4bd38ce902 [CANDIDATE]: Term 3 pre-election: Election decided. Result: candidate won. Election summary: received 2 responses out of 3 voters: 2 yes votes; 0 no votes. yes voters: 24b871dffc1448018983fe00400410f4, 2f118d5e1bcb4984adb10c4bd38ce902; no voters: 
I20260812 06:37:01.005775  8701 raft_consensus.cc:2804] T eb101fde30534362a8e4e17cef7a5922 P 2f118d5e1bcb4984adb10c4bd38ce902 [term 2 FOLLOWER]: Leader pre-election won for term 3
I20260812 06:37:01.005828  8701 raft_consensus.cc:493] T eb101fde30534362a8e4e17cef7a5922 P 2f118d5e1bcb4984adb10c4bd38ce902 [term 2 FOLLOWER]: Starting leader election (detected failure of leader 24b871dffc1448018983fe00400410f4)
I20260812 06:37:01.005872  8701 raft_consensus.cc:3060] T eb101fde30534362a8e4e17cef7a5922 P 2f118d5e1bcb4984adb10c4bd38ce902 [term 2 FOLLOWER]: Advancing to term 3
