I20260812 06:36:27.379480 30926 raft_consensus.cc:359] T ad6dbce60bb349708588656059647846 P b6c907c6bd564fad9b2dc2b66f218e97 [term 0 FOLLOWER]: Replica starting. Triggering 0 pending ops. Active config: opid_index: -1 OBSOLETE_local: true peers { permanent_uuid: "b6c907c6bd564fad9b2dc2b66f218e97" member_type: VOTER last_known_addr { host: "127.27.1.1" port: 37983 } }
I20260812 06:36:27.379566 30926 raft_consensus.cc:385] T ad6dbce60bb349708588656059647846 P b6c907c6bd564fad9b2dc2b66f218e97 [term 0 FOLLOWER]: Consensus starting up: Expiring failure detector timer to make a prompt election more likely
I20260812 06:36:27.379624 30926 raft_consensus.cc:740] T ad6dbce60bb349708588656059647846 P b6c907c6bd564fad9b2dc2b66f218e97 [term 0 FOLLOWER]: Becoming Follower/Learner. State: Replica: b6c907c6bd564fad9b2dc2b66f218e97, State: Initialized, Role: FOLLOWER
I20260812 06:36:27.379767 30926 consensus_queue.cc:260] T ad6dbce60bb349708588656059647846 P b6c907c6bd564fad9b2dc2b66f218e97 [NON_LEADER]: Queue going to NON_LEADER mode. State: All replicated index: 0, Majority replicated index: 0, Committed index: 0, Last appended: 0.0, Last appended by leader: 0, Current term: 0, Majority size: -1, State: 0, Mode: NON_LEADER, active raft config: opid_index: -1 OBSOLETE_local: true peers { permanent_uuid: "b6c907c6bd564fad9b2dc2b66f218e97" member_type: VOTER last_known_addr { host: "127.27.1.1" port: 37983 } }
I20260812 06:36:27.379868 30926 raft_consensus.cc:399] T ad6dbce60bb349708588656059647846 P b6c907c6bd564fad9b2dc2b66f218e97 [term 0 FOLLOWER]: Only one voter in the Raft config. Triggering election immediately
I20260812 06:36:27.379921 30926 raft_consensus.cc:493] T ad6dbce60bb349708588656059647846 P b6c907c6bd564fad9b2dc2b66f218e97 [term 0 FOLLOWER]: Starting leader election (initial election of a single-replica configuration)
I20260812 06:36:27.380000 30926 raft_consensus.cc:3060] T ad6dbce60bb349708588656059647846 P b6c907c6bd564fad9b2dc2b66f218e97 [term 0 FOLLOWER]: Advancing to term 1
I20260812 06:36:27.380734 30926 raft_consensus.cc:515] T ad6dbce60bb349708588656059647846 P b6c907c6bd564fad9b2dc2b66f218e97 [term 1 FOLLOWER]: Starting leader election with config: opid_index: -1 OBSOLETE_local: true peers { permanent_uuid: "b6c907c6bd564fad9b2dc2b66f218e97" member_type: VOTER last_known_addr { host: "127.27.1.1" port: 37983 } }
I20260812 06:36:27.380849 30926 leader_election.cc:304] T ad6dbce60bb349708588656059647846 P b6c907c6bd564fad9b2dc2b66f218e97 [CANDIDATE]: Term 1 election: Election decided. Result: candidate won. Election summary: received 1 responses out of 1 voters: 1 yes votes; 0 no votes. yes voters: b6c907c6bd564fad9b2dc2b66f218e97; no voters: 
I20260812 06:36:27.380947 30926 leader_election.cc:290] T ad6dbce60bb349708588656059647846 P b6c907c6bd564fad9b2dc2b66f218e97 [CANDIDATE]: Term 1 election: Requested vote from peers 
I20260812 06:36:27.380997 30928 raft_consensus.cc:2804] T ad6dbce60bb349708588656059647846 P b6c907c6bd564fad9b2dc2b66f218e97 [term 1 FOLLOWER]: Leader election won for term 1
I20260812 06:36:27.381074 30928 raft_consensus.cc:697] T ad6dbce60bb349708588656059647846 P b6c907c6bd564fad9b2dc2b66f218e97 [term 1 LEADER]: Becoming Leader. State: Replica: b6c907c6bd564fad9b2dc2b66f218e97, State: Running, Role: LEADER
I20260812 06:36:27.381191 30928 consensus_queue.cc:237] T ad6dbce60bb349708588656059647846 P b6c907c6bd564fad9b2dc2b66f218e97 [LEADER]: Queue going to LEADER mode. State: All replicated index: 0, Majority replicated index: 0, Committed index: 0, Last appended: 0.0, Last appended by leader: 0, Current term: 1, Majority size: 1, State: 0, Mode: LEADER, active raft config: opid_index: -1 OBSOLETE_local: true peers { permanent_uuid: "b6c907c6bd564fad9b2dc2b66f218e97" member_type: VOTER last_known_addr { host: "127.27.1.1" port: 37983 } }
I20260812 06:36:27.381372 30926 ts_tablet_manager.cc:1434] T ad6dbce60bb349708588656059647846 P b6c907c6bd564fad9b2dc2b66f218e97: Time spent starting tablet: real 0.002s	user 0.000s	sys 0.002s
I20260812 06:36:27.384006 30560 catalog_manager.cc:5719] T ad6dbce60bb349708588656059647846 P b6c907c6bd564fad9b2dc2b66f218e97 reported cstate change: term changed from 0 to 1, leader changed from <none> to b6c907c6bd564fad9b2dc2b66f218e97 (127.27.1.1). New cstate: current_term: 1 leader_uuid: "b6c907c6bd564fad9b2dc2b66f218e97" committed_config { opid_index: -1 OBSOLETE_local: true peers { permanent_uuid: "b6c907c6bd564fad9b2dc2b66f218e97" member_type: VOTER last_known_addr { host: "127.27.1.1" port: 37983 } health_report { overall_health: HEALTHY } } }
I20260812 06:36:27.398847 30560 catalog_manager.cc:2283] Servicing CreateTable request from {username='slave'} at 127.0.0.1:41130:
name: "Table.TestAddMasterSysCatalogCopy/0.86"
schema {
  columns {
    name: "key"
    type: INT32
    is_key: true
    is_nullable: false
    encoding: AUTO_ENCODING
    compression: DEFAULT_COMPRESSION
    cfile_block_size: 0
    immutable: false
  }
}
num_replicas: 1
split_rows_range_bounds {
}
partition_schema {
  range_schema {
    columns {
      name: "key"
    }
  }
}
I20260812 06:36:27.404534 30791 tablet_service.cc:1511] Processing CreateTablet for tablet 4bce41b168054decbc952bc3cf6ba7ff (DEFAULT_TABLE table=Table.TestAddMasterSysCatalogCopy/0.86 [id=b50b2cec2ab24d39a84b5ad70595435e]), partition=RANGE (key) PARTITION UNBOUNDED
I20260812 06:36:27.404886 30791 data_dirs.cc:400] Could only allocate 1 dirs of requested 3 for tablet 4bce41b168054decbc952bc3cf6ba7ff. 1 dirs total, 0 dirs full, 0 dirs failed
I20260812 06:36:27.406596 30926 tablet_bootstrap.cc:492] T 4bce41b168054decbc952bc3cf6ba7ff P b6c907c6bd564fad9b2dc2b66f218e97: Bootstrap starting.
I20260812 06:36:27.407706 30926 tablet_bootstrap.cc:654] T 4bce41b168054decbc952bc3cf6ba7ff P b6c907c6bd564fad9b2dc2b66f218e97: Neither blocks nor log segments found. Creating new log.
I20260812 06:36:27.408816 30926 tablet_bootstrap.cc:492] T 4bce41b168054decbc952bc3cf6ba7ff P b6c907c6bd564fad9b2dc2b66f218e97: No bootstrap required, opened a new log
I20260812 06:36:27.408896 30926 ts_tablet_manager.cc:1403] T 4bce41b168054decbc952bc3cf6ba7ff P b6c907c6bd564fad9b2dc2b66f218e97: Time spent bootstrapping tablet: real 0.002s	user 0.002s	sys 0.000s
I20260812 06:36:27.409348 30926 raft_consensus.cc:359] T 4bce41b168054decbc952bc3cf6ba7ff P b6c907c6bd564fad9b2dc2b66f218e97 [term 0 FOLLOWER]: Replica starting. Triggering 0 pending ops. Active config: opid_index: -1 OBSOLETE_local: true peers { permanent_uuid: "b6c907c6bd564fad9b2dc2b66f218e97" member_type: VOTER last_known_addr { host: "127.27.1.1" port: 37983 } }
I20260812 06:36:27.409466 30926 raft_consensus.cc:385] T 4bce41b168054decbc952bc3cf6ba7ff P b6c907c6bd564fad9b2dc2b66f218e97 [term 0 FOLLOWER]: Consensus starting up: Expiring failure detector timer to make a prompt election more likely
I20260812 06:36:27.409502 30926 raft_consensus.cc:740] T 4bce41b168054decbc952bc3cf6ba7ff P b6c907c6bd564fad9b2dc2b66f218e97 [term 0 FOLLOWER]: Becoming Follower/Learner. State: Replica: b6c907c6bd564fad9b2dc2b66f218e97, State: Initialized, Role: FOLLOWER
I20260812 06:36:27.409650 30926 consensus_queue.cc:260] T 4bce41b168054decbc952bc3cf6ba7ff P b6c907c6bd564fad9b2dc2b66f218e97 [NON_LEADER]: Queue going to NON_LEADER mode. State: All replicated index: 0, Majority replicated index: 0, Committed index: 0, Last appended: 0.0, Last appended by leader: 0, Current term: 0, Majority size: -1, State: 0, Mode: NON_LEADER, active raft config: opid_index: -1 OBSOLETE_local: true peers { permanent_uuid: "b6c907c6bd564fad9b2dc2b66f218e97" member_type: VOTER last_known_addr { host: "127.27.1.1" port: 37983 } }
I20260812 06:36:27.409758 30926 raft_consensus.cc:399] T 4bce41b168054decbc952bc3cf6ba7ff P b6c907c6bd564fad9b2dc2b66f218e97 [term 0 FOLLOWER]: Only one voter in the Raft config. Triggering election immediately
I20260812 06:36:27.409811 30926 raft_consensus.cc:493] T 4bce41b168054decbc952bc3cf6ba7ff P b6c907c6bd564fad9b2dc2b66f218e97 [term 0 FOLLOWER]: Starting leader election (initial election of a single-replica configuration)
I20260812 06:36:27.409886 30926 raft_consensus.cc:3060] T 4bce41b168054decbc952bc3cf6ba7ff P b6c907c6bd564fad9b2dc2b66f218e97 [term 0 FOLLOWER]: Advancing to term 1
I20260812 06:36:27.410614 30926 raft_consensus.cc:515] T 4bce41b168054decbc952bc3cf6ba7ff P b6c907c6bd564fad9b2dc2b66f218e97 [term 1 FOLLOWER]: Starting leader election with config: opid_index: -1 OBSOLETE_local: true peers { permanent_uuid: "b6c907c6bd564fad9b2dc2b66f218e97" member_type: VOTER last_known_addr { host: "127.27.1.1" port: 37983 } }
I20260812 06:36:27.410749 30926 leader_election.cc:304] T 4bce41b168054decbc952bc3cf6ba7ff P b6c907c6bd564fad9b2dc2b66f218e97 [CANDIDATE]: Term 1 election: Election decided. Result: candidate won. Election summary: received 1 responses out of 1 voters: 1 yes votes; 0 no votes. yes voters: b6c907c6bd564fad9b2dc2b66f218e97; no voters: 
I20260812 06:36:27.410849 30926 leader_election.cc:290] T 4bce41b168054decbc952bc3cf6ba7ff P b6c907c6bd564fad9b2dc2b66f218e97 [CANDIDATE]: Term 1 election: Requested vote from peers 
I20260812 06:36:27.410899 30941 raft_consensus.cc:2804] T 4bce41b168054decbc952bc3cf6ba7ff P b6c907c6bd564fad9b2dc2b66f218e97 [term 1 FOLLOWER]: Leader election won for term 1
I20260812 06:36:27.410984 30941 raft_consensus.cc:697] T 4bce41b168054decbc952bc3cf6ba7ff P b6c907c6bd564fad9b2dc2b66f218e97 [term 1 LEADER]: Becoming Leader. State: Replica: b6c907c6bd564fad9b2dc2b66f218e97, State: Running, Role: LEADER
I20260812 06:36:27.411154 30926 ts_tablet_manager.cc:1434] T 4bce41b168054decbc952bc3cf6ba7ff P b6c907c6bd564fad9b2dc2b66f218e97: Time spent starting tablet: real 0.002s	user 0.003s	sys 0.000s
I20260812 06:36:27.411124 30941 consensus_queue.cc:237] T 4bce41b168054decbc952bc3cf6ba7ff P b6c907c6bd564fad9b2dc2b66f218e97 [LEADER]: Queue going to LEADER mode. State: All replicated index: 0, Majority replicated index: 0, Committed index: 0, Last appended: 0.0, Last appended by leader: 0, Current term: 1, Majority size: 1, State: 0, Mode: LEADER, active raft config: opid_index: -1 OBSOLETE_local: true peers { permanent_uuid: "b6c907c6bd564fad9b2dc2b66f218e97" member_type: VOTER last_known_addr { host: "127.27.1.1" port: 37983 } }
I20260812 06:36:27.414242 30559 catalog_manager.cc:5719] T 4bce41b168054decbc952bc3cf6ba7ff P b6c907c6bd564fad9b2dc2b66f218e97 reported cstate change: term changed from 0 to 1, leader changed from <none> to b6c907c6bd564fad9b2dc2b66f218e97 (127.27.1.1). New cstate: current_term: 1 leader_uuid: "b6c907c6bd564fad9b2dc2b66f218e97" committed_config { opid_index: -1 OBSOLETE_local: true peers { permanent_uuid: "b6c907c6bd564fad9b2dc2b66f218e97" member_type: VOTER last_known_addr { host: "127.27.1.1" port: 37983 } health_report { overall_health: HEALTHY } } }
I20260812 06:36:27.427788 30559 catalog_manager.cc:2283] Servicing CreateTable request from {username='slave'} at 127.0.0.1:41134:
name: "Table.TestAddMasterSysCatalogCopy/0.87"
schema {
  columns {
    name: "key"
    type: INT32
    is_key: true
    is_nullable: false
    encoding: AUTO_ENCODING
    compression: DEFAULT_COMPRESSION
    cfile_block_size: 0
    immutable: false
  }
}
num_replicas: 1
split_rows_range_bounds {
}
partition_schema {
  range_schema {
    columns {
      name: "key"
    }
  }
}
I20260812 06:36:27.432814 30791 tablet_service.cc:1511] Processing CreateTablet for tablet b9f1084063f44768bbad444c9640cab1 (DEFAULT_TABLE table=Table.TestAddMasterSysCatalogCopy/0.87 [id=9f98c5b3d27c4845a45ddccce5a2bd27]), partition=RANGE (key) PARTITION UNBOUNDED
I20260812 06:36:27.433118 30791 data_dirs.cc:400] Could only allocate 1 dirs of requested 3 for tablet b9f1084063f44768bbad444c9640cab1. 1 dirs total, 0 dirs full, 0 dirs failed
I20260812 06:36:27.434880 30926 tablet_bootstrap.cc:492] T b9f1084063f44768bbad444c9640cab1 P b6c907c6bd564fad9b2dc2b66f218e97: Bootstrap starting.
I20260812 06:36:27.435891 30926 tablet_bootstrap.cc:654] T b9f1084063f44768bbad444c9640cab1 P b6c907c6bd564fad9b2dc2b66f218e97: Neither blocks nor log segments found. Creating new log.
I20260812 06:36:27.436961 30926 tablet_bootstrap.cc:492] T b9f1084063f44768bbad444c9640cab1 P b6c907c6bd564fad9b2dc2b66f218e97: No bootstrap required, opened a new log
I20260812 06:36:27.437075 30926 ts_tablet_manager.cc:1403] T b9f1084063f44768bbad444c9640cab1 P b6c907c6bd564fad9b2dc2b66f218e97: Time spent bootstrapping tablet: real 0.002s	user 0.002s	sys 0.000s
I20260812 06:36:27.437562 30926 raft_consensus.cc:359] T b9f1084063f44768bbad444c9640cab1 P b6c907c6bd564fad9b2dc2b66f218e97 [term 0 FOLLOWER]: Replica starting. Triggering 0 pending ops. Active config: opid_index: -1 OBSOLETE_local: true peers { permanent_uuid: "b6c907c6bd564fad9b2dc2b66f218e97" member_type: VOTER last_known_addr { host: "127.27.1.1" port: 37983 } }
I20260812 06:36:27.437683 30926 raft_consensus.cc:385] T b9f1084063f44768bbad444c9640cab1 P b6c907c6bd564fad9b2dc2b66f218e97 [term 0 FOLLOWER]: Consensus starting up: Expiring failure detector timer to make a prompt election more likely
I20260812 06:36:27.437733 30926 raft_consensus.cc:740] T b9f1084063f44768bbad444c9640cab1 P b6c907c6bd564fad9b2dc2b66f218e97 [term 0 FOLLOWER]: Becoming Follower/Learner. State: Replica: b6c907c6bd564fad9b2dc2b66f218e97, State: Initialized, Role: FOLLOWER
I20260812 06:36:27.437894 30926 consensus_queue.cc:260] T b9f1084063f44768bbad444c9640cab1 P b6c907c6bd564fad9b2dc2b66f218e97 [NON_LEADER]: Queue going to NON_LEADER mode. State: All replicated index: 0, Majority replicated index: 0, Committed index: 0, Last appended: 0.0, Last appended by leader: 0, Current term: 0, Majority size: -1, State: 0, Mode: NON_LEADER, active raft config: opid_index: -1 OBSOLETE_local: true peers { permanent_uuid: "b6c907c6bd564fad9b2dc2b66f218e97" member_type: VOTER last_known_addr { host: "127.27.1.1" port: 37983 } }
I20260812 06:36:27.437986 30926 raft_consensus.cc:399] T b9f1084063f44768bbad444c9640cab1 P b6c907c6bd564fad9b2dc2b66f218e97 [term 0 FOLLOWER]: Only one voter in the Raft config. Triggering election immediately
I20260812 06:36:27.438031 30926 raft_consensus.cc:493] T b9f1084063f44768bbad444c9640cab1 P b6c907c6bd564fad9b2dc2b66f218e97 [term 0 FOLLOWER]: Starting leader election (initial election of a single-replica configuration)
I20260812 06:36:27.438084 30926 raft_consensus.cc:3060] T b9f1084063f44768bbad444c9640cab1 P b6c907c6bd564fad9b2dc2b66f218e97 [term 0 FOLLOWER]: Advancing to term 1
I20260812 06:36:27.438812 30926 raft_consensus.cc:515] T b9f1084063f44768bbad444c9640cab1 P b6c907c6bd564fad9b2dc2b66f218e97 [term 1 FOLLOWER]: Starting leader election with config: opid_index: -1 OBSOLETE_local: true peers { permanent_uuid: "b6c907c6bd564fad9b2dc2b66f218e97" member_type: VOTER last_known_addr { host: "127.27.1.1" port: 37983 } }
I20260812 06:36:27.438979 30926 leader_election.cc:304] T b9f1084063f44768bbad444c9640cab1 P b6c907c6bd564fad9b2dc2b66f218e97 [CANDIDATE]: Term 1 election: Election decided. Result: candidate won. Election summary: received 1 responses out of 1 voters: 1 yes votes; 0 no votes. yes voters: b6c907c6bd564fad9b2dc2b66f218e97; no voters: 
I20260812 06:36:27.439097 30926 leader_election.cc:290] T b9f1084063f44768bbad444c9640cab1 P b6c907c6bd564fad9b2dc2b66f218e97 [CANDIDATE]: Term 1 election: Requested vote from peers 
I20260812 06:36:27.439193 30941 raft_consensus.cc:2804] T b9f1084063f44768bbad444c9640cab1 P b6c907c6bd564fad9b2dc2b66f218e97 [term 1 FOLLOWER]: Leader election won for term 1
I20260812 06:36:27.439316 30941 raft_consensus.cc:697] T b9f1084063f44768bbad444c9640cab1 P b6c907c6bd564fad9b2dc2b66f218e97 [term 1 LEADER]: Becoming Leader. State: Replica: b6c907c6bd564fad9b2dc2b66f218e97, State: Running, Role: LEADER
I20260812 06:36:27.439363 30926 ts_tablet_manager.cc:1434] T b9f1084063f44768bbad444c9640cab1 P b6c907c6bd564fad9b2dc2b66f218e97: Time spent starting tablet: real 0.002s	user 0.003s	sys 0.000s
I20260812 06:36:27.439440 30941 consensus_queue.cc:237] T b9f1084063f44768bbad444c9640cab1 P b6c907c6bd564fad9b2dc2b66f218e97 [LEADER]: Queue going to LEADER mode. State: All replicated index: 0, Majority replicated index: 0, Committed index: 0, Last appended: 0.0, Last appended by leader: 0, Current term: 1, Majority size: 1, State: 0, Mode: LEADER, active raft config: opid_index: -1 OBSOLETE_local: true peers { permanent_uuid: "b6c907c6bd564fad9b2dc2b66f218e97" member_type: VOTER last_known_addr { host: "127.27.1.1" port: 37983 } }
I20260812 06:36:27.442214 30559 catalog_manager.cc:5719] T b9f1084063f44768bbad444c9640cab1 P b6c907c6bd564fad9b2dc2b66f218e97 reported cstate change: term changed from 0 to 1, leader changed from <none> to b6c907c6bd564fad9b2dc2b66f218e97 (127.27.1.1). New cstate: current_term: 1 leader_uuid: "b6c907c6bd564fad9b2dc2b66f218e97" committed_config { opid_index: -1 OBSOLETE_local: true peers { permanent_uuid: "b6c907c6bd564fad9b2dc2b66f218e97" member_type: VOTER last_known_addr { host: "127.27.1.1" port: 37983 } health_report { overall_health: HEALTHY } } }
I20260812 06:36:27.459489 30559 catalog_manager.cc:2283] Servicing CreateTable request from {username='slave'} at 127.0.0.1:41138:
name: "Table.TestAddMasterSysCatalogCopy/0.88"
schema {
  columns {
    name: "key"
    type: INT32
    is_key: true
    is_nullable: false
    encoding: AUTO_ENCODING
    compression: DEFAULT_COMPRESSION
    cfile_block_size: 0
    immutable: false
  }
}
num_replicas: 1
split_rows_range_bounds {
}
partition_schema {
  range_schema {
    columns {
      name: "key"
    }
  }
}
I20260812 06:36:27.464748 30791 tablet_service.cc:1511] Processing CreateTablet for tablet b71094aea20e4733803972e6eb22f2c2 (DEFAULT_TABLE table=Table.TestAddMasterSysCatalogCopy/0.88 [id=08e5b69696c74b1d8e13639bddcb9b9a]), partition=RANGE (key) PARTITION UNBOUNDED
I20260812 06:36:27.465055 30791 data_dirs.cc:400] Could only allocate 1 dirs of requested 3 for tablet b71094aea20e4733803972e6eb22f2c2. 1 dirs total, 0 dirs full, 0 dirs failed
I20260812 06:36:27.467299 30926 tablet_bootstrap.cc:492] T b71094aea20e4733803972e6eb22f2c2 P b6c907c6bd564fad9b2dc2b66f218e97: Bootstrap starting.
I20260812 06:36:27.468185 30926 tablet_bootstrap.cc:654] T b71094aea20e4733803972e6eb22f2c2 P b6c907c6bd564fad9b2dc2b66f218e97: Neither blocks nor log segments found. Creating new log.
I20260812 06:36:27.469449 30926 tablet_bootstrap.cc:492] T b71094aea20e4733803972e6eb22f2c2 P b6c907c6bd564fad9b2dc2b66f218e97: No bootstrap required, opened a new log
I20260812 06:36:27.469616 30926 ts_tablet_manager.cc:1403] T b71094aea20e4733803972e6eb22f2c2 P b6c907c6bd564fad9b2dc2b66f218e97: Time spent bootstrapping tablet: real 0.002s	user 0.002s	sys 0.000s
I20260812 06:36:27.470121 30926 raft_consensus.cc:359] T b71094aea20e4733803972e6eb22f2c2 P b6c907c6bd564fad9b2dc2b66f218e97 [term 0 FOLLOWER]: Replica starting. Triggering 0 pending ops. Active config: opid_index: -1 OBSOLETE_local: true peers { permanent_uuid: "b6c907c6bd564fad9b2dc2b66f218e97" member_type: VOTER last_known_addr { host: "127.27.1.1" port: 37983 } }
I20260812 06:36:27.470216 30926 raft_consensus.cc:385] T b71094aea20e4733803972e6eb22f2c2 P b6c907c6bd564fad9b2dc2b66f218e97 [term 0 FOLLOWER]: Consensus starting up: Expiring failure detector timer to make a prompt election more likely
I20260812 06:36:27.470237 30926 raft_consensus.cc:740] T b71094aea20e4733803972e6eb22f2c2 P b6c907c6bd564fad9b2dc2b66f218e97 [term 0 FOLLOWER]: Becoming Follower/Learner. State: Replica: b6c907c6bd564fad9b2dc2b66f218e97, State: Initialized, Role: FOLLOWER
I20260812 06:36:27.470405 30926 consensus_queue.cc:260] T b71094aea20e4733803972e6eb22f2c2 P b6c907c6bd564fad9b2dc2b66f218e97 [NON_LEADER]: Queue going to NON_LEADER mode. State: All replicated index: 0, Majority replicated index: 0, Committed index: 0, Last appended: 0.0, Last appended by leader: 0, Current term: 0, Majority size: -1, State: 0, Mode: NON_LEADER, active raft config: opid_index: -1 OBSOLETE_local: true peers { permanent_uuid: "b6c907c6bd564fad9b2dc2b66f218e97" member_type: VOTER last_known_addr { host: "127.27.1.1" port: 37983 } }
I20260812 06:36:27.470492 30926 raft_consensus.cc:399] T b71094aea20e4733803972e6eb22f2c2 P b6c907c6bd564fad9b2dc2b66f218e97 [term 0 FOLLOWER]: Only one voter in the Raft config. Triggering election immediately
I20260812 06:36:27.470552 30926 raft_consensus.cc:493] T b71094aea20e4733803972e6eb22f2c2 P b6c907c6bd564fad9b2dc2b66f218e97 [term 0 FOLLOWER]: Starting leader election (initial election of a single-replica configuration)
I20260812 06:36:27.470607 30926 raft_consensus.cc:3060] T b71094aea20e4733803972e6eb22f2c2 P b6c907c6bd564fad9b2dc2b66f218e97 [term 0 FOLLOWER]: Advancing to term 1
I20260812 06:36:27.471462 30926 raft_consensus.cc:515] T b71094aea20e4733803972e6eb22f2c2 P b6c907c6bd564fad9b2dc2b66f218e97 [term 1 FOLLOWER]: Starting leader election with config: opid_index: -1 OBSOLETE_local: true peers { permanent_uuid: "b6c907c6bd564fad9b2dc2b66f218e97" member_type: VOTER last_known_addr { host: "127.27.1.1" port: 37983 } }
I20260812 06:36:27.471591 30926 leader_election.cc:304] T b71094aea20e4733803972e6eb22f2c2 P b6c907c6bd564fad9b2dc2b66f218e97 [CANDIDATE]: Term 1 election: Election decided. Result: candidate won. Election summary: received 1 responses out of 1 voters: 1 yes votes; 0 no votes. yes voters: b6c907c6bd564fad9b2dc2b66f218e97; no voters: 
I20260812 06:36:27.471729 30926 leader_election.cc:290] T b71094aea20e4733803972e6eb22f2c2 P b6c907c6bd564fad9b2dc2b66f218e97 [CANDIDATE]: Term 1 election: Requested vote from peers 
I20260812 06:36:27.471848 30941 raft_consensus.cc:2804] T b71094aea20e4733803972e6eb22f2c2 P b6c907c6bd564fad9b2dc2b66f218e97 [term 1 FOLLOWER]: Leader election won for term 1
I20260812 06:36:27.471975 30941 raft_consensus.cc:697] T b71094aea20e4733803972e6eb22f2c2 P b6c907c6bd564fad9b2dc2b66f218e97 [term 1 LEADER]: Becoming Leader. State: Replica: b6c907c6bd564fad9b2dc2b66f218e97, State: Running, Role: LEADER
I20260812 06:36:27.472054 30926 ts_tablet_manager.cc:1434] T b71094aea20e4733803972e6eb22f2c2 P b6c907c6bd564fad9b2dc2b66f218e97: Time spent starting tablet: real 0.002s	user 0.003s	sys 0.000s
I20260812 06:36:27.472110 30941 consensus_queue.cc:237] T b71094aea20e4733803972e6eb22f2c2 P b6c907c6bd564fad9b2dc2b66f218e97 [LEADER]: Queue going to LEADER mode. State: All replicated index: 0, Majority replicated index: 0, Committed index: 0, Last appended: 0.0, Last appended by leader: 0, Current term: 1, Majority size: 1, State: 0, Mode: LEADER, active raft config: opid_index: -1 OBSOLETE_local: true peers { permanent_uuid: "b6c907c6bd564fad9b2dc2b66f218e97" member_type: VOTER last_known_addr { host: "127.27.1.1" port: 37983 } }
I20260812 06:36:27.475024 30559 catalog_manager.cc:5719] T b71094aea20e4733803972e6eb22f2c2 P b6c907c6bd564fad9b2dc2b66f218e97 reported cstate change: term changed from 0 to 1, leader changed from <none> to b6c907c6bd564fad9b2dc2b66f218e97 (127.27.1.1). New cstate: current_term: 1 leader_uuid: "b6c907c6bd564fad9b2dc2b66f218e97" committed_config { opid_index: -1 OBSOLETE_local: true peers { permanent_uuid: "b6c907c6bd564fad9b2dc2b66f218e97" member_type: VOTER last_known_addr { host: "127.27.1.1" port: 37983 } health_report { overall_health: HEALTHY } } }
I20260812 06:36:27.492076 30559 catalog_manager.cc:2283] Servicing CreateTable request from {username='slave'} at 127.0.0.1:41154:
name: "Table.TestAddMasterSysCatalogCopy/0.89"
schema {
  columns {
    name: "key"
    type: INT32
    is_key: true
    is_nullable: false
    encoding: AUTO_ENCODING
    compression: DEFAULT_COMPRESSION
    cfile_block_size: 0
    immutable: false
  }
}
num_replicas: 1
split_rows_range_bounds {
}
partition_schema {
  range_schema {
    columns {
      name: "key"
    }
  }
}
I20260812 06:36:27.497351 30791 tablet_service.cc:1511] Processing CreateTablet for tablet 3644422c33a0492ba3059b1115689c9d (DEFAULT_TABLE table=Table.TestAddMasterSysCatalogCopy/0.89 [id=407263fbfb9a40b8915197db9a6bcedc]), partition=RANGE (key) PARTITION UNBOUNDED
I20260812 06:36:27.497769 30791 data_dirs.cc:400] Could only allocate 1 dirs of requested 3 for tablet 3644422c33a0492ba3059b1115689c9d. 1 dirs total, 0 dirs full, 0 dirs failed
I20260812 06:36:27.499714 30926 tablet_bootstrap.cc:492] T 3644422c33a0492ba3059b1115689c9d P b6c907c6bd564fad9b2dc2b66f218e97: Bootstrap starting.
I20260812 06:36:27.500698 30926 tablet_bootstrap.cc:654] T 3644422c33a0492ba3059b1115689c9d P b6c907c6bd564fad9b2dc2b66f218e97: Neither blocks nor log segments found. Creating new log.
I20260812 06:36:27.502041 30926 tablet_bootstrap.cc:492] T 3644422c33a0492ba3059b1115689c9d P b6c907c6bd564fad9b2dc2b66f218e97: No bootstrap required, opened a new log
I20260812 06:36:27.502120 30926 ts_tablet_manager.cc:1403] T 3644422c33a0492ba3059b1115689c9d P b6c907c6bd564fad9b2dc2b66f218e97: Time spent bootstrapping tablet: real 0.002s	user 0.002s	sys 0.000s
I20260812 06:36:27.502632 30926 raft_consensus.cc:359] T 3644422c33a0492ba3059b1115689c9d P b6c907c6bd564fad9b2dc2b66f218e97 [term 0 FOLLOWER]: Replica starting. Triggering 0 pending ops. Active config: opid_index: -1 OBSOLETE_local: true peers { permanent_uuid: "b6c907c6bd564fad9b2dc2b66f218e97" member_type: VOTER last_known_addr { host: "127.27.1.1" port: 37983 } }
I20260812 06:36:27.502760 30926 raft_consensus.cc:385] T 3644422c33a0492ba3059b1115689c9d P b6c907c6bd564fad9b2dc2b66f218e97 [term 0 FOLLOWER]: Consensus starting up: Expiring failure detector timer to make a prompt election more likely
I20260812 06:36:27.502799 30926 raft_consensus.cc:740] T 3644422c33a0492ba3059b1115689c9d P b6c907c6bd564fad9b2dc2b66f218e97 [term 0 FOLLOWER]: Becoming Follower/Learner. State: Replica: b6c907c6bd564fad9b2dc2b66f218e97, State: Initialized, Role: FOLLOWER
I20260812 06:36:27.502974 30926 consensus_queue.cc:260] T 3644422c33a0492ba3059b1115689c9d P b6c907c6bd564fad9b2dc2b66f218e97 [NON_LEADER]: Queue going to NON_LEADER mode. State: All replicated index: 0, Majority replicated index: 0, Committed index: 0, Last appended: 0.0, Last appended by leader: 0, Current term: 0, Majority size: -1, State: 0, Mode: NON_LEADER, active raft config: opid_index: -1 OBSOLETE_local: true peers { permanent_uuid: "b6c907c6bd564fad9b2dc2b66f218e97" member_type: VOTER last_known_addr { host: "127.27.1.1" port: 37983 } }
I20260812 06:36:27.503118 30926 raft_consensus.cc:399] T 3644422c33a0492ba3059b1115689c9d P b6c907c6bd564fad9b2dc2b66f218e97 [term 0 FOLLOWER]: Only one voter in the Raft config. Triggering election immediately
I20260812 06:36:27.503165 30926 raft_consensus.cc:493] T 3644422c33a0492ba3059b1115689c9d P b6c907c6bd564fad9b2dc2b66f218e97 [term 0 FOLLOWER]: Starting leader election (initial election of a single-replica configuration)
I20260812 06:36:27.503227 30926 raft_consensus.cc:3060] T 3644422c33a0492ba3059b1115689c9d P b6c907c6bd564fad9b2dc2b66f218e97 [term 0 FOLLOWER]: Advancing to term 1
I20260812 06:36:27.503991 30926 raft_consensus.cc:515] T 3644422c33a0492ba3059b1115689c9d P b6c907c6bd564fad9b2dc2b66f218e97 [term 1 FOLLOWER]: Starting leader election with config: opid_index: -1 OBSOLETE_local: true peers { permanent_uuid: "b6c907c6bd564fad9b2dc2b66f218e97" member_type: VOTER last_known_addr { host: "127.27.1.1" port: 37983 } }
I20260812 06:36:27.504150 30926 leader_election.cc:304] T 3644422c33a0492ba3059b1115689c9d P b6c907c6bd564fad9b2dc2b66f218e97 [CANDIDATE]: Term 1 election: Election decided. Result: candidate won. Election summary: received 1 responses out of 1 voters: 1 yes votes; 0 no votes. yes voters: b6c907c6bd564fad9b2dc2b66f218e97; no voters: 
I20260812 06:36:27.504266 30926 leader_election.cc:290] T 3644422c33a0492ba3059b1115689c9d P b6c907c6bd564fad9b2dc2b66f218e97 [CANDIDATE]: Term 1 election: Requested vote from peers 
I20260812 06:36:27.504319 30939 raft_consensus.cc:2804] T 3644422c33a0492ba3059b1115689c9d P b6c907c6bd564fad9b2dc2b66f218e97 [term 1 FOLLOWER]: Leader election won for term 1
I20260812 06:36:27.504415 30939 raft_consensus.cc:697] T 3644422c33a0492ba3059b1115689c9d P b6c907c6bd564fad9b2dc2b66f218e97 [term 1 LEADER]: Becoming Leader. State: Replica: b6c907c6bd564fad9b2dc2b66f218e97, State: Running, Role: LEADER
I20260812 06:36:27.504549 30926 ts_tablet_manager.cc:1434] T 3644422c33a0492ba3059b1115689c9d P b6c907c6bd564fad9b2dc2b66f218e97: Time spent starting tablet: real 0.002s	user 0.001s	sys 0.000s
I20260812 06:36:27.504524 30939 consensus_queue.cc:237] T 3644422c33a0492ba3059b1115689c9d P b6c907c6bd564fad9b2dc2b66f218e97 [LEADER]: Queue going to LEADER mode. State: All replicated index: 0, Majority replicated index: 0, Committed index: 0, Last appended: 0.0, Last appended by leader: 0, Current term: 1, Majority size: 1, State: 0, Mode: LEADER, active raft config: opid_index: -1 OBSOLETE_local: true peers { permanent_uuid: "b6c907c6bd564fad9b2dc2b66f218e97" member_type: VOTER last_known_addr { host: "127.27.1.1" port: 37983 } }
I20260812 06:36:27.507683 30559 catalog_manager.cc:5719] T 3644422c33a0492ba3059b1115689c9d P b6c907c6bd564fad9b2dc2b66f218e97 reported cstate change: term changed from 0 to 1, leader changed from <none> to b6c907c6bd564fad9b2dc2b66f218e97 (127.27.1.1). New cstate: current_term: 1 leader_uuid: "b6c907c6bd564fad9b2dc2b66f218e97" committed_config { opid_index: -1 OBSOLETE_local: true peers { permanent_uuid: "b6c907c6bd564fad9b2dc2b66f218e97" member_type: VOTER last_known_addr { host: "127.27.1.1" port: 37983 } health_report { overall_health: HEALTHY } } }
I20260812 06:36:27.521564 30559 catalog_manager.cc:2283] Servicing CreateTable request from {username='slave'} at 127.0.0.1:41158:
name: "Table.TestAddMasterSysCatalogCopy/0.90"
schema {
  columns {
    name: "key"
    type: INT32
    is_key: true
    is_nullable: false
    encoding: AUTO_ENCODING
    compression: DEFAULT_COMPRESSION
    cfile_block_size: 0
    immutable: false
  }
}
num_replicas: 1
split_rows_range_bounds {
}
partition_schema {
  range_schema {
    columns {
      name: "key"
    }
  }
}
I20260812 06:36:27.526643 30791 tablet_service.cc:1511] Processing CreateTablet for tablet 1f2bbae2b8b143c8b1c084a615d5acc9 (DEFAULT_TABLE table=Table.TestAddMasterSysCatalogCopy/0.90 [id=74e0765283b74ffaabb94cfe26a317c1]), partition=RANGE (key) PARTITION UNBOUNDED
I20260812 06:36:27.526954 30791 data_dirs.cc:400] Could only allocate 1 dirs of requested 3 for tablet 1f2bbae2b8b143c8b1c084a615d5acc9. 1 dirs total, 0 dirs full, 0 dirs failed
I20260812 06:36:27.528693 30926 tablet_bootstrap.cc:492] T 1f2bbae2b8b143c8b1c084a615d5acc9 P b6c907c6bd564fad9b2dc2b66f218e97: Bootstrap starting.
I20260812 06:36:27.529726 30926 tablet_bootstrap.cc:654] T 1f2bbae2b8b143c8b1c084a615d5acc9 P b6c907c6bd564fad9b2dc2b66f218e97: Neither blocks nor log segments found. Creating new log.
I20260812 06:36:27.530805 30926 tablet_bootstrap.cc:492] T 1f2bbae2b8b143c8b1c084a615d5acc9 P b6c907c6bd564fad9b2dc2b66f218e97: No bootstrap required, opened a new log
I20260812 06:36:27.530876 30926 ts_tablet_manager.cc:1403] T 1f2bbae2b8b143c8b1c084a615d5acc9 P b6c907c6bd564fad9b2dc2b66f218e97: Time spent bootstrapping tablet: real 0.002s	user 0.002s	sys 0.000s
I20260812 06:36:27.531409 30926 raft_consensus.cc:359] T 1f2bbae2b8b143c8b1c084a615d5acc9 P b6c907c6bd564fad9b2dc2b66f218e97 [term 0 FOLLOWER]: Replica starting. Triggering 0 pending ops. Active config: opid_index: -1 OBSOLETE_local: true peers { permanent_uuid: "b6c907c6bd564fad9b2dc2b66f218e97" member_type: VOTER last_known_addr { host: "127.27.1.1" port: 37983 } }
I20260812 06:36:27.531495 30926 raft_consensus.cc:385] T 1f2bbae2b8b143c8b1c084a615d5acc9 P b6c907c6bd564fad9b2dc2b66f218e97 [term 0 FOLLOWER]: Consensus starting up: Expiring failure detector timer to make a prompt election more likely
I20260812 06:36:27.531517 30926 raft_consensus.cc:740] T 1f2bbae2b8b143c8b1c084a615d5acc9 P b6c907c6bd564fad9b2dc2b66f218e97 [term 0 FOLLOWER]: Becoming Follower/Learner. State: Replica: b6c907c6bd564fad9b2dc2b66f218e97, State: Initialized, Role: FOLLOWER
I20260812 06:36:27.531617 30926 consensus_queue.cc:260] T 1f2bbae2b8b143c8b1c084a615d5acc9 P b6c907c6bd564fad9b2dc2b66f218e97 [NON_LEADER]: Queue going to NON_LEADER mode. State: All replicated index: 0, Majority replicated index: 0, Committed index: 0, Last appended: 0.0, Last appended by leader: 0, Current term: 0, Majority size: -1, State: 0, Mode: NON_LEADER, active raft config: opid_index: -1 OBSOLETE_local: true peers { permanent_uuid: "b6c907c6bd564fad9b2dc2b66f218e97" member_type: VOTER last_known_addr { host: "127.27.1.1" port: 37983 } }
I20260812 06:36:27.531698 30926 raft_consensus.cc:399] T 1f2bbae2b8b143c8b1c084a615d5acc9 P b6c907c6bd564fad9b2dc2b66f218e97 [term 0 FOLLOWER]: Only one voter in the Raft config. Triggering election immediately
I20260812 06:36:27.531738 30926 raft_consensus.cc:493] T 1f2bbae2b8b143c8b1c084a615d5acc9 P b6c907c6bd564fad9b2dc2b66f218e97 [term 0 FOLLOWER]: Starting leader election (initial election of a single-replica configuration)
I20260812 06:36:27.531792 30926 raft_consensus.cc:3060] T 1f2bbae2b8b143c8b1c084a615d5acc9 P b6c907c6bd564fad9b2dc2b66f218e97 [term 0 FOLLOWER]: Advancing to term 1
I20260812 06:36:27.532701 30926 raft_consensus.cc:515] T 1f2bbae2b8b143c8b1c084a615d5acc9 P b6c907c6bd564fad9b2dc2b66f218e97 [term 1 FOLLOWER]: Starting leader election with config: opid_index: -1 OBSOLETE_local: true peers { permanent_uuid: "b6c907c6bd564fad9b2dc2b66f218e97" member_type: VOTER last_known_addr { host: "127.27.1.1" port: 37983 } }
I20260812 06:36:27.532845 30926 leader_election.cc:304] T 1f2bbae2b8b143c8b1c084a615d5acc9 P b6c907c6bd564fad9b2dc2b66f218e97 [CANDIDATE]: Term 1 election: Election decided. Result: candidate won. Election summary: received 1 responses out of 1 voters: 1 yes votes; 0 no votes. yes voters: b6c907c6bd564fad9b2dc2b66f218e97; no voters: 
I20260812 06:36:27.532965 30926 leader_election.cc:290] T 1f2bbae2b8b143c8b1c084a615d5acc9 P b6c907c6bd564fad9b2dc2b66f218e97 [CANDIDATE]: Term 1 election: Requested vote from peers 
I20260812 06:36:27.533049 30939 raft_consensus.cc:2804] T 1f2bbae2b8b143c8b1c084a615d5acc9 P b6c907c6bd564fad9b2dc2b66f218e97 [term 1 FOLLOWER]: Leader election won for term 1
I20260812 06:36:27.533161 30939 raft_consensus.cc:697] T 1f2bbae2b8b143c8b1c084a615d5acc9 P b6c907c6bd564fad9b2dc2b66f218e97 [term 1 LEADER]: Becoming Leader. State: Replica: b6c907c6bd564fad9b2dc2b66f218e97, State: Running, Role: LEADER
I20260812 06:36:27.533249 30926 ts_tablet_manager.cc:1434] T 1f2bbae2b8b143c8b1c084a615d5acc9 P b6c907c6bd564fad9b2dc2b66f218e97: Time spent starting tablet: real 0.002s	user 0.001s	sys 0.000s
I20260812 06:36:27.533293 30939 consensus_queue.cc:237] T 1f2bbae2b8b143c8b1c084a615d5acc9 P b6c907c6bd564fad9b2dc2b66f218e97 [LEADER]: Queue going to LEADER mode. State: All replicated index: 0, Majority replicated index: 0, Committed index: 0, Last appended: 0.0, Last appended by leader: 0, Current term: 1, Majority size: 1, State: 0, Mode: LEADER, active raft config: opid_index: -1 OBSOLETE_local: true peers { permanent_uuid: "b6c907c6bd564fad9b2dc2b66f218e97" member_type: VOTER last_known_addr { host: "127.27.1.1" port: 37983 } }
I20260812 06:36:27.536325 30559 catalog_manager.cc:5719] T 1f2bbae2b8b143c8b1c084a615d5acc9 P b6c907c6bd564fad9b2dc2b66f218e97 reported cstate change: term changed from 0 to 1, leader changed from <none> to b6c907c6bd564fad9b2dc2b66f218e97 (127.27.1.1). New cstate: current_term: 1 leader_uuid: "b6c907c6bd564fad9b2dc2b66f218e97" committed_config { opid_index: -1 OBSOLETE_local: true peers { permanent_uuid: "b6c907c6bd564fad9b2dc2b66f218e97" member_type: VOTER last_known_addr { host: "127.27.1.1" port: 37983 } health_report { overall_health: HEALTHY } } }
I20260812 06:36:27.551357 30559 catalog_manager.cc:2283] Servicing CreateTable request from {username='slave'} at 127.0.0.1:41160:
name: "Table.TestAddMasterSysCatalogCopy/0.91"
schema {
  columns {
    name: "key"
    type: INT32
    is_key: true
    is_nullable: false
    encoding: AUTO_ENCODING
    compression: DEFAULT_COMPRESSION
    cfile_block_size: 0
    immutable: false
  }
}
num_replicas: 1
split_rows_range_bounds {
}
partition_schema {
  range_schema {
    columns {
      name: "key"
    }
  }
}
I20260812 06:36:27.556694 30791 tablet_service.cc:1511] Processing CreateTablet for tablet 8aba4bd6138a40b4a1a9b49a1840c401 (DEFAULT_TABLE table=Table.TestAddMasterSysCatalogCopy/0.91 [id=81a85ecb98034abb985b724dcbf3d1ee]), partition=RANGE (key) PARTITION UNBOUNDED
I20260812 06:36:27.557024 30791 data_dirs.cc:400] Could only allocate 1 dirs of requested 3 for tablet 8aba4bd6138a40b4a1a9b49a1840c401. 1 dirs total, 0 dirs full, 0 dirs failed
I20260812 06:36:27.558723 30926 tablet_bootstrap.cc:492] T 8aba4bd6138a40b4a1a9b49a1840c401 P b6c907c6bd564fad9b2dc2b66f218e97: Bootstrap starting.
I20260812 06:36:27.559811 30926 tablet_bootstrap.cc:654] T 8aba4bd6138a40b4a1a9b49a1840c401 P b6c907c6bd564fad9b2dc2b66f218e97: Neither blocks nor log segments found. Creating new log.
I20260812 06:36:27.560858 30926 tablet_bootstrap.cc:492] T 8aba4bd6138a40b4a1a9b49a1840c401 P b6c907c6bd564fad9b2dc2b66f218e97: No bootstrap required, opened a new log
I20260812 06:36:27.560966 30926 ts_tablet_manager.cc:1403] T 8aba4bd6138a40b4a1a9b49a1840c401 P b6c907c6bd564fad9b2dc2b66f218e97: Time spent bootstrapping tablet: real 0.002s	user 0.002s	sys 0.000s
I20260812 06:36:27.561393 30926 raft_consensus.cc:359] T 8aba4bd6138a40b4a1a9b49a1840c401 P b6c907c6bd564fad9b2dc2b66f218e97 [term 0 FOLLOWER]: Replica starting. Triggering 0 pending ops. Active config: opid_index: -1 OBSOLETE_local: true peers { permanent_uuid: "b6c907c6bd564fad9b2dc2b66f218e97" member_type: VOTER last_known_addr { host: "127.27.1.1" port: 37983 } }
I20260812 06:36:27.561501 30926 raft_consensus.cc:385] T 8aba4bd6138a40b4a1a9b49a1840c401 P b6c907c6bd564fad9b2dc2b66f218e97 [term 0 FOLLOWER]: Consensus starting up: Expiring failure detector timer to make a prompt election more likely
I20260812 06:36:27.561545 30926 raft_consensus.cc:740] T 8aba4bd6138a40b4a1a9b49a1840c401 P b6c907c6bd564fad9b2dc2b66f218e97 [term 0 FOLLOWER]: Becoming Follower/Learner. State: Replica: b6c907c6bd564fad9b2dc2b66f218e97, State: Initialized, Role: FOLLOWER
I20260812 06:36:27.561576 30545 maintenance_manager.cc:419] P 5c4cd1e3ee344f9ab67c8402a4b9eaf7: Scheduling FlushMRSOp(00000000000000000000000000000000): perf score=0.000076
I20260812 06:36:27.561676 30926 consensus_queue.cc:260] T 8aba4bd6138a40b4a1a9b49a1840c401 P b6c907c6bd564fad9b2dc2b66f218e97 [NON_LEADER]: Queue going to NON_LEADER mode. State: All replicated index: 0, Majority replicated index: 0, Committed index: 0, Last appended: 0.0, Last appended by leader: 0, Current term: 0, Majority size: -1, State: 0, Mode: NON_LEADER, active raft config: opid_index: -1 OBSOLETE_local: true peers { permanent_uuid: "b6c907c6bd564fad9b2dc2b66f218e97" member_type: VOTER last_known_addr { host: "127.27.1.1" port: 37983 } }
I20260812 06:36:27.561801 30926 raft_consensus.cc:399] T 8aba4bd6138a40b4a1a9b49a1840c401 P b6c907c6bd564fad9b2dc2b66f218e97 [term 0 FOLLOWER]: Only one voter in the Raft config. Triggering election immediately
I20260812 06:36:27.561861 30926 raft_consensus.cc:493] T 8aba4bd6138a40b4a1a9b49a1840c401 P b6c907c6bd564fad9b2dc2b66f218e97 [term 0 FOLLOWER]: Starting leader election (initial election of a single-replica configuration)
I20260812 06:36:27.561905 30926 raft_consensus.cc:3060] T 8aba4bd6138a40b4a1a9b49a1840c401 P b6c907c6bd564fad9b2dc2b66f218e97 [term 0 FOLLOWER]: Advancing to term 1
I20260812 06:36:27.562706 30926 raft_consensus.cc:515] T 8aba4bd6138a40b4a1a9b49a1840c401 P b6c907c6bd564fad9b2dc2b66f218e97 [term 1 FOLLOWER]: Starting leader election with config: opid_index: -1 OBSOLETE_local: true peers { permanent_uuid: "b6c907c6bd564fad9b2dc2b66f218e97" member_type: VOTER last_known_addr { host: "127.27.1.1" port: 37983 } }
I20260812 06:36:27.562856 30926 leader_election.cc:304] T 8aba4bd6138a40b4a1a9b49a1840c401 P b6c907c6bd564fad9b2dc2b66f218e97 [CANDIDATE]: Term 1 election: Election decided. Result: candidate won. Election summary: received 1 responses out of 1 voters: 1 yes votes; 0 no votes. yes voters: b6c907c6bd564fad9b2dc2b66f218e97; no voters: 
I20260812 06:36:27.562961 30926 leader_election.cc:290] T 8aba4bd6138a40b4a1a9b49a1840c401 P b6c907c6bd564fad9b2dc2b66f218e97 [CANDIDATE]: Term 1 election: Requested vote from peers 
I20260812 06:36:27.563007 30928 raft_consensus.cc:2804] T 8aba4bd6138a40b4a1a9b49a1840c401 P b6c907c6bd564fad9b2dc2b66f218e97 [term 1 FOLLOWER]: Leader election won for term 1
I20260812 06:36:27.563104 30928 raft_consensus.cc:697] T 8aba4bd6138a40b4a1a9b49a1840c401 P b6c907c6bd564fad9b2dc2b66f218e97 [term 1 LEADER]: Becoming Leader. State: Replica: b6c907c6bd564fad9b2dc2b66f218e97, State: Running, Role: LEADER
I20260812 06:36:27.563221 30928 consensus_queue.cc:237] T 8aba4bd6138a40b4a1a9b49a1840c401 P b6c907c6bd564fad9b2dc2b66f218e97 [LEADER]: Queue going to LEADER mode. State: All replicated index: 0, Majority replicated index: 0, Committed index: 0, Last appended: 0.0, Last appended by leader: 0, Current term: 1, Majority size: 1, State: 0, Mode: LEADER, active raft config: opid_index: -1 OBSOLETE_local: true peers { permanent_uuid: "b6c907c6bd564fad9b2dc2b66f218e97" member_type: VOTER last_known_addr { host: "127.27.1.1" port: 37983 } }
I20260812 06:36:27.563273 30926 ts_tablet_manager.cc:1434] T 8aba4bd6138a40b4a1a9b49a1840c401 P b6c907c6bd564fad9b2dc2b66f218e97: Time spent starting tablet: real 0.002s	user 0.003s	sys 0.000s
I20260812 06:36:27.568555 30544 maintenance_manager.cc:643] P 5c4cd1e3ee344f9ab67c8402a4b9eaf7: FlushMRSOp(00000000000000000000000000000000) complete. Timing: real 0.005s	user 0.004s	sys 0.000s Metrics: {"bytes_written":8151,"cfile_init":1,"dirs.queue_time_us":44,"dirs.run_cpu_time_us":123,"dirs.run_wall_time_us":1022,"drs_written":1,"lbm_read_time_us":36,"lbm_reads_lt_1ms":4,"lbm_write_time_us":479,"lbm_writes_lt_1ms":27,"peak_mem_usage":0,"rows_written":16}
I20260812 06:36:27.569198 30545 maintenance_manager.cc:419] P 5c4cd1e3ee344f9ab67c8402a4b9eaf7: Scheduling CompactRowSetsOp(00000000000000000000000000000000): perf score=0.287205
I20260812 06:36:27.569952 30559 catalog_manager.cc:5719] T 8aba4bd6138a40b4a1a9b49a1840c401 P b6c907c6bd564fad9b2dc2b66f218e97 reported cstate change: term changed from 0 to 1, leader changed from <none> to b6c907c6bd564fad9b2dc2b66f218e97 (127.27.1.1). New cstate: current_term: 1 leader_uuid: "b6c907c6bd564fad9b2dc2b66f218e97" committed_config { opid_index: -1 OBSOLETE_local: true peers { permanent_uuid: "b6c907c6bd564fad9b2dc2b66f218e97" member_type: VOTER last_known_addr { host: "127.27.1.1" port: 37983 } health_report { overall_health: HEALTHY } } }
I20260812 06:36:27.586549 30544 maintenance_manager.cc:643] P 5c4cd1e3ee344f9ab67c8402a4b9eaf7: CompactRowSetsOp(00000000000000000000000000000000) complete. Timing: real 0.017s	user 0.017s	sys 0.000s Metrics: {"bytes_written":334,"cfile_cache_hit":13,"cfile_cache_hit_bytes":34152,"cfile_cache_miss":31,"cfile_cache_miss_bytes":51192,"cfile_init":9,"delete_count":0,"delta_iterators_relevant":6,"dirs.queue_time_us":491,"dirs.run_cpu_time_us":159,"dirs.run_wall_time_us":1228,"drs_written":1,"lbm_read_time_us":905,"lbm_reads_lt_1ms":67,"lbm_write_time_us":792,"lbm_writes_lt_1ms":32,"mutex_wait_us":39,"num_input_rowsets":2,"peak_mem_usage":65536,"reinsert_count":0,"rows_written":185,"spinlock_wait_cycles":7808,"update_count":1}
I20260812 06:36:27.587286 30545 maintenance_manager.cc:419] P 5c4cd1e3ee344f9ab67c8402a4b9eaf7: Scheduling UndoDeltaBlockGCOp(00000000000000000000000000000000): 7921 bytes on disk
I20260812 06:36:27.587476 30559 catalog_manager.cc:2283] Servicing CreateTable request from {username='slave'} at 127.0.0.1:41174:
name: "Table.TestAddMasterSysCatalogCopy/0.92"
schema {
  columns {
    name: "key"
    type: INT32
    is_key: true
    is_nullable: false
    encoding: AUTO_ENCODING
    compression: DEFAULT_COMPRESSION
    cfile_block_size: 0
    immutable: false
  }
}
num_replicas: 1
split_rows_range_bounds {
}
partition_schema {
  range_schema {
    columns {
      name: "key"
    }
  }
}
I20260812 06:36:27.587766 30544 maintenance_manager.cc:643] P 5c4cd1e3ee344f9ab67c8402a4b9eaf7: UndoDeltaBlockGCOp(00000000000000000000000000000000) complete. Timing: real 0.000s	user 0.000s	sys 0.000s Metrics: {"cfile_init":1,"lbm_read_time_us":63,"lbm_reads_lt_1ms":4}
I20260812 06:36:27.592521 30791 tablet_service.cc:1511] Processing CreateTablet for tablet bae28337ffed4a3490d0feb44dc64355 (DEFAULT_TABLE table=Table.TestAddMasterSysCatalogCopy/0.92 [id=5955ad967c364efca1232ba4fdb38535]), partition=RANGE (key) PARTITION UNBOUNDED
I20260812 06:36:27.592792 30791 data_dirs.cc:400] Could only allocate 1 dirs of requested 3 for tablet bae28337ffed4a3490d0feb44dc64355. 1 dirs total, 0 dirs full, 0 dirs failed
I20260812 06:36:27.594604 30926 tablet_bootstrap.cc:492] T bae28337ffed4a3490d0feb44dc64355 P b6c907c6bd564fad9b2dc2b66f218e97: Bootstrap starting.
I20260812 06:36:27.595623 30926 tablet_bootstrap.cc:654] T bae28337ffed4a3490d0feb44dc64355 P b6c907c6bd564fad9b2dc2b66f218e97: Neither blocks nor log segments found. Creating new log.
I20260812 06:36:27.596710 30926 tablet_bootstrap.cc:492] T bae28337ffed4a3490d0feb44dc64355 P b6c907c6bd564fad9b2dc2b66f218e97: No bootstrap required, opened a new log
I20260812 06:36:27.596781 30926 ts_tablet_manager.cc:1403] T bae28337ffed4a3490d0feb44dc64355 P b6c907c6bd564fad9b2dc2b66f218e97: Time spent bootstrapping tablet: real 0.002s	user 0.002s	sys 0.000s
I20260812 06:36:27.597322 30926 raft_consensus.cc:359] T bae28337ffed4a3490d0feb44dc64355 P b6c907c6bd564fad9b2dc2b66f218e97 [term 0 FOLLOWER]: Replica starting. Triggering 0 pending ops. Active config: opid_index: -1 OBSOLETE_local: true peers { permanent_uuid: "b6c907c6bd564fad9b2dc2b66f218e97" member_type: VOTER last_known_addr { host: "127.27.1.1" port: 37983 } }
I20260812 06:36:27.597443 30926 raft_consensus.cc:385] T bae28337ffed4a3490d0feb44dc64355 P b6c907c6bd564fad9b2dc2b66f218e97 [term 0 FOLLOWER]: Consensus starting up: Expiring failure detector timer to make a prompt election more likely
I20260812 06:36:27.597508 30926 raft_consensus.cc:740] T bae28337ffed4a3490d0feb44dc64355 P b6c907c6bd564fad9b2dc2b66f218e97 [term 0 FOLLOWER]: Becoming Follower/Learner. State: Replica: b6c907c6bd564fad9b2dc2b66f218e97, State: Initialized, Role: FOLLOWER
I20260812 06:36:27.597656 30926 consensus_queue.cc:260] T bae28337ffed4a3490d0feb44dc64355 P b6c907c6bd564fad9b2dc2b66f218e97 [NON_LEADER]: Queue going to NON_LEADER mode. State: All replicated index: 0, Majority replicated index: 0, Committed index: 0, Last appended: 0.0, Last appended by leader: 0, Current term: 0, Majority size: -1, State: 0, Mode: NON_LEADER, active raft config: opid_index: -1 OBSOLETE_local: true peers { permanent_uuid: "b6c907c6bd564fad9b2dc2b66f218e97" member_type: VOTER last_known_addr { host: "127.27.1.1" port: 37983 } }
I20260812 06:36:27.597751 30926 raft_consensus.cc:399] T bae28337ffed4a3490d0feb44dc64355 P b6c907c6bd564fad9b2dc2b66f218e97 [term 0 FOLLOWER]: Only one voter in the Raft config. Triggering election immediately
I20260812 06:36:27.597812 30926 raft_consensus.cc:493] T bae28337ffed4a3490d0feb44dc64355 P b6c907c6bd564fad9b2dc2b66f218e97 [term 0 FOLLOWER]: Starting leader election (initial election of a single-replica configuration)
I20260812 06:36:27.597875 30926 raft_consensus.cc:3060] T bae28337ffed4a3490d0feb44dc64355 P b6c907c6bd564fad9b2dc2b66f218e97 [term 0 FOLLOWER]: Advancing to term 1
I20260812 06:36:27.598713 30926 raft_consensus.cc:515] T bae28337ffed4a3490d0feb44dc64355 P b6c907c6bd564fad9b2dc2b66f218e97 [term 1 FOLLOWER]: Starting leader election with config: opid_index: -1 OBSOLETE_local: true peers { permanent_uuid: "b6c907c6bd564fad9b2dc2b66f218e97" member_type: VOTER last_known_addr { host: "127.27.1.1" port: 37983 } }
I20260812 06:36:27.598866 30926 leader_election.cc:304] T bae28337ffed4a3490d0feb44dc64355 P b6c907c6bd564fad9b2dc2b66f218e97 [CANDIDATE]: Term 1 election: Election decided. Result: candidate won. Election summary: received 1 responses out of 1 voters: 1 yes votes; 0 no votes. yes voters: b6c907c6bd564fad9b2dc2b66f218e97; no voters: 
I20260812 06:36:27.599001 30926 leader_election.cc:290] T bae28337ffed4a3490d0feb44dc64355 P b6c907c6bd564fad9b2dc2b66f218e97 [CANDIDATE]: Term 1 election: Requested vote from peers 
I20260812 06:36:27.599118 30939 raft_consensus.cc:2804] T bae28337ffed4a3490d0feb44dc64355 P b6c907c6bd564fad9b2dc2b66f218e97 [term 1 FOLLOWER]: Leader election won for term 1
I20260812 06:36:27.599231 30939 raft_consensus.cc:697] T bae28337ffed4a3490d0feb44dc64355 P b6c907c6bd564fad9b2dc2b66f218e97 [term 1 LEADER]: Becoming Leader. State: Replica: b6c907c6bd564fad9b2dc2b66f218e97, State: Running, Role: LEADER
I20260812 06:36:27.599354 30926 ts_tablet_manager.cc:1434] T bae28337ffed4a3490d0feb44dc64355 P b6c907c6bd564fad9b2dc2b66f218e97: Time spent starting tablet: real 0.002s	user 0.002s	sys 0.000s
I20260812 06:36:27.599340 30939 consensus_queue.cc:237] T bae28337ffed4a3490d0feb44dc64355 P b6c907c6bd564fad9b2dc2b66f218e97 [LEADER]: Queue going to LEADER mode. State: All replicated index: 0, Majority replicated index: 0, Committed index: 0, Last appended: 0.0, Last appended by leader: 0, Current term: 1, Majority size: 1, State: 0, Mode: LEADER, active raft config: opid_index: -1 OBSOLETE_local: true peers { permanent_uuid: "b6c907c6bd564fad9b2dc2b66f218e97" member_type: VOTER last_known_addr { host: "127.27.1.1" port: 37983 } }
