I20260812 06:36:17.103579 30195 raft_consensus.cc:515] T 00000000000000000000000000000000 P fa6a23d7248343fab7e70539d8af4dbd [term 0 FOLLOWER]: Starting pre-election with config: opid_index: -1 OBSOLETE_local: false peers { permanent_uuid: "878c957d7e9d4458b914fb48912762e1" member_type: VOTER last_known_addr { host: "127.27.1.62" port: 41615 } } peers { permanent_uuid: "4cd5bc419f7341199e16673e2995e85c" member_type: VOTER last_known_addr { host: "127.27.1.61" port: 41061 } } peers { permanent_uuid: "fa6a23d7248343fab7e70539d8af4dbd" member_type: VOTER last_known_addr { host: "127.27.1.60" port: 40553 } }
I20260812 06:36:17.104606 30195 leader_election.cc:290] T 00000000000000000000000000000000 P fa6a23d7248343fab7e70539d8af4dbd [CANDIDATE]: Term 1 pre-election: Requested pre-vote from peers 878c957d7e9d4458b914fb48912762e1 (127.27.1.62:41615), 4cd5bc419f7341199e16673e2995e85c (127.27.1.61:41061)
I20260812 06:36:17.105042 29487 tablet_service.cc:1917] Received RequestConsensusVote() RPC: tablet_id: "00000000000000000000000000000000" candidate_uuid: "fa6a23d7248343fab7e70539d8af4dbd" candidate_term: 1 candidate_status { last_received { term: 0 index: 0 } } ignore_live_leader: false dest_uuid: "878c957d7e9d4458b914fb48912762e1" is_pre_election: true
I20260812 06:36:17.105285 29487 raft_consensus.cc:1813] T 00000000000000000000000000000000 P 878c957d7e9d4458b914fb48912762e1 [term 1 FOLLOWER]: Handling vote request from an unknown peer fa6a23d7248343fab7e70539d8af4dbd
I20260812 06:36:17.105415 29487 raft_consensus.cc:2393] T 00000000000000000000000000000000 P 878c957d7e9d4458b914fb48912762e1 [term 1 FOLLOWER]: Leader pre-election vote request: Denying vote to candidate fa6a23d7248343fab7e70539d8af4dbd in current term 1: Already voted for candidate 878c957d7e9d4458b914fb48912762e1 in this term.
I20260812 06:36:17.105782 29665 tablet_service.cc:1917] Received RequestConsensusVote() RPC: tablet_id: "00000000000000000000000000000000" candidate_uuid: "fa6a23d7248343fab7e70539d8af4dbd" candidate_term: 1 candidate_status { last_received { term: 0 index: 0 } } ignore_live_leader: false dest_uuid: "4cd5bc419f7341199e16673e2995e85c" is_pre_election: true
I20260812 06:36:17.106003 29665 raft_consensus.cc:1813] T 00000000000000000000000000000000 P 4cd5bc419f7341199e16673e2995e85c [term 1 FOLLOWER]: Handling vote request from an unknown peer fa6a23d7248343fab7e70539d8af4dbd
I20260812 06:36:17.106124 29665 raft_consensus.cc:2393] T 00000000000000000000000000000000 P 4cd5bc419f7341199e16673e2995e85c [term 1 FOLLOWER]: Leader pre-election vote request: Denying vote to candidate fa6a23d7248343fab7e70539d8af4dbd in current term 1: Already voted for candidate 878c957d7e9d4458b914fb48912762e1 in this term.
I20260812 06:36:17.106590 30091 leader_election.cc:304] T 00000000000000000000000000000000 P fa6a23d7248343fab7e70539d8af4dbd [CANDIDATE]: Term 1 pre-election: Election decided. Result: candidate lost. Election summary: received 3 responses out of 3 voters: 1 yes votes; 2 no votes. yes voters: fa6a23d7248343fab7e70539d8af4dbd; no voters: 4cd5bc419f7341199e16673e2995e85c, 878c957d7e9d4458b914fb48912762e1
I20260812 06:36:17.106980 30195 raft_consensus.cc:3060] T 00000000000000000000000000000000 P fa6a23d7248343fab7e70539d8af4dbd [term 0 FOLLOWER]: Advancing to term 1
I20260812 06:36:17.108124 30195 raft_consensus.cc:2749] T 00000000000000000000000000000000 P fa6a23d7248343fab7e70539d8af4dbd [term 1 FOLLOWER]: Leader pre-election lost for term 1. Reason: could not achieve majority
W20260812 06:36:17.277237 30094 tablet.cc:2406] T 00000000000000000000000000000000 P fa6a23d7248343fab7e70539d8af4dbd: Can't schedule compaction. Clean time has not been advanced past its initial value.
W20260812 06:36:18.073865 30217 catalog_manager.cc:1594] T 00000000000000000000000000000000 P fa6a23d7248343fab7e70539d8af4dbd: loading cluster ID for follower catalog manager: Not found: cluster ID entry not found
W20260812 06:36:18.073971 30217 catalog_manager.cc:883] Not found: cluster ID entry not found: failed to prepare follower catalog manager, will retry
I20260812 06:36:18.162814 30223 raft_consensus.cc:493] T 00000000000000000000000000000000 P 878c957d7e9d4458b914fb48912762e1 [term 1 FOLLOWER]: Starting pre-election (no leader contacted us within the election timeout)
I20260812 06:36:18.163034 30223 raft_consensus.cc:515] T 00000000000000000000000000000000 P 878c957d7e9d4458b914fb48912762e1 [term 1 FOLLOWER]: Starting pre-election with config: opid_index: -1 OBSOLETE_local: false peers { permanent_uuid: "878c957d7e9d4458b914fb48912762e1" member_type: VOTER last_known_addr { host: "127.27.1.62" port: 41615 } } peers { permanent_uuid: "4cd5bc419f7341199e16673e2995e85c" member_type: VOTER last_known_addr { host: "127.27.1.61" port: 41061 } }
I20260812 06:36:18.164274 30223 leader_election.cc:290] T 00000000000000000000000000000000 P 878c957d7e9d4458b914fb48912762e1 [CANDIDATE]: Term 2 pre-election: Requested pre-vote from peers 4cd5bc419f7341199e16673e2995e85c (127.27.1.61:41061)
I20260812 06:36:18.164796 29665 tablet_service.cc:1917] Received RequestConsensusVote() RPC: tablet_id: "00000000000000000000000000000000" candidate_uuid: "878c957d7e9d4458b914fb48912762e1" candidate_term: 2 candidate_status { last_received { term: 1 index: 7 } } ignore_live_leader: false dest_uuid: "4cd5bc419f7341199e16673e2995e85c" is_pre_election: true
I20260812 06:36:18.165067 29665 raft_consensus.cc:2468] T 00000000000000000000000000000000 P 4cd5bc419f7341199e16673e2995e85c [term 1 FOLLOWER]: Leader pre-election vote request: Granting yes vote for candidate 878c957d7e9d4458b914fb48912762e1 in term 1.
I20260812 06:36:18.165467 29452 leader_election.cc:304] T 00000000000000000000000000000000 P 878c957d7e9d4458b914fb48912762e1 [CANDIDATE]: Term 2 pre-election: Election decided. Result: candidate won. Election summary: received 2 responses out of 2 voters: 2 yes votes; 0 no votes. yes voters: 4cd5bc419f7341199e16673e2995e85c, 878c957d7e9d4458b914fb48912762e1; no voters: 
I20260812 06:36:18.165694 30223 raft_consensus.cc:2804] T 00000000000000000000000000000000 P 878c957d7e9d4458b914fb48912762e1 [term 1 FOLLOWER]: Leader pre-election won for term 2
I20260812 06:36:18.165781 30223 raft_consensus.cc:493] T 00000000000000000000000000000000 P 878c957d7e9d4458b914fb48912762e1 [term 1 FOLLOWER]: Starting leader election (no leader contacted us within the election timeout)
I20260812 06:36:18.165812 30223 raft_consensus.cc:3060] T 00000000000000000000000000000000 P 878c957d7e9d4458b914fb48912762e1 [term 1 FOLLOWER]: Advancing to term 2
I20260812 06:36:18.167861 30223 raft_consensus.cc:515] T 00000000000000000000000000000000 P 878c957d7e9d4458b914fb48912762e1 [term 2 FOLLOWER]: Starting leader election with config: opid_index: -1 OBSOLETE_local: false peers { permanent_uuid: "878c957d7e9d4458b914fb48912762e1" member_type: VOTER last_known_addr { host: "127.27.1.62" port: 41615 } } peers { permanent_uuid: "4cd5bc419f7341199e16673e2995e85c" member_type: VOTER last_known_addr { host: "127.27.1.61" port: 41061 } }
I20260812 06:36:18.168207 30223 leader_election.cc:290] T 00000000000000000000000000000000 P 878c957d7e9d4458b914fb48912762e1 [CANDIDATE]: Term 2 election: Requested vote from peers 4cd5bc419f7341199e16673e2995e85c (127.27.1.61:41061)
I20260812 06:36:18.168594 29665 tablet_service.cc:1917] Received RequestConsensusVote() RPC: tablet_id: "00000000000000000000000000000000" candidate_uuid: "878c957d7e9d4458b914fb48912762e1" candidate_term: 2 candidate_status { last_received { term: 1 index: 7 } } ignore_live_leader: false dest_uuid: "4cd5bc419f7341199e16673e2995e85c"
I20260812 06:36:18.168766 29665 raft_consensus.cc:3060] T 00000000000000000000000000000000 P 4cd5bc419f7341199e16673e2995e85c [term 1 FOLLOWER]: Advancing to term 2
I20260812 06:36:18.170575 29665 raft_consensus.cc:2468] T 00000000000000000000000000000000 P 4cd5bc419f7341199e16673e2995e85c [term 2 FOLLOWER]: Leader election vote request: Granting yes vote for candidate 878c957d7e9d4458b914fb48912762e1 in term 2.
I20260812 06:36:18.170910 29452 leader_election.cc:304] T 00000000000000000000000000000000 P 878c957d7e9d4458b914fb48912762e1 [CANDIDATE]: Term 2 election: Election decided. Result: candidate won. Election summary: received 2 responses out of 2 voters: 2 yes votes; 0 no votes. yes voters: 4cd5bc419f7341199e16673e2995e85c, 878c957d7e9d4458b914fb48912762e1; no voters: 
I20260812 06:36:18.171167 30223 raft_consensus.cc:2804] T 00000000000000000000000000000000 P 878c957d7e9d4458b914fb48912762e1 [term 2 FOLLOWER]: Leader election won for term 2
I20260812 06:36:18.171394 30223 raft_consensus.cc:697] T 00000000000000000000000000000000 P 878c957d7e9d4458b914fb48912762e1 [term 2 LEADER]: Becoming Leader. State: Replica: 878c957d7e9d4458b914fb48912762e1, State: Running, Role: LEADER
I20260812 06:36:18.171713 30223 consensus_queue.cc:237] T 00000000000000000000000000000000 P 878c957d7e9d4458b914fb48912762e1 [LEADER]: Queue going to LEADER mode. State: All replicated index: 0, Majority replicated index: 7, Committed index: 7, Last appended: 1.7, Last appended by leader: 7, Current term: 2, Majority size: 2, State: 0, Mode: LEADER, active raft config: opid_index: -1 OBSOLETE_local: false peers { permanent_uuid: "878c957d7e9d4458b914fb48912762e1" member_type: VOTER last_known_addr { host: "127.27.1.62" port: 41615 } } peers { permanent_uuid: "4cd5bc419f7341199e16673e2995e85c" member_type: VOTER last_known_addr { host: "127.27.1.61" port: 41061 } }
I20260812 06:36:18.173296 30225 sys_catalog.cc:455] T 00000000000000000000000000000000 P 878c957d7e9d4458b914fb48912762e1 [sys.catalog]: SysCatalogTable state changed. Reason: New leader 878c957d7e9d4458b914fb48912762e1. Latest consensus state: current_term: 2 leader_uuid: "878c957d7e9d4458b914fb48912762e1" committed_config { opid_index: -1 OBSOLETE_local: false peers { permanent_uuid: "878c957d7e9d4458b914fb48912762e1" member_type: VOTER last_known_addr { host: "127.27.1.62" port: 41615 } } peers { permanent_uuid: "4cd5bc419f7341199e16673e2995e85c" member_type: VOTER last_known_addr { host: "127.27.1.61" port: 41061 } } }
I20260812 06:36:18.173408 30225 sys_catalog.cc:458] T 00000000000000000000000000000000 P 878c957d7e9d4458b914fb48912762e1 [sys.catalog]: This master's current role is: LEADER
I20260812 06:36:18.173687 30236 catalog_manager.cc:1511] Loading table and tablet metadata into memory...
I20260812 06:36:18.175180 30236 catalog_manager.cc:679] Loaded metadata for table test-workload [id=0fb4df4b9f254414b94b19b3e4d8b324]
I20260812 06:36:18.176095 30236 tablet_loader.cc:96] loaded metadata for tablet 453c54487e2645ad9dfd2b4d29a899f3 (table test-workload [id=0fb4df4b9f254414b94b19b3e4d8b324])
I20260812 06:36:18.176250 30236 catalog_manager.cc:1520] Initializing Kudu cluster ID...
I20260812 06:36:18.176641 30236 catalog_manager.cc:1295] Loaded cluster ID: 68ef7c1cdd59429884a9c5a5c948a618
I20260812 06:36:18.176688 30236 catalog_manager.cc:1531] Initializing Kudu internal certificate authority...
I20260812 06:36:18.177223 30236 catalog_manager.cc:1540] Loading token signing keys...
I20260812 06:36:18.177628 30236 catalog_manager.cc:6103] T 00000000000000000000000000000000 P 878c957d7e9d4458b914fb48912762e1: Loaded TSK: 0
I20260812 06:36:18.178166 30236 catalog_manager.cc:1550] Initializing in-progress tserver states...
I20260812 06:36:18.730002 29665 raft_consensus.cc:1275] T 00000000000000000000000000000000 P 4cd5bc419f7341199e16673e2995e85c [term 2 FOLLOWER]: Refusing update from remote peer 878c957d7e9d4458b914fb48912762e1: Log matching property violated. Preceding OpId in replica: term: 1 index: 7. Preceding OpId from leader: term: 2 index: 8. (index mismatch)
I20260812 06:36:18.730755 30238 consensus_queue.cc:1048] T 00000000000000000000000000000000 P 878c957d7e9d4458b914fb48912762e1 [LEADER]: Connected to new peer: Peer: permanent_uuid: "4cd5bc419f7341199e16673e2995e85c" member_type: VOTER last_known_addr { host: "127.27.1.61" port: 41061 }, Status: LMP_MISMATCH, Last received: 0.0, Next index: 8, Last known committed idx: 7, Time since last communication: 0.000s
I20260812 06:36:18.732693 30239 sys_catalog.cc:455] T 00000000000000000000000000000000 P 4cd5bc419f7341199e16673e2995e85c [sys.catalog]: SysCatalogTable state changed. Reason: New leader 878c957d7e9d4458b914fb48912762e1. Latest consensus state: current_term: 2 leader_uuid: "878c957d7e9d4458b914fb48912762e1" committed_config { opid_index: -1 OBSOLETE_local: false peers { permanent_uuid: "878c957d7e9d4458b914fb48912762e1" member_type: VOTER last_known_addr { host: "127.27.1.62" port: 41615 } } peers { permanent_uuid: "4cd5bc419f7341199e16673e2995e85c" member_type: VOTER last_known_addr { host: "127.27.1.61" port: 41061 } } }
I20260812 06:36:18.732818 30239 sys_catalog.cc:458] T 00000000000000000000000000000000 P 4cd5bc419f7341199e16673e2995e85c [sys.catalog]: This master's current role is: FOLLOWER
I20260812 06:36:18.734319 30242 sys_catalog.cc:455] T 00000000000000000000000000000000 P 878c957d7e9d4458b914fb48912762e1 [sys.catalog]: SysCatalogTable state changed. Reason: Peer health change. Latest consensus state: current_term: 2 leader_uuid: "878c957d7e9d4458b914fb48912762e1" committed_config { opid_index: -1 OBSOLETE_local: false peers { permanent_uuid: "878c957d7e9d4458b914fb48912762e1" member_type: VOTER last_known_addr { host: "127.27.1.62" port: 41615 } } peers { permanent_uuid: "4cd5bc419f7341199e16673e2995e85c" member_type: VOTER last_known_addr { host: "127.27.1.61" port: 41061 } } }
I20260812 06:36:18.734436 30242 sys_catalog.cc:458] T 00000000000000000000000000000000 P 878c957d7e9d4458b914fb48912762e1 [sys.catalog]: This master's current role is: LEADER
I20260812 06:36:18.734699 30239 sys_catalog.cc:455] T 00000000000000000000000000000000 P 4cd5bc419f7341199e16673e2995e85c [sys.catalog]: SysCatalogTable state changed. Reason: Replicated consensus-only round. Latest consensus state: current_term: 2 leader_uuid: "878c957d7e9d4458b914fb48912762e1" committed_config { opid_index: -1 OBSOLETE_local: false peers { permanent_uuid: "878c957d7e9d4458b914fb48912762e1" member_type: VOTER last_known_addr { host: "127.27.1.62" port: 41615 } } peers { permanent_uuid: "4cd5bc419f7341199e16673e2995e85c" member_type: VOTER last_known_addr { host: "127.27.1.61" port: 41061 } } }
I20260812 06:36:18.734819 30239 sys_catalog.cc:458] T 00000000000000000000000000000000 P 4cd5bc419f7341199e16673e2995e85c [sys.catalog]: This master's current role is: FOLLOWER
I20260812 06:36:18.874706 29475 master_service.cc:502] Signed X509 certificate for tserver {username='slave'} at 127.27.1.1:33319
I20260812 06:36:18.906893 30248 raft_consensus.cc:493] T 00000000000000000000000000000000 P fa6a23d7248343fab7e70539d8af4dbd [term 1 FOLLOWER]: Starting pre-election (no leader contacted us within the election timeout)
I20260812 06:36:18.907073 30248 raft_consensus.cc:515] T 00000000000000000000000000000000 P fa6a23d7248343fab7e70539d8af4dbd [term 1 FOLLOWER]: Starting pre-election with config: opid_index: -1 OBSOLETE_local: false peers { permanent_uuid: "878c957d7e9d4458b914fb48912762e1" member_type: VOTER last_known_addr { host: "127.27.1.62" port: 41615 } } peers { permanent_uuid: "4cd5bc419f7341199e16673e2995e85c" member_type: VOTER last_known_addr { host: "127.27.1.61" port: 41061 } } peers { permanent_uuid: "fa6a23d7248343fab7e70539d8af4dbd" member_type: VOTER last_known_addr { host: "127.27.1.60" port: 40553 } }
I20260812 06:36:18.907634 30248 leader_election.cc:290] T 00000000000000000000000000000000 P fa6a23d7248343fab7e70539d8af4dbd [CANDIDATE]: Term 2 pre-election: Requested pre-vote from peers 878c957d7e9d4458b914fb48912762e1 (127.27.1.62:41615), 4cd5bc419f7341199e16673e2995e85c (127.27.1.61:41061)
I20260812 06:36:18.908192 29487 tablet_service.cc:1917] Received RequestConsensusVote() RPC: tablet_id: "00000000000000000000000000000000" candidate_uuid: "fa6a23d7248343fab7e70539d8af4dbd" candidate_term: 2 candidate_status { last_received { term: 0 index: 0 } } ignore_live_leader: false dest_uuid: "878c957d7e9d4458b914fb48912762e1" is_pre_election: true
I20260812 06:36:18.908192 29665 tablet_service.cc:1917] Received RequestConsensusVote() RPC: tablet_id: "00000000000000000000000000000000" candidate_uuid: "fa6a23d7248343fab7e70539d8af4dbd" candidate_term: 2 candidate_status { last_received { term: 0 index: 0 } } ignore_live_leader: false dest_uuid: "4cd5bc419f7341199e16673e2995e85c" is_pre_election: true
I20260812 06:36:18.908735 30087 leader_election.cc:304] T 00000000000000000000000000000000 P fa6a23d7248343fab7e70539d8af4dbd [CANDIDATE]: Term 2 pre-election: Election decided. Result: candidate lost. Election summary: received 3 responses out of 3 voters: 1 yes votes; 2 no votes. yes voters: fa6a23d7248343fab7e70539d8af4dbd; no voters: 4cd5bc419f7341199e16673e2995e85c, 878c957d7e9d4458b914fb48912762e1
I20260812 06:36:18.908917 30248 raft_consensus.cc:2749] T 00000000000000000000000000000000 P fa6a23d7248343fab7e70539d8af4dbd [term 1 FOLLOWER]: Leader pre-election lost for term 2. Reason: could not achieve majority
W20260812 06:36:19.074743 30217 catalog_manager.cc:1594] T 00000000000000000000000000000000 P fa6a23d7248343fab7e70539d8af4dbd: loading cluster ID for follower catalog manager: Not found: cluster ID entry not found
W20260812 06:36:19.074841 30217 catalog_manager.cc:883] Not found: cluster ID entry not found: failed to prepare follower catalog manager, will retry
I20260812 06:36:19.876816 30014 heartbeater.cc:499] Master 127.27.1.62:41615 was elected leader, sending a full tablet report...
I20260812 06:36:19.878512 29475 catalog_manager.cc:5719] T 453c54487e2645ad9dfd2b4d29a899f3 P 58e186cc524747048e20aa59ee47fea5 reported cstate change: term changed from 1 to 2. New cstate: current_term: 2 leader_uuid: "58e186cc524747048e20aa59ee47fea5" committed_config { opid_index: -1 OBSOLETE_local: true peers { permanent_uuid: "58e186cc524747048e20aa59ee47fea5" member_type: VOTER last_known_addr { host: "127.27.1.1" port: 41431 } health_report { overall_health: HEALTHY } } }
W20260812 06:36:20.075666 30217 catalog_manager.cc:1594] T 00000000000000000000000000000000 P fa6a23d7248343fab7e70539d8af4dbd: loading cluster ID for follower catalog manager: Not found: cluster ID entry not found
W20260812 06:36:20.075773 30217 catalog_manager.cc:883] Not found: cluster ID entry not found: failed to prepare follower catalog manager, will retry
W20260812 06:36:21.076529 30217 catalog_manager.cc:1594] T 00000000000000000000000000000000 P fa6a23d7248343fab7e70539d8af4dbd: loading cluster ID for follower catalog manager: Not found: cluster ID entry not found
W20260812 06:36:21.076642 30217 catalog_manager.cc:883] Not found: cluster ID entry not found: failed to prepare follower catalog manager, will retry
I20260812 06:36:21.442773 30266 raft_consensus.cc:493] T 00000000000000000000000000000000 P fa6a23d7248343fab7e70539d8af4dbd [term 1 FOLLOWER]: Starting pre-election (no leader contacted us within the election timeout)
I20260812 06:36:21.442956 30266 raft_consensus.cc:515] T 00000000000000000000000000000000 P fa6a23d7248343fab7e70539d8af4dbd [term 1 FOLLOWER]: Starting pre-election with config: opid_index: -1 OBSOLETE_local: false peers { permanent_uuid: "878c957d7e9d4458b914fb48912762e1" member_type: VOTER last_known_addr { host: "127.27.1.62" port: 41615 } } peers { permanent_uuid: "4cd5bc419f7341199e16673e2995e85c" member_type: VOTER last_known_addr { host: "127.27.1.61" port: 41061 } } peers { permanent_uuid: "fa6a23d7248343fab7e70539d8af4dbd" member_type: VOTER last_known_addr { host: "127.27.1.60" port: 40553 } }
I20260812 06:36:21.443478 30266 leader_election.cc:290] T 00000000000000000000000000000000 P fa6a23d7248343fab7e70539d8af4dbd [CANDIDATE]: Term 2 pre-election: Requested pre-vote from peers 878c957d7e9d4458b914fb48912762e1 (127.27.1.62:41615), 4cd5bc419f7341199e16673e2995e85c (127.27.1.61:41061)
I20260812 06:36:21.443994 29487 tablet_service.cc:1917] Received RequestConsensusVote() RPC: tablet_id: "00000000000000000000000000000000" candidate_uuid: "fa6a23d7248343fab7e70539d8af4dbd" candidate_term: 2 candidate_status { last_received { term: 0 index: 0 } } ignore_live_leader: false dest_uuid: "878c957d7e9d4458b914fb48912762e1" is_pre_election: true
I20260812 06:36:21.444005 29665 tablet_service.cc:1917] Received RequestConsensusVote() RPC: tablet_id: "00000000000000000000000000000000" candidate_uuid: "fa6a23d7248343fab7e70539d8af4dbd" candidate_term: 2 candidate_status { last_received { term: 0 index: 0 } } ignore_live_leader: false dest_uuid: "4cd5bc419f7341199e16673e2995e85c" is_pre_election: true
I20260812 06:36:21.444516 30087 leader_election.cc:304] T 00000000000000000000000000000000 P fa6a23d7248343fab7e70539d8af4dbd [CANDIDATE]: Term 2 pre-election: Election decided. Result: candidate lost. Election summary: received 3 responses out of 3 voters: 1 yes votes; 2 no votes. yes voters: fa6a23d7248343fab7e70539d8af4dbd; no voters: 4cd5bc419f7341199e16673e2995e85c, 878c957d7e9d4458b914fb48912762e1
I20260812 06:36:21.444708 30266 raft_consensus.cc:2749] T 00000000000000000000000000000000 P fa6a23d7248343fab7e70539d8af4dbd [term 1 FOLLOWER]: Leader pre-election lost for term 2. Reason: could not achieve majority
I20260812 06:36:21.562765 29418 master_runner.cc:233] Existing masters have differing terms: 2 vs 1
I20260812 06:36:21.562899 29418 master_runner.cc:419] Couldn't verify the masters in the cluster. Trying again...
I20260812 06:36:21.730634 29537 master_runner.cc:233] Existing masters have differing terms: 2 vs 1
I20260812 06:36:21.730778 29537 master_runner.cc:419] Couldn't verify the masters in the cluster. Trying again...
W20260812 06:36:22.077451 30217 catalog_manager.cc:1594] T 00000000000000000000000000000000 P fa6a23d7248343fab7e70539d8af4dbd: loading cluster ID for follower catalog manager: Not found: cluster ID entry not found
W20260812 06:36:22.077590 30217 catalog_manager.cc:883] Not found: cluster ID entry not found: failed to prepare follower catalog manager, will retry
I20260812 06:36:22.081883 30040 master_runner.cc:429] Detected that this master fa6a23d7248343fab7e70539d8af4dbd is joining an existing cluster
I20260812 06:36:22.081957 30040 catalog_manager.cc:1024] Shutting down the Catalog Manager
I20260812 06:36:22.082552 30040 raft_consensus.cc:2243] T 00000000000000000000000000000000 P fa6a23d7248343fab7e70539d8af4dbd [term 1 FOLLOWER]: Raft consensus shutting down.
I20260812 06:36:22.082851 30040 raft_consensus.cc:2272] T 00000000000000000000000000000000 P fa6a23d7248343fab7e70539d8af4dbd [term 1 FOLLOWER]: Raft consensus is shut down!
I20260812 06:36:22.082942 30040 tablet_replica.cc:333] T 00000000000000000000000000000000 P fa6a23d7248343fab7e70539d8af4dbd: stopping tablet replica
I20260812 06:36:22.084133 30040 master_runner.cc:434] Initiating AddMaster RPC to add 127.27.1.60:40553
I20260812 06:36:22.094694 29475 catalog_manager.cc:7224] Initiating ChangeConfig request to add master 127.27.1.60:40553: tablet_id: "00000000000000000000000000000000"
type: ADD_PEER
server {
  permanent_uuid: "fa6a23d7248343fab7e70539d8af4dbd"
  member_type: NON_VOTER
  last_known_addr {
    host: "127.27.1.60"
    port: 40553
  }
  attrs {
    promote: true
  }
}
dest_uuid: "878c957d7e9d4458b914fb48912762e1"
cas_config_opid_index: -1
I20260812 06:36:22.095383 29475 consensus_queue.cc:237] T 00000000000000000000000000000000 P 878c957d7e9d4458b914fb48912762e1 [LEADER]: Queue going to LEADER mode. State: All replicated index: 0, Majority replicated index: 9, Committed index: 9, Last appended: 2.9, Last appended by leader: 7, Current term: 2, Majority size: 2, State: 0, Mode: LEADER, active raft config: opid_index: 10 OBSOLETE_local: false peers { permanent_uuid: "878c957d7e9d4458b914fb48912762e1" member_type: VOTER last_known_addr { host: "127.27.1.62" port: 41615 } } peers { permanent_uuid: "4cd5bc419f7341199e16673e2995e85c" member_type: VOTER last_known_addr { host: "127.27.1.61" port: 41061 } } peers { permanent_uuid: "fa6a23d7248343fab7e70539d8af4dbd" member_type: NON_VOTER last_known_addr { host: "127.27.1.60" port: 40553 } attrs { promote: true } }
I20260812 06:36:22.096815 29665 raft_consensus.cc:1275] T 00000000000000000000000000000000 P 4cd5bc419f7341199e16673e2995e85c [term 2 FOLLOWER]: Refusing update from remote peer 878c957d7e9d4458b914fb48912762e1: Log matching property violated. Preceding OpId in replica: term: 2 index: 9. Preceding OpId from leader: term: 2 index: 10. (index mismatch)
W20260812 06:36:22.097285 29449 consensus_peers.cc:597] T 00000000000000000000000000000000 P 878c957d7e9d4458b914fb48912762e1 -> Peer fa6a23d7248343fab7e70539d8af4dbd (127.27.1.60:40553): Couldn't send request to peer fa6a23d7248343fab7e70539d8af4dbd. Error code: TABLET_NOT_RUNNING (12). Status: Illegal state: Tablet not RUNNING: SHUTDOWN. This is attempt 1: this message will repeat every 5th retry.
I20260812 06:36:22.097275 30302 consensus_queue.cc:1048] T 00000000000000000000000000000000 P 878c957d7e9d4458b914fb48912762e1 [LEADER]: Connected to new peer: Peer: permanent_uuid: "4cd5bc419f7341199e16673e2995e85c" member_type: VOTER last_known_addr { host: "127.27.1.61" port: 41061 }, Status: LMP_MISMATCH, Last received: 0.0, Next index: 10, Last known committed idx: 9, Time since last communication: 0.000s
I20260812 06:36:22.099279 30299 raft_consensus.cc:2955] T 00000000000000000000000000000000 P 878c957d7e9d4458b914fb48912762e1 [term 2 LEADER]: Committing config change with OpId 2.10: config changed from index -1 to 10, NON_VOTER fa6a23d7248343fab7e70539d8af4dbd (127.27.1.60) added. New config: { opid_index: 10 OBSOLETE_local: false peers { permanent_uuid: "878c957d7e9d4458b914fb48912762e1" member_type: VOTER last_known_addr { host: "127.27.1.62" port: 41615 } } peers { permanent_uuid: "4cd5bc419f7341199e16673e2995e85c" member_type: VOTER last_known_addr { host: "127.27.1.61" port: 41061 } } peers { permanent_uuid: "fa6a23d7248343fab7e70539d8af4dbd" member_type: NON_VOTER last_known_addr { host: "127.27.1.60" port: 40553 } attrs { promote: true } } }
I20260812 06:36:22.099756 29665 raft_consensus.cc:2955] T 00000000000000000000000000000000 P 4cd5bc419f7341199e16673e2995e85c [term 2 FOLLOWER]: Committing config change with OpId 2.10: config changed from index -1 to 10, NON_VOTER fa6a23d7248343fab7e70539d8af4dbd (127.27.1.60) added. New config: { opid_index: 10 OBSOLETE_local: false peers { permanent_uuid: "878c957d7e9d4458b914fb48912762e1" member_type: VOTER last_known_addr { host: "127.27.1.62" port: 41615 } } peers { permanent_uuid: "4cd5bc419f7341199e16673e2995e85c" member_type: VOTER last_known_addr { host: "127.27.1.61" port: 41061 } } peers { permanent_uuid: "fa6a23d7248343fab7e70539d8af4dbd" member_type: NON_VOTER last_known_addr { host: "127.27.1.60" port: 40553 } attrs { promote: true } } }
I20260812 06:36:22.100550 30299 catalog_manager.cc:7228] Successfully completed master ChangeConfig request to add master 127.27.1.60:40553
I20260812 06:36:22.101092 30040 master.cc:562] Master@127.27.1.60:40553 shutting down...
I20260812 06:36:22.101838 30302 sys_catalog.cc:455] T 00000000000000000000000000000000 P 878c957d7e9d4458b914fb48912762e1 [sys.catalog]: SysCatalogTable state changed. Reason: Config change replication complete. Latest consensus state: current_term: 2 leader_uuid: "878c957d7e9d4458b914fb48912762e1" committed_config { opid_index: 10 OBSOLETE_local: false peers { permanent_uuid: "878c957d7e9d4458b914fb48912762e1" member_type: VOTER last_known_addr { host: "127.27.1.62" port: 41615 } } peers { permanent_uuid: "4cd5bc419f7341199e16673e2995e85c" member_type: VOTER last_known_addr { host: "127.27.1.61" port: 41061 } } peers { permanent_uuid: "fa6a23d7248343fab7e70539d8af4dbd" member_type: NON_VOTER last_known_addr { host: "127.27.1.60" port: 40553 } attrs { promote: true } } }
I20260812 06:36:22.102166 30302 sys_catalog.cc:458] T 00000000000000000000000000000000 P 878c957d7e9d4458b914fb48912762e1 [sys.catalog]: This master's current role is: LEADER
I20260812 06:36:22.102072 30304 sys_catalog.cc:455] T 00000000000000000000000000000000 P 878c957d7e9d4458b914fb48912762e1 [sys.catalog]: SysCatalogTable state changed. Reason: Peer health change. Latest consensus state: current_term: 2 leader_uuid: "878c957d7e9d4458b914fb48912762e1" committed_config { opid_index: 10 OBSOLETE_local: false peers { permanent_uuid: "878c957d7e9d4458b914fb48912762e1" member_type: VOTER last_known_addr { host: "127.27.1.62" port: 41615 } } peers { permanent_uuid: "4cd5bc419f7341199e16673e2995e85c" member_type: VOTER last_known_addr { host: "127.27.1.61" port: 41061 } } peers { permanent_uuid: "fa6a23d7248343fab7e70539d8af4dbd" member_type: NON_VOTER last_known_addr { host: "127.27.1.60" port: 40553 } attrs { promote: true } } }
I20260812 06:36:22.102427 30304 sys_catalog.cc:458] T 00000000000000000000000000000000 P 878c957d7e9d4458b914fb48912762e1 [sys.catalog]: This master's current role is: LEADER
I20260812 06:36:22.102679 30307 sys_catalog.cc:455] T 00000000000000000000000000000000 P 4cd5bc419f7341199e16673e2995e85c [sys.catalog]: SysCatalogTable state changed. Reason: Replicated consensus-only round. Latest consensus state: current_term: 2 leader_uuid: "878c957d7e9d4458b914fb48912762e1" committed_config { opid_index: 10 OBSOLETE_local: false peers { permanent_uuid: "878c957d7e9d4458b914fb48912762e1" member_type: VOTER last_known_addr { host: "127.27.1.62" port: 41615 } } peers { permanent_uuid: "4cd5bc419f7341199e16673e2995e85c" member_type: VOTER last_known_addr { host: "127.27.1.61" port: 41061 } } peers { permanent_uuid: "fa6a23d7248343fab7e70539d8af4dbd" member_type: NON_VOTER last_known_addr { host: "127.27.1.60" port: 40553 } attrs { promote: true } } }
I20260812 06:36:22.102795 30307 sys_catalog.cc:458] T 00000000000000000000000000000000 P 4cd5bc419f7341199e16673e2995e85c [sys.catalog]: This master's current role is: FOLLOWER
I20260812 06:36:22.118559 30040 master.cc:584] Master@127.27.1.60:40553 shutdown complete.
I20260812 06:36:22.118625 30040 master_runner.cc:306] Clearing existing system tablet
I20260812 06:36:22.118813 30040 fs_manager.cc:362] Metadata directory not provided
I20260812 06:36:22.118860 30040 fs_manager.cc:368] Using write-ahead log directory (fs_wal_dir) as metadata directory
I20260812 06:36:22.119995 30040 fs_manager.cc:714] Time spent opening directory manager: real 0.001s	user 0.001s	sys 0.000s
I20260812 06:36:22.120774 30312 log_block_manager.cc:4127] Time spent loading block containers with low live blocks: real 0.000s	user 0.000s	sys 0.000s
I20260812 06:36:22.120990 30040 fs_report.cc:389] FS layout report
--------------------
wal directory: 
metadata directory: 
1 data directories: /tmp/dist-test-taskdvl93m/test-tmp/dynamic_multi_master-test.2.AutoAddMasterTest.TestAddNewMaster.1786516573310748-27652-0/minicluster-data/master-2/data/data
Total live blocks: 0
Total live bytes: 0
Total live bytes (after alignment): 0
Total number of LBM containers: 0 (0 full)
Did not check for missing blocks
Did not check for orphaned blocks
Total full LBM containers with extra space: 0 (0 repaired)
Total full LBM container extra space in bytes: 0 (0 repaired)
Total incomplete LBM containers: 0 (0 repaired)
Total LBM partial records: 0 (0 repaired)
Total corrupted LBM metadata records in RocksDB: 0 (0 repaired)
I20260812 06:36:22.121111 30040 fs_manager.cc:730] Time spent opening block manager: real 0.001s	user 0.001s	sys 0.000s
I20260812 06:36:22.121160 30040 fs_manager.cc:647] Opened local filesystem: /tmp/dist-test-taskdvl93m/test-tmp/dynamic_multi_master-test.2.AutoAddMasterTest.TestAddNewMaster.1786516573310748-27652-0/minicluster-data/master-2/data,/tmp/dist-test-taskdvl93m/test-tmp/dynamic_multi_master-test.2.AutoAddMasterTest.TestAddNewMaster.1786516573310748-27652-0/minicluster-data/master-2/wal
uuid: "fa6a23d7248343fab7e70539d8af4dbd"
format_stamp: "Formatted at 2026-08-12 06:36:17 on dist-test-slave-w4v5"
I20260812 06:36:22.122766 30040 ts_tablet_manager.cc:1916] T 00000000000000000000000000000000 P fa6a23d7248343fab7e70539d8af4dbd: Deleting tablet data with delete state TABLET_DATA_DELETED
I20260812 06:36:22.124485 30040 ts_tablet_manager.cc:1929] T 00000000000000000000000000000000 P fa6a23d7248343fab7e70539d8af4dbd: tablet deleted with delete type TABLET_DATA_DELETED: last-logged OpId unknown
I20260812 06:36:22.124577 30040 log.cc:1199] T 00000000000000000000000000000000 P fa6a23d7248343fab7e70539d8af4dbd: Deleting WAL directory at /tmp/dist-test-taskdvl93m/test-tmp/dynamic_multi_master-test.2.AutoAddMasterTest.TestAddNewMaster.1786516573310748-27652-0/minicluster-data/master-2/wal/wals/00000000000000000000000000000000
I20260812 06:36:22.124840 30040 ts_tablet_manager.cc:1950] T 00000000000000000000000000000000 P fa6a23d7248343fab7e70539d8af4dbd: Deleting consensus metadata
I20260812 06:36:22.125053 30040 master_runner.cc:316] Copying system tablet from 127.27.1.62:41615
I20260812 06:36:22.126085 30040 tablet_copy_client.cc:323] T 00000000000000000000000000000000 P fa6a23d7248343fab7e70539d8af4dbd: tablet copy: Beginning tablet copy session from remote peer at address 127.27.1.62:41615
I20260812 06:36:22.130239 29503 tablet_copy_service.cc:140] P 878c957d7e9d4458b914fb48912762e1: Received BeginTabletCopySession request for tablet 00000000000000000000000000000000 from peer fa6a23d7248343fab7e70539d8af4dbd ({username='slave'} at 127.0.0.1:40876)
I20260812 06:36:22.130381 29503 tablet_copy_service.cc:161] P 878c957d7e9d4458b914fb48912762e1: Beginning new tablet copy session on tablet 00000000000000000000000000000000 from peer fa6a23d7248343fab7e70539d8af4dbd at {username='slave'} at 127.0.0.1:40876: session id = fa6a23d7248343fab7e70539d8af4dbd-00000000000000000000000000000000
I20260812 06:36:22.131510 29503 tablet_copy_source_session.cc:215] T 00000000000000000000000000000000 P 878c957d7e9d4458b914fb48912762e1: Tablet Copy: opened 0 blocks and 1 log segments
I20260812 06:36:22.132956 30040 data_dirs.cc:400] Could only allocate 1 dirs of requested 3 for tablet 00000000000000000000000000000000. 1 dirs total
I20260812 06:36:22.134400 30040 tablet_copy_client.cc:806] T 00000000000000000000000000000000 P fa6a23d7248343fab7e70539d8af4dbd: tablet copy: Starting download of 0 data blocks...
I20260812 06:36:22.134575 30040 tablet_copy_client.cc:670] T 00000000000000000000000000000000 P fa6a23d7248343fab7e70539d8af4dbd: tablet copy: Starting download of 1 WAL segments...
I20260812 06:36:22.136294 30040 tablet_copy_client.cc:538] T 00000000000000000000000000000000 P fa6a23d7248343fab7e70539d8af4dbd: tablet copy: Tablet Copy complete. Replacing tablet superblock.
I20260812 06:36:22.137708 29503 tablet_copy_service.cc:342] P 878c957d7e9d4458b914fb48912762e1: Request end of tablet copy session fa6a23d7248343fab7e70539d8af4dbd-00000000000000000000000000000000 received from {username='slave'} at 127.0.0.1:40876
I20260812 06:36:22.137794 29503 tablet_copy_service.cc:434] P 878c957d7e9d4458b914fb48912762e1: ending tablet copy session fa6a23d7248343fab7e70539d8af4dbd-00000000000000000000000000000000 on tablet 00000000000000000000000000000000 with peer fa6a23d7248343fab7e70539d8af4dbd
W20260812 06:36:22.141726 30040 builtin_ntp.cc:688] coult not shutdown socket: Network error: shutdown error: Transport endpoint is not connected (error 107)
I20260812 06:36:22.143666 30040 file_cache.cc:504] Constructed file cache file cache with capacity 419430
W20260812 06:36:22.145299 30321 instance_detector.cc:116] could not retrieve AWS instance metadata: Network error: curl error: HTTP response code said error: The requested URL returned error: 404
W20260812 06:36:22.145421 30323 instance_detector.cc:116] could not retrieve Azure instance metadata: Network error: curl error: HTTP response code said error: The requested URL returned error: 404
I20260812 06:36:22.145447 30040 server_base.cc:1061] running on GCE node
W20260812 06:36:22.145663 30326 instance_detector.cc:116] could not retrieve OpenStack instance metadata: Network error: curl error: HTTP response code said error: The requested URL returned error: 404
I20260812 06:36:22.145843 30040 hybrid_clock.cc:584] initializing the hybrid clock with 'builtin' time source
I20260812 06:36:22.146123 30040 hybrid_clock.cc:630] waiting up to --ntp_initial_sync_wait_secs=10 seconds for the clock to synchronize
I20260812 06:36:22.147255 30040 hybrid_clock.cc:648] HybridClock initialized: now 1786516582147247 us; error 25 us; skew 500 ppm
I20260812 06:36:22.148136 30040 webserver.cc:533] Webserver started at http://127.27.1.60:32811/ using document root <none> and password file <none>
I20260812 06:36:22.148330 30040 fs_manager.cc:362] Metadata directory not provided
I20260812 06:36:22.148386 30040 fs_manager.cc:368] Using write-ahead log directory (fs_wal_dir) as metadata directory
I20260812 06:36:22.149351 30040 fs_manager.cc:714] Time spent opening directory manager: real 0.001s	user 0.001s	sys 0.000s
I20260812 06:36:22.150194 30344 log_block_manager.cc:4127] Time spent loading block containers with low live blocks: real 0.000s	user 0.000s	sys 0.000s
I20260812 06:36:22.150429 30040 fs_manager.cc:730] Time spent opening block manager: real 0.001s	user 0.001s	sys 0.000s
I20260812 06:36:22.150527 30040 fs_manager.cc:647] Opened local filesystem: /tmp/dist-test-taskdvl93m/test-tmp/dynamic_multi_master-test.2.AutoAddMasterTest.TestAddNewMaster.1786516573310748-27652-0/minicluster-data/master-2/data,/tmp/dist-test-taskdvl93m/test-tmp/dynamic_multi_master-test.2.AutoAddMasterTest.TestAddNewMaster.1786516573310748-27652-0/minicluster-data/master-2/wal
uuid: "fa6a23d7248343fab7e70539d8af4dbd"
format_stamp: "Formatted at 2026-08-12 06:36:17 on dist-test-slave-w4v5"
I20260812 06:36:22.150630 30040 fs_report.cc:389] FS layout report
--------------------
wal directory: /tmp/dist-test-taskdvl93m/test-tmp/dynamic_multi_master-test.2.AutoAddMasterTest.TestAddNewMaster.1786516573310748-27652-0/minicluster-data/master-2/wal
metadata directory: /tmp/dist-test-taskdvl93m/test-tmp/dynamic_multi_master-test.2.AutoAddMasterTest.TestAddNewMaster.1786516573310748-27652-0/minicluster-data/master-2/wal
1 data directories: /tmp/dist-test-taskdvl93m/test-tmp/dynamic_multi_master-test.2.AutoAddMasterTest.TestAddNewMaster.1786516573310748-27652-0/minicluster-data/master-2/data/data
Total live blocks: 0
Total live bytes: 0
Total live bytes (after alignment): 0
Total number of LBM containers: 0 (0 full)
Did not check for missing blocks
Did not check for orphaned blocks
Total full LBM containers with extra space: 0 (0 repaired)
Total full LBM container extra space in bytes: 0 (0 repaired)
Total incomplete LBM containers: 0 (0 repaired)
Total LBM partial records: 0 (0 repaired)
Total corrupted LBM metadata records in RocksDB: 0 (0 repaired)
I20260812 06:36:22.156988 30040 rpc_server.cc:225] running with OpenSSL 1.1.1  11 Sep 2018
I20260812 06:36:22.157330 30040 kserver.cc:163] Server-wide thread pool size limit: 3276
I20260812 06:36:22.161448 30040 rpc_server.cc:307] RPC server started. Bound to: 127.27.1.60:40553
I20260812 06:36:22.162307 30040 server_base.cc:1193] Dumped server information to /tmp/dist-test-taskdvl93m/test-tmp/dynamic_multi_master-test.2.AutoAddMasterTest.TestAddNewMaster.1786516573310748-27652-0/minicluster-data/master-2/data/info.pb
I20260812 06:36:22.163185 30451 acceptor_pool.cc:272] collecting diagnostics on the listening RPC socket 127.27.1.60:40553 every 8 connection(s)
I20260812 06:36:22.164321 30453 sys_catalog.cc:263] Verifying existing consensus state
I20260812 06:36:22.165153 30453 tablet_bootstrap.cc:492] T 00000000000000000000000000000000 P fa6a23d7248343fab7e70539d8af4dbd: Bootstrap starting.
I20260812 06:36:22.176138 30453 tablet_bootstrap.cc:492] T 00000000000000000000000000000000 P fa6a23d7248343fab7e70539d8af4dbd: Bootstrap replayed 1/1 log segments. Stats: ops{read=10 overwritten=0 applied=10 ignored=0} inserts{seen=5 ignored=0} mutations{seen=3 ignored=0} orphaned_commits=0. Pending: 0 replicates
I20260812 06:36:22.176508 30453 tablet_bootstrap.cc:492] T 00000000000000000000000000000000 P fa6a23d7248343fab7e70539d8af4dbd: Bootstrap complete.
I20260812 06:36:22.177063 30453 raft_consensus.cc:359] T 00000000000000000000000000000000 P fa6a23d7248343fab7e70539d8af4dbd [term 2 LEARNER]: Replica starting. Triggering 0 pending ops. Active config: opid_index: 10 OBSOLETE_local: false peers { permanent_uuid: "878c957d7e9d4458b914fb48912762e1" member_type: VOTER last_known_addr { host: "127.27.1.62" port: 41615 } } peers { permanent_uuid: "4cd5bc419f7341199e16673e2995e85c" member_type: VOTER last_known_addr { host: "127.27.1.61" port: 41061 } } peers { permanent_uuid: "fa6a23d7248343fab7e70539d8af4dbd" member_type: NON_VOTER last_known_addr { host: "127.27.1.60" port: 40553 } attrs { promote: true } }
I20260812 06:36:22.177210 30453 raft_consensus.cc:740] T 00000000000000000000000000000000 P fa6a23d7248343fab7e70539d8af4dbd [term 2 LEARNER]: Becoming Follower/Learner. State: Replica: fa6a23d7248343fab7e70539d8af4dbd, State: Initialized, Role: LEARNER
I20260812 06:36:22.177380 30453 consensus_queue.cc:260] T 00000000000000000000000000000000 P fa6a23d7248343fab7e70539d8af4dbd [NON_LEADER]: Queue going to NON_LEADER mode. State: All replicated index: 0, Majority replicated index: 0, Committed index: 10, Last appended: 2.10, Last appended by leader: 10, Current term: 0, Majority size: -1, State: 0, Mode: NON_LEADER, active raft config: opid_index: 10 OBSOLETE_local: false peers { permanent_uuid: "878c957d7e9d4458b914fb48912762e1" member_type: VOTER last_known_addr { host: "127.27.1.62" port: 41615 } } peers { permanent_uuid: "4cd5bc419f7341199e16673e2995e85c" member_type: VOTER last_known_addr { host: "127.27.1.61" port: 41061 } } peers { permanent_uuid: "fa6a23d7248343fab7e70539d8af4dbd" member_type: NON_VOTER last_known_addr { host: "127.27.1.60" port: 40553 } attrs { promote: true } }
I20260812 06:36:22.177778 30458 sys_catalog.cc:455] T 00000000000000000000000000000000 P fa6a23d7248343fab7e70539d8af4dbd [sys.catalog]: SysCatalogTable state changed. Reason: RaftConsensus started. Latest consensus state: current_term: 2 committed_config { opid_index: 10 OBSOLETE_local: false peers { permanent_uuid: "878c957d7e9d4458b914fb48912762e1" member_type: VOTER last_known_addr { host: "127.27.1.62" port: 41615 } } peers { permanent_uuid: "4cd5bc419f7341199e16673e2995e85c" member_type: VOTER last_known_addr { host: "127.27.1.61" port: 41061 } } peers { permanent_uuid: "fa6a23d7248343fab7e70539d8af4dbd" member_type: NON_VOTER last_known_addr { host: "127.27.1.60" port: 40553 } attrs { promote: true } } }
I20260812 06:36:22.177863 30453 sys_catalog.cc:565] T 00000000000000000000000000000000 P fa6a23d7248343fab7e70539d8af4dbd [sys.catalog]: configured and running, proceeding with master startup.
I20260812 06:36:22.177888 30458 sys_catalog.cc:458] T 00000000000000000000000000000000 P fa6a23d7248343fab7e70539d8af4dbd [sys.catalog]: This master's current role is: LEARNER
I20260812 06:36:22.181677 30481 catalog_manager.cc:1295] Loaded cluster ID: 68ef7c1cdd59429884a9c5a5c948a618
I20260812 06:36:22.181746 30481 catalog_manager.cc:1588] T 00000000000000000000000000000000 P fa6a23d7248343fab7e70539d8af4dbd: loading cluster ID for follower catalog manager: success
I20260812 06:36:22.183751 30481 catalog_manager.cc:1610] T 00000000000000000000000000000000 P fa6a23d7248343fab7e70539d8af4dbd: acquiring CA information for follower catalog manager: success
I20260812 06:36:22.184839 30481 catalog_manager.cc:1638] T 00000000000000000000000000000000 P fa6a23d7248343fab7e70539d8af4dbd: importing token verification keys for follower catalog manager: success; most recent TSK sequence number 0
I20260812 06:36:22.719410 30391 raft_consensus.cc:1217] T 00000000000000000000000000000000 P fa6a23d7248343fab7e70539d8af4dbd [term 2 LEARNER]: Deduplicated request from leader. Original: 2.9->[2.10-2.10]   Dedup: 2.10->[]
I20260812 06:36:22.720008 30487 sys_catalog.cc:455] T 00000000000000000000000000000000 P fa6a23d7248343fab7e70539d8af4dbd [sys.catalog]: SysCatalogTable state changed. Reason: New leader 878c957d7e9d4458b914fb48912762e1. Latest consensus state: current_term: 2 leader_uuid: "878c957d7e9d4458b914fb48912762e1" committed_config { opid_index: 10 OBSOLETE_local: false peers { permanent_uuid: "878c957d7e9d4458b914fb48912762e1" member_type: VOTER last_known_addr { host: "127.27.1.62" port: 41615 } } peers { permanent_uuid: "4cd5bc419f7341199e16673e2995e85c" member_type: VOTER last_known_addr { host: "127.27.1.61" port: 41061 } } peers { permanent_uuid: "fa6a23d7248343fab7e70539d8af4dbd" member_type: NON_VOTER last_known_addr { host: "127.27.1.60" port: 40553 } attrs { promote: true } } }
I20260812 06:36:22.720162 30487 sys_catalog.cc:458] T 00000000000000000000000000000000 P fa6a23d7248343fab7e70539d8af4dbd [sys.catalog]: This master's current role is: LEARNER
I20260812 06:36:23.207705 30486 sys_catalog.cc:455] T 00000000000000000000000000000000 P 878c957d7e9d4458b914fb48912762e1 [sys.catalog]: SysCatalogTable state changed. Reason: Peer health change. Latest consensus state: current_term: 2 leader_uuid: "878c957d7e9d4458b914fb48912762e1" committed_config { opid_index: 10 OBSOLETE_local: false peers { permanent_uuid: "878c957d7e9d4458b914fb48912762e1" member_type: VOTER last_known_addr { host: "127.27.1.62" port: 41615 } } peers { permanent_uuid: "4cd5bc419f7341199e16673e2995e85c" member_type: VOTER last_known_addr { host: "127.27.1.61" port: 41061 } } peers { permanent_uuid: "fa6a23d7248343fab7e70539d8af4dbd" member_type: NON_VOTER last_known_addr { host: "127.27.1.60" port: 40553 } attrs { promote: true } } }
I20260812 06:36:23.207877 30486 sys_catalog.cc:458] T 00000000000000000000000000000000 P 878c957d7e9d4458b914fb48912762e1 [sys.catalog]: This master's current role is: LEADER
I20260812 06:36:23.208941 30490 raft_consensus.cc:1064] T 00000000000000000000000000000000 P 878c957d7e9d4458b914fb48912762e1: attempting to promote NON_VOTER fa6a23d7248343fab7e70539d8af4dbd to VOTER
I20260812 06:36:23.209348 30490 consensus_queue.cc:237] T 00000000000000000000000000000000 P 878c957d7e9d4458b914fb48912762e1 [LEADER]: Queue going to LEADER mode. State: All replicated index: 0, Majority replicated index: 10, Committed index: 10, Last appended: 2.10, Last appended by leader: 7, Current term: 2, Majority size: 2, State: 0, Mode: LEADER, active raft config: opid_index: 11 OBSOLETE_local: false peers { permanent_uuid: "878c957d7e9d4458b914fb48912762e1" member_type: VOTER last_known_addr { host: "127.27.1.62" port: 41615 } } peers { permanent_uuid: "4cd5bc419f7341199e16673e2995e85c" member_type: VOTER last_known_addr { host: "127.27.1.61" port: 41061 } } peers { permanent_uuid: "fa6a23d7248343fab7e70539d8af4dbd" member_type: VOTER last_known_addr { host: "127.27.1.60" port: 40553 } attrs { promote: false } }
I20260812 06:36:23.210698 30391 raft_consensus.cc:1275] T 00000000000000000000000000000000 P fa6a23d7248343fab7e70539d8af4dbd [term 2 LEARNER]: Refusing update from remote peer 878c957d7e9d4458b914fb48912762e1: Log matching property violated. Preceding OpId in replica: term: 2 index: 10. Preceding OpId from leader: term: 2 index: 11. (index mismatch)
I20260812 06:36:23.210801 29665 raft_consensus.cc:1275] T 00000000000000000000000000000000 P 4cd5bc419f7341199e16673e2995e85c [term 2 FOLLOWER]: Refusing update from remote peer 878c957d7e9d4458b914fb48912762e1: Log matching property violated. Preceding OpId in replica: term: 2 index: 10. Preceding OpId from leader: term: 2 index: 11. (index mismatch)
I20260812 06:36:23.211311 30490 consensus_queue.cc:1048] T 00000000000000000000000000000000 P 878c957d7e9d4458b914fb48912762e1 [LEADER]: Connected to new peer: Peer: permanent_uuid: "4cd5bc419f7341199e16673e2995e85c" member_type: VOTER last_known_addr { host: "127.27.1.61" port: 41061 }, Status: LMP_MISMATCH, Last received: 0.0, Next index: 11, Last known committed idx: 10, Time since last communication: 0.000s
I20260812 06:36:23.211560 30486 consensus_queue.cc:1048] T 00000000000000000000000000000000 P 878c957d7e9d4458b914fb48912762e1 [LEADER]: Connected to new peer: Peer: permanent_uuid: "fa6a23d7248343fab7e70539d8af4dbd" member_type: VOTER last_known_addr { host: "127.27.1.60" port: 40553 } attrs { promote: false }, Status: LMP_MISMATCH, Last received: 0.0, Next index: 11, Last known committed idx: 10, Time since last communication: 0.000s
I20260812 06:36:23.213526 30486 raft_consensus.cc:2955] T 00000000000000000000000000000000 P 878c957d7e9d4458b914fb48912762e1 [term 2 LEADER]: Committing config change with OpId 2.11: config changed from index 10 to 11, fa6a23d7248343fab7e70539d8af4dbd (127.27.1.60) changed from NON_VOTER to VOTER. New config: { opid_index: 11 OBSOLETE_local: false peers { permanent_uuid: "878c957d7e9d4458b914fb48912762e1" member_type: VOTER last_known_addr { host: "127.27.1.62" port: 41615 } } peers { permanent_uuid: "4cd5bc419f7341199e16673e2995e85c" member_type: VOTER last_known_addr { host: "127.27.1.61" port: 41061 } } peers { permanent_uuid: "fa6a23d7248343fab7e70539d8af4dbd" member_type: VOTER last_known_addr { host: "127.27.1.60" port: 40553 } attrs { promote: false } } }
