I20260812 06:37:05.996085 23699 tablet_bootstrap.cc:492] T e39c7eea28234bcfb956c5126f186693 P d66ae5945f604533bf89a91137157e46: No bootstrap required, opened a new log
I20260812 06:37:05.996183 23699 ts_tablet_manager.cc:1403] T e39c7eea28234bcfb956c5126f186693 P d66ae5945f604533bf89a91137157e46: Time spent bootstrapping tablet: real 0.003s	user 0.002s	sys 0.000s
I20260812 06:37:05.996721 23699 raft_consensus.cc:359] T e39c7eea28234bcfb956c5126f186693 P d66ae5945f604533bf89a91137157e46 [term 0 FOLLOWER]: Replica starting. Triggering 0 pending ops. Active config: opid_index: -1 OBSOLETE_local: false peers { permanent_uuid: "abbef5d0bc734bd3a68bd481fcfc82ba" member_type: VOTER last_known_addr { host: "127.12.176.65" port: 39703 } } peers { permanent_uuid: "3efaa2304bde4b96b2a7a8cf0e25f325" member_type: VOTER last_known_addr { host: "127.12.176.67" port: 43037 } } peers { permanent_uuid: "d66ae5945f604533bf89a91137157e46" member_type: VOTER last_known_addr { host: "127.12.176.66" port: 35609 } }
I20260812 06:37:05.996855 23699 raft_consensus.cc:385] T e39c7eea28234bcfb956c5126f186693 P d66ae5945f604533bf89a91137157e46 [term 0 FOLLOWER]: Consensus starting up: Expiring failure detector timer to make a prompt election more likely
I20260812 06:37:05.996891 23699 raft_consensus.cc:740] T e39c7eea28234bcfb956c5126f186693 P d66ae5945f604533bf89a91137157e46 [term 0 FOLLOWER]: Becoming Follower/Learner. State: Replica: d66ae5945f604533bf89a91137157e46, State: Initialized, Role: FOLLOWER
I20260812 06:37:05.997063 23699 consensus_queue.cc:260] T e39c7eea28234bcfb956c5126f186693 P d66ae5945f604533bf89a91137157e46 [NON_LEADER]: Queue going to NON_LEADER mode. State: All replicated index: 0, Majority replicated index: 0, Committed index: 0, Last appended: 0.0, Last appended by leader: 0, Current term: 0, Majority size: -1, State: 0, Mode: NON_LEADER, active raft config: opid_index: -1 OBSOLETE_local: false peers { permanent_uuid: "abbef5d0bc734bd3a68bd481fcfc82ba" member_type: VOTER last_known_addr { host: "127.12.176.65" port: 39703 } } peers { permanent_uuid: "3efaa2304bde4b96b2a7a8cf0e25f325" member_type: VOTER last_known_addr { host: "127.12.176.67" port: 43037 } } peers { permanent_uuid: "d66ae5945f604533bf89a91137157e46" member_type: VOTER last_known_addr { host: "127.12.176.66" port: 35609 } }
I20260812 06:37:05.997426 23699 ts_tablet_manager.cc:1434] T e39c7eea28234bcfb956c5126f186693 P d66ae5945f604533bf89a91137157e46: Time spent starting tablet: real 0.001s	user 0.002s	sys 0.000s
I20260812 06:37:05.997617 23699 tablet_bootstrap.cc:492] T fddbd029468944028876c6c9c9d3a17a P d66ae5945f604533bf89a91137157e46: Bootstrap starting.
I20260812 06:37:05.998879 23699 tablet_bootstrap.cc:654] T fddbd029468944028876c6c9c9d3a17a P d66ae5945f604533bf89a91137157e46: Neither blocks nor log segments found. Creating new log.
I20260812 06:37:05.999944 23700 tablet_bootstrap.cc:492] T e39c7eea28234bcfb956c5126f186693 P 3efaa2304bde4b96b2a7a8cf0e25f325: Bootstrap starting.
I20260812 06:37:06.000396 23697 tablet_bootstrap.cc:654] T fddbd029468944028876c6c9c9d3a17a P abbef5d0bc734bd3a68bd481fcfc82ba: Neither blocks nor log segments found. Creating new log.
I20260812 06:37:06.000849 23699 tablet_bootstrap.cc:492] T fddbd029468944028876c6c9c9d3a17a P d66ae5945f604533bf89a91137157e46: No bootstrap required, opened a new log
I20260812 06:37:06.000950 23699 ts_tablet_manager.cc:1403] T fddbd029468944028876c6c9c9d3a17a P d66ae5945f604533bf89a91137157e46: Time spent bootstrapping tablet: real 0.003s	user 0.002s	sys 0.000s
I20260812 06:37:06.001147 23700 tablet_bootstrap.cc:654] T e39c7eea28234bcfb956c5126f186693 P 3efaa2304bde4b96b2a7a8cf0e25f325: Neither blocks nor log segments found. Creating new log.
I20260812 06:37:06.001577 23699 raft_consensus.cc:359] T fddbd029468944028876c6c9c9d3a17a P d66ae5945f604533bf89a91137157e46 [term 0 FOLLOWER]: Replica starting. Triggering 0 pending ops. Active config: opid_index: -1 OBSOLETE_local: false peers { permanent_uuid: "abbef5d0bc734bd3a68bd481fcfc82ba" member_type: VOTER last_known_addr { host: "127.12.176.65" port: 39703 } } peers { permanent_uuid: "d66ae5945f604533bf89a91137157e46" member_type: VOTER last_known_addr { host: "127.12.176.66" port: 35609 } } peers { permanent_uuid: "3efaa2304bde4b96b2a7a8cf0e25f325" member_type: VOTER last_known_addr { host: "127.12.176.67" port: 43037 } }
I20260812 06:37:06.001648 23697 tablet_bootstrap.cc:492] T fddbd029468944028876c6c9c9d3a17a P abbef5d0bc734bd3a68bd481fcfc82ba: No bootstrap required, opened a new log
I20260812 06:37:06.001852 23697 ts_tablet_manager.cc:1403] T fddbd029468944028876c6c9c9d3a17a P abbef5d0bc734bd3a68bd481fcfc82ba: Time spent bootstrapping tablet: real 0.007s	user 0.003s	sys 0.000s
I20260812 06:37:06.002379 23697 raft_consensus.cc:359] T fddbd029468944028876c6c9c9d3a17a P abbef5d0bc734bd3a68bd481fcfc82ba [term 0 FOLLOWER]: Replica starting. Triggering 0 pending ops. Active config: opid_index: -1 OBSOLETE_local: false peers { permanent_uuid: "abbef5d0bc734bd3a68bd481fcfc82ba" member_type: VOTER last_known_addr { host: "127.12.176.65" port: 39703 } } peers { permanent_uuid: "d66ae5945f604533bf89a91137157e46" member_type: VOTER last_known_addr { host: "127.12.176.66" port: 35609 } } peers { permanent_uuid: "3efaa2304bde4b96b2a7a8cf0e25f325" member_type: VOTER last_known_addr { host: "127.12.176.67" port: 43037 } }
I20260812 06:37:06.002497 23697 raft_consensus.cc:385] T fddbd029468944028876c6c9c9d3a17a P abbef5d0bc734bd3a68bd481fcfc82ba [term 0 FOLLOWER]: Consensus starting up: Expiring failure detector timer to make a prompt election more likely
I20260812 06:37:06.002552 23697 raft_consensus.cc:740] T fddbd029468944028876c6c9c9d3a17a P abbef5d0bc734bd3a68bd481fcfc82ba [term 0 FOLLOWER]: Becoming Follower/Learner. State: Replica: abbef5d0bc734bd3a68bd481fcfc82ba, State: Initialized, Role: FOLLOWER
I20260812 06:37:06.002688 23697 consensus_queue.cc:260] T fddbd029468944028876c6c9c9d3a17a P abbef5d0bc734bd3a68bd481fcfc82ba [NON_LEADER]: Queue going to NON_LEADER mode. State: All replicated index: 0, Majority replicated index: 0, Committed index: 0, Last appended: 0.0, Last appended by leader: 0, Current term: 0, Majority size: -1, State: 0, Mode: NON_LEADER, active raft config: opid_index: -1 OBSOLETE_local: false peers { permanent_uuid: "abbef5d0bc734bd3a68bd481fcfc82ba" member_type: VOTER last_known_addr { host: "127.12.176.65" port: 39703 } } peers { permanent_uuid: "d66ae5945f604533bf89a91137157e46" member_type: VOTER last_known_addr { host: "127.12.176.66" port: 35609 } } peers { permanent_uuid: "3efaa2304bde4b96b2a7a8cf0e25f325" member_type: VOTER last_known_addr { host: "127.12.176.67" port: 43037 } }
I20260812 06:37:06.003067 23697 ts_tablet_manager.cc:1434] T fddbd029468944028876c6c9c9d3a17a P abbef5d0bc734bd3a68bd481fcfc82ba: Time spent starting tablet: real 0.001s	user 0.001s	sys 0.000s
I20260812 06:37:06.003269 23697 tablet_bootstrap.cc:492] T 9cdf0bd2b3d34f46ab0db9de0bcb56ac P abbef5d0bc734bd3a68bd481fcfc82ba: Bootstrap starting.
I20260812 06:37:06.003418 23700 tablet_bootstrap.cc:492] T e39c7eea28234bcfb956c5126f186693 P 3efaa2304bde4b96b2a7a8cf0e25f325: No bootstrap required, opened a new log
I20260812 06:37:06.003522 23700 ts_tablet_manager.cc:1403] T e39c7eea28234bcfb956c5126f186693 P 3efaa2304bde4b96b2a7a8cf0e25f325: Time spent bootstrapping tablet: real 0.004s	user 0.000s	sys 0.002s
I20260812 06:37:06.003979 23700 raft_consensus.cc:359] T e39c7eea28234bcfb956c5126f186693 P 3efaa2304bde4b96b2a7a8cf0e25f325 [term 0 FOLLOWER]: Replica starting. Triggering 0 pending ops. Active config: opid_index: -1 OBSOLETE_local: false peers { permanent_uuid: "abbef5d0bc734bd3a68bd481fcfc82ba" member_type: VOTER last_known_addr { host: "127.12.176.65" port: 39703 } } peers { permanent_uuid: "3efaa2304bde4b96b2a7a8cf0e25f325" member_type: VOTER last_known_addr { host: "127.12.176.67" port: 43037 } } peers { permanent_uuid: "d66ae5945f604533bf89a91137157e46" member_type: VOTER last_known_addr { host: "127.12.176.66" port: 35609 } }
I20260812 06:37:06.004077 23700 raft_consensus.cc:385] T e39c7eea28234bcfb956c5126f186693 P 3efaa2304bde4b96b2a7a8cf0e25f325 [term 0 FOLLOWER]: Consensus starting up: Expiring failure detector timer to make a prompt election more likely
I20260812 06:37:06.004102 23700 raft_consensus.cc:740] T e39c7eea28234bcfb956c5126f186693 P 3efaa2304bde4b96b2a7a8cf0e25f325 [term 0 FOLLOWER]: Becoming Follower/Learner. State: Replica: 3efaa2304bde4b96b2a7a8cf0e25f325, State: Initialized, Role: FOLLOWER
I20260812 06:37:06.004236 23700 consensus_queue.cc:260] T e39c7eea28234bcfb956c5126f186693 P 3efaa2304bde4b96b2a7a8cf0e25f325 [NON_LEADER]: Queue going to NON_LEADER mode. State: All replicated index: 0, Majority replicated index: 0, Committed index: 0, Last appended: 0.0, Last appended by leader: 0, Current term: 0, Majority size: -1, State: 0, Mode: NON_LEADER, active raft config: opid_index: -1 OBSOLETE_local: false peers { permanent_uuid: "abbef5d0bc734bd3a68bd481fcfc82ba" member_type: VOTER last_known_addr { host: "127.12.176.65" port: 39703 } } peers { permanent_uuid: "3efaa2304bde4b96b2a7a8cf0e25f325" member_type: VOTER last_known_addr { host: "127.12.176.67" port: 43037 } } peers { permanent_uuid: "d66ae5945f604533bf89a91137157e46" member_type: VOTER last_known_addr { host: "127.12.176.66" port: 35609 } }
I20260812 06:37:06.004326 23697 tablet_bootstrap.cc:654] T 9cdf0bd2b3d34f46ab0db9de0bcb56ac P abbef5d0bc734bd3a68bd481fcfc82ba: Neither blocks nor log segments found. Creating new log.
I20260812 06:37:06.004657 23700 ts_tablet_manager.cc:1434] T e39c7eea28234bcfb956c5126f186693 P 3efaa2304bde4b96b2a7a8cf0e25f325: Time spent starting tablet: real 0.001s	user 0.000s	sys 0.001s
I20260812 06:37:06.004887 23700 tablet_bootstrap.cc:492] T 9cdf0bd2b3d34f46ab0db9de0bcb56ac P 3efaa2304bde4b96b2a7a8cf0e25f325: Bootstrap starting.
I20260812 06:37:06.001713 23699 raft_consensus.cc:385] T fddbd029468944028876c6c9c9d3a17a P d66ae5945f604533bf89a91137157e46 [term 0 FOLLOWER]: Consensus starting up: Expiring failure detector timer to make a prompt election more likely
I20260812 06:37:06.004979 23699 raft_consensus.cc:740] T fddbd029468944028876c6c9c9d3a17a P d66ae5945f604533bf89a91137157e46 [term 0 FOLLOWER]: Becoming Follower/Learner. State: Replica: d66ae5945f604533bf89a91137157e46, State: Initialized, Role: FOLLOWER
I20260812 06:37:06.005119 23699 consensus_queue.cc:260] T fddbd029468944028876c6c9c9d3a17a P d66ae5945f604533bf89a91137157e46 [NON_LEADER]: Queue going to NON_LEADER mode. State: All replicated index: 0, Majority replicated index: 0, Committed index: 0, Last appended: 0.0, Last appended by leader: 0, Current term: 0, Majority size: -1, State: 0, Mode: NON_LEADER, active raft config: opid_index: -1 OBSOLETE_local: false peers { permanent_uuid: "abbef5d0bc734bd3a68bd481fcfc82ba" member_type: VOTER last_known_addr { host: "127.12.176.65" port: 39703 } } peers { permanent_uuid: "d66ae5945f604533bf89a91137157e46" member_type: VOTER last_known_addr { host: "127.12.176.66" port: 35609 } } peers { permanent_uuid: "3efaa2304bde4b96b2a7a8cf0e25f325" member_type: VOTER last_known_addr { host: "127.12.176.67" port: 43037 } }
I20260812 06:37:06.005393 23699 ts_tablet_manager.cc:1434] T fddbd029468944028876c6c9c9d3a17a P d66ae5945f604533bf89a91137157e46: Time spent starting tablet: real 0.004s	user 0.002s	sys 0.000s
I20260812 06:37:06.005587 23699 tablet_bootstrap.cc:492] T 9cdf0bd2b3d34f46ab0db9de0bcb56ac P d66ae5945f604533bf89a91137157e46: Bootstrap starting.
I20260812 06:37:06.005990 23700 tablet_bootstrap.cc:654] T 9cdf0bd2b3d34f46ab0db9de0bcb56ac P 3efaa2304bde4b96b2a7a8cf0e25f325: Neither blocks nor log segments found. Creating new log.
I20260812 06:37:06.006675 23699 tablet_bootstrap.cc:654] T 9cdf0bd2b3d34f46ab0db9de0bcb56ac P d66ae5945f604533bf89a91137157e46: Neither blocks nor log segments found. Creating new log.
I20260812 06:37:06.007253 23700 tablet_bootstrap.cc:492] T 9cdf0bd2b3d34f46ab0db9de0bcb56ac P 3efaa2304bde4b96b2a7a8cf0e25f325: No bootstrap required, opened a new log
I20260812 06:37:06.007364 23700 ts_tablet_manager.cc:1403] T 9cdf0bd2b3d34f46ab0db9de0bcb56ac P 3efaa2304bde4b96b2a7a8cf0e25f325: Time spent bootstrapping tablet: real 0.003s	user 0.002s	sys 0.000s
I20260812 06:37:06.007656 23697 tablet_bootstrap.cc:492] T 9cdf0bd2b3d34f46ab0db9de0bcb56ac P abbef5d0bc734bd3a68bd481fcfc82ba: No bootstrap required, opened a new log
I20260812 06:37:06.007756 23697 ts_tablet_manager.cc:1403] T 9cdf0bd2b3d34f46ab0db9de0bcb56ac P abbef5d0bc734bd3a68bd481fcfc82ba: Time spent bootstrapping tablet: real 0.005s	user 0.000s	sys 0.002s
I20260812 06:37:06.007946 23700 raft_consensus.cc:359] T 9cdf0bd2b3d34f46ab0db9de0bcb56ac P 3efaa2304bde4b96b2a7a8cf0e25f325 [term 0 FOLLOWER]: Replica starting. Triggering 0 pending ops. Active config: opid_index: -1 OBSOLETE_local: false peers { permanent_uuid: "abbef5d0bc734bd3a68bd481fcfc82ba" member_type: VOTER last_known_addr { host: "127.12.176.65" port: 39703 } } peers { permanent_uuid: "d66ae5945f604533bf89a91137157e46" member_type: VOTER last_known_addr { host: "127.12.176.66" port: 35609 } } peers { permanent_uuid: "3efaa2304bde4b96b2a7a8cf0e25f325" member_type: VOTER last_known_addr { host: "127.12.176.67" port: 43037 } }
I20260812 06:37:06.008055 23700 raft_consensus.cc:385] T 9cdf0bd2b3d34f46ab0db9de0bcb56ac P 3efaa2304bde4b96b2a7a8cf0e25f325 [term 0 FOLLOWER]: Consensus starting up: Expiring failure detector timer to make a prompt election more likely
I20260812 06:37:06.008095 23700 raft_consensus.cc:740] T 9cdf0bd2b3d34f46ab0db9de0bcb56ac P 3efaa2304bde4b96b2a7a8cf0e25f325 [term 0 FOLLOWER]: Becoming Follower/Learner. State: Replica: 3efaa2304bde4b96b2a7a8cf0e25f325, State: Initialized, Role: FOLLOWER
I20260812 06:37:06.008225 23700 consensus_queue.cc:260] T 9cdf0bd2b3d34f46ab0db9de0bcb56ac P 3efaa2304bde4b96b2a7a8cf0e25f325 [NON_LEADER]: Queue going to NON_LEADER mode. State: All replicated index: 0, Majority replicated index: 0, Committed index: 0, Last appended: 0.0, Last appended by leader: 0, Current term: 0, Majority size: -1, State: 0, Mode: NON_LEADER, active raft config: opid_index: -1 OBSOLETE_local: false peers { permanent_uuid: "abbef5d0bc734bd3a68bd481fcfc82ba" member_type: VOTER last_known_addr { host: "127.12.176.65" port: 39703 } } peers { permanent_uuid: "d66ae5945f604533bf89a91137157e46" member_type: VOTER last_known_addr { host: "127.12.176.66" port: 35609 } } peers { permanent_uuid: "3efaa2304bde4b96b2a7a8cf0e25f325" member_type: VOTER last_known_addr { host: "127.12.176.67" port: 43037 } }
I20260812 06:37:06.008230 23697 raft_consensus.cc:359] T 9cdf0bd2b3d34f46ab0db9de0bcb56ac P abbef5d0bc734bd3a68bd481fcfc82ba [term 0 FOLLOWER]: Replica starting. Triggering 0 pending ops. Active config: opid_index: -1 OBSOLETE_local: false peers { permanent_uuid: "abbef5d0bc734bd3a68bd481fcfc82ba" member_type: VOTER last_known_addr { host: "127.12.176.65" port: 39703 } } peers { permanent_uuid: "d66ae5945f604533bf89a91137157e46" member_type: VOTER last_known_addr { host: "127.12.176.66" port: 35609 } } peers { permanent_uuid: "3efaa2304bde4b96b2a7a8cf0e25f325" member_type: VOTER last_known_addr { host: "127.12.176.67" port: 43037 } }
I20260812 06:37:06.008383 23697 raft_consensus.cc:385] T 9cdf0bd2b3d34f46ab0db9de0bcb56ac P abbef5d0bc734bd3a68bd481fcfc82ba [term 0 FOLLOWER]: Consensus starting up: Expiring failure detector timer to make a prompt election more likely
I20260812 06:37:06.008419 23697 raft_consensus.cc:740] T 9cdf0bd2b3d34f46ab0db9de0bcb56ac P abbef5d0bc734bd3a68bd481fcfc82ba [term 0 FOLLOWER]: Becoming Follower/Learner. State: Replica: abbef5d0bc734bd3a68bd481fcfc82ba, State: Initialized, Role: FOLLOWER
I20260812 06:37:06.008620 23700 ts_tablet_manager.cc:1434] T 9cdf0bd2b3d34f46ab0db9de0bcb56ac P 3efaa2304bde4b96b2a7a8cf0e25f325: Time spent starting tablet: real 0.001s	user 0.002s	sys 0.000s
I20260812 06:37:06.008836 23700 tablet_bootstrap.cc:492] T fddbd029468944028876c6c9c9d3a17a P 3efaa2304bde4b96b2a7a8cf0e25f325: Bootstrap starting.
I20260812 06:37:06.009081 23699 tablet_bootstrap.cc:492] T 9cdf0bd2b3d34f46ab0db9de0bcb56ac P d66ae5945f604533bf89a91137157e46: No bootstrap required, opened a new log
I20260812 06:37:06.009298 23699 ts_tablet_manager.cc:1403] T 9cdf0bd2b3d34f46ab0db9de0bcb56ac P d66ae5945f604533bf89a91137157e46: Time spent bootstrapping tablet: real 0.004s	user 0.002s	sys 0.000s
I20260812 06:37:06.009724 23699 raft_consensus.cc:359] T 9cdf0bd2b3d34f46ab0db9de0bcb56ac P d66ae5945f604533bf89a91137157e46 [term 0 FOLLOWER]: Replica starting. Triggering 0 pending ops. Active config: opid_index: -1 OBSOLETE_local: false peers { permanent_uuid: "abbef5d0bc734bd3a68bd481fcfc82ba" member_type: VOTER last_known_addr { host: "127.12.176.65" port: 39703 } } peers { permanent_uuid: "d66ae5945f604533bf89a91137157e46" member_type: VOTER last_known_addr { host: "127.12.176.66" port: 35609 } } peers { permanent_uuid: "3efaa2304bde4b96b2a7a8cf0e25f325" member_type: VOTER last_known_addr { host: "127.12.176.67" port: 43037 } }
I20260812 06:37:06.009826 23699 raft_consensus.cc:385] T 9cdf0bd2b3d34f46ab0db9de0bcb56ac P d66ae5945f604533bf89a91137157e46 [term 0 FOLLOWER]: Consensus starting up: Expiring failure detector timer to make a prompt election more likely
I20260812 06:37:06.009861 23699 raft_consensus.cc:740] T 9cdf0bd2b3d34f46ab0db9de0bcb56ac P d66ae5945f604533bf89a91137157e46 [term 0 FOLLOWER]: Becoming Follower/Learner. State: Replica: d66ae5945f604533bf89a91137157e46, State: Initialized, Role: FOLLOWER
I20260812 06:37:06.009994 23700 tablet_bootstrap.cc:654] T fddbd029468944028876c6c9c9d3a17a P 3efaa2304bde4b96b2a7a8cf0e25f325: Neither blocks nor log segments found. Creating new log.
I20260812 06:37:06.010026 23699 consensus_queue.cc:260] T 9cdf0bd2b3d34f46ab0db9de0bcb56ac P d66ae5945f604533bf89a91137157e46 [NON_LEADER]: Queue going to NON_LEADER mode. State: All replicated index: 0, Majority replicated index: 0, Committed index: 0, Last appended: 0.0, Last appended by leader: 0, Current term: 0, Majority size: -1, State: 0, Mode: NON_LEADER, active raft config: opid_index: -1 OBSOLETE_local: false peers { permanent_uuid: "abbef5d0bc734bd3a68bd481fcfc82ba" member_type: VOTER last_known_addr { host: "127.12.176.65" port: 39703 } } peers { permanent_uuid: "d66ae5945f604533bf89a91137157e46" member_type: VOTER last_known_addr { host: "127.12.176.66" port: 35609 } } peers { permanent_uuid: "3efaa2304bde4b96b2a7a8cf0e25f325" member_type: VOTER last_known_addr { host: "127.12.176.67" port: 43037 } }
I20260812 06:37:06.010308 23699 ts_tablet_manager.cc:1434] T 9cdf0bd2b3d34f46ab0db9de0bcb56ac P d66ae5945f604533bf89a91137157e46: Time spent starting tablet: real 0.001s	user 0.001s	sys 0.000s
I20260812 06:37:06.008636 23697 consensus_queue.cc:260] T 9cdf0bd2b3d34f46ab0db9de0bcb56ac P abbef5d0bc734bd3a68bd481fcfc82ba [NON_LEADER]: Queue going to NON_LEADER mode. State: All replicated index: 0, Majority replicated index: 0, Committed index: 0, Last appended: 0.0, Last appended by leader: 0, Current term: 0, Majority size: -1, State: 0, Mode: NON_LEADER, active raft config: opid_index: -1 OBSOLETE_local: false peers { permanent_uuid: "abbef5d0bc734bd3a68bd481fcfc82ba" member_type: VOTER last_known_addr { host: "127.12.176.65" port: 39703 } } peers { permanent_uuid: "d66ae5945f604533bf89a91137157e46" member_type: VOTER last_known_addr { host: "127.12.176.66" port: 35609 } } peers { permanent_uuid: "3efaa2304bde4b96b2a7a8cf0e25f325" member_type: VOTER last_known_addr { host: "127.12.176.67" port: 43037 } }
I20260812 06:37:06.010984 23697 ts_tablet_manager.cc:1434] T 9cdf0bd2b3d34f46ab0db9de0bcb56ac P abbef5d0bc734bd3a68bd481fcfc82ba: Time spent starting tablet: real 0.003s	user 0.001s	sys 0.001s
I20260812 06:37:06.011482 23697 tablet_bootstrap.cc:492] T e39c7eea28234bcfb956c5126f186693 P abbef5d0bc734bd3a68bd481fcfc82ba: Bootstrap starting.
I20260812 06:37:06.012018 23700 tablet_bootstrap.cc:492] T fddbd029468944028876c6c9c9d3a17a P 3efaa2304bde4b96b2a7a8cf0e25f325: No bootstrap required, opened a new log
I20260812 06:37:06.012140 23700 ts_tablet_manager.cc:1403] T fddbd029468944028876c6c9c9d3a17a P 3efaa2304bde4b96b2a7a8cf0e25f325: Time spent bootstrapping tablet: real 0.003s	user 0.002s	sys 0.000s
I20260812 06:37:06.012418 23697 tablet_bootstrap.cc:654] T e39c7eea28234bcfb956c5126f186693 P abbef5d0bc734bd3a68bd481fcfc82ba: Neither blocks nor log segments found. Creating new log.
I20260812 06:37:06.012758 23700 raft_consensus.cc:359] T fddbd029468944028876c6c9c9d3a17a P 3efaa2304bde4b96b2a7a8cf0e25f325 [term 0 FOLLOWER]: Replica starting. Triggering 0 pending ops. Active config: opid_index: -1 OBSOLETE_local: false peers { permanent_uuid: "abbef5d0bc734bd3a68bd481fcfc82ba" member_type: VOTER last_known_addr { host: "127.12.176.65" port: 39703 } } peers { permanent_uuid: "d66ae5945f604533bf89a91137157e46" member_type: VOTER last_known_addr { host: "127.12.176.66" port: 35609 } } peers { permanent_uuid: "3efaa2304bde4b96b2a7a8cf0e25f325" member_type: VOTER last_known_addr { host: "127.12.176.67" port: 43037 } }
I20260812 06:37:06.012882 23700 raft_consensus.cc:385] T fddbd029468944028876c6c9c9d3a17a P 3efaa2304bde4b96b2a7a8cf0e25f325 [term 0 FOLLOWER]: Consensus starting up: Expiring failure detector timer to make a prompt election more likely
I20260812 06:37:06.012924 23700 raft_consensus.cc:740] T fddbd029468944028876c6c9c9d3a17a P 3efaa2304bde4b96b2a7a8cf0e25f325 [term 0 FOLLOWER]: Becoming Follower/Learner. State: Replica: 3efaa2304bde4b96b2a7a8cf0e25f325, State: Initialized, Role: FOLLOWER
I20260812 06:37:06.013051 23700 consensus_queue.cc:260] T fddbd029468944028876c6c9c9d3a17a P 3efaa2304bde4b96b2a7a8cf0e25f325 [NON_LEADER]: Queue going to NON_LEADER mode. State: All replicated index: 0, Majority replicated index: 0, Committed index: 0, Last appended: 0.0, Last appended by leader: 0, Current term: 0, Majority size: -1, State: 0, Mode: NON_LEADER, active raft config: opid_index: -1 OBSOLETE_local: false peers { permanent_uuid: "abbef5d0bc734bd3a68bd481fcfc82ba" member_type: VOTER last_known_addr { host: "127.12.176.65" port: 39703 } } peers { permanent_uuid: "d66ae5945f604533bf89a91137157e46" member_type: VOTER last_known_addr { host: "127.12.176.66" port: 35609 } } peers { permanent_uuid: "3efaa2304bde4b96b2a7a8cf0e25f325" member_type: VOTER last_known_addr { host: "127.12.176.67" port: 43037 } }
I20260812 06:37:06.013353 23700 ts_tablet_manager.cc:1434] T fddbd029468944028876c6c9c9d3a17a P 3efaa2304bde4b96b2a7a8cf0e25f325: Time spent starting tablet: real 0.001s	user 0.001s	sys 0.000s
I20260812 06:37:06.015300 23697 tablet_bootstrap.cc:492] T e39c7eea28234bcfb956c5126f186693 P abbef5d0bc734bd3a68bd481fcfc82ba: No bootstrap required, opened a new log
I20260812 06:37:06.015413 23697 ts_tablet_manager.cc:1403] T e39c7eea28234bcfb956c5126f186693 P abbef5d0bc734bd3a68bd481fcfc82ba: Time spent bootstrapping tablet: real 0.004s	user 0.002s	sys 0.000s
I20260812 06:37:06.015787 23697 raft_consensus.cc:359] T e39c7eea28234bcfb956c5126f186693 P abbef5d0bc734bd3a68bd481fcfc82ba [term 0 FOLLOWER]: Replica starting. Triggering 0 pending ops. Active config: opid_index: -1 OBSOLETE_local: false peers { permanent_uuid: "abbef5d0bc734bd3a68bd481fcfc82ba" member_type: VOTER last_known_addr { host: "127.12.176.65" port: 39703 } } peers { permanent_uuid: "3efaa2304bde4b96b2a7a8cf0e25f325" member_type: VOTER last_known_addr { host: "127.12.176.67" port: 43037 } } peers { permanent_uuid: "d66ae5945f604533bf89a91137157e46" member_type: VOTER last_known_addr { host: "127.12.176.66" port: 35609 } }
I20260812 06:37:06.015897 23697 raft_consensus.cc:385] T e39c7eea28234bcfb956c5126f186693 P abbef5d0bc734bd3a68bd481fcfc82ba [term 0 FOLLOWER]: Consensus starting up: Expiring failure detector timer to make a prompt election more likely
I20260812 06:37:06.015944 23697 raft_consensus.cc:740] T e39c7eea28234bcfb956c5126f186693 P abbef5d0bc734bd3a68bd481fcfc82ba [term 0 FOLLOWER]: Becoming Follower/Learner. State: Replica: abbef5d0bc734bd3a68bd481fcfc82ba, State: Initialized, Role: FOLLOWER
I20260812 06:37:06.016086 23697 consensus_queue.cc:260] T e39c7eea28234bcfb956c5126f186693 P abbef5d0bc734bd3a68bd481fcfc82ba [NON_LEADER]: Queue going to NON_LEADER mode. State: All replicated index: 0, Majority replicated index: 0, Committed index: 0, Last appended: 0.0, Last appended by leader: 0, Current term: 0, Majority size: -1, State: 0, Mode: NON_LEADER, active raft config: opid_index: -1 OBSOLETE_local: false peers { permanent_uuid: "abbef5d0bc734bd3a68bd481fcfc82ba" member_type: VOTER last_known_addr { host: "127.12.176.65" port: 39703 } } peers { permanent_uuid: "3efaa2304bde4b96b2a7a8cf0e25f325" member_type: VOTER last_known_addr { host: "127.12.176.67" port: 43037 } } peers { permanent_uuid: "d66ae5945f604533bf89a91137157e46" member_type: VOTER last_known_addr { host: "127.12.176.66" port: 35609 } }
I20260812 06:37:06.016350 23697 ts_tablet_manager.cc:1434] T e39c7eea28234bcfb956c5126f186693 P abbef5d0bc734bd3a68bd481fcfc82ba: Time spent starting tablet: real 0.001s	user 0.000s	sys 0.000s
I20260812 06:37:06.052605 23712 raft_consensus.cc:493] T e39c7eea28234bcfb956c5126f186693 P 3efaa2304bde4b96b2a7a8cf0e25f325 [term 0 FOLLOWER]: Starting pre-election (no leader contacted us within the election timeout)
I20260812 06:37:06.052733 23712 raft_consensus.cc:515] T e39c7eea28234bcfb956c5126f186693 P 3efaa2304bde4b96b2a7a8cf0e25f325 [term 0 FOLLOWER]: Starting pre-election with config: opid_index: -1 OBSOLETE_local: false peers { permanent_uuid: "abbef5d0bc734bd3a68bd481fcfc82ba" member_type: VOTER last_known_addr { host: "127.12.176.65" port: 39703 } } peers { permanent_uuid: "3efaa2304bde4b96b2a7a8cf0e25f325" member_type: VOTER last_known_addr { host: "127.12.176.67" port: 43037 } } peers { permanent_uuid: "d66ae5945f604533bf89a91137157e46" member_type: VOTER last_known_addr { host: "127.12.176.66" port: 35609 } }
I20260812 06:37:06.053179 23712 leader_election.cc:290] T e39c7eea28234bcfb956c5126f186693 P 3efaa2304bde4b96b2a7a8cf0e25f325 [CANDIDATE]: Term 1 pre-election: Requested pre-vote from peers abbef5d0bc734bd3a68bd481fcfc82ba (127.12.176.65:39703), d66ae5945f604533bf89a91137157e46 (127.12.176.66:35609)
I20260812 06:37:06.057147 23372 tablet_service.cc:1917] Received RequestConsensusVote() RPC: tablet_id: "e39c7eea28234bcfb956c5126f186693" candidate_uuid: "3efaa2304bde4b96b2a7a8cf0e25f325" candidate_term: 1 candidate_status { last_received { term: 0 index: 0 } } ignore_live_leader: false dest_uuid: "abbef5d0bc734bd3a68bd481fcfc82ba" is_pre_election: true
I20260812 06:37:06.057332 23372 raft_consensus.cc:2468] T e39c7eea28234bcfb956c5126f186693 P abbef5d0bc734bd3a68bd481fcfc82ba [term 0 FOLLOWER]: Leader pre-election vote request: Granting yes vote for candidate 3efaa2304bde4b96b2a7a8cf0e25f325 in term 0.
I20260812 06:37:06.057646 23490 tablet_service.cc:1917] Received RequestConsensusVote() RPC: tablet_id: "e39c7eea28234bcfb956c5126f186693" candidate_uuid: "3efaa2304bde4b96b2a7a8cf0e25f325" candidate_term: 1 candidate_status { last_received { term: 0 index: 0 } } ignore_live_leader: false dest_uuid: "d66ae5945f604533bf89a91137157e46" is_pre_election: true
I20260812 06:37:06.057708 23565 leader_election.cc:304] T e39c7eea28234bcfb956c5126f186693 P 3efaa2304bde4b96b2a7a8cf0e25f325 [CANDIDATE]: Term 1 pre-election: Election decided. Result: candidate won. Election summary: received 2 responses out of 3 voters: 2 yes votes; 0 no votes. yes voters: 3efaa2304bde4b96b2a7a8cf0e25f325, abbef5d0bc734bd3a68bd481fcfc82ba; no voters: 
I20260812 06:37:06.057786 23490 raft_consensus.cc:2468] T e39c7eea28234bcfb956c5126f186693 P d66ae5945f604533bf89a91137157e46 [term 0 FOLLOWER]: Leader pre-election vote request: Granting yes vote for candidate 3efaa2304bde4b96b2a7a8cf0e25f325 in term 0.
I20260812 06:37:06.057888 23712 raft_consensus.cc:2804] T e39c7eea28234bcfb956c5126f186693 P 3efaa2304bde4b96b2a7a8cf0e25f325 [term 0 FOLLOWER]: Leader pre-election won for term 1
I20260812 06:37:06.057969 23712 raft_consensus.cc:493] T e39c7eea28234bcfb956c5126f186693 P 3efaa2304bde4b96b2a7a8cf0e25f325 [term 0 FOLLOWER]: Starting leader election (no leader contacted us within the election timeout)
I20260812 06:37:06.058069 23712 raft_consensus.cc:3060] T e39c7eea28234bcfb956c5126f186693 P 3efaa2304bde4b96b2a7a8cf0e25f325 [term 0 FOLLOWER]: Advancing to term 1
I20260812 06:37:06.058972 23712 raft_consensus.cc:515] T e39c7eea28234bcfb956c5126f186693 P 3efaa2304bde4b96b2a7a8cf0e25f325 [term 1 FOLLOWER]: Starting leader election with config: opid_index: -1 OBSOLETE_local: false peers { permanent_uuid: "abbef5d0bc734bd3a68bd481fcfc82ba" member_type: VOTER last_known_addr { host: "127.12.176.65" port: 39703 } } peers { permanent_uuid: "3efaa2304bde4b96b2a7a8cf0e25f325" member_type: VOTER last_known_addr { host: "127.12.176.67" port: 43037 } } peers { permanent_uuid: "d66ae5945f604533bf89a91137157e46" member_type: VOTER last_known_addr { host: "127.12.176.66" port: 35609 } }
I20260812 06:37:06.059281 23712 leader_election.cc:290] T e39c7eea28234bcfb956c5126f186693 P 3efaa2304bde4b96b2a7a8cf0e25f325 [CANDIDATE]: Term 1 election: Requested vote from peers abbef5d0bc734bd3a68bd481fcfc82ba (127.12.176.65:39703), d66ae5945f604533bf89a91137157e46 (127.12.176.66:35609)
I20260812 06:37:06.059599 23372 tablet_service.cc:1917] Received RequestConsensusVote() RPC: tablet_id: "e39c7eea28234bcfb956c5126f186693" candidate_uuid: "3efaa2304bde4b96b2a7a8cf0e25f325" candidate_term: 1 candidate_status { last_received { term: 0 index: 0 } } ignore_live_leader: false dest_uuid: "abbef5d0bc734bd3a68bd481fcfc82ba"
I20260812 06:37:06.059599 23490 tablet_service.cc:1917] Received RequestConsensusVote() RPC: tablet_id: "e39c7eea28234bcfb956c5126f186693" candidate_uuid: "3efaa2304bde4b96b2a7a8cf0e25f325" candidate_term: 1 candidate_status { last_received { term: 0 index: 0 } } ignore_live_leader: false dest_uuid: "d66ae5945f604533bf89a91137157e46"
I20260812 06:37:06.059763 23372 raft_consensus.cc:3060] T e39c7eea28234bcfb956c5126f186693 P abbef5d0bc734bd3a68bd481fcfc82ba [term 0 FOLLOWER]: Advancing to term 1
I20260812 06:37:06.059763 23490 raft_consensus.cc:3060] T e39c7eea28234bcfb956c5126f186693 P d66ae5945f604533bf89a91137157e46 [term 0 FOLLOWER]: Advancing to term 1
I20260812 06:37:06.060878 23372 raft_consensus.cc:2468] T e39c7eea28234bcfb956c5126f186693 P abbef5d0bc734bd3a68bd481fcfc82ba [term 1 FOLLOWER]: Leader election vote request: Granting yes vote for candidate 3efaa2304bde4b96b2a7a8cf0e25f325 in term 1.
I20260812 06:37:06.060878 23490 raft_consensus.cc:2468] T e39c7eea28234bcfb956c5126f186693 P d66ae5945f604533bf89a91137157e46 [term 1 FOLLOWER]: Leader election vote request: Granting yes vote for candidate 3efaa2304bde4b96b2a7a8cf0e25f325 in term 1.
I20260812 06:37:06.061189 23565 leader_election.cc:304] T e39c7eea28234bcfb956c5126f186693 P 3efaa2304bde4b96b2a7a8cf0e25f325 [CANDIDATE]: Term 1 election: Election decided. Result: candidate won. Election summary: received 2 responses out of 3 voters: 2 yes votes; 0 no votes. yes voters: 3efaa2304bde4b96b2a7a8cf0e25f325, abbef5d0bc734bd3a68bd481fcfc82ba; no voters: 
I20260812 06:37:06.061396 23712 raft_consensus.cc:2804] T e39c7eea28234bcfb956c5126f186693 P 3efaa2304bde4b96b2a7a8cf0e25f325 [term 1 FOLLOWER]: Leader election won for term 1
I20260812 06:37:06.061676 23712 raft_consensus.cc:697] T e39c7eea28234bcfb956c5126f186693 P 3efaa2304bde4b96b2a7a8cf0e25f325 [term 1 LEADER]: Becoming Leader. State: Replica: 3efaa2304bde4b96b2a7a8cf0e25f325, State: Running, Role: LEADER
I20260812 06:37:06.061846 23712 consensus_queue.cc:237] T e39c7eea28234bcfb956c5126f186693 P 3efaa2304bde4b96b2a7a8cf0e25f325 [LEADER]: Queue going to LEADER mode. State: All replicated index: 0, Majority replicated index: 0, Committed index: 0, Last appended: 0.0, Last appended by leader: 0, Current term: 1, Majority size: 2, State: 0, Mode: LEADER, active raft config: opid_index: -1 OBSOLETE_local: false peers { permanent_uuid: "abbef5d0bc734bd3a68bd481fcfc82ba" member_type: VOTER last_known_addr { host: "127.12.176.65" port: 39703 } } peers { permanent_uuid: "3efaa2304bde4b96b2a7a8cf0e25f325" member_type: VOTER last_known_addr { host: "127.12.176.67" port: 43037 } } peers { permanent_uuid: "d66ae5945f604533bf89a91137157e46" member_type: VOTER last_known_addr { host: "127.12.176.66" port: 35609 } }
I20260812 06:37:06.063591 23183 catalog_manager.cc:5719] T e39c7eea28234bcfb956c5126f186693 P 3efaa2304bde4b96b2a7a8cf0e25f325 reported cstate change: term changed from 0 to 1, leader changed from <none> to 3efaa2304bde4b96b2a7a8cf0e25f325 (127.12.176.67). New cstate: current_term: 1 leader_uuid: "3efaa2304bde4b96b2a7a8cf0e25f325" committed_config { opid_index: -1 OBSOLETE_local: false peers { permanent_uuid: "abbef5d0bc734bd3a68bd481fcfc82ba" member_type: VOTER last_known_addr { host: "127.12.176.65" port: 39703 } health_report { overall_health: UNKNOWN } } peers { permanent_uuid: "3efaa2304bde4b96b2a7a8cf0e25f325" member_type: VOTER last_known_addr { host: "127.12.176.67" port: 43037 } health_report { overall_health: HEALTHY } } peers { permanent_uuid: "d66ae5945f604533bf89a91137157e46" member_type: VOTER last_known_addr { host: "127.12.176.66" port: 35609 } health_report { overall_health: UNKNOWN } } }
I20260812 06:37:06.066497 23703 raft_consensus.cc:493] T fddbd029468944028876c6c9c9d3a17a P d66ae5945f604533bf89a91137157e46 [term 0 FOLLOWER]: Starting pre-election (no leader contacted us within the election timeout)
I20260812 06:37:06.066588 23703 raft_consensus.cc:515] T fddbd029468944028876c6c9c9d3a17a P d66ae5945f604533bf89a91137157e46 [term 0 FOLLOWER]: Starting pre-election with config: opid_index: -1 OBSOLETE_local: false peers { permanent_uuid: "abbef5d0bc734bd3a68bd481fcfc82ba" member_type: VOTER last_known_addr { host: "127.12.176.65" port: 39703 } } peers { permanent_uuid: "d66ae5945f604533bf89a91137157e46" member_type: VOTER last_known_addr { host: "127.12.176.66" port: 35609 } } peers { permanent_uuid: "3efaa2304bde4b96b2a7a8cf0e25f325" member_type: VOTER last_known_addr { host: "127.12.176.67" port: 43037 } }
I20260812 06:37:06.067092 23703 leader_election.cc:290] T fddbd029468944028876c6c9c9d3a17a P d66ae5945f604533bf89a91137157e46 [CANDIDATE]: Term 1 pre-election: Requested pre-vote from peers abbef5d0bc734bd3a68bd481fcfc82ba (127.12.176.65:39703), 3efaa2304bde4b96b2a7a8cf0e25f325 (127.12.176.67:43037)
I20260812 06:37:06.071380 23631 tablet_service.cc:1917] Received RequestConsensusVote() RPC: tablet_id: "fddbd029468944028876c6c9c9d3a17a" candidate_uuid: "d66ae5945f604533bf89a91137157e46" candidate_term: 1 candidate_status { last_received { term: 0 index: 0 } } ignore_live_leader: false dest_uuid: "3efaa2304bde4b96b2a7a8cf0e25f325" is_pre_election: true
I20260812 06:37:06.071514 23631 raft_consensus.cc:2468] T fddbd029468944028876c6c9c9d3a17a P 3efaa2304bde4b96b2a7a8cf0e25f325 [term 0 FOLLOWER]: Leader pre-election vote request: Granting yes vote for candidate d66ae5945f604533bf89a91137157e46 in term 0.
I20260812 06:37:06.071758 23372 tablet_service.cc:1917] Received RequestConsensusVote() RPC: tablet_id: "fddbd029468944028876c6c9c9d3a17a" candidate_uuid: "d66ae5945f604533bf89a91137157e46" candidate_term: 1 candidate_status { last_received { term: 0 index: 0 } } ignore_live_leader: false dest_uuid: "abbef5d0bc734bd3a68bd481fcfc82ba" is_pre_election: true
I20260812 06:37:06.071857 23437 leader_election.cc:304] T fddbd029468944028876c6c9c9d3a17a P d66ae5945f604533bf89a91137157e46 [CANDIDATE]: Term 1 pre-election: Election decided. Result: candidate won. Election summary: received 2 responses out of 3 voters: 2 yes votes; 0 no votes. yes voters: 3efaa2304bde4b96b2a7a8cf0e25f325, d66ae5945f604533bf89a91137157e46; no voters: 
I20260812 06:37:06.071879 23372 raft_consensus.cc:2468] T fddbd029468944028876c6c9c9d3a17a P abbef5d0bc734bd3a68bd481fcfc82ba [term 0 FOLLOWER]: Leader pre-election vote request: Granting yes vote for candidate d66ae5945f604533bf89a91137157e46 in term 0.
I20260812 06:37:06.072187 23703 raft_consensus.cc:2804] T fddbd029468944028876c6c9c9d3a17a P d66ae5945f604533bf89a91137157e46 [term 0 FOLLOWER]: Leader pre-election won for term 1
I20260812 06:37:06.072255 23703 raft_consensus.cc:493] T fddbd029468944028876c6c9c9d3a17a P d66ae5945f604533bf89a91137157e46 [term 0 FOLLOWER]: Starting leader election (no leader contacted us within the election timeout)
I20260812 06:37:06.072299 23703 raft_consensus.cc:3060] T fddbd029468944028876c6c9c9d3a17a P d66ae5945f604533bf89a91137157e46 [term 0 FOLLOWER]: Advancing to term 1
I20260812 06:37:06.073297 23703 raft_consensus.cc:515] T fddbd029468944028876c6c9c9d3a17a P d66ae5945f604533bf89a91137157e46 [term 1 FOLLOWER]: Starting leader election with config: opid_index: -1 OBSOLETE_local: false peers { permanent_uuid: "abbef5d0bc734bd3a68bd481fcfc82ba" member_type: VOTER last_known_addr { host: "127.12.176.65" port: 39703 } } peers { permanent_uuid: "d66ae5945f604533bf89a91137157e46" member_type: VOTER last_known_addr { host: "127.12.176.66" port: 35609 } } peers { permanent_uuid: "3efaa2304bde4b96b2a7a8cf0e25f325" member_type: VOTER last_known_addr { host: "127.12.176.67" port: 43037 } }
I20260812 06:37:06.073676 23703 leader_election.cc:290] T fddbd029468944028876c6c9c9d3a17a P d66ae5945f604533bf89a91137157e46 [CANDIDATE]: Term 1 election: Requested vote from peers abbef5d0bc734bd3a68bd481fcfc82ba (127.12.176.65:39703), 3efaa2304bde4b96b2a7a8cf0e25f325 (127.12.176.67:43037)
I20260812 06:37:06.074101 23631 tablet_service.cc:1917] Received RequestConsensusVote() RPC: tablet_id: "fddbd029468944028876c6c9c9d3a17a" candidate_uuid: "d66ae5945f604533bf89a91137157e46" candidate_term: 1 candidate_status { last_received { term: 0 index: 0 } } ignore_live_leader: false dest_uuid: "3efaa2304bde4b96b2a7a8cf0e25f325"
I20260812 06:37:06.074230 23631 raft_consensus.cc:3060] T fddbd029468944028876c6c9c9d3a17a P 3efaa2304bde4b96b2a7a8cf0e25f325 [term 0 FOLLOWER]: Advancing to term 1
I20260812 06:37:06.074251 23372 tablet_service.cc:1917] Received RequestConsensusVote() RPC: tablet_id: "fddbd029468944028876c6c9c9d3a17a" candidate_uuid: "d66ae5945f604533bf89a91137157e46" candidate_term: 1 candidate_status { last_received { term: 0 index: 0 } } ignore_live_leader: false dest_uuid: "abbef5d0bc734bd3a68bd481fcfc82ba"
I20260812 06:37:06.074440 23372 raft_consensus.cc:3060] T fddbd029468944028876c6c9c9d3a17a P abbef5d0bc734bd3a68bd481fcfc82ba [term 0 FOLLOWER]: Advancing to term 1
I20260812 06:37:06.075140 23631 raft_consensus.cc:2468] T fddbd029468944028876c6c9c9d3a17a P 3efaa2304bde4b96b2a7a8cf0e25f325 [term 1 FOLLOWER]: Leader election vote request: Granting yes vote for candidate d66ae5945f604533bf89a91137157e46 in term 1.
I20260812 06:37:06.075348 23372 raft_consensus.cc:2468] T fddbd029468944028876c6c9c9d3a17a P abbef5d0bc734bd3a68bd481fcfc82ba [term 1 FOLLOWER]: Leader election vote request: Granting yes vote for candidate d66ae5945f604533bf89a91137157e46 in term 1.
I20260812 06:37:06.075445 23437 leader_election.cc:304] T fddbd029468944028876c6c9c9d3a17a P d66ae5945f604533bf89a91137157e46 [CANDIDATE]: Term 1 election: Election decided. Result: candidate won. Election summary: received 2 responses out of 3 voters: 2 yes votes; 0 no votes. yes voters: 3efaa2304bde4b96b2a7a8cf0e25f325, d66ae5945f604533bf89a91137157e46; no voters: 
I20260812 06:37:06.075635 23703 raft_consensus.cc:2804] T fddbd029468944028876c6c9c9d3a17a P d66ae5945f604533bf89a91137157e46 [term 1 FOLLOWER]: Leader election won for term 1
I20260812 06:37:06.075907 23703 raft_consensus.cc:697] T fddbd029468944028876c6c9c9d3a17a P d66ae5945f604533bf89a91137157e46 [term 1 LEADER]: Becoming Leader. State: Replica: d66ae5945f604533bf89a91137157e46, State: Running, Role: LEADER
I20260812 06:37:06.076083 23703 consensus_queue.cc:237] T fddbd029468944028876c6c9c9d3a17a P d66ae5945f604533bf89a91137157e46 [LEADER]: Queue going to LEADER mode. State: All replicated index: 0, Majority replicated index: 0, Committed index: 0, Last appended: 0.0, Last appended by leader: 0, Current term: 1, Majority size: 2, State: 0, Mode: LEADER, active raft config: opid_index: -1 OBSOLETE_local: false peers { permanent_uuid: "abbef5d0bc734bd3a68bd481fcfc82ba" member_type: VOTER last_known_addr { host: "127.12.176.65" port: 39703 } } peers { permanent_uuid: "d66ae5945f604533bf89a91137157e46" member_type: VOTER last_known_addr { host: "127.12.176.66" port: 35609 } } peers { permanent_uuid: "3efaa2304bde4b96b2a7a8cf0e25f325" member_type: VOTER last_known_addr { host: "127.12.176.67" port: 43037 } }
I20260812 06:37:06.077811 23183 catalog_manager.cc:5719] T fddbd029468944028876c6c9c9d3a17a P d66ae5945f604533bf89a91137157e46 reported cstate change: term changed from 0 to 1, leader changed from <none> to d66ae5945f604533bf89a91137157e46 (127.12.176.66). New cstate: current_term: 1 leader_uuid: "d66ae5945f604533bf89a91137157e46" committed_config { opid_index: -1 OBSOLETE_local: false peers { permanent_uuid: "abbef5d0bc734bd3a68bd481fcfc82ba" member_type: VOTER last_known_addr { host: "127.12.176.65" port: 39703 } health_report { overall_health: UNKNOWN } } peers { permanent_uuid: "d66ae5945f604533bf89a91137157e46" member_type: VOTER last_known_addr { host: "127.12.176.66" port: 35609 } health_report { overall_health: HEALTHY } } peers { permanent_uuid: "3efaa2304bde4b96b2a7a8cf0e25f325" member_type: VOTER last_known_addr { host: "127.12.176.67" port: 43037 } health_report { overall_health: UNKNOWN } } }
I20260812 06:37:06.141929 23711 raft_consensus.cc:493] T 9cdf0bd2b3d34f46ab0db9de0bcb56ac P abbef5d0bc734bd3a68bd481fcfc82ba [term 0 FOLLOWER]: Starting pre-election (no leader contacted us within the election timeout)
I20260812 06:37:06.142127 23711 raft_consensus.cc:515] T 9cdf0bd2b3d34f46ab0db9de0bcb56ac P abbef5d0bc734bd3a68bd481fcfc82ba [term 0 FOLLOWER]: Starting pre-election with config: opid_index: -1 OBSOLETE_local: false peers { permanent_uuid: "abbef5d0bc734bd3a68bd481fcfc82ba" member_type: VOTER last_known_addr { host: "127.12.176.65" port: 39703 } } peers { permanent_uuid: "d66ae5945f604533bf89a91137157e46" member_type: VOTER last_known_addr { host: "127.12.176.66" port: 35609 } } peers { permanent_uuid: "3efaa2304bde4b96b2a7a8cf0e25f325" member_type: VOTER last_known_addr { host: "127.12.176.67" port: 43037 } }
I20260812 06:37:06.142657 23711 leader_election.cc:290] T 9cdf0bd2b3d34f46ab0db9de0bcb56ac P abbef5d0bc734bd3a68bd481fcfc82ba [CANDIDATE]: Term 1 pre-election: Requested pre-vote from peers d66ae5945f604533bf89a91137157e46 (127.12.176.66:35609), 3efaa2304bde4b96b2a7a8cf0e25f325 (127.12.176.67:43037)
I20260812 06:37:06.146517 23490 tablet_service.cc:1917] Received RequestConsensusVote() RPC: tablet_id: "9cdf0bd2b3d34f46ab0db9de0bcb56ac" candidate_uuid: "abbef5d0bc734bd3a68bd481fcfc82ba" candidate_term: 1 candidate_status { last_received { term: 0 index: 0 } } ignore_live_leader: false dest_uuid: "d66ae5945f604533bf89a91137157e46" is_pre_election: true
I20260812 06:37:06.146692 23490 raft_consensus.cc:2468] T 9cdf0bd2b3d34f46ab0db9de0bcb56ac P d66ae5945f604533bf89a91137157e46 [term 0 FOLLOWER]: Leader pre-election vote request: Granting yes vote for candidate abbef5d0bc734bd3a68bd481fcfc82ba in term 0.
I20260812 06:37:06.146811 23631 tablet_service.cc:1917] Received RequestConsensusVote() RPC: tablet_id: "9cdf0bd2b3d34f46ab0db9de0bcb56ac" candidate_uuid: "abbef5d0bc734bd3a68bd481fcfc82ba" candidate_term: 1 candidate_status { last_received { term: 0 index: 0 } } ignore_live_leader: false dest_uuid: "3efaa2304bde4b96b2a7a8cf0e25f325" is_pre_election: true
I20260812 06:37:06.146957 23631 raft_consensus.cc:2468] T 9cdf0bd2b3d34f46ab0db9de0bcb56ac P 3efaa2304bde4b96b2a7a8cf0e25f325 [term 0 FOLLOWER]: Leader pre-election vote request: Granting yes vote for candidate abbef5d0bc734bd3a68bd481fcfc82ba in term 0.
I20260812 06:37:06.146987 23310 leader_election.cc:304] T 9cdf0bd2b3d34f46ab0db9de0bcb56ac P abbef5d0bc734bd3a68bd481fcfc82ba [CANDIDATE]: Term 1 pre-election: Election decided. Result: candidate won. Election summary: received 2 responses out of 3 voters: 2 yes votes; 0 no votes. yes voters: abbef5d0bc734bd3a68bd481fcfc82ba, d66ae5945f604533bf89a91137157e46; no voters: 
I20260812 06:37:06.147192 23711 raft_consensus.cc:2804] T 9cdf0bd2b3d34f46ab0db9de0bcb56ac P abbef5d0bc734bd3a68bd481fcfc82ba [term 0 FOLLOWER]: Leader pre-election won for term 1
I20260812 06:37:06.147270 23711 raft_consensus.cc:493] T 9cdf0bd2b3d34f46ab0db9de0bcb56ac P abbef5d0bc734bd3a68bd481fcfc82ba [term 0 FOLLOWER]: Starting leader election (no leader contacted us within the election timeout)
I20260812 06:37:06.147329 23711 raft_consensus.cc:3060] T 9cdf0bd2b3d34f46ab0db9de0bcb56ac P abbef5d0bc734bd3a68bd481fcfc82ba [term 0 FOLLOWER]: Advancing to term 1
I20260812 06:37:06.148412 23711 raft_consensus.cc:515] T 9cdf0bd2b3d34f46ab0db9de0bcb56ac P abbef5d0bc734bd3a68bd481fcfc82ba [term 1 FOLLOWER]: Starting leader election with config: opid_index: -1 OBSOLETE_local: false peers { permanent_uuid: "abbef5d0bc734bd3a68bd481fcfc82ba" member_type: VOTER last_known_addr { host: "127.12.176.65" port: 39703 } } peers { permanent_uuid: "d66ae5945f604533bf89a91137157e46" member_type: VOTER last_known_addr { host: "127.12.176.66" port: 35609 } } peers { permanent_uuid: "3efaa2304bde4b96b2a7a8cf0e25f325" member_type: VOTER last_known_addr { host: "127.12.176.67" port: 43037 } }
I20260812 06:37:06.148824 23711 leader_election.cc:290] T 9cdf0bd2b3d34f46ab0db9de0bcb56ac P abbef5d0bc734bd3a68bd481fcfc82ba [CANDIDATE]: Term 1 election: Requested vote from peers d66ae5945f604533bf89a91137157e46 (127.12.176.66:35609), 3efaa2304bde4b96b2a7a8cf0e25f325 (127.12.176.67:43037)
I20260812 06:37:06.149236 23490 tablet_service.cc:1917] Received RequestConsensusVote() RPC: tablet_id: "9cdf0bd2b3d34f46ab0db9de0bcb56ac" candidate_uuid: "abbef5d0bc734bd3a68bd481fcfc82ba" candidate_term: 1 candidate_status { last_received { term: 0 index: 0 } } ignore_live_leader: false dest_uuid: "d66ae5945f604533bf89a91137157e46"
I20260812 06:37:06.149384 23490 raft_consensus.cc:3060] T 9cdf0bd2b3d34f46ab0db9de0bcb56ac P d66ae5945f604533bf89a91137157e46 [term 0 FOLLOWER]: Advancing to term 1
I20260812 06:37:06.149401 23631 tablet_service.cc:1917] Received RequestConsensusVote() RPC: tablet_id: "9cdf0bd2b3d34f46ab0db9de0bcb56ac" candidate_uuid: "abbef5d0bc734bd3a68bd481fcfc82ba" candidate_term: 1 candidate_status { last_received { term: 0 index: 0 } } ignore_live_leader: false dest_uuid: "3efaa2304bde4b96b2a7a8cf0e25f325"
I20260812 06:37:06.149490 23631 raft_consensus.cc:3060] T 9cdf0bd2b3d34f46ab0db9de0bcb56ac P 3efaa2304bde4b96b2a7a8cf0e25f325 [term 0 FOLLOWER]: Advancing to term 1
I20260812 06:37:06.150476 23631 raft_consensus.cc:2468] T 9cdf0bd2b3d34f46ab0db9de0bcb56ac P 3efaa2304bde4b96b2a7a8cf0e25f325 [term 1 FOLLOWER]: Leader election vote request: Granting yes vote for candidate abbef5d0bc734bd3a68bd481fcfc82ba in term 1.
I20260812 06:37:06.150476 23490 raft_consensus.cc:2468] T 9cdf0bd2b3d34f46ab0db9de0bcb56ac P d66ae5945f604533bf89a91137157e46 [term 1 FOLLOWER]: Leader election vote request: Granting yes vote for candidate abbef5d0bc734bd3a68bd481fcfc82ba in term 1.
I20260812 06:37:06.150807 23310 leader_election.cc:304] T 9cdf0bd2b3d34f46ab0db9de0bcb56ac P abbef5d0bc734bd3a68bd481fcfc82ba [CANDIDATE]: Term 1 election: Election decided. Result: candidate won. Election summary: received 2 responses out of 3 voters: 2 yes votes; 0 no votes. yes voters: abbef5d0bc734bd3a68bd481fcfc82ba, d66ae5945f604533bf89a91137157e46; no voters: 
I20260812 06:37:06.151001 23711 raft_consensus.cc:2804] T 9cdf0bd2b3d34f46ab0db9de0bcb56ac P abbef5d0bc734bd3a68bd481fcfc82ba [term 1 FOLLOWER]: Leader election won for term 1
I20260812 06:37:06.151254 23711 raft_consensus.cc:697] T 9cdf0bd2b3d34f46ab0db9de0bcb56ac P abbef5d0bc734bd3a68bd481fcfc82ba [term 1 LEADER]: Becoming Leader. State: Replica: abbef5d0bc734bd3a68bd481fcfc82ba, State: Running, Role: LEADER
I20260812 06:37:06.151453 23711 consensus_queue.cc:237] T 9cdf0bd2b3d34f46ab0db9de0bcb56ac P abbef5d0bc734bd3a68bd481fcfc82ba [LEADER]: Queue going to LEADER mode. State: All replicated index: 0, Majority replicated index: 0, Committed index: 0, Last appended: 0.0, Last appended by leader: 0, Current term: 1, Majority size: 2, State: 0, Mode: LEADER, active raft config: opid_index: -1 OBSOLETE_local: false peers { permanent_uuid: "abbef5d0bc734bd3a68bd481fcfc82ba" member_type: VOTER last_known_addr { host: "127.12.176.65" port: 39703 } } peers { permanent_uuid: "d66ae5945f604533bf89a91137157e46" member_type: VOTER last_known_addr { host: "127.12.176.66" port: 35609 } } peers { permanent_uuid: "3efaa2304bde4b96b2a7a8cf0e25f325" member_type: VOTER last_known_addr { host: "127.12.176.67" port: 43037 } }
I20260812 06:37:06.153131 23184 catalog_manager.cc:5719] T 9cdf0bd2b3d34f46ab0db9de0bcb56ac P abbef5d0bc734bd3a68bd481fcfc82ba reported cstate change: term changed from 0 to 1, leader changed from <none> to abbef5d0bc734bd3a68bd481fcfc82ba (127.12.176.65). New cstate: current_term: 1 leader_uuid: "abbef5d0bc734bd3a68bd481fcfc82ba" committed_config { opid_index: -1 OBSOLETE_local: false peers { permanent_uuid: "abbef5d0bc734bd3a68bd481fcfc82ba" member_type: VOTER last_known_addr { host: "127.12.176.65" port: 39703 } health_report { overall_health: HEALTHY } } peers { permanent_uuid: "d66ae5945f604533bf89a91137157e46" member_type: VOTER last_known_addr { host: "127.12.176.66" port: 35609 } health_report { overall_health: UNKNOWN } } peers { permanent_uuid: "3efaa2304bde4b96b2a7a8cf0e25f325" member_type: VOTER last_known_addr { host: "127.12.176.67" port: 43037 } health_report { overall_health: UNKNOWN } } }
