I20260812 06:36:57.734165 16547 leader_election.cc:304] T 0c1abb27977c469e84e33a5bb748083a P a243eaba403e4aaeaa5f446851877578 [CANDIDATE]: Term 1 pre-election: Election decided. Result: candidate won. Election summary: received 1 responses out of 1 voters: 1 yes votes; 0 no votes. yes voters: a243eaba403e4aaeaa5f446851877578; no voters: 
I20260812 06:36:57.734200 16544 raft_consensus.cc:493] T 0c1abb27977c469e84e33a5bb748083a P a243eaba403e4aaeaa5f446851877578 [term 0 FOLLOWER]: Starting leader election (initial election of a single-replica configuration)
I20260812 06:36:57.734244 16544 raft_consensus.cc:3060] T 0c1abb27977c469e84e33a5bb748083a P a243eaba403e4aaeaa5f446851877578 [term 0 FOLLOWER]: Advancing to term 1
I20260812 06:36:57.734383 16547 leader_election.cc:290] T 0c1abb27977c469e84e33a5bb748083a P a243eaba403e4aaeaa5f446851877578 [CANDIDATE]: Term 1 pre-election: Requested pre-vote from peers 
I20260812 06:36:57.734995 16544 raft_consensus.cc:515] T 0c1abb27977c469e84e33a5bb748083a P a243eaba403e4aaeaa5f446851877578 [term 1 FOLLOWER]: Starting leader election with config: opid_index: -1 OBSOLETE_local: true peers { permanent_uuid: "a243eaba403e4aaeaa5f446851877578" member_type: VOTER last_known_addr { host: "127.12.176.65" port: 42121 } }
I20260812 06:36:57.735143 16544 leader_election.cc:304] T 0c1abb27977c469e84e33a5bb748083a P a243eaba403e4aaeaa5f446851877578 [CANDIDATE]: Term 1 election: Election decided. Result: candidate won. Election summary: received 1 responses out of 1 voters: 1 yes votes; 0 no votes. yes voters: a243eaba403e4aaeaa5f446851877578; no voters: 
I20260812 06:36:57.735177 16548 raft_consensus.cc:2764] T 0c1abb27977c469e84e33a5bb748083a P a243eaba403e4aaeaa5f446851877578 [term 1 FOLLOWER]: Leader pre-election decision vote started in defunct term 0: won
I20260812 06:36:57.735253 16544 leader_election.cc:290] T 0c1abb27977c469e84e33a5bb748083a P a243eaba403e4aaeaa5f446851877578 [CANDIDATE]: Term 1 election: Requested vote from peers 
I20260812 06:36:57.735301 16548 raft_consensus.cc:2804] T 0c1abb27977c469e84e33a5bb748083a P a243eaba403e4aaeaa5f446851877578 [term 1 FOLLOWER]: Leader election won for term 1
I20260812 06:36:57.735503 16544 ts_tablet_manager.cc:1434] T 0c1abb27977c469e84e33a5bb748083a P a243eaba403e4aaeaa5f446851877578: Time spent starting tablet: real 0.003s	user 0.003s	sys 0.000s
I20260812 06:36:57.735481 16548 raft_consensus.cc:697] T 0c1abb27977c469e84e33a5bb748083a P a243eaba403e4aaeaa5f446851877578 [term 1 LEADER]: Becoming Leader. State: Replica: a243eaba403e4aaeaa5f446851877578, State: Running, Role: LEADER
I20260812 06:36:57.735695 16544 tablet_bootstrap.cc:492] T 61ac7c3ed9364635b0c32c83df75895c P a243eaba403e4aaeaa5f446851877578: Bootstrap starting.
I20260812 06:36:57.735646 16548 consensus_queue.cc:237] T 0c1abb27977c469e84e33a5bb748083a P a243eaba403e4aaeaa5f446851877578 [LEADER]: Queue going to LEADER mode. State: All replicated index: 0, Majority replicated index: 0, Committed index: 0, Last appended: 0.0, Last appended by leader: 0, Current term: 1, Majority size: 1, State: 0, Mode: LEADER, active raft config: opid_index: -1 OBSOLETE_local: true peers { permanent_uuid: "a243eaba403e4aaeaa5f446851877578" member_type: VOTER last_known_addr { host: "127.12.176.65" port: 42121 } }
I20260812 06:36:57.736680 16544 tablet_bootstrap.cc:654] T 61ac7c3ed9364635b0c32c83df75895c P a243eaba403e4aaeaa5f446851877578: Neither blocks nor log segments found. Creating new log.
I20260812 06:36:57.737118 16280 catalog_manager.cc:5719] T 0c1abb27977c469e84e33a5bb748083a P a243eaba403e4aaeaa5f446851877578 reported cstate change: term changed from 0 to 1, leader changed from <none> to a243eaba403e4aaeaa5f446851877578 (127.12.176.65). New cstate: current_term: 1 leader_uuid: "a243eaba403e4aaeaa5f446851877578" committed_config { opid_index: -1 OBSOLETE_local: true peers { permanent_uuid: "a243eaba403e4aaeaa5f446851877578" member_type: VOTER last_known_addr { host: "127.12.176.65" port: 42121 } health_report { overall_health: HEALTHY } } }
I20260812 06:36:57.737643 16544 tablet_bootstrap.cc:492] T 61ac7c3ed9364635b0c32c83df75895c P a243eaba403e4aaeaa5f446851877578: No bootstrap required, opened a new log
I20260812 06:36:57.737730 16544 ts_tablet_manager.cc:1403] T 61ac7c3ed9364635b0c32c83df75895c P a243eaba403e4aaeaa5f446851877578: Time spent bootstrapping tablet: real 0.002s	user 0.001s	sys 0.000s
I20260812 06:36:57.738188 16544 raft_consensus.cc:359] T 61ac7c3ed9364635b0c32c83df75895c P a243eaba403e4aaeaa5f446851877578 [term 0 FOLLOWER]: Replica starting. Triggering 0 pending ops. Active config: opid_index: -1 OBSOLETE_local: true peers { permanent_uuid: "a243eaba403e4aaeaa5f446851877578" member_type: VOTER last_known_addr { host: "127.12.176.65" port: 42121 } }
I20260812 06:36:57.738306 16544 raft_consensus.cc:385] T 61ac7c3ed9364635b0c32c83df75895c P a243eaba403e4aaeaa5f446851877578 [term 0 FOLLOWER]: Consensus starting up: Expiring failure detector timer to make a prompt election more likely
I20260812 06:36:57.738333 16544 raft_consensus.cc:740] T 61ac7c3ed9364635b0c32c83df75895c P a243eaba403e4aaeaa5f446851877578 [term 0 FOLLOWER]: Becoming Follower/Learner. State: Replica: a243eaba403e4aaeaa5f446851877578, State: Initialized, Role: FOLLOWER
I20260812 06:36:57.738454 16544 consensus_queue.cc:260] T 61ac7c3ed9364635b0c32c83df75895c P a243eaba403e4aaeaa5f446851877578 [NON_LEADER]: Queue going to NON_LEADER mode. State: All replicated index: 0, Majority replicated index: 0, Committed index: 0, Last appended: 0.0, Last appended by leader: 0, Current term: 0, Majority size: -1, State: 0, Mode: NON_LEADER, active raft config: opid_index: -1 OBSOLETE_local: true peers { permanent_uuid: "a243eaba403e4aaeaa5f446851877578" member_type: VOTER last_known_addr { host: "127.12.176.65" port: 42121 } }
I20260812 06:36:57.738555 16544 raft_consensus.cc:399] T 61ac7c3ed9364635b0c32c83df75895c P a243eaba403e4aaeaa5f446851877578 [term 0 FOLLOWER]: Only one voter in the Raft config. Triggering election immediately
I20260812 06:36:57.738616 16544 raft_consensus.cc:493] T 61ac7c3ed9364635b0c32c83df75895c P a243eaba403e4aaeaa5f446851877578 [term 0 FOLLOWER]: Starting leader election (initial election of a single-replica configuration)
I20260812 06:36:57.738667 16544 raft_consensus.cc:3060] T 61ac7c3ed9364635b0c32c83df75895c P a243eaba403e4aaeaa5f446851877578 [term 0 FOLLOWER]: Advancing to term 1
I20260812 06:36:57.739513 16544 raft_consensus.cc:515] T 61ac7c3ed9364635b0c32c83df75895c P a243eaba403e4aaeaa5f446851877578 [term 1 FOLLOWER]: Starting leader election with config: opid_index: -1 OBSOLETE_local: true peers { permanent_uuid: "a243eaba403e4aaeaa5f446851877578" member_type: VOTER last_known_addr { host: "127.12.176.65" port: 42121 } }
I20260812 06:36:57.739657 16544 leader_election.cc:304] T 61ac7c3ed9364635b0c32c83df75895c P a243eaba403e4aaeaa5f446851877578 [CANDIDATE]: Term 1 election: Election decided. Result: candidate won. Election summary: received 1 responses out of 1 voters: 1 yes votes; 0 no votes. yes voters: a243eaba403e4aaeaa5f446851877578; no voters: 
I20260812 06:36:57.739776 16544 leader_election.cc:290] T 61ac7c3ed9364635b0c32c83df75895c P a243eaba403e4aaeaa5f446851877578 [CANDIDATE]: Term 1 election: Requested vote from peers 
I20260812 06:36:57.739820 16547 raft_consensus.cc:2804] T 61ac7c3ed9364635b0c32c83df75895c P a243eaba403e4aaeaa5f446851877578 [term 1 FOLLOWER]: Leader election won for term 1
I20260812 06:36:57.739897 16547 raft_consensus.cc:697] T 61ac7c3ed9364635b0c32c83df75895c P a243eaba403e4aaeaa5f446851877578 [term 1 LEADER]: Becoming Leader. State: Replica: a243eaba403e4aaeaa5f446851877578, State: Running, Role: LEADER
I20260812 06:36:57.740028 16544 ts_tablet_manager.cc:1434] T 61ac7c3ed9364635b0c32c83df75895c P a243eaba403e4aaeaa5f446851877578: Time spent starting tablet: real 0.002s	user 0.003s	sys 0.000s
I20260812 06:36:57.740003 16547 consensus_queue.cc:237] T 61ac7c3ed9364635b0c32c83df75895c P a243eaba403e4aaeaa5f446851877578 [LEADER]: Queue going to LEADER mode. State: All replicated index: 0, Majority replicated index: 0, Committed index: 0, Last appended: 0.0, Last appended by leader: 0, Current term: 1, Majority size: 1, State: 0, Mode: LEADER, active raft config: opid_index: -1 OBSOLETE_local: true peers { permanent_uuid: "a243eaba403e4aaeaa5f446851877578" member_type: VOTER last_known_addr { host: "127.12.176.65" port: 42121 } }
I20260812 06:36:57.741216 16280 catalog_manager.cc:5719] T 61ac7c3ed9364635b0c32c83df75895c P a243eaba403e4aaeaa5f446851877578 reported cstate change: term changed from 0 to 1, leader changed from <none> to a243eaba403e4aaeaa5f446851877578 (127.12.176.65). New cstate: current_term: 1 leader_uuid: "a243eaba403e4aaeaa5f446851877578" committed_config { opid_index: -1 OBSOLETE_local: true peers { permanent_uuid: "a243eaba403e4aaeaa5f446851877578" member_type: VOTER last_known_addr { host: "127.12.176.65" port: 42121 } health_report { overall_health: HEALTHY } } }
I20260812 06:36:57.745011 16280 catalog_manager.cc:2283] Servicing CreateTable request from {username='slave'} at 127.0.0.1:51390:
name: "TestEqualRangeBounds"
schema {
  columns {
    name: "key"
    type: INT32
    is_key: true
    is_nullable: false
    encoding: AUTO_ENCODING
    compression: DEFAULT_COMPRESSION
    cfile_block_size: 0
    immutable: false
  }
  columns {
    name: "value"
    type: INT32
    is_key: false
    is_nullable: false
    encoding: AUTO_ENCODING
    compression: DEFAULT_COMPRESSION
    cfile_block_size: 0
    immutable: false
  }
}
num_replicas: 1
split_rows_range_bounds {
  rows: "\010\001\n\000\000\000\t\001\n\000\000\000""\010\001\n\000\000\000\t\001\n\000\000\000"
  indirect_data: """"
}
partition_schema {
  range_schema {
    columns {
      name: "key"
    }
  }
}
I20260812 06:36:57.746219 12993 tablet_server.cc:179] TabletServer@127.12.176.65:0 shutting down...
I20260812 06:36:57.750308 12993 ts_tablet_manager.cc:1507] Shutting down tablet manager...
I20260812 06:36:57.750594 12993 tablet_replica.cc:333] T 61ac7c3ed9364635b0c32c83df75895c P a243eaba403e4aaeaa5f446851877578: stopping tablet replica
I20260812 06:36:57.750721 12993 raft_consensus.cc:2243] T 61ac7c3ed9364635b0c32c83df75895c P a243eaba403e4aaeaa5f446851877578 [term 1 LEADER]: Raft consensus shutting down.
I20260812 06:36:57.750855 12993 raft_consensus.cc:2272] T 61ac7c3ed9364635b0c32c83df75895c P a243eaba403e4aaeaa5f446851877578 [term 1 FOLLOWER]: Raft consensus is shut down!
I20260812 06:36:57.751487 12993 tablet_replica.cc:333] T 0c1abb27977c469e84e33a5bb748083a P a243eaba403e4aaeaa5f446851877578: stopping tablet replica
I20260812 06:36:57.751597 12993 raft_consensus.cc:2243] T 0c1abb27977c469e84e33a5bb748083a P a243eaba403e4aaeaa5f446851877578 [term 1 LEADER]: Raft consensus shutting down.
I20260812 06:36:57.751714 12993 raft_consensus.cc:2272] T 0c1abb27977c469e84e33a5bb748083a P a243eaba403e4aaeaa5f446851877578 [term 1 FOLLOWER]: Raft consensus is shut down!
I20260812 06:36:57.764670 12993 tablet_server.cc:196] TabletServer@127.12.176.65:0 shutdown complete.
I20260812 06:36:57.767519 12993 master.cc:562] Master@127.12.176.126:46365 shutting down...
I20260812 06:36:57.771993 12993 raft_consensus.cc:2243] T 00000000000000000000000000000000 P 431e8cf509b44367913a77bad76038ec [term 1 LEADER]: Raft consensus shutting down.
I20260812 06:36:57.772176 12993 raft_consensus.cc:2272] T 00000000000000000000000000000000 P 431e8cf509b44367913a77bad76038ec [term 1 FOLLOWER]: Raft consensus is shut down!
I20260812 06:36:57.772307 12993 tablet_replica.cc:333] T 00000000000000000000000000000000 P 431e8cf509b44367913a77bad76038ec: stopping tablet replica
I20260812 06:36:57.785158 12993 master.cc:584] Master@127.12.176.126:46365 shutdown complete.
[       OK ] ClientTest.TestEqualRangeBounds (174 ms)
[ RUN      ] ClientTest.TestMetaCacheLookupNoLeaders
I20260812 06:36:57.791255 12993 internal_mini_cluster.cc:156] Creating distributed mini masters. Addrs: 127.12.176.126:43771
I20260812 06:36:57.791643 12993 file_cache.cc:504] Constructed file cache file cache with capacity 419430
W20260812 06:36:57.793258 16558 instance_detector.cc:116] could not retrieve Azure instance metadata: Network error: curl error: HTTP response code said error: The requested URL returned error: 404
W20260812 06:36:57.793375 16562 instance_detector.cc:116] could not retrieve OpenStack instance metadata: Network error: curl error: HTTP response code said error: The requested URL returned error: 404
W20260812 06:36:57.793396 16557 instance_detector.cc:116] could not retrieve AWS instance metadata: Network error: curl error: HTTP response code said error: The requested URL returned error: 404
I20260812 06:36:57.793666 12993 server_base.cc:1061] running on GCE node
I20260812 06:36:57.793839 12993 hybrid_clock.cc:584] initializing the hybrid clock with 'system_unsync' time source
W20260812 06:36:57.793875 12993 system_unsync_time.cc:38] NTP support is disabled. Clock error bounds will not be accurate. This configuration is not suitable for distributed clusters.
I20260812 06:36:57.793890 12993 hybrid_clock.cc:648] HybridClock initialized: now 1786516617793891 us; error 0 us; skew 500 ppm
I20260812 06:36:57.794777 12993 webserver.cc:533] Webserver started at http://127.12.176.126:40725/ using document root <none> and password file <none>
I20260812 06:36:57.794940 12993 fs_manager.cc:362] Metadata directory not provided
I20260812 06:36:57.795013 12993 fs_manager.cc:368] Using write-ahead log directory (fs_wal_dir) as metadata directory
I20260812 06:36:57.795099 12993 server_base.cc:909] This appears to be a new deployment of Kudu; creating new FS layout
I20260812 06:36:57.795507 12993 fs_manager.cc:1068] Generated new instance metadata in path /tmp/dist-test-task4jYzaV/test-tmp/client-test.2.ClientTest.TestMetaCacheLookupNoLeaders.1786516612890727-12993-0/minicluster-data/master-0-root/instance:
uuid: "b12248bc54804547be43a8e04dbf15a4"
format_stamp: "Formatted at 2026-08-12 06:36:57 on dist-test-slave-44d2"
I20260812 06:36:57.797132 12993 fs_manager.cc:696] Time spent creating directory manager: real 0.001s	user 0.000s	sys 0.002s
I20260812 06:36:57.798069 16568 log_block_manager.cc:4127] Time spent loading block containers with low live blocks: real 0.000s	user 0.000s	sys 0.000s
I20260812 06:36:57.798341 12993 fs_manager.cc:730] Time spent opening block manager: real 0.001s	user 0.000s	sys 0.001s
I20260812 06:36:57.798404 12993 fs_manager.cc:647] Opened local filesystem: /tmp/dist-test-task4jYzaV/test-tmp/client-test.2.ClientTest.TestMetaCacheLookupNoLeaders.1786516612890727-12993-0/minicluster-data/master-0-root
uuid: "b12248bc54804547be43a8e04dbf15a4"
format_stamp: "Formatted at 2026-08-12 06:36:57 on dist-test-slave-44d2"
I20260812 06:36:57.798504 12993 fs_report.cc:389] FS layout report
--------------------
wal directory: /tmp/dist-test-task4jYzaV/test-tmp/client-test.2.ClientTest.TestMetaCacheLookupNoLeaders.1786516612890727-12993-0/minicluster-data/master-0-root
metadata directory: /tmp/dist-test-task4jYzaV/test-tmp/client-test.2.ClientTest.TestMetaCacheLookupNoLeaders.1786516612890727-12993-0/minicluster-data/master-0-root
1 data directories: /tmp/dist-test-task4jYzaV/test-tmp/client-test.2.ClientTest.TestMetaCacheLookupNoLeaders.1786516612890727-12993-0/minicluster-data/master-0-root/data
Total live blocks: 0
Total live bytes: 0
Total live bytes (after alignment): 0
Total number of LBM containers: 0 (0 full)
Did not check for missing blocks
Did not check for orphaned blocks
Total full LBM containers with extra space: 0 (0 repaired)
Total full LBM container extra space in bytes: 0 (0 repaired)
Total incomplete LBM containers: 0 (0 repaired)
Total LBM partial records: 0 (0 repaired)
Total corrupted LBM metadata records in RocksDB: 0 (0 repaired)
I20260812 06:36:57.810541 12993 rpc_server.cc:225] running with OpenSSL 1.1.1  11 Sep 2018
I20260812 06:36:57.810930 12993 kserver.cc:163] Server-wide thread pool size limit: 3276
I20260812 06:36:57.815790 12993 rpc_server.cc:307] RPC server started. Bound to: 127.12.176.126:43771
I20260812 06:36:57.817524 16674 acceptor_pool.cc:272] collecting diagnostics on the listening RPC socket 127.12.176.126:43771 every 8 connection(s)
I20260812 06:36:57.817982 16677 data_dirs.cc:400] Could only allocate 1 dirs of requested 3 for tablet 00000000000000000000000000000000. 1 dirs total, 0 dirs full, 0 dirs failed
I20260812 06:36:57.819772 16677 tablet_bootstrap.cc:492] T 00000000000000000000000000000000 P b12248bc54804547be43a8e04dbf15a4: Bootstrap starting.
I20260812 06:36:57.820649 16677 tablet_bootstrap.cc:654] T 00000000000000000000000000000000 P b12248bc54804547be43a8e04dbf15a4: Neither blocks nor log segments found. Creating new log.
I20260812 06:36:57.821671 16677 tablet_bootstrap.cc:492] T 00000000000000000000000000000000 P b12248bc54804547be43a8e04dbf15a4: No bootstrap required, opened a new log
I20260812 06:36:57.822081 16677 raft_consensus.cc:359] T 00000000000000000000000000000000 P b12248bc54804547be43a8e04dbf15a4 [term 0 FOLLOWER]: Replica starting. Triggering 0 pending ops. Active config: opid_index: -1 OBSOLETE_local: true peers { permanent_uuid: "b12248bc54804547be43a8e04dbf15a4" member_type: VOTER }
I20260812 06:36:57.822171 16677 raft_consensus.cc:385] T 00000000000000000000000000000000 P b12248bc54804547be43a8e04dbf15a4 [term 0 FOLLOWER]: Consensus starting up: Expiring failure detector timer to make a prompt election more likely
I20260812 06:36:57.822232 16677 raft_consensus.cc:740] T 00000000000000000000000000000000 P b12248bc54804547be43a8e04dbf15a4 [term 0 FOLLOWER]: Becoming Follower/Learner. State: Replica: b12248bc54804547be43a8e04dbf15a4, State: Initialized, Role: FOLLOWER
I20260812 06:36:57.822393 16677 consensus_queue.cc:260] T 00000000000000000000000000000000 P b12248bc54804547be43a8e04dbf15a4 [NON_LEADER]: Queue going to NON_LEADER mode. State: All replicated index: 0, Majority replicated index: 0, Committed index: 0, Last appended: 0.0, Last appended by leader: 0, Current term: 0, Majority size: -1, State: 0, Mode: NON_LEADER, active raft config: opid_index: -1 OBSOLETE_local: true peers { permanent_uuid: "b12248bc54804547be43a8e04dbf15a4" member_type: VOTER }
I20260812 06:36:57.822463 16677 raft_consensus.cc:399] T 00000000000000000000000000000000 P b12248bc54804547be43a8e04dbf15a4 [term 0 FOLLOWER]: Only one voter in the Raft config. Triggering election immediately
I20260812 06:36:57.822487 16677 raft_consensus.cc:493] T 00000000000000000000000000000000 P b12248bc54804547be43a8e04dbf15a4 [term 0 FOLLOWER]: Starting leader election (initial election of a single-replica configuration)
I20260812 06:36:57.822572 16677 raft_consensus.cc:3060] T 00000000000000000000000000000000 P b12248bc54804547be43a8e04dbf15a4 [term 0 FOLLOWER]: Advancing to term 1
I20260812 06:36:57.823293 16677 raft_consensus.cc:515] T 00000000000000000000000000000000 P b12248bc54804547be43a8e04dbf15a4 [term 1 FOLLOWER]: Starting leader election with config: opid_index: -1 OBSOLETE_local: true peers { permanent_uuid: "b12248bc54804547be43a8e04dbf15a4" member_type: VOTER }
I20260812 06:36:57.823441 16677 leader_election.cc:304] T 00000000000000000000000000000000 P b12248bc54804547be43a8e04dbf15a4 [CANDIDATE]: Term 1 election: Election decided. Result: candidate won. Election summary: received 1 responses out of 1 voters: 1 yes votes; 0 no votes. yes voters: b12248bc54804547be43a8e04dbf15a4; no voters: 
I20260812 06:36:57.823653 16677 leader_election.cc:290] T 00000000000000000000000000000000 P b12248bc54804547be43a8e04dbf15a4 [CANDIDATE]: Term 1 election: Requested vote from peers 
I20260812 06:36:57.823868 16681 raft_consensus.cc:2804] T 00000000000000000000000000000000 P b12248bc54804547be43a8e04dbf15a4 [term 1 FOLLOWER]: Leader election won for term 1
I20260812 06:36:57.824119 16681 raft_consensus.cc:697] T 00000000000000000000000000000000 P b12248bc54804547be43a8e04dbf15a4 [term 1 LEADER]: Becoming Leader. State: Replica: b12248bc54804547be43a8e04dbf15a4, State: Running, Role: LEADER
I20260812 06:36:57.824165 16677 sys_catalog.cc:565] T 00000000000000000000000000000000 P b12248bc54804547be43a8e04dbf15a4 [sys.catalog]: configured and running, proceeding with master startup.
I20260812 06:36:57.824280 16681 consensus_queue.cc:237] T 00000000000000000000000000000000 P b12248bc54804547be43a8e04dbf15a4 [LEADER]: Queue going to LEADER mode. State: All replicated index: 0, Majority replicated index: 0, Committed index: 0, Last appended: 0.0, Last appended by leader: 0, Current term: 1, Majority size: 1, State: 0, Mode: LEADER, active raft config: opid_index: -1 OBSOLETE_local: true peers { permanent_uuid: "b12248bc54804547be43a8e04dbf15a4" member_type: VOTER }
I20260812 06:36:57.824817 16682 sys_catalog.cc:455] T 00000000000000000000000000000000 P b12248bc54804547be43a8e04dbf15a4 [sys.catalog]: SysCatalogTable state changed. Reason: RaftConsensus started. Latest consensus state: current_term: 1 leader_uuid: "b12248bc54804547be43a8e04dbf15a4" committed_config { opid_index: -1 OBSOLETE_local: true peers { permanent_uuid: "b12248bc54804547be43a8e04dbf15a4" member_type: VOTER } }
I20260812 06:36:57.824841 16683 sys_catalog.cc:455] T 00000000000000000000000000000000 P b12248bc54804547be43a8e04dbf15a4 [sys.catalog]: SysCatalogTable state changed. Reason: New leader b12248bc54804547be43a8e04dbf15a4. Latest consensus state: current_term: 1 leader_uuid: "b12248bc54804547be43a8e04dbf15a4" committed_config { opid_index: -1 OBSOLETE_local: true peers { permanent_uuid: "b12248bc54804547be43a8e04dbf15a4" member_type: VOTER } }
I20260812 06:36:57.824945 16682 sys_catalog.cc:458] T 00000000000000000000000000000000 P b12248bc54804547be43a8e04dbf15a4 [sys.catalog]: This master's current role is: LEADER
I20260812 06:36:57.824961 16683 sys_catalog.cc:458] T 00000000000000000000000000000000 P b12248bc54804547be43a8e04dbf15a4 [sys.catalog]: This master's current role is: LEADER
I20260812 06:36:57.825251 16692 catalog_manager.cc:1511] Loading table and tablet metadata into memory...
I20260812 06:36:57.826103 16692 catalog_manager.cc:1520] Initializing Kudu cluster ID...
I20260812 06:36:57.826256 12993 internal_mini_cluster.cc:184] Waiting to initialize catalog manager on master 0
I20260812 06:36:57.827953 16692 catalog_manager.cc:1383] Generated new cluster ID: dedff736d6434f709798e32db7ed1616
I20260812 06:36:57.828042 16692 catalog_manager.cc:1531] Initializing Kudu internal certificate authority...
I20260812 06:36:57.842818 16692 catalog_manager.cc:1406] Generated new certificate authority record
I20260812 06:36:57.843376 16692 catalog_manager.cc:1540] Loading token signing keys...
I20260812 06:36:57.851349 16692 catalog_manager.cc:6092] T 00000000000000000000000000000000 P b12248bc54804547be43a8e04dbf15a4: Generated new TSK 0
I20260812 06:36:57.851564 16692 catalog_manager.cc:1550] Initializing in-progress tserver states...
I20260812 06:36:57.858783 12993 file_cache.cc:504] Constructed file cache file cache with capacity 419430
W20260812 06:36:57.860872 16711 instance_detector.cc:116] could not retrieve AWS instance metadata: Network error: curl error: HTTP response code said error: The requested URL returned error: 404
I20260812 06:36:57.861022 12993 server_base.cc:1061] running on GCE node
W20260812 06:36:57.860940 16714 instance_detector.cc:116] could not retrieve OpenStack instance metadata: Network error: curl error: HTTP response code said error: The requested URL returned error: 404
W20260812 06:36:57.860940 16712 instance_detector.cc:116] could not retrieve Azure instance metadata: Network error: curl error: HTTP response code said error: The requested URL returned error: 404
I20260812 06:36:57.861294 12993 hybrid_clock.cc:584] initializing the hybrid clock with 'system_unsync' time source
W20260812 06:36:57.861336 12993 system_unsync_time.cc:38] NTP support is disabled. Clock error bounds will not be accurate. This configuration is not suitable for distributed clusters.
I20260812 06:36:57.861352 12993 hybrid_clock.cc:648] HybridClock initialized: now 1786516617861352 us; error 0 us; skew 500 ppm
I20260812 06:36:57.862233 12993 webserver.cc:533] Webserver started at http://127.12.176.65:38711/ using document root <none> and password file <none>
I20260812 06:36:57.862392 12993 fs_manager.cc:362] Metadata directory not provided
I20260812 06:36:57.862447 12993 fs_manager.cc:368] Using write-ahead log directory (fs_wal_dir) as metadata directory
I20260812 06:36:57.862546 12993 server_base.cc:909] This appears to be a new deployment of Kudu; creating new FS layout
I20260812 06:36:57.862937 12993 fs_manager.cc:1068] Generated new instance metadata in path /tmp/dist-test-task4jYzaV/test-tmp/client-test.2.ClientTest.TestMetaCacheLookupNoLeaders.1786516612890727-12993-0/minicluster-data/ts-0-root/instance:
uuid: "a9d83c0aec784b75b253b10c1e6d5de9"
format_stamp: "Formatted at 2026-08-12 06:36:57 on dist-test-slave-44d2"
I20260812 06:36:57.864473 12993 fs_manager.cc:696] Time spent creating directory manager: real 0.001s	user 0.002s	sys 0.000s
I20260812 06:36:57.865587 16721 log_block_manager.cc:4127] Time spent loading block containers with low live blocks: real 0.000s	user 0.000s	sys 0.000s
I20260812 06:36:57.865864 12993 fs_manager.cc:730] Time spent opening block manager: real 0.001s	user 0.001s	sys 0.000s
I20260812 06:36:57.865929 12993 fs_manager.cc:647] Opened local filesystem: /tmp/dist-test-task4jYzaV/test-tmp/client-test.2.ClientTest.TestMetaCacheLookupNoLeaders.1786516612890727-12993-0/minicluster-data/ts-0-root
uuid: "a9d83c0aec784b75b253b10c1e6d5de9"
format_stamp: "Formatted at 2026-08-12 06:36:57 on dist-test-slave-44d2"
I20260812 06:36:57.866044 12993 fs_report.cc:389] FS layout report
--------------------
wal directory: /tmp/dist-test-task4jYzaV/test-tmp/client-test.2.ClientTest.TestMetaCacheLookupNoLeaders.1786516612890727-12993-0/minicluster-data/ts-0-root
metadata directory: /tmp/dist-test-task4jYzaV/test-tmp/client-test.2.ClientTest.TestMetaCacheLookupNoLeaders.1786516612890727-12993-0/minicluster-data/ts-0-root
1 data directories: /tmp/dist-test-task4jYzaV/test-tmp/client-test.2.ClientTest.TestMetaCacheLookupNoLeaders.1786516612890727-12993-0/minicluster-data/ts-0-root/data
Total live blocks: 0
Total live bytes: 0
Total live bytes (after alignment): 0
Total number of LBM containers: 0 (0 full)
Did not check for missing blocks
Did not check for orphaned blocks
Total full LBM containers with extra space: 0 (0 repaired)
Total full LBM container extra space in bytes: 0 (0 repaired)
Total incomplete LBM containers: 0 (0 repaired)
Total LBM partial records: 0 (0 repaired)
Total corrupted LBM metadata records in RocksDB: 0 (0 repaired)
I20260812 06:36:57.874028 12993 rpc_server.cc:225] running with OpenSSL 1.1.1  11 Sep 2018
I20260812 06:36:57.874353 12993 kserver.cc:163] Server-wide thread pool size limit: 3276
I20260812 06:36:57.875176 12993 ts_tablet_manager.cc:585] Loaded tablet metadata (0 total tablets, 0 live tablets)
I20260812 06:36:57.875231 12993 ts_tablet_manager.cc:531] Time spent load tablet metadata: real 0.000s	user 0.000s	sys 0.000s
I20260812 06:36:57.875276 12993 ts_tablet_manager.cc:616] Registered 0 tablets
I20260812 06:36:57.875304 12993 ts_tablet_manager.cc:595] Time spent register tablets: real 0.000s	user 0.000s	sys 0.000s
I20260812 06:36:57.881260 12993 rpc_server.cc:307] RPC server started. Bound to: 127.12.176.65:40949
I20260812 06:36:57.881296 16844 acceptor_pool.cc:272] collecting diagnostics on the listening RPC socket 127.12.176.65:40949 every 8 connection(s)
I20260812 06:36:57.882344 16846 heartbeater.cc:344] Connected to a master server at 127.12.176.126:43771
I20260812 06:36:57.882441 16846 heartbeater.cc:461] Registering TS with master...
I20260812 06:36:57.882671 16846 heartbeater.cc:507] Master 127.12.176.126:43771 requested a full tablet report, sending...
I20260812 06:36:57.883347 16597 ts_manager.cc:194] Registered new tserver with Master: a9d83c0aec784b75b253b10c1e6d5de9 (127.12.176.65:40949)
I20260812 06:36:57.884003 12993 internal_mini_cluster.cc:371] 1 TS(s) registered with all masters after 0.002286906s
I20260812 06:36:57.884694 16597 master_service.cc:502] Signed X509 certificate for tserver {username='slave'} at 127.0.0.1:33516
I20260812 06:36:57.890874 16597 catalog_manager.cc:2283] Servicing CreateTable request from {username='slave'} at 127.0.0.1:33542:
name: "client-testtb"
schema {
  columns {
    name: "key"
    type: INT32
    is_key: true
    is_nullable: false
    encoding: AUTO_ENCODING
    compression: DEFAULT_COMPRESSION
    cfile_block_size: 0
    immutable: false
  }
  columns {
    name: "int_val"
    type: INT32
    is_key: false
    is_nullable: false
    encoding: AUTO_ENCODING
    compression: DEFAULT_COMPRESSION
    cfile_block_size: 0
    immutable: false
  }
  columns {
    name: "string_val"
    type: STRING
    is_key: false
    is_nullable: true
    encoding: AUTO_ENCODING
    compression: DEFAULT_COMPRESSION
    cfile_block_size: 0
    immutable: false
  }
  columns {
    name: "non_null_with_default"
    type: INT32
    is_key: false
    is_nullable: false
    read_default_value: "90\000\000"
    encoding: AUTO_ENCODING
    compression: DEFAULT_COMPRESSION
    cfile_block_size: 0
    immutable: false
  }
}
num_replicas: 1
split_rows_range_bounds {
  rows: "\004\001\000\t\000\000\000""\004\001\000\t\000\000\000"
  indirect_data: """"
}
partition_schema {
  range_schema {
    columns {
      name: "key"
    }
  }
}
I20260812 06:36:57.895813 16846 heartbeater.cc:499] Master 127.12.176.126:43771 was elected leader, sending a full tablet report...
I20260812 06:36:57.900051 16767 tablet_service.cc:1511] Processing CreateTablet for tablet 326ebdb57f9247c28f14b1996ea96be4 (DEFAULT_TABLE table=client-testtb [id=d091ed7fff0644adbbc50f29220c7c82]), partition=RANGE (key) PARTITION 9 <= VALUES
I20260812 06:36:57.900051 16768 tablet_service.cc:1511] Processing CreateTablet for tablet 3fc494b02d0f499b9e9653af88dfb41c (DEFAULT_TABLE table=client-testtb [id=d091ed7fff0644adbbc50f29220c7c82]), partition=RANGE (key) PARTITION VALUES < 9
I20260812 06:36:57.900465 16767 data_dirs.cc:400] Could only allocate 1 dirs of requested 3 for tablet 326ebdb57f9247c28f14b1996ea96be4. 1 dirs total, 0 dirs full, 0 dirs failed
I20260812 06:36:57.900632 16768 data_dirs.cc:400] Could only allocate 1 dirs of requested 3 for tablet 3fc494b02d0f499b9e9653af88dfb41c. 1 dirs total, 0 dirs full, 0 dirs failed
I20260812 06:36:57.902985 16860 tablet_bootstrap.cc:492] T 3fc494b02d0f499b9e9653af88dfb41c P a9d83c0aec784b75b253b10c1e6d5de9: Bootstrap starting.
I20260812 06:36:57.903828 16860 tablet_bootstrap.cc:654] T 3fc494b02d0f499b9e9653af88dfb41c P a9d83c0aec784b75b253b10c1e6d5de9: Neither blocks nor log segments found. Creating new log.
I20260812 06:36:57.904944 16860 tablet_bootstrap.cc:492] T 3fc494b02d0f499b9e9653af88dfb41c P a9d83c0aec784b75b253b10c1e6d5de9: No bootstrap required, opened a new log
I20260812 06:36:57.905049 16860 ts_tablet_manager.cc:1403] T 3fc494b02d0f499b9e9653af88dfb41c P a9d83c0aec784b75b253b10c1e6d5de9: Time spent bootstrapping tablet: real 0.002s	user 0.001s	sys 0.000s
I20260812 06:36:57.905524 16860 raft_consensus.cc:359] T 3fc494b02d0f499b9e9653af88dfb41c P a9d83c0aec784b75b253b10c1e6d5de9 [term 0 FOLLOWER]: Replica starting. Triggering 0 pending ops. Active config: opid_index: -1 OBSOLETE_local: true peers { permanent_uuid: "a9d83c0aec784b75b253b10c1e6d5de9" member_type: VOTER last_known_addr { host: "127.12.176.65" port: 40949 } }
I20260812 06:36:57.905633 16860 raft_consensus.cc:385] T 3fc494b02d0f499b9e9653af88dfb41c P a9d83c0aec784b75b253b10c1e6d5de9 [term 0 FOLLOWER]: Consensus starting up: Expiring failure detector timer to make a prompt election more likely
I20260812 06:36:57.905695 16860 raft_consensus.cc:740] T 3fc494b02d0f499b9e9653af88dfb41c P a9d83c0aec784b75b253b10c1e6d5de9 [term 0 FOLLOWER]: Becoming Follower/Learner. State: Replica: a9d83c0aec784b75b253b10c1e6d5de9, State: Initialized, Role: FOLLOWER
I20260812 06:36:57.905845 16860 consensus_queue.cc:260] T 3fc494b02d0f499b9e9653af88dfb41c P a9d83c0aec784b75b253b10c1e6d5de9 [NON_LEADER]: Queue going to NON_LEADER mode. State: All replicated index: 0, Majority replicated index: 0, Committed index: 0, Last appended: 0.0, Last appended by leader: 0, Current term: 0, Majority size: -1, State: 0, Mode: NON_LEADER, active raft config: opid_index: -1 OBSOLETE_local: true peers { permanent_uuid: "a9d83c0aec784b75b253b10c1e6d5de9" member_type: VOTER last_known_addr { host: "127.12.176.65" port: 40949 } }
I20260812 06:36:57.905915 16860 raft_consensus.cc:399] T 3fc494b02d0f499b9e9653af88dfb41c P a9d83c0aec784b75b253b10c1e6d5de9 [term 0 FOLLOWER]: Only one voter in the Raft config. Triggering election immediately
I20260812 06:36:57.905969 16860 raft_consensus.cc:493] T 3fc494b02d0f499b9e9653af88dfb41c P a9d83c0aec784b75b253b10c1e6d5de9 [term 0 FOLLOWER]: Starting leader election (initial election of a single-replica configuration)
I20260812 06:36:57.906039 16860 raft_consensus.cc:3060] T 3fc494b02d0f499b9e9653af88dfb41c P a9d83c0aec784b75b253b10c1e6d5de9 [term 0 FOLLOWER]: Advancing to term 1
I20260812 06:36:57.906847 16860 raft_consensus.cc:515] T 3fc494b02d0f499b9e9653af88dfb41c P a9d83c0aec784b75b253b10c1e6d5de9 [term 1 FOLLOWER]: Starting leader election with config: opid_index: -1 OBSOLETE_local: true peers { permanent_uuid: "a9d83c0aec784b75b253b10c1e6d5de9" member_type: VOTER last_known_addr { host: "127.12.176.65" port: 40949 } }
I20260812 06:36:57.906999 16860 leader_election.cc:304] T 3fc494b02d0f499b9e9653af88dfb41c P a9d83c0aec784b75b253b10c1e6d5de9 [CANDIDATE]: Term 1 election: Election decided. Result: candidate won. Election summary: received 1 responses out of 1 voters: 1 yes votes; 0 no votes. yes voters: a9d83c0aec784b75b253b10c1e6d5de9; no voters: 
I20260812 06:36:57.907264 16860 leader_election.cc:290] T 3fc494b02d0f499b9e9653af88dfb41c P a9d83c0aec784b75b253b10c1e6d5de9 [CANDIDATE]: Term 1 election: Requested vote from peers 
I20260812 06:36:57.907351 16862 raft_consensus.cc:2804] T 3fc494b02d0f499b9e9653af88dfb41c P a9d83c0aec784b75b253b10c1e6d5de9 [term 1 FOLLOWER]: Leader election won for term 1
I20260812 06:36:57.907533 16862 raft_consensus.cc:697] T 3fc494b02d0f499b9e9653af88dfb41c P a9d83c0aec784b75b253b10c1e6d5de9 [term 1 LEADER]: Becoming Leader. State: Replica: a9d83c0aec784b75b253b10c1e6d5de9, State: Running, Role: LEADER
I20260812 06:36:57.907680 16860 ts_tablet_manager.cc:1434] T 3fc494b02d0f499b9e9653af88dfb41c P a9d83c0aec784b75b253b10c1e6d5de9: Time spent starting tablet: real 0.003s	user 0.003s	sys 0.000s
I20260812 06:36:57.907680 16862 consensus_queue.cc:237] T 3fc494b02d0f499b9e9653af88dfb41c P a9d83c0aec784b75b253b10c1e6d5de9 [LEADER]: Queue going to LEADER mode. State: All replicated index: 0, Majority replicated index: 0, Committed index: 0, Last appended: 0.0, Last appended by leader: 0, Current term: 1, Majority size: 1, State: 0, Mode: LEADER, active raft config: opid_index: -1 OBSOLETE_local: true peers { permanent_uuid: "a9d83c0aec784b75b253b10c1e6d5de9" member_type: VOTER last_known_addr { host: "127.12.176.65" port: 40949 } }
I20260812 06:36:57.907917 16860 tablet_bootstrap.cc:492] T 326ebdb57f9247c28f14b1996ea96be4 P a9d83c0aec784b75b253b10c1e6d5de9: Bootstrap starting.
I20260812 06:36:57.908687 16860 tablet_bootstrap.cc:654] T 326ebdb57f9247c28f14b1996ea96be4 P a9d83c0aec784b75b253b10c1e6d5de9: Neither blocks nor log segments found. Creating new log.
I20260812 06:36:57.908926 16597 catalog_manager.cc:5719] T 3fc494b02d0f499b9e9653af88dfb41c P a9d83c0aec784b75b253b10c1e6d5de9 reported cstate change: term changed from 0 to 1, leader changed from <none> to a9d83c0aec784b75b253b10c1e6d5de9 (127.12.176.65). New cstate: current_term: 1 leader_uuid: "a9d83c0aec784b75b253b10c1e6d5de9" committed_config { opid_index: -1 OBSOLETE_local: true peers { permanent_uuid: "a9d83c0aec784b75b253b10c1e6d5de9" member_type: VOTER last_known_addr { host: "127.12.176.65" port: 40949 } health_report { overall_health: HEALTHY } } }
I20260812 06:36:57.910398 16860 tablet_bootstrap.cc:492] T 326ebdb57f9247c28f14b1996ea96be4 P a9d83c0aec784b75b253b10c1e6d5de9: No bootstrap required, opened a new log
I20260812 06:36:57.910508 16860 ts_tablet_manager.cc:1403] T 326ebdb57f9247c28f14b1996ea96be4 P a9d83c0aec784b75b253b10c1e6d5de9: Time spent bootstrapping tablet: real 0.003s	user 0.001s	sys 0.000s
I20260812 06:36:57.910858 16860 raft_consensus.cc:359] T 326ebdb57f9247c28f14b1996ea96be4 P a9d83c0aec784b75b253b10c1e6d5de9 [term 0 FOLLOWER]: Replica starting. Triggering 0 pending ops. Active config: opid_index: -1 OBSOLETE_local: true peers { permanent_uuid: "a9d83c0aec784b75b253b10c1e6d5de9" member_type: VOTER last_known_addr { host: "127.12.176.65" port: 40949 } }
I20260812 06:36:57.910959 16860 raft_consensus.cc:385] T 326ebdb57f9247c28f14b1996ea96be4 P a9d83c0aec784b75b253b10c1e6d5de9 [term 0 FOLLOWER]: Consensus starting up: Expiring failure detector timer to make a prompt election more likely
I20260812 06:36:57.911012 16860 raft_consensus.cc:740] T 326ebdb57f9247c28f14b1996ea96be4 P a9d83c0aec784b75b253b10c1e6d5de9 [term 0 FOLLOWER]: Becoming Follower/Learner. State: Replica: a9d83c0aec784b75b253b10c1e6d5de9, State: Initialized, Role: FOLLOWER
I20260812 06:36:57.911144 16860 consensus_queue.cc:260] T 326ebdb57f9247c28f14b1996ea96be4 P a9d83c0aec784b75b253b10c1e6d5de9 [NON_LEADER]: Queue going to NON_LEADER mode. State: All replicated index: 0, Majority replicated index: 0, Committed index: 0, Last appended: 0.0, Last appended by leader: 0, Current term: 0, Majority size: -1, State: 0, Mode: NON_LEADER, active raft config: opid_index: -1 OBSOLETE_local: true peers { permanent_uuid: "a9d83c0aec784b75b253b10c1e6d5de9" member_type: VOTER last_known_addr { host: "127.12.176.65" port: 40949 } }
I20260812 06:36:57.911230 16860 raft_consensus.cc:399] T 326ebdb57f9247c28f14b1996ea96be4 P a9d83c0aec784b75b253b10c1e6d5de9 [term 0 FOLLOWER]: Only one voter in the Raft config. Triggering election immediately
I20260812 06:36:57.911275 16860 raft_consensus.cc:493] T 326ebdb57f9247c28f14b1996ea96be4 P a9d83c0aec784b75b253b10c1e6d5de9 [term 0 FOLLOWER]: Starting leader election (initial election of a single-replica configuration)
I20260812 06:36:57.911329 16860 raft_consensus.cc:3060] T 326ebdb57f9247c28f14b1996ea96be4 P a9d83c0aec784b75b253b10c1e6d5de9 [term 0 FOLLOWER]: Advancing to term 1
I20260812 06:36:57.912046 16860 raft_consensus.cc:515] T 326ebdb57f9247c28f14b1996ea96be4 P a9d83c0aec784b75b253b10c1e6d5de9 [term 1 FOLLOWER]: Starting leader election with config: opid_index: -1 OBSOLETE_local: true peers { permanent_uuid: "a9d83c0aec784b75b253b10c1e6d5de9" member_type: VOTER last_known_addr { host: "127.12.176.65" port: 40949 } }
I20260812 06:36:57.912191 16860 leader_election.cc:304] T 326ebdb57f9247c28f14b1996ea96be4 P a9d83c0aec784b75b253b10c1e6d5de9 [CANDIDATE]: Term 1 election: Election decided. Result: candidate won. Election summary: received 1 responses out of 1 voters: 1 yes votes; 0 no votes. yes voters: a9d83c0aec784b75b253b10c1e6d5de9; no voters: 
I20260812 06:36:57.912317 16860 leader_election.cc:290] T 326ebdb57f9247c28f14b1996ea96be4 P a9d83c0aec784b75b253b10c1e6d5de9 [CANDIDATE]: Term 1 election: Requested vote from peers 
I20260812 06:36:57.912418 16866 raft_consensus.cc:2804] T 326ebdb57f9247c28f14b1996ea96be4 P a9d83c0aec784b75b253b10c1e6d5de9 [term 1 FOLLOWER]: Leader election won for term 1
I20260812 06:36:57.912611 16866 raft_consensus.cc:697] T 326ebdb57f9247c28f14b1996ea96be4 P a9d83c0aec784b75b253b10c1e6d5de9 [term 1 LEADER]: Becoming Leader. State: Replica: a9d83c0aec784b75b253b10c1e6d5de9, State: Running, Role: LEADER
I20260812 06:36:57.912626 16860 ts_tablet_manager.cc:1434] T 326ebdb57f9247c28f14b1996ea96be4 P a9d83c0aec784b75b253b10c1e6d5de9: Time spent starting tablet: real 0.002s	user 0.002s	sys 0.000s
I20260812 06:36:57.912762 16866 consensus_queue.cc:237] T 326ebdb57f9247c28f14b1996ea96be4 P a9d83c0aec784b75b253b10c1e6d5de9 [LEADER]: Queue going to LEADER mode. State: All replicated index: 0, Majority replicated index: 0, Committed index: 0, Last appended: 0.0, Last appended by leader: 0, Current term: 1, Majority size: 1, State: 0, Mode: LEADER, active raft config: opid_index: -1 OBSOLETE_local: true peers { permanent_uuid: "a9d83c0aec784b75b253b10c1e6d5de9" member_type: VOTER last_known_addr { host: "127.12.176.65" port: 40949 } }
I20260812 06:36:57.914060 16597 catalog_manager.cc:5719] T 326ebdb57f9247c28f14b1996ea96be4 P a9d83c0aec784b75b253b10c1e6d5de9 reported cstate change: term changed from 0 to 1, leader changed from <none> to a9d83c0aec784b75b253b10c1e6d5de9 (127.12.176.65). New cstate: current_term: 1 leader_uuid: "a9d83c0aec784b75b253b10c1e6d5de9" committed_config { opid_index: -1 OBSOLETE_local: true peers { permanent_uuid: "a9d83c0aec784b75b253b10c1e6d5de9" member_type: VOTER last_known_addr { host: "127.12.176.65" port: 40949 } health_report { overall_health: HEALTHY } } }
I20260812 06:36:57.923151 12993 tablet_server.cc:179] TabletServer@127.12.176.65:0 shutting down...
I20260812 06:36:57.926738 12993 ts_tablet_manager.cc:1507] Shutting down tablet manager...
I20260812 06:36:57.926976 12993 tablet_replica.cc:333] T 326ebdb57f9247c28f14b1996ea96be4 P a9d83c0aec784b75b253b10c1e6d5de9: stopping tablet replica
I20260812 06:36:57.927134 12993 raft_consensus.cc:2243] T 326ebdb57f9247c28f14b1996ea96be4 P a9d83c0aec784b75b253b10c1e6d5de9 [term 1 LEADER]: Raft consensus shutting down.
I20260812 06:36:57.927258 12993 raft_consensus.cc:2272] T 326ebdb57f9247c28f14b1996ea96be4 P a9d83c0aec784b75b253b10c1e6d5de9 [term 1 FOLLOWER]: Raft consensus is shut down!
I20260812 06:36:57.927876 12993 tablet_replica.cc:333] T 3fc494b02d0f499b9e9653af88dfb41c P a9d83c0aec784b75b253b10c1e6d5de9: stopping tablet replica
I20260812 06:36:57.927951 12993 raft_consensus.cc:2243] T 3fc494b02d0f499b9e9653af88dfb41c P a9d83c0aec784b75b253b10c1e6d5de9 [term 1 LEADER]: Raft consensus shutting down.
I20260812 06:36:57.928032 12993 raft_consensus.cc:2272] T 3fc494b02d0f499b9e9653af88dfb41c P a9d83c0aec784b75b253b10c1e6d5de9 [term 1 FOLLOWER]: Raft consensus is shut down!
I20260812 06:36:57.941205 12993 tablet_server.cc:196] TabletServer@127.12.176.65:0 shutdown complete.
I20260812 06:36:57.943840 12993 master.cc:562] Master@127.12.176.126:43771 shutting down...
I20260812 06:36:57.948168 12993 raft_consensus.cc:2243] T 00000000000000000000000000000000 P b12248bc54804547be43a8e04dbf15a4 [term 1 LEADER]: Raft consensus shutting down.
I20260812 06:36:57.948312 12993 raft_consensus.cc:2272] T 00000000000000000000000000000000 P b12248bc54804547be43a8e04dbf15a4 [term 1 FOLLOWER]: Raft consensus is shut down!
I20260812 06:36:57.948431 12993 tablet_replica.cc:333] T 00000000000000000000000000000000 P b12248bc54804547be43a8e04dbf15a4: stopping tablet replica
I20260812 06:36:57.961426 12993 master.cc:584] Master@127.12.176.126:43771 shutdown complete.
[       OK ] ClientTest.TestMetaCacheLookupNoLeaders (175 ms)
[ RUN      ] ClientTest.TestInsertIgnore
I20260812 06:36:57.966789 12993 internal_mini_cluster.cc:156] Creating distributed mini masters. Addrs: 127.12.176.126:33545
I20260812 06:36:57.967123 12993 file_cache.cc:504] Constructed file cache file cache with capacity 419430
W20260812 06:36:57.968708 16880 instance_detector.cc:116] could not retrieve AWS instance metadata: Network error: curl error: HTTP response code said error: The requested URL returned error: 404
W20260812 06:36:57.968750 16884 instance_detector.cc:116] could not retrieve OpenStack instance metadata: Network error: curl error: HTTP response code said error: The requested URL returned error: 404
W20260812 06:36:57.968888 16882 instance_detector.cc:116] could not retrieve Azure instance metadata: Network error: curl error: HTTP response code said error: The requested URL returned error: 404
I20260812 06:36:57.968902 12993 server_base.cc:1061] running on GCE node
I20260812 06:36:57.969137 12993 hybrid_clock.cc:584] initializing the hybrid clock with 'system_unsync' time source
W20260812 06:36:57.969180 12993 system_unsync_time.cc:38] NTP support is disabled. Clock error bounds will not be accurate. This configuration is not suitable for distributed clusters.
I20260812 06:36:57.969195 12993 hybrid_clock.cc:648] HybridClock initialized: now 1786516617969195 us; error 0 us; skew 500 ppm
I20260812 06:36:57.969930 12993 webserver.cc:533] Webserver started at http://127.12.176.126:40865/ using document root <none> and password file <none>
I20260812 06:36:57.970064 12993 fs_manager.cc:362] Metadata directory not provided
I20260812 06:36:57.970108 12993 fs_manager.cc:368] Using write-ahead log directory (fs_wal_dir) as metadata directory
I20260812 06:36:57.970165 12993 server_base.cc:909] This appears to be a new deployment of Kudu; creating new FS layout
I20260812 06:36:57.970500 12993 fs_manager.cc:1068] Generated new instance metadata in path /tmp/dist-test-task4jYzaV/test-tmp/client-test.2.ClientTest.TestInsertIgnore.1786516612890727-12993-0/minicluster-data/master-0-root/instance:
uuid: "c4be4df1dfc04dfd8015c58a7b046ada"
format_stamp: "Formatted at 2026-08-12 06:36:57 on dist-test-slave-44d2"
I20260812 06:36:57.971951 12993 fs_manager.cc:696] Time spent creating directory manager: real 0.001s	user 0.002s	sys 0.000s
I20260812 06:36:57.972869 16890 log_block_manager.cc:4127] Time spent loading block containers with low live blocks: real 0.000s	user 0.000s	sys 0.000s
I20260812 06:36:57.973163 12993 fs_manager.cc:730] Time spent opening block manager: real 0.001s	user 0.000s	sys 0.001s
I20260812 06:36:57.973230 12993 fs_manager.cc:647] Opened local filesystem: /tmp/dist-test-task4jYzaV/test-tmp/client-test.2.ClientTest.TestInsertIgnore.1786516612890727-12993-0/minicluster-data/master-0-root
uuid: "c4be4df1dfc04dfd8015c58a7b046ada"
format_stamp: "Formatted at 2026-08-12 06:36:57 on dist-test-slave-44d2"
I20260812 06:36:57.973322 12993 fs_report.cc:389] FS layout report
--------------------
wal directory: /tmp/dist-test-task4jYzaV/test-tmp/client-test.2.ClientTest.TestInsertIgnore.1786516612890727-12993-0/minicluster-data/master-0-root
metadata directory: /tmp/dist-test-task4jYzaV/test-tmp/client-test.2.ClientTest.TestInsertIgnore.1786516612890727-12993-0/minicluster-data/master-0-root
1 data directories: /tmp/dist-test-task4jYzaV/test-tmp/client-test.2.ClientTest.TestInsertIgnore.1786516612890727-12993-0/minicluster-data/master-0-root/data
Total live blocks: 0
Total live bytes: 0
Total live bytes (after alignment): 0
Total number of LBM containers: 0 (0 full)
Did not check for missing blocks
Did not check for orphaned blocks
Total full LBM containers with extra space: 0 (0 repaired)
Total full LBM container extra space in bytes: 0 (0 repaired)
Total incomplete LBM containers: 0 (0 repaired)
Total LBM partial records: 0 (0 repaired)
Total corrupted LBM metadata records in RocksDB: 0 (0 repaired)
I20260812 06:36:57.984897 12993 rpc_server.cc:225] running with OpenSSL 1.1.1  11 Sep 2018
I20260812 06:36:57.985250 12993 kserver.cc:163] Server-wide thread pool size limit: 3276
I20260812 06:36:57.990211 12993 rpc_server.cc:307] RPC server started. Bound to: 127.12.176.126:33545
I20260812 06:36:57.991555 16987 acceptor_pool.cc:272] collecting diagnostics on the listening RPC socket 127.12.176.126:33545 every 8 connection(s)
I20260812 06:36:57.991997 16989 data_dirs.cc:400] Could only allocate 1 dirs of requested 3 for tablet 00000000000000000000000000000000. 1 dirs total, 0 dirs full, 0 dirs failed
I20260812 06:36:57.993898 16989 tablet_bootstrap.cc:492] T 00000000000000000000000000000000 P c4be4df1dfc04dfd8015c58a7b046ada: Bootstrap starting.
I20260812 06:36:57.994711 16989 tablet_bootstrap.cc:654] T 00000000000000000000000000000000 P c4be4df1dfc04dfd8015c58a7b046ada: Neither blocks nor log segments found. Creating new log.
I20260812 06:36:57.995729 16989 tablet_bootstrap.cc:492] T 00000000000000000000000000000000 P c4be4df1dfc04dfd8015c58a7b046ada: No bootstrap required, opened a new log
I20260812 06:36:57.996138 16989 raft_consensus.cc:359] T 00000000000000000000000000000000 P c4be4df1dfc04dfd8015c58a7b046ada [term 0 FOLLOWER]: Replica starting. Triggering 0 pending ops. Active config: opid_index: -1 OBSOLETE_local: true peers { permanent_uuid: "c4be4df1dfc04dfd8015c58a7b046ada" member_type: VOTER }
I20260812 06:36:57.996225 16989 raft_consensus.cc:385] T 00000000000000000000000000000000 P c4be4df1dfc04dfd8015c58a7b046ada [term 0 FOLLOWER]: Consensus starting up: Expiring failure detector timer to make a prompt election more likely
I20260812 06:36:57.996284 16989 raft_consensus.cc:740] T 00000000000000000000000000000000 P c4be4df1dfc04dfd8015c58a7b046ada [term 0 FOLLOWER]: Becoming Follower/Learner. State: Replica: c4be4df1dfc04dfd8015c58a7b046ada, State: Initialized, Role: FOLLOWER
I20260812 06:36:57.996460 16989 consensus_queue.cc:260] T 00000000000000000000000000000000 P c4be4df1dfc04dfd8015c58a7b046ada [NON_LEADER]: Queue going to NON_LEADER mode. State: All replicated index: 0, Majority replicated index: 0, Committed index: 0, Last appended: 0.0, Last appended by leader: 0, Current term: 0, Majority size: -1, State: 0, Mode: NON_LEADER, active raft config: opid_index: -1 OBSOLETE_local: true peers { permanent_uuid: "c4be4df1dfc04dfd8015c58a7b046ada" member_type: VOTER }
I20260812 06:36:57.996593 16989 raft_consensus.cc:399] T 00000000000000000000000000000000 P c4be4df1dfc04dfd8015c58a7b046ada [term 0 FOLLOWER]: Only one voter in the Raft config. Triggering election immediately
I20260812 06:36:57.996659 16989 raft_consensus.cc:493] T 00000000000000000000000000000000 P c4be4df1dfc04dfd8015c58a7b046ada [term 0 FOLLOWER]: Starting leader election (initial election of a single-replica configuration)
