I20260812 06:36:21.829018  1928 ts_tablet_manager.cc:1403] T a1e52f326c694f0b90ac6881f64e7a1d P 6525596b957241d29a775e4df9b77503: Time spent bootstrapping tablet: real 0.033s	user 0.002s	sys 0.000s
I20260812 06:36:21.829604  1928 raft_consensus.cc:359] T a1e52f326c694f0b90ac6881f64e7a1d P 6525596b957241d29a775e4df9b77503 [term 0 FOLLOWER]: Replica starting. Triggering 0 pending ops. Active config: opid_index: -1 OBSOLETE_local: true peers { permanent_uuid: "6525596b957241d29a775e4df9b77503" member_type: VOTER last_known_addr { host: "127.30.57.129" port: 41337 } }
I20260812 06:36:21.829728  1928 raft_consensus.cc:385] T a1e52f326c694f0b90ac6881f64e7a1d P 6525596b957241d29a775e4df9b77503 [term 0 FOLLOWER]: Consensus starting up: Expiring failure detector timer to make a prompt election more likely
I20260812 06:36:21.829756  1928 raft_consensus.cc:740] T a1e52f326c694f0b90ac6881f64e7a1d P 6525596b957241d29a775e4df9b77503 [term 0 FOLLOWER]: Becoming Follower/Learner. State: Replica: 6525596b957241d29a775e4df9b77503, State: Initialized, Role: FOLLOWER
I20260812 06:36:21.829890  1928 consensus_queue.cc:260] T a1e52f326c694f0b90ac6881f64e7a1d P 6525596b957241d29a775e4df9b77503 [NON_LEADER]: Queue going to NON_LEADER mode. State: All replicated index: 0, Majority replicated index: 0, Committed index: 0, Last appended: 0.0, Last appended by leader: 0, Current term: 0, Majority size: -1, State: 0, Mode: NON_LEADER, active raft config: opid_index: -1 OBSOLETE_local: true peers { permanent_uuid: "6525596b957241d29a775e4df9b77503" member_type: VOTER last_known_addr { host: "127.30.57.129" port: 41337 } }
I20260812 06:36:21.829965  1928 raft_consensus.cc:399] T a1e52f326c694f0b90ac6881f64e7a1d P 6525596b957241d29a775e4df9b77503 [term 0 FOLLOWER]: Only one voter in the Raft config. Triggering election immediately
I20260812 06:36:21.829998  1928 raft_consensus.cc:493] T a1e52f326c694f0b90ac6881f64e7a1d P 6525596b957241d29a775e4df9b77503 [term 0 FOLLOWER]: Starting leader election (initial election of a single-replica configuration)
I20260812 06:36:21.830036  1928 raft_consensus.cc:3060] T a1e52f326c694f0b90ac6881f64e7a1d P 6525596b957241d29a775e4df9b77503 [term 0 FOLLOWER]: Advancing to term 1
I20260812 06:36:21.831023  1928 raft_consensus.cc:515] T a1e52f326c694f0b90ac6881f64e7a1d P 6525596b957241d29a775e4df9b77503 [term 1 FOLLOWER]: Starting leader election with config: opid_index: -1 OBSOLETE_local: true peers { permanent_uuid: "6525596b957241d29a775e4df9b77503" member_type: VOTER last_known_addr { host: "127.30.57.129" port: 41337 } }
I20260812 06:36:21.831183  1928 leader_election.cc:304] T a1e52f326c694f0b90ac6881f64e7a1d P 6525596b957241d29a775e4df9b77503 [CANDIDATE]: Term 1 election: Election decided. Result: candidate won. Election summary: received 1 responses out of 1 voters: 1 yes votes; 0 no votes. yes voters: 6525596b957241d29a775e4df9b77503; no voters: 
I20260812 06:36:21.831284  1928 leader_election.cc:290] T a1e52f326c694f0b90ac6881f64e7a1d P 6525596b957241d29a775e4df9b77503 [CANDIDATE]: Term 1 election: Requested vote from peers 
I20260812 06:36:21.831359  1933 raft_consensus.cc:2804] T a1e52f326c694f0b90ac6881f64e7a1d P 6525596b957241d29a775e4df9b77503 [term 1 FOLLOWER]: Leader election won for term 1
I20260812 06:36:21.831473  1933 raft_consensus.cc:697] T a1e52f326c694f0b90ac6881f64e7a1d P 6525596b957241d29a775e4df9b77503 [term 1 LEADER]: Becoming Leader. State: Replica: 6525596b957241d29a775e4df9b77503, State: Running, Role: LEADER
I20260812 06:36:21.831506  1928 ts_tablet_manager.cc:1434] T a1e52f326c694f0b90ac6881f64e7a1d P 6525596b957241d29a775e4df9b77503: Time spent starting tablet: real 0.002s	user 0.000s	sys 0.000s
I20260812 06:36:21.831590  1933 consensus_queue.cc:237] T a1e52f326c694f0b90ac6881f64e7a1d P 6525596b957241d29a775e4df9b77503 [LEADER]: Queue going to LEADER mode. State: All replicated index: 0, Majority replicated index: 0, Committed index: 0, Last appended: 0.0, Last appended by leader: 0, Current term: 1, Majority size: 1, State: 0, Mode: LEADER, active raft config: opid_index: -1 OBSOLETE_local: true peers { permanent_uuid: "6525596b957241d29a775e4df9b77503" member_type: VOTER last_known_addr { host: "127.30.57.129" port: 41337 } }
I20260812 06:36:21.833377  1592 catalog_manager.cc:5719] T a1e52f326c694f0b90ac6881f64e7a1d P 6525596b957241d29a775e4df9b77503 reported cstate change: term changed from 0 to 1, leader changed from <none> to 6525596b957241d29a775e4df9b77503 (127.30.57.129). New cstate: current_term: 1 leader_uuid: "6525596b957241d29a775e4df9b77503" committed_config { opid_index: -1 OBSOLETE_local: true peers { permanent_uuid: "6525596b957241d29a775e4df9b77503" member_type: VOTER last_known_addr { host: "127.30.57.129" port: 41337 } health_report { overall_health: HEALTHY } } }
I20260812 06:36:21.857245  1592 catalog_manager.cc:2283] Servicing CreateTable request from {username='test-admin', principal='test-admin@KRBTEST.COM'} at 127.0.0.1:43320:
name: "Table.TestAddMasterSysCatalogCopy/1.19"
schema {
  columns {
    name: "key"
    type: INT32
    is_key: true
    is_nullable: false
    encoding: AUTO_ENCODING
    compression: DEFAULT_COMPRESSION
    cfile_block_size: 0
    immutable: false
  }
}
num_replicas: 1
split_rows_range_bounds {
}
partition_schema {
  range_schema {
    columns {
      name: "key"
    }
  }
}
I20260812 06:36:21.862247  1798 tablet_service.cc:1511] Processing CreateTablet for tablet cc8408060f204bb6bc18771eeb0dd4e4 (DEFAULT_TABLE table=Table.TestAddMasterSysCatalogCopy/1.19 [id=a671789273d74c4c836156d054dda60a]), partition=RANGE (key) PARTITION UNBOUNDED
I20260812 06:36:21.862617  1798 data_dirs.cc:400] Could only allocate 1 dirs of requested 3 for tablet cc8408060f204bb6bc18771eeb0dd4e4. 1 dirs total, 0 dirs full, 0 dirs failed
I20260812 06:36:21.864308  1928 tablet_bootstrap.cc:492] T cc8408060f204bb6bc18771eeb0dd4e4 P 6525596b957241d29a775e4df9b77503: Bootstrap starting.
I20260812 06:36:21.865227  1928 tablet_bootstrap.cc:654] T cc8408060f204bb6bc18771eeb0dd4e4 P 6525596b957241d29a775e4df9b77503: Neither blocks nor log segments found. Creating new log.
I20260812 06:36:21.866362  1928 tablet_bootstrap.cc:492] T cc8408060f204bb6bc18771eeb0dd4e4 P 6525596b957241d29a775e4df9b77503: No bootstrap required, opened a new log
I20260812 06:36:21.866474  1928 ts_tablet_manager.cc:1403] T cc8408060f204bb6bc18771eeb0dd4e4 P 6525596b957241d29a775e4df9b77503: Time spent bootstrapping tablet: real 0.002s	user 0.002s	sys 0.000s
I20260812 06:36:21.866925  1928 raft_consensus.cc:359] T cc8408060f204bb6bc18771eeb0dd4e4 P 6525596b957241d29a775e4df9b77503 [term 0 FOLLOWER]: Replica starting. Triggering 0 pending ops. Active config: opid_index: -1 OBSOLETE_local: true peers { permanent_uuid: "6525596b957241d29a775e4df9b77503" member_type: VOTER last_known_addr { host: "127.30.57.129" port: 41337 } }
I20260812 06:36:21.867041  1928 raft_consensus.cc:385] T cc8408060f204bb6bc18771eeb0dd4e4 P 6525596b957241d29a775e4df9b77503 [term 0 FOLLOWER]: Consensus starting up: Expiring failure detector timer to make a prompt election more likely
I20260812 06:36:21.867094  1928 raft_consensus.cc:740] T cc8408060f204bb6bc18771eeb0dd4e4 P 6525596b957241d29a775e4df9b77503 [term 0 FOLLOWER]: Becoming Follower/Learner. State: Replica: 6525596b957241d29a775e4df9b77503, State: Initialized, Role: FOLLOWER
I20260812 06:36:21.867238  1928 consensus_queue.cc:260] T cc8408060f204bb6bc18771eeb0dd4e4 P 6525596b957241d29a775e4df9b77503 [NON_LEADER]: Queue going to NON_LEADER mode. State: All replicated index: 0, Majority replicated index: 0, Committed index: 0, Last appended: 0.0, Last appended by leader: 0, Current term: 0, Majority size: -1, State: 0, Mode: NON_LEADER, active raft config: opid_index: -1 OBSOLETE_local: true peers { permanent_uuid: "6525596b957241d29a775e4df9b77503" member_type: VOTER last_known_addr { host: "127.30.57.129" port: 41337 } }
I20260812 06:36:21.867348  1928 raft_consensus.cc:399] T cc8408060f204bb6bc18771eeb0dd4e4 P 6525596b957241d29a775e4df9b77503 [term 0 FOLLOWER]: Only one voter in the Raft config. Triggering election immediately
I20260812 06:36:21.867393  1928 raft_consensus.cc:493] T cc8408060f204bb6bc18771eeb0dd4e4 P 6525596b957241d29a775e4df9b77503 [term 0 FOLLOWER]: Starting leader election (initial election of a single-replica configuration)
I20260812 06:36:21.867443  1928 raft_consensus.cc:3060] T cc8408060f204bb6bc18771eeb0dd4e4 P 6525596b957241d29a775e4df9b77503 [term 0 FOLLOWER]: Advancing to term 1
I20260812 06:36:21.868134  1928 raft_consensus.cc:515] T cc8408060f204bb6bc18771eeb0dd4e4 P 6525596b957241d29a775e4df9b77503 [term 1 FOLLOWER]: Starting leader election with config: opid_index: -1 OBSOLETE_local: true peers { permanent_uuid: "6525596b957241d29a775e4df9b77503" member_type: VOTER last_known_addr { host: "127.30.57.129" port: 41337 } }
I20260812 06:36:21.868238  1928 leader_election.cc:304] T cc8408060f204bb6bc18771eeb0dd4e4 P 6525596b957241d29a775e4df9b77503 [CANDIDATE]: Term 1 election: Election decided. Result: candidate won. Election summary: received 1 responses out of 1 voters: 1 yes votes; 0 no votes. yes voters: 6525596b957241d29a775e4df9b77503; no voters: 
I20260812 06:36:21.868409  1928 leader_election.cc:290] T cc8408060f204bb6bc18771eeb0dd4e4 P 6525596b957241d29a775e4df9b77503 [CANDIDATE]: Term 1 election: Requested vote from peers 
I20260812 06:36:21.868515  1933 raft_consensus.cc:2804] T cc8408060f204bb6bc18771eeb0dd4e4 P 6525596b957241d29a775e4df9b77503 [term 1 FOLLOWER]: Leader election won for term 1
I20260812 06:36:21.868631  1933 raft_consensus.cc:697] T cc8408060f204bb6bc18771eeb0dd4e4 P 6525596b957241d29a775e4df9b77503 [term 1 LEADER]: Becoming Leader. State: Replica: 6525596b957241d29a775e4df9b77503, State: Running, Role: LEADER
I20260812 06:36:21.868682  1928 ts_tablet_manager.cc:1434] T cc8408060f204bb6bc18771eeb0dd4e4 P 6525596b957241d29a775e4df9b77503: Time spent starting tablet: real 0.002s	user 0.002s	sys 0.000s
I20260812 06:36:21.868738  1933 consensus_queue.cc:237] T cc8408060f204bb6bc18771eeb0dd4e4 P 6525596b957241d29a775e4df9b77503 [LEADER]: Queue going to LEADER mode. State: All replicated index: 0, Majority replicated index: 0, Committed index: 0, Last appended: 0.0, Last appended by leader: 0, Current term: 1, Majority size: 1, State: 0, Mode: LEADER, active raft config: opid_index: -1 OBSOLETE_local: true peers { permanent_uuid: "6525596b957241d29a775e4df9b77503" member_type: VOTER last_known_addr { host: "127.30.57.129" port: 41337 } }
I20260812 06:36:21.870325  1592 catalog_manager.cc:5719] T cc8408060f204bb6bc18771eeb0dd4e4 P 6525596b957241d29a775e4df9b77503 reported cstate change: term changed from 0 to 1, leader changed from <none> to 6525596b957241d29a775e4df9b77503 (127.30.57.129). New cstate: current_term: 1 leader_uuid: "6525596b957241d29a775e4df9b77503" committed_config { opid_index: -1 OBSOLETE_local: true peers { permanent_uuid: "6525596b957241d29a775e4df9b77503" member_type: VOTER last_known_addr { host: "127.30.57.129" port: 41337 } health_report { overall_health: HEALTHY } } }
I20260812 06:36:21.889643  1592 catalog_manager.cc:2283] Servicing CreateTable request from {username='test-admin', principal='test-admin@KRBTEST.COM'} at 127.0.0.1:43328:
name: "Table.TestAddMasterSysCatalogCopy/1.20"
schema {
  columns {
    name: "key"
    type: INT32
    is_key: true
    is_nullable: false
    encoding: AUTO_ENCODING
    compression: DEFAULT_COMPRESSION
    cfile_block_size: 0
    immutable: false
  }
}
num_replicas: 1
split_rows_range_bounds {
}
partition_schema {
  range_schema {
    columns {
      name: "key"
    }
  }
}
I20260812 06:36:21.894798  1798 tablet_service.cc:1511] Processing CreateTablet for tablet 4af7031b160b42d5b94aa1729199052d (DEFAULT_TABLE table=Table.TestAddMasterSysCatalogCopy/1.20 [id=5a5dd877925d47149a5684e507a724a2]), partition=RANGE (key) PARTITION UNBOUNDED
I20260812 06:36:21.895156  1798 data_dirs.cc:400] Could only allocate 1 dirs of requested 3 for tablet 4af7031b160b42d5b94aa1729199052d. 1 dirs total, 0 dirs full, 0 dirs failed
I20260812 06:36:21.896934  1928 tablet_bootstrap.cc:492] T 4af7031b160b42d5b94aa1729199052d P 6525596b957241d29a775e4df9b77503: Bootstrap starting.
I20260812 06:36:21.898134  1928 tablet_bootstrap.cc:654] T 4af7031b160b42d5b94aa1729199052d P 6525596b957241d29a775e4df9b77503: Neither blocks nor log segments found. Creating new log.
I20260812 06:36:21.899180  1928 tablet_bootstrap.cc:492] T 4af7031b160b42d5b94aa1729199052d P 6525596b957241d29a775e4df9b77503: No bootstrap required, opened a new log
I20260812 06:36:21.899288  1928 ts_tablet_manager.cc:1403] T 4af7031b160b42d5b94aa1729199052d P 6525596b957241d29a775e4df9b77503: Time spent bootstrapping tablet: real 0.002s	user 0.002s	sys 0.000s
I20260812 06:36:21.899690  1928 raft_consensus.cc:359] T 4af7031b160b42d5b94aa1729199052d P 6525596b957241d29a775e4df9b77503 [term 0 FOLLOWER]: Replica starting. Triggering 0 pending ops. Active config: opid_index: -1 OBSOLETE_local: true peers { permanent_uuid: "6525596b957241d29a775e4df9b77503" member_type: VOTER last_known_addr { host: "127.30.57.129" port: 41337 } }
I20260812 06:36:21.899817  1928 raft_consensus.cc:385] T 4af7031b160b42d5b94aa1729199052d P 6525596b957241d29a775e4df9b77503 [term 0 FOLLOWER]: Consensus starting up: Expiring failure detector timer to make a prompt election more likely
I20260812 06:36:21.899855  1928 raft_consensus.cc:740] T 4af7031b160b42d5b94aa1729199052d P 6525596b957241d29a775e4df9b77503 [term 0 FOLLOWER]: Becoming Follower/Learner. State: Replica: 6525596b957241d29a775e4df9b77503, State: Initialized, Role: FOLLOWER
I20260812 06:36:21.900046  1928 consensus_queue.cc:260] T 4af7031b160b42d5b94aa1729199052d P 6525596b957241d29a775e4df9b77503 [NON_LEADER]: Queue going to NON_LEADER mode. State: All replicated index: 0, Majority replicated index: 0, Committed index: 0, Last appended: 0.0, Last appended by leader: 0, Current term: 0, Majority size: -1, State: 0, Mode: NON_LEADER, active raft config: opid_index: -1 OBSOLETE_local: true peers { permanent_uuid: "6525596b957241d29a775e4df9b77503" member_type: VOTER last_known_addr { host: "127.30.57.129" port: 41337 } }
I20260812 06:36:21.900182  1928 raft_consensus.cc:399] T 4af7031b160b42d5b94aa1729199052d P 6525596b957241d29a775e4df9b77503 [term 0 FOLLOWER]: Only one voter in the Raft config. Triggering election immediately
I20260812 06:36:21.900219  1928 raft_consensus.cc:493] T 4af7031b160b42d5b94aa1729199052d P 6525596b957241d29a775e4df9b77503 [term 0 FOLLOWER]: Starting leader election (initial election of a single-replica configuration)
I20260812 06:36:21.900288  1928 raft_consensus.cc:3060] T 4af7031b160b42d5b94aa1729199052d P 6525596b957241d29a775e4df9b77503 [term 0 FOLLOWER]: Advancing to term 1
I20260812 06:36:21.901062  1928 raft_consensus.cc:515] T 4af7031b160b42d5b94aa1729199052d P 6525596b957241d29a775e4df9b77503 [term 1 FOLLOWER]: Starting leader election with config: opid_index: -1 OBSOLETE_local: true peers { permanent_uuid: "6525596b957241d29a775e4df9b77503" member_type: VOTER last_known_addr { host: "127.30.57.129" port: 41337 } }
I20260812 06:36:21.901216  1928 leader_election.cc:304] T 4af7031b160b42d5b94aa1729199052d P 6525596b957241d29a775e4df9b77503 [CANDIDATE]: Term 1 election: Election decided. Result: candidate won. Election summary: received 1 responses out of 1 voters: 1 yes votes; 0 no votes. yes voters: 6525596b957241d29a775e4df9b77503; no voters: 
I20260812 06:36:21.901337  1928 leader_election.cc:290] T 4af7031b160b42d5b94aa1729199052d P 6525596b957241d29a775e4df9b77503 [CANDIDATE]: Term 1 election: Requested vote from peers 
I20260812 06:36:21.901435  1933 raft_consensus.cc:2804] T 4af7031b160b42d5b94aa1729199052d P 6525596b957241d29a775e4df9b77503 [term 1 FOLLOWER]: Leader election won for term 1
I20260812 06:36:21.901578  1933 raft_consensus.cc:697] T 4af7031b160b42d5b94aa1729199052d P 6525596b957241d29a775e4df9b77503 [term 1 LEADER]: Becoming Leader. State: Replica: 6525596b957241d29a775e4df9b77503, State: Running, Role: LEADER
I20260812 06:36:21.901610  1928 ts_tablet_manager.cc:1434] T 4af7031b160b42d5b94aa1729199052d P 6525596b957241d29a775e4df9b77503: Time spent starting tablet: real 0.002s	user 0.001s	sys 0.002s
I20260812 06:36:21.901695  1933 consensus_queue.cc:237] T 4af7031b160b42d5b94aa1729199052d P 6525596b957241d29a775e4df9b77503 [LEADER]: Queue going to LEADER mode. State: All replicated index: 0, Majority replicated index: 0, Committed index: 0, Last appended: 0.0, Last appended by leader: 0, Current term: 1, Majority size: 1, State: 0, Mode: LEADER, active raft config: opid_index: -1 OBSOLETE_local: true peers { permanent_uuid: "6525596b957241d29a775e4df9b77503" member_type: VOTER last_known_addr { host: "127.30.57.129" port: 41337 } }
I20260812 06:36:21.903376  1592 catalog_manager.cc:5719] T 4af7031b160b42d5b94aa1729199052d P 6525596b957241d29a775e4df9b77503 reported cstate change: term changed from 0 to 1, leader changed from <none> to 6525596b957241d29a775e4df9b77503 (127.30.57.129). New cstate: current_term: 1 leader_uuid: "6525596b957241d29a775e4df9b77503" committed_config { opid_index: -1 OBSOLETE_local: true peers { permanent_uuid: "6525596b957241d29a775e4df9b77503" member_type: VOTER last_known_addr { host: "127.30.57.129" port: 41337 } health_report { overall_health: HEALTHY } } }
I20260812 06:36:21.921669  1592 catalog_manager.cc:2283] Servicing CreateTable request from {username='test-admin', principal='test-admin@KRBTEST.COM'} at 127.0.0.1:43330:
name: "Table.TestAddMasterSysCatalogCopy/1.21"
schema {
  columns {
    name: "key"
    type: INT32
    is_key: true
    is_nullable: false
    encoding: AUTO_ENCODING
    compression: DEFAULT_COMPRESSION
    cfile_block_size: 0
    immutable: false
  }
}
num_replicas: 1
split_rows_range_bounds {
}
partition_schema {
  range_schema {
    columns {
      name: "key"
    }
  }
}
I20260812 06:36:21.926483  1798 tablet_service.cc:1511] Processing CreateTablet for tablet bdde57974a5c41728b542253150eb003 (DEFAULT_TABLE table=Table.TestAddMasterSysCatalogCopy/1.21 [id=e1f7876d217740d3a2fc3ffc02081042]), partition=RANGE (key) PARTITION UNBOUNDED
I20260812 06:36:21.926877  1798 data_dirs.cc:400] Could only allocate 1 dirs of requested 3 for tablet bdde57974a5c41728b542253150eb003. 1 dirs total, 0 dirs full, 0 dirs failed
I20260812 06:36:21.928658  1928 tablet_bootstrap.cc:492] T bdde57974a5c41728b542253150eb003 P 6525596b957241d29a775e4df9b77503: Bootstrap starting.
I20260812 06:36:21.928660  1573 maintenance_manager.cc:419] P d96462fe0eec468c8f081b0e08531b2f: Scheduling FlushMRSOp(00000000000000000000000000000000): perf score=0.000075
I20260812 06:36:21.929690  1928 tablet_bootstrap.cc:654] T bdde57974a5c41728b542253150eb003 P 6525596b957241d29a775e4df9b77503: Neither blocks nor log segments found. Creating new log.
I20260812 06:36:21.930969  1928 tablet_bootstrap.cc:492] T bdde57974a5c41728b542253150eb003 P 6525596b957241d29a775e4df9b77503: No bootstrap required, opened a new log
I20260812 06:36:21.931070  1928 ts_tablet_manager.cc:1403] T bdde57974a5c41728b542253150eb003 P 6525596b957241d29a775e4df9b77503: Time spent bootstrapping tablet: real 0.002s	user 0.001s	sys 0.001s
I20260812 06:36:21.931560  1928 raft_consensus.cc:359] T bdde57974a5c41728b542253150eb003 P 6525596b957241d29a775e4df9b77503 [term 0 FOLLOWER]: Replica starting. Triggering 0 pending ops. Active config: opid_index: -1 OBSOLETE_local: true peers { permanent_uuid: "6525596b957241d29a775e4df9b77503" member_type: VOTER last_known_addr { host: "127.30.57.129" port: 41337 } }
I20260812 06:36:21.931672  1928 raft_consensus.cc:385] T bdde57974a5c41728b542253150eb003 P 6525596b957241d29a775e4df9b77503 [term 0 FOLLOWER]: Consensus starting up: Expiring failure detector timer to make a prompt election more likely
I20260812 06:36:21.931720  1928 raft_consensus.cc:740] T bdde57974a5c41728b542253150eb003 P 6525596b957241d29a775e4df9b77503 [term 0 FOLLOWER]: Becoming Follower/Learner. State: Replica: 6525596b957241d29a775e4df9b77503, State: Initialized, Role: FOLLOWER
I20260812 06:36:21.931860  1928 consensus_queue.cc:260] T bdde57974a5c41728b542253150eb003 P 6525596b957241d29a775e4df9b77503 [NON_LEADER]: Queue going to NON_LEADER mode. State: All replicated index: 0, Majority replicated index: 0, Committed index: 0, Last appended: 0.0, Last appended by leader: 0, Current term: 0, Majority size: -1, State: 0, Mode: NON_LEADER, active raft config: opid_index: -1 OBSOLETE_local: true peers { permanent_uuid: "6525596b957241d29a775e4df9b77503" member_type: VOTER last_known_addr { host: "127.30.57.129" port: 41337 } }
I20260812 06:36:21.931981  1928 raft_consensus.cc:399] T bdde57974a5c41728b542253150eb003 P 6525596b957241d29a775e4df9b77503 [term 0 FOLLOWER]: Only one voter in the Raft config. Triggering election immediately
I20260812 06:36:21.932039  1928 raft_consensus.cc:493] T bdde57974a5c41728b542253150eb003 P 6525596b957241d29a775e4df9b77503 [term 0 FOLLOWER]: Starting leader election (initial election of a single-replica configuration)
I20260812 06:36:21.932096  1928 raft_consensus.cc:3060] T bdde57974a5c41728b542253150eb003 P 6525596b957241d29a775e4df9b77503 [term 0 FOLLOWER]: Advancing to term 1
I20260812 06:36:21.933044  1928 raft_consensus.cc:515] T bdde57974a5c41728b542253150eb003 P 6525596b957241d29a775e4df9b77503 [term 1 FOLLOWER]: Starting leader election with config: opid_index: -1 OBSOLETE_local: true peers { permanent_uuid: "6525596b957241d29a775e4df9b77503" member_type: VOTER last_known_addr { host: "127.30.57.129" port: 41337 } }
I20260812 06:36:21.933190  1928 leader_election.cc:304] T bdde57974a5c41728b542253150eb003 P 6525596b957241d29a775e4df9b77503 [CANDIDATE]: Term 1 election: Election decided. Result: candidate won. Election summary: received 1 responses out of 1 voters: 1 yes votes; 0 no votes. yes voters: 6525596b957241d29a775e4df9b77503; no voters: 
I20260812 06:36:21.933295  1928 leader_election.cc:290] T bdde57974a5c41728b542253150eb003 P 6525596b957241d29a775e4df9b77503 [CANDIDATE]: Term 1 election: Requested vote from peers 
I20260812 06:36:21.933355  1935 raft_consensus.cc:2804] T bdde57974a5c41728b542253150eb003 P 6525596b957241d29a775e4df9b77503 [term 1 FOLLOWER]: Leader election won for term 1
I20260812 06:36:21.933470  1935 raft_consensus.cc:697] T bdde57974a5c41728b542253150eb003 P 6525596b957241d29a775e4df9b77503 [term 1 LEADER]: Becoming Leader. State: Replica: 6525596b957241d29a775e4df9b77503, State: Running, Role: LEADER
I20260812 06:36:21.933637  1928 ts_tablet_manager.cc:1434] T bdde57974a5c41728b542253150eb003 P 6525596b957241d29a775e4df9b77503: Time spent starting tablet: real 0.003s	user 0.000s	sys 0.003s
I20260812 06:36:21.933616  1935 consensus_queue.cc:237] T bdde57974a5c41728b542253150eb003 P 6525596b957241d29a775e4df9b77503 [LEADER]: Queue going to LEADER mode. State: All replicated index: 0, Majority replicated index: 0, Committed index: 0, Last appended: 0.0, Last appended by leader: 0, Current term: 1, Majority size: 1, State: 0, Mode: LEADER, active raft config: opid_index: -1 OBSOLETE_local: true peers { permanent_uuid: "6525596b957241d29a775e4df9b77503" member_type: VOTER last_known_addr { host: "127.30.57.129" port: 41337 } }
I20260812 06:36:21.935225  1592 catalog_manager.cc:5719] T bdde57974a5c41728b542253150eb003 P 6525596b957241d29a775e4df9b77503 reported cstate change: term changed from 0 to 1, leader changed from <none> to 6525596b957241d29a775e4df9b77503 (127.30.57.129). New cstate: current_term: 1 leader_uuid: "6525596b957241d29a775e4df9b77503" committed_config { opid_index: -1 OBSOLETE_local: true peers { permanent_uuid: "6525596b957241d29a775e4df9b77503" member_type: VOTER last_known_addr { host: "127.30.57.129" port: 41337 } health_report { overall_health: HEALTHY } } }
I20260812 06:36:21.935762  1572 maintenance_manager.cc:643] P d96462fe0eec468c8f081b0e08531b2f: FlushMRSOp(00000000000000000000000000000000) complete. Timing: real 0.007s	user 0.005s	sys 0.000s Metrics: {"bytes_written":7786,"cfile_init":1,"dirs.queue_time_us":48,"dirs.run_cpu_time_us":157,"dirs.run_wall_time_us":1416,"drs_written":1,"lbm_read_time_us":377,"lbm_reads_lt_1ms":4,"lbm_write_time_us":720,"lbm_writes_lt_1ms":27,"peak_mem_usage":0,"rows_written":14}
I20260812 06:36:21.936347  1573 maintenance_manager.cc:419] P d96462fe0eec468c8f081b0e08531b2f: Scheduling CompactRowSetsOp(00000000000000000000000000000000): perf score=0.453797
I20260812 06:36:21.948194  1572 maintenance_manager.cc:643] P d96462fe0eec468c8f081b0e08531b2f: CompactRowSetsOp(00000000000000000000000000000000) complete. Timing: real 0.011s	user 0.011s	sys 0.000s Metrics: {"bytes_written":337,"cfile_cache_hit":13,"cfile_cache_hit_bytes":9226,"cfile_cache_miss":31,"cfile_cache_miss_bytes":14360,"cfile_init":9,"delete_count":0,"delta_iterators_relevant":6,"dirs.queue_time_us":670,"dirs.run_cpu_time_us":164,"dirs.run_wall_time_us":1075,"drs_written":1,"lbm_read_time_us":622,"lbm_reads_lt_1ms":67,"lbm_write_time_us":677,"lbm_writes_lt_1ms":31,"mutex_wait_us":131,"num_input_rowsets":2,"peak_mem_usage":65536,"reinsert_count":0,"rows_written":45,"spinlock_wait_cycles":8704,"update_count":1}
I20260812 06:36:21.948925  1573 maintenance_manager.cc:419] P d96462fe0eec468c8f081b0e08531b2f: Scheduling UndoDeltaBlockGCOp(00000000000000000000000000000000): 2042 bytes on disk
I20260812 06:36:21.949309  1572 maintenance_manager.cc:643] P d96462fe0eec468c8f081b0e08531b2f: UndoDeltaBlockGCOp(00000000000000000000000000000000) complete. Timing: real 0.000s	user 0.000s	sys 0.000s Metrics: {"cfile_init":1,"lbm_read_time_us":49,"lbm_reads_lt_1ms":4}
I20260812 06:36:21.955916  1592 catalog_manager.cc:2283] Servicing CreateTable request from {username='test-admin', principal='test-admin@KRBTEST.COM'} at 127.0.0.1:43340:
name: "Table.TestAddMasterSysCatalogCopy/1.22"
schema {
  columns {
    name: "key"
    type: INT32
    is_key: true
    is_nullable: false
    encoding: AUTO_ENCODING
    compression: DEFAULT_COMPRESSION
    cfile_block_size: 0
    immutable: false
  }
}
num_replicas: 1
split_rows_range_bounds {
}
partition_schema {
  range_schema {
    columns {
      name: "key"
    }
  }
}
I20260812 06:36:21.961025  1798 tablet_service.cc:1511] Processing CreateTablet for tablet f2d154605a2e441e9f0cd2bc111eab97 (DEFAULT_TABLE table=Table.TestAddMasterSysCatalogCopy/1.22 [id=96a071b0d0cc478eb4deff7194cc002b]), partition=RANGE (key) PARTITION UNBOUNDED
I20260812 06:36:21.961373  1798 data_dirs.cc:400] Could only allocate 1 dirs of requested 3 for tablet f2d154605a2e441e9f0cd2bc111eab97. 1 dirs total, 0 dirs full, 0 dirs failed
I20260812 06:36:21.963091  1928 tablet_bootstrap.cc:492] T f2d154605a2e441e9f0cd2bc111eab97 P 6525596b957241d29a775e4df9b77503: Bootstrap starting.
I20260812 06:36:21.964111  1928 tablet_bootstrap.cc:654] T f2d154605a2e441e9f0cd2bc111eab97 P 6525596b957241d29a775e4df9b77503: Neither blocks nor log segments found. Creating new log.
I20260812 06:36:21.965191  1928 tablet_bootstrap.cc:492] T f2d154605a2e441e9f0cd2bc111eab97 P 6525596b957241d29a775e4df9b77503: No bootstrap required, opened a new log
I20260812 06:36:21.965301  1928 ts_tablet_manager.cc:1403] T f2d154605a2e441e9f0cd2bc111eab97 P 6525596b957241d29a775e4df9b77503: Time spent bootstrapping tablet: real 0.002s	user 0.002s	sys 0.000s
I20260812 06:36:21.965708  1928 raft_consensus.cc:359] T f2d154605a2e441e9f0cd2bc111eab97 P 6525596b957241d29a775e4df9b77503 [term 0 FOLLOWER]: Replica starting. Triggering 0 pending ops. Active config: opid_index: -1 OBSOLETE_local: true peers { permanent_uuid: "6525596b957241d29a775e4df9b77503" member_type: VOTER last_known_addr { host: "127.30.57.129" port: 41337 } }
I20260812 06:36:21.965819  1928 raft_consensus.cc:385] T f2d154605a2e441e9f0cd2bc111eab97 P 6525596b957241d29a775e4df9b77503 [term 0 FOLLOWER]: Consensus starting up: Expiring failure detector timer to make a prompt election more likely
I20260812 06:36:21.965864  1928 raft_consensus.cc:740] T f2d154605a2e441e9f0cd2bc111eab97 P 6525596b957241d29a775e4df9b77503 [term 0 FOLLOWER]: Becoming Follower/Learner. State: Replica: 6525596b957241d29a775e4df9b77503, State: Initialized, Role: FOLLOWER
I20260812 06:36:21.966029  1928 consensus_queue.cc:260] T f2d154605a2e441e9f0cd2bc111eab97 P 6525596b957241d29a775e4df9b77503 [NON_LEADER]: Queue going to NON_LEADER mode. State: All replicated index: 0, Majority replicated index: 0, Committed index: 0, Last appended: 0.0, Last appended by leader: 0, Current term: 0, Majority size: -1, State: 0, Mode: NON_LEADER, active raft config: opid_index: -1 OBSOLETE_local: true peers { permanent_uuid: "6525596b957241d29a775e4df9b77503" member_type: VOTER last_known_addr { host: "127.30.57.129" port: 41337 } }
I20260812 06:36:21.966123  1928 raft_consensus.cc:399] T f2d154605a2e441e9f0cd2bc111eab97 P 6525596b957241d29a775e4df9b77503 [term 0 FOLLOWER]: Only one voter in the Raft config. Triggering election immediately
I20260812 06:36:21.966166  1928 raft_consensus.cc:493] T f2d154605a2e441e9f0cd2bc111eab97 P 6525596b957241d29a775e4df9b77503 [term 0 FOLLOWER]: Starting leader election (initial election of a single-replica configuration)
I20260812 06:36:21.966220  1928 raft_consensus.cc:3060] T f2d154605a2e441e9f0cd2bc111eab97 P 6525596b957241d29a775e4df9b77503 [term 0 FOLLOWER]: Advancing to term 1
I20260812 06:36:21.967127  1928 raft_consensus.cc:515] T f2d154605a2e441e9f0cd2bc111eab97 P 6525596b957241d29a775e4df9b77503 [term 1 FOLLOWER]: Starting leader election with config: opid_index: -1 OBSOLETE_local: true peers { permanent_uuid: "6525596b957241d29a775e4df9b77503" member_type: VOTER last_known_addr { host: "127.30.57.129" port: 41337 } }
I20260812 06:36:21.967279  1928 leader_election.cc:304] T f2d154605a2e441e9f0cd2bc111eab97 P 6525596b957241d29a775e4df9b77503 [CANDIDATE]: Term 1 election: Election decided. Result: candidate won. Election summary: received 1 responses out of 1 voters: 1 yes votes; 0 no votes. yes voters: 6525596b957241d29a775e4df9b77503; no voters: 
I20260812 06:36:21.967403  1928 leader_election.cc:290] T f2d154605a2e441e9f0cd2bc111eab97 P 6525596b957241d29a775e4df9b77503 [CANDIDATE]: Term 1 election: Requested vote from peers 
I20260812 06:36:21.967500  1935 raft_consensus.cc:2804] T f2d154605a2e441e9f0cd2bc111eab97 P 6525596b957241d29a775e4df9b77503 [term 1 FOLLOWER]: Leader election won for term 1
I20260812 06:36:21.967623  1935 raft_consensus.cc:697] T f2d154605a2e441e9f0cd2bc111eab97 P 6525596b957241d29a775e4df9b77503 [term 1 LEADER]: Becoming Leader. State: Replica: 6525596b957241d29a775e4df9b77503, State: Running, Role: LEADER
I20260812 06:36:21.967690  1928 ts_tablet_manager.cc:1434] T f2d154605a2e441e9f0cd2bc111eab97 P 6525596b957241d29a775e4df9b77503: Time spent starting tablet: real 0.002s	user 0.000s	sys 0.000s
I20260812 06:36:21.967738  1935 consensus_queue.cc:237] T f2d154605a2e441e9f0cd2bc111eab97 P 6525596b957241d29a775e4df9b77503 [LEADER]: Queue going to LEADER mode. State: All replicated index: 0, Majority replicated index: 0, Committed index: 0, Last appended: 0.0, Last appended by leader: 0, Current term: 1, Majority size: 1, State: 0, Mode: LEADER, active raft config: opid_index: -1 OBSOLETE_local: true peers { permanent_uuid: "6525596b957241d29a775e4df9b77503" member_type: VOTER last_known_addr { host: "127.30.57.129" port: 41337 } }
I20260812 06:36:21.969465  1592 catalog_manager.cc:5719] T f2d154605a2e441e9f0cd2bc111eab97 P 6525596b957241d29a775e4df9b77503 reported cstate change: term changed from 0 to 1, leader changed from <none> to 6525596b957241d29a775e4df9b77503 (127.30.57.129). New cstate: current_term: 1 leader_uuid: "6525596b957241d29a775e4df9b77503" committed_config { opid_index: -1 OBSOLETE_local: true peers { permanent_uuid: "6525596b957241d29a775e4df9b77503" member_type: VOTER last_known_addr { host: "127.30.57.129" port: 41337 } health_report { overall_health: HEALTHY } } }
I20260812 06:36:21.988199  1592 catalog_manager.cc:2283] Servicing CreateTable request from {username='test-admin', principal='test-admin@KRBTEST.COM'} at 127.0.0.1:43342:
name: "Table.TestAddMasterSysCatalogCopy/1.23"
schema {
  columns {
    name: "key"
    type: INT32
    is_key: true
    is_nullable: false
    encoding: AUTO_ENCODING
    compression: DEFAULT_COMPRESSION
    cfile_block_size: 0
    immutable: false
  }
}
num_replicas: 1
split_rows_range_bounds {
}
partition_schema {
  range_schema {
    columns {
      name: "key"
    }
  }
}
I20260812 06:36:21.993062  1798 tablet_service.cc:1511] Processing CreateTablet for tablet f1e8d1e0651948339cc55e5617a7b2c1 (DEFAULT_TABLE table=Table.TestAddMasterSysCatalogCopy/1.23 [id=54f3b6b180834943954e3feaec93fa3c]), partition=RANGE (key) PARTITION UNBOUNDED
I20260812 06:36:21.993440  1798 data_dirs.cc:400] Could only allocate 1 dirs of requested 3 for tablet f1e8d1e0651948339cc55e5617a7b2c1. 1 dirs total, 0 dirs full, 0 dirs failed
I20260812 06:36:21.995141  1928 tablet_bootstrap.cc:492] T f1e8d1e0651948339cc55e5617a7b2c1 P 6525596b957241d29a775e4df9b77503: Bootstrap starting.
I20260812 06:36:21.996428  1928 tablet_bootstrap.cc:654] T f1e8d1e0651948339cc55e5617a7b2c1 P 6525596b957241d29a775e4df9b77503: Neither blocks nor log segments found. Creating new log.
I20260812 06:36:21.997423  1928 tablet_bootstrap.cc:492] T f1e8d1e0651948339cc55e5617a7b2c1 P 6525596b957241d29a775e4df9b77503: No bootstrap required, opened a new log
I20260812 06:36:21.997495  1928 ts_tablet_manager.cc:1403] T f1e8d1e0651948339cc55e5617a7b2c1 P 6525596b957241d29a775e4df9b77503: Time spent bootstrapping tablet: real 0.002s	user 0.000s	sys 0.002s
I20260812 06:36:21.997920  1928 raft_consensus.cc:359] T f1e8d1e0651948339cc55e5617a7b2c1 P 6525596b957241d29a775e4df9b77503 [term 0 FOLLOWER]: Replica starting. Triggering 0 pending ops. Active config: opid_index: -1 OBSOLETE_local: true peers { permanent_uuid: "6525596b957241d29a775e4df9b77503" member_type: VOTER last_known_addr { host: "127.30.57.129" port: 41337 } }
I20260812 06:36:21.998006  1928 raft_consensus.cc:385] T f1e8d1e0651948339cc55e5617a7b2c1 P 6525596b957241d29a775e4df9b77503 [term 0 FOLLOWER]: Consensus starting up: Expiring failure detector timer to make a prompt election more likely
I20260812 06:36:21.998050  1928 raft_consensus.cc:740] T f1e8d1e0651948339cc55e5617a7b2c1 P 6525596b957241d29a775e4df9b77503 [term 0 FOLLOWER]: Becoming Follower/Learner. State: Replica: 6525596b957241d29a775e4df9b77503, State: Initialized, Role: FOLLOWER
I20260812 06:36:21.998199  1928 consensus_queue.cc:260] T f1e8d1e0651948339cc55e5617a7b2c1 P 6525596b957241d29a775e4df9b77503 [NON_LEADER]: Queue going to NON_LEADER mode. State: All replicated index: 0, Majority replicated index: 0, Committed index: 0, Last appended: 0.0, Last appended by leader: 0, Current term: 0, Majority size: -1, State: 0, Mode: NON_LEADER, active raft config: opid_index: -1 OBSOLETE_local: true peers { permanent_uuid: "6525596b957241d29a775e4df9b77503" member_type: VOTER last_known_addr { host: "127.30.57.129" port: 41337 } }
I20260812 06:36:21.998266  1928 raft_consensus.cc:399] T f1e8d1e0651948339cc55e5617a7b2c1 P 6525596b957241d29a775e4df9b77503 [term 0 FOLLOWER]: Only one voter in the Raft config. Triggering election immediately
I20260812 06:36:21.998324  1928 raft_consensus.cc:493] T f1e8d1e0651948339cc55e5617a7b2c1 P 6525596b957241d29a775e4df9b77503 [term 0 FOLLOWER]: Starting leader election (initial election of a single-replica configuration)
I20260812 06:36:21.998376  1928 raft_consensus.cc:3060] T f1e8d1e0651948339cc55e5617a7b2c1 P 6525596b957241d29a775e4df9b77503 [term 0 FOLLOWER]: Advancing to term 1
I20260812 06:36:21.999246  1928 raft_consensus.cc:515] T f1e8d1e0651948339cc55e5617a7b2c1 P 6525596b957241d29a775e4df9b77503 [term 1 FOLLOWER]: Starting leader election with config: opid_index: -1 OBSOLETE_local: true peers { permanent_uuid: "6525596b957241d29a775e4df9b77503" member_type: VOTER last_known_addr { host: "127.30.57.129" port: 41337 } }
I20260812 06:36:21.999392  1928 leader_election.cc:304] T f1e8d1e0651948339cc55e5617a7b2c1 P 6525596b957241d29a775e4df9b77503 [CANDIDATE]: Term 1 election: Election decided. Result: candidate won. Election summary: received 1 responses out of 1 voters: 1 yes votes; 0 no votes. yes voters: 6525596b957241d29a775e4df9b77503; no voters: 
I20260812 06:36:21.999511  1928 leader_election.cc:290] T f1e8d1e0651948339cc55e5617a7b2c1 P 6525596b957241d29a775e4df9b77503 [CANDIDATE]: Term 1 election: Requested vote from peers 
I20260812 06:36:21.999604  1935 raft_consensus.cc:2804] T f1e8d1e0651948339cc55e5617a7b2c1 P 6525596b957241d29a775e4df9b77503 [term 1 FOLLOWER]: Leader election won for term 1
I20260812 06:36:21.999708  1935 raft_consensus.cc:697] T f1e8d1e0651948339cc55e5617a7b2c1 P 6525596b957241d29a775e4df9b77503 [term 1 LEADER]: Becoming Leader. State: Replica: 6525596b957241d29a775e4df9b77503, State: Running, Role: LEADER
I20260812 06:36:21.999775  1928 ts_tablet_manager.cc:1434] T f1e8d1e0651948339cc55e5617a7b2c1 P 6525596b957241d29a775e4df9b77503: Time spent starting tablet: real 0.002s	user 0.000s	sys 0.000s
I20260812 06:36:21.999817  1935 consensus_queue.cc:237] T f1e8d1e0651948339cc55e5617a7b2c1 P 6525596b957241d29a775e4df9b77503 [LEADER]: Queue going to LEADER mode. State: All replicated index: 0, Majority replicated index: 0, Committed index: 0, Last appended: 0.0, Last appended by leader: 0, Current term: 1, Majority size: 1, State: 0, Mode: LEADER, active raft config: opid_index: -1 OBSOLETE_local: true peers { permanent_uuid: "6525596b957241d29a775e4df9b77503" member_type: VOTER last_known_addr { host: "127.30.57.129" port: 41337 } }
I20260812 06:36:22.001482  1592 catalog_manager.cc:5719] T f1e8d1e0651948339cc55e5617a7b2c1 P 6525596b957241d29a775e4df9b77503 reported cstate change: term changed from 0 to 1, leader changed from <none> to 6525596b957241d29a775e4df9b77503 (127.30.57.129). New cstate: current_term: 1 leader_uuid: "6525596b957241d29a775e4df9b77503" committed_config { opid_index: -1 OBSOLETE_local: true peers { permanent_uuid: "6525596b957241d29a775e4df9b77503" member_type: VOTER last_known_addr { host: "127.30.57.129" port: 41337 } health_report { overall_health: HEALTHY } } }
I20260812 06:36:22.020535  1592 catalog_manager.cc:2283] Servicing CreateTable request from {username='test-admin', principal='test-admin@KRBTEST.COM'} at 127.0.0.1:43348:
name: "Table.TestAddMasterSysCatalogCopy/1.24"
schema {
  columns {
    name: "key"
    type: INT32
    is_key: true
    is_nullable: false
    encoding: AUTO_ENCODING
    compression: DEFAULT_COMPRESSION
    cfile_block_size: 0
    immutable: false
  }
}
num_replicas: 1
split_rows_range_bounds {
}
partition_schema {
  range_schema {
    columns {
      name: "key"
    }
  }
}
I20260812 06:36:22.025449  1798 tablet_service.cc:1511] Processing CreateTablet for tablet 80f731f859944ac8a5f8ab039e8fb2fc (DEFAULT_TABLE table=Table.TestAddMasterSysCatalogCopy/1.24 [id=808e757442ab47ecbd59f3f74f546d99]), partition=RANGE (key) PARTITION UNBOUNDED
I20260812 06:36:22.025791  1798 data_dirs.cc:400] Could only allocate 1 dirs of requested 3 for tablet 80f731f859944ac8a5f8ab039e8fb2fc. 1 dirs total, 0 dirs full, 0 dirs failed
I20260812 06:36:22.027451  1928 tablet_bootstrap.cc:492] T 80f731f859944ac8a5f8ab039e8fb2fc P 6525596b957241d29a775e4df9b77503: Bootstrap starting.
I20260812 06:36:22.028617  1928 tablet_bootstrap.cc:654] T 80f731f859944ac8a5f8ab039e8fb2fc P 6525596b957241d29a775e4df9b77503: Neither blocks nor log segments found. Creating new log.
I20260812 06:36:22.029675  1928 tablet_bootstrap.cc:492] T 80f731f859944ac8a5f8ab039e8fb2fc P 6525596b957241d29a775e4df9b77503: No bootstrap required, opened a new log
I20260812 06:36:22.029748  1928 ts_tablet_manager.cc:1403] T 80f731f859944ac8a5f8ab039e8fb2fc P 6525596b957241d29a775e4df9b77503: Time spent bootstrapping tablet: real 0.002s	user 0.002s	sys 0.000s
I20260812 06:36:22.030084  1928 raft_consensus.cc:359] T 80f731f859944ac8a5f8ab039e8fb2fc P 6525596b957241d29a775e4df9b77503 [term 0 FOLLOWER]: Replica starting. Triggering 0 pending ops. Active config: opid_index: -1 OBSOLETE_local: true peers { permanent_uuid: "6525596b957241d29a775e4df9b77503" member_type: VOTER last_known_addr { host: "127.30.57.129" port: 41337 } }
I20260812 06:36:22.030169  1928 raft_consensus.cc:385] T 80f731f859944ac8a5f8ab039e8fb2fc P 6525596b957241d29a775e4df9b77503 [term 0 FOLLOWER]: Consensus starting up: Expiring failure detector timer to make a prompt election more likely
I20260812 06:36:22.030190  1928 raft_consensus.cc:740] T 80f731f859944ac8a5f8ab039e8fb2fc P 6525596b957241d29a775e4df9b77503 [term 0 FOLLOWER]: Becoming Follower/Learner. State: Replica: 6525596b957241d29a775e4df9b77503, State: Initialized, Role: FOLLOWER
I20260812 06:36:22.030287  1928 consensus_queue.cc:260] T 80f731f859944ac8a5f8ab039e8fb2fc P 6525596b957241d29a775e4df9b77503 [NON_LEADER]: Queue going to NON_LEADER mode. State: All replicated index: 0, Majority replicated index: 0, Committed index: 0, Last appended: 0.0, Last appended by leader: 0, Current term: 0, Majority size: -1, State: 0, Mode: NON_LEADER, active raft config: opid_index: -1 OBSOLETE_local: true peers { permanent_uuid: "6525596b957241d29a775e4df9b77503" member_type: VOTER last_known_addr { host: "127.30.57.129" port: 41337 } }
I20260812 06:36:22.030344  1928 raft_consensus.cc:399] T 80f731f859944ac8a5f8ab039e8fb2fc P 6525596b957241d29a775e4df9b77503 [term 0 FOLLOWER]: Only one voter in the Raft config. Triggering election immediately
I20260812 06:36:22.030365  1928 raft_consensus.cc:493] T 80f731f859944ac8a5f8ab039e8fb2fc P 6525596b957241d29a775e4df9b77503 [term 0 FOLLOWER]: Starting leader election (initial election of a single-replica configuration)
I20260812 06:36:22.030443  1928 raft_consensus.cc:3060] T 80f731f859944ac8a5f8ab039e8fb2fc P 6525596b957241d29a775e4df9b77503 [term 0 FOLLOWER]: Advancing to term 1
I20260812 06:36:22.031379  1928 raft_consensus.cc:515] T 80f731f859944ac8a5f8ab039e8fb2fc P 6525596b957241d29a775e4df9b77503 [term 1 FOLLOWER]: Starting leader election with config: opid_index: -1 OBSOLETE_local: true peers { permanent_uuid: "6525596b957241d29a775e4df9b77503" member_type: VOTER last_known_addr { host: "127.30.57.129" port: 41337 } }
I20260812 06:36:22.031507  1928 leader_election.cc:304] T 80f731f859944ac8a5f8ab039e8fb2fc P 6525596b957241d29a775e4df9b77503 [CANDIDATE]: Term 1 election: Election decided. Result: candidate won. Election summary: received 1 responses out of 1 voters: 1 yes votes; 0 no votes. yes voters: 6525596b957241d29a775e4df9b77503; no voters: 
I20260812 06:36:22.031608  1928 leader_election.cc:290] T 80f731f859944ac8a5f8ab039e8fb2fc P 6525596b957241d29a775e4df9b77503 [CANDIDATE]: Term 1 election: Requested vote from peers 
I20260812 06:36:22.031656  1933 raft_consensus.cc:2804] T 80f731f859944ac8a5f8ab039e8fb2fc P 6525596b957241d29a775e4df9b77503 [term 1 FOLLOWER]: Leader election won for term 1
I20260812 06:36:22.031747  1933 raft_consensus.cc:697] T 80f731f859944ac8a5f8ab039e8fb2fc P 6525596b957241d29a775e4df9b77503 [term 1 LEADER]: Becoming Leader. State: Replica: 6525596b957241d29a775e4df9b77503, State: Running, Role: LEADER
I20260812 06:36:22.031864  1933 consensus_queue.cc:237] T 80f731f859944ac8a5f8ab039e8fb2fc P 6525596b957241d29a775e4df9b77503 [LEADER]: Queue going to LEADER mode. State: All replicated index: 0, Majority replicated index: 0, Committed index: 0, Last appended: 0.0, Last appended by leader: 0, Current term: 1, Majority size: 1, State: 0, Mode: LEADER, active raft config: opid_index: -1 OBSOLETE_local: true peers { permanent_uuid: "6525596b957241d29a775e4df9b77503" member_type: VOTER last_known_addr { host: "127.30.57.129" port: 41337 } }
I20260812 06:36:22.031980  1928 ts_tablet_manager.cc:1434] T 80f731f859944ac8a5f8ab039e8fb2fc P 6525596b957241d29a775e4df9b77503: Time spent starting tablet: real 0.002s	user 0.002s	sys 0.000s
I20260812 06:36:22.033696  1592 catalog_manager.cc:5719] T 80f731f859944ac8a5f8ab039e8fb2fc P 6525596b957241d29a775e4df9b77503 reported cstate change: term changed from 0 to 1, leader changed from <none> to 6525596b957241d29a775e4df9b77503 (127.30.57.129). New cstate: current_term: 1 leader_uuid: "6525596b957241d29a775e4df9b77503" committed_config { opid_index: -1 OBSOLETE_local: true peers { permanent_uuid: "6525596b957241d29a775e4df9b77503" member_type: VOTER last_known_addr { host: "127.30.57.129" port: 41337 } health_report { overall_health: HEALTHY } } }
I20260812 06:36:22.052085  1592 catalog_manager.cc:2283] Servicing CreateTable request from {username='test-admin', principal='test-admin@KRBTEST.COM'} at 127.0.0.1:43358:
name: "Table.TestAddMasterSysCatalogCopy/1.25"
schema {
  columns {
    name: "key"
    type: INT32
    is_key: true
    is_nullable: false
    encoding: AUTO_ENCODING
    compression: DEFAULT_COMPRESSION
    cfile_block_size: 0
    immutable: false
  }
}
num_replicas: 1
split_rows_range_bounds {
}
partition_schema {
  range_schema {
    columns {
      name: "key"
    }
  }
}
I20260812 06:36:22.057193  1798 tablet_service.cc:1511] Processing CreateTablet for tablet 5f02b9dbff564f6ab7ef8f37679a67f0 (DEFAULT_TABLE table=Table.TestAddMasterSysCatalogCopy/1.25 [id=c8b9914e53034ea1b8241e756474013c]), partition=RANGE (key) PARTITION UNBOUNDED
I20260812 06:36:22.057552  1798 data_dirs.cc:400] Could only allocate 1 dirs of requested 3 for tablet 5f02b9dbff564f6ab7ef8f37679a67f0. 1 dirs total, 0 dirs full, 0 dirs failed
I20260812 06:36:22.059296  1928 tablet_bootstrap.cc:492] T 5f02b9dbff564f6ab7ef8f37679a67f0 P 6525596b957241d29a775e4df9b77503: Bootstrap starting.
I20260812 06:36:22.060472  1928 tablet_bootstrap.cc:654] T 5f02b9dbff564f6ab7ef8f37679a67f0 P 6525596b957241d29a775e4df9b77503: Neither blocks nor log segments found. Creating new log.
I20260812 06:36:22.061498  1928 tablet_bootstrap.cc:492] T 5f02b9dbff564f6ab7ef8f37679a67f0 P 6525596b957241d29a775e4df9b77503: No bootstrap required, opened a new log
I20260812 06:36:22.061606  1928 ts_tablet_manager.cc:1403] T 5f02b9dbff564f6ab7ef8f37679a67f0 P 6525596b957241d29a775e4df9b77503: Time spent bootstrapping tablet: real 0.002s	user 0.002s	sys 0.000s
I20260812 06:36:22.062119  1928 raft_consensus.cc:359] T 5f02b9dbff564f6ab7ef8f37679a67f0 P 6525596b957241d29a775e4df9b77503 [term 0 FOLLOWER]: Replica starting. Triggering 0 pending ops. Active config: opid_index: -1 OBSOLETE_local: true peers { permanent_uuid: "6525596b957241d29a775e4df9b77503" member_type: VOTER last_known_addr { host: "127.30.57.129" port: 41337 } }
I20260812 06:36:22.062206  1928 raft_consensus.cc:385] T 5f02b9dbff564f6ab7ef8f37679a67f0 P 6525596b957241d29a775e4df9b77503 [term 0 FOLLOWER]: Consensus starting up: Expiring failure detector timer to make a prompt election more likely
I20260812 06:36:22.062264  1928 raft_consensus.cc:740] T 5f02b9dbff564f6ab7ef8f37679a67f0 P 6525596b957241d29a775e4df9b77503 [term 0 FOLLOWER]: Becoming Follower/Learner. State: Replica: 6525596b957241d29a775e4df9b77503, State: Initialized, Role: FOLLOWER
I20260812 06:36:22.062404  1928 consensus_queue.cc:260] T 5f02b9dbff564f6ab7ef8f37679a67f0 P 6525596b957241d29a775e4df9b77503 [NON_LEADER]: Queue going to NON_LEADER mode. State: All replicated index: 0, Majority replicated index: 0, Committed index: 0, Last appended: 0.0, Last appended by leader: 0, Current term: 0, Majority size: -1, State: 0, Mode: NON_LEADER, active raft config: opid_index: -1 OBSOLETE_local: true peers { permanent_uuid: "6525596b957241d29a775e4df9b77503" member_type: VOTER last_known_addr { host: "127.30.57.129" port: 41337 } }
I20260812 06:36:22.062516  1928 raft_consensus.cc:399] T 5f02b9dbff564f6ab7ef8f37679a67f0 P 6525596b957241d29a775e4df9b77503 [term 0 FOLLOWER]: Only one voter in the Raft config. Triggering election immediately
I20260812 06:36:22.062561  1928 raft_consensus.cc:493] T 5f02b9dbff564f6ab7ef8f37679a67f0 P 6525596b957241d29a775e4df9b77503 [term 0 FOLLOWER]: Starting leader election (initial election of a single-replica configuration)
I20260812 06:36:22.062628  1928 raft_consensus.cc:3060] T 5f02b9dbff564f6ab7ef8f37679a67f0 P 6525596b957241d29a775e4df9b77503 [term 0 FOLLOWER]: Advancing to term 1
I20260812 06:36:22.063442  1928 raft_consensus.cc:515] T 5f02b9dbff564f6ab7ef8f37679a67f0 P 6525596b957241d29a775e4df9b77503 [term 1 FOLLOWER]: Starting leader election with config: opid_index: -1 OBSOLETE_local: true peers { permanent_uuid: "6525596b957241d29a775e4df9b77503" member_type: VOTER last_known_addr { host: "127.30.57.129" port: 41337 } }
I20260812 06:36:22.063560  1928 leader_election.cc:304] T 5f02b9dbff564f6ab7ef8f37679a67f0 P 6525596b957241d29a775e4df9b77503 [CANDIDATE]: Term 1 election: Election decided. Result: candidate won. Election summary: received 1 responses out of 1 voters: 1 yes votes; 0 no votes. yes voters: 6525596b957241d29a775e4df9b77503; no voters: 
I20260812 06:36:22.063664  1928 leader_election.cc:290] T 5f02b9dbff564f6ab7ef8f37679a67f0 P 6525596b957241d29a775e4df9b77503 [CANDIDATE]: Term 1 election: Requested vote from peers 
I20260812 06:36:22.063714  1933 raft_consensus.cc:2804] T 5f02b9dbff564f6ab7ef8f37679a67f0 P 6525596b957241d29a775e4df9b77503 [term 1 FOLLOWER]: Leader election won for term 1
I20260812 06:36:22.063796  1933 raft_consensus.cc:697] T 5f02b9dbff564f6ab7ef8f37679a67f0 P 6525596b957241d29a775e4df9b77503 [term 1 LEADER]: Becoming Leader. State: Replica: 6525596b957241d29a775e4df9b77503, State: Running, Role: LEADER
I20260812 06:36:22.063920  1928 ts_tablet_manager.cc:1434] T 5f02b9dbff564f6ab7ef8f37679a67f0 P 6525596b957241d29a775e4df9b77503: Time spent starting tablet: real 0.002s	user 0.000s	sys 0.000s
