I20260812 06:37:12.419916 22918 ts_tablet_manager.cc:600] Registering tablets (0/3 complete)
I20260812 06:37:12.422900 22918 ts_tablet_manager.cc:616] Registered 3 tablets
I20260812 06:37:12.422945 22918 ts_tablet_manager.cc:595] Time spent register tablets: real 0.003s	user 0.000s	sys 0.000s
I20260812 06:37:12.432137 22963 tablet_bootstrap.cc:492] T 1c79584c466c4e8195cf19610dbf7680 P 4ed5be7462e1469c84f32f6ce9e4fd7a: Bootstrap starting.
I20260812 06:37:12.441298 22918 rpc_server.cc:307] RPC server started. Bound to: 127.17.81.67:44171
I20260812 06:37:12.442541 22918 server_base.cc:1193] Dumped server information to /tmp/dist-test-taskuhc_Je/test-tmp/linked_list-test.0.LinkedListTest.TestLoadAndVerify.1786516560516416-17733-0/linked-list-cluster/ts-2/data/info.pb
I20260812 06:37:12.451248 17733 external_mini_cluster.cc:1434] Started /tmp/dist-test-taskuhc_Je/build/debug/bin/kudu as pid 22918
I20260812 06:37:12.446393 22963 tablet_bootstrap.cc:720] T 1c79584c466c4e8195cf19610dbf7680 P 4ed5be7462e1469c84f32f6ce9e4fd7a: Previous recovery directory found at /tmp/dist-test-taskuhc_Je/test-tmp/linked_list-test.0.LinkedListTest.TestLoadAndVerify.1786516560516416-17733-0/linked-list-cluster/ts-2/wal/wals/1c79584c466c4e8195cf19610dbf7680.recovery: Replaying log files from this location instead of /tmp/dist-test-taskuhc_Je/test-tmp/linked_list-test.0.LinkedListTest.TestLoadAndVerify.1786516560516416-17733-0/linked-list-cluster/ts-2/wal/wals/1c79584c466c4e8195cf19610dbf7680
I20260812 06:37:12.455945 22963 tablet_bootstrap.cc:727] T 1c79584c466c4e8195cf19610dbf7680 P 4ed5be7462e1469c84f32f6ce9e4fd7a: Deleting old log files from previous recovery attempt in /tmp/dist-test-taskuhc_Je/test-tmp/linked_list-test.0.LinkedListTest.TestLoadAndVerify.1786516560516416-17733-0/linked-list-cluster/ts-2/wal/wals/1c79584c466c4e8195cf19610dbf7680
I20260812 06:37:12.447306 23157 acceptor_pool.cc:272] collecting diagnostics on the listening RPC socket 127.17.81.67:44171 every 8 connection(s)
I20260812 06:37:12.470073 23158 heartbeater.cc:344] Connected to a master server at 127.17.81.126:40009
I20260812 06:37:12.470322 23158 heartbeater.cc:461] Registering TS with master...
I20260812 06:37:12.470940 23158 heartbeater.cc:507] Master 127.17.81.126:40009 requested a full tablet report, sending...
I20260812 06:37:12.472918 17808 ts_manager.cc:194] Re-registered known tserver with Master: 4ed5be7462e1469c84f32f6ce9e4fd7a (127.17.81.67:44171)
I20260812 06:37:12.474149 17808 master_service.cc:502] Signed X509 certificate for tserver {username='slave'} at 127.17.81.67:45921
I20260812 06:37:12.476631 17733 external_mini_cluster.cc:955] 3 TS(s) registered with all masters
I20260812 06:37:12.484709 22963 log.cc:826] T 1c79584c466c4e8195cf19610dbf7680 P 4ed5be7462e1469c84f32f6ce9e4fd7a: Log is configured to *not* fsync() on all Append() calls
I20260812 06:37:12.502102 17733 linked_list-test-util.h:509] Verifying Snapshot: NOW Expected Rows: 85100
I20260812 06:37:12.995402 22675 heartbeater.cc:499] Master 127.17.81.126:40009 was elected leader, sending a full tablet report...
I20260812 06:37:13.153249 22477 tablet_bootstrap.cc:492] T 1c79584c466c4e8195cf19610dbf7680 P f900e30f16d44335abed18c1ad13ddf5: Bootstrap replayed 1/2 log segments. Stats: ops{read=1543 overwritten=0 applied=1543 ignored=907} inserts{seen=5406 ignored=0} mutations{seen=5402 ignored=0} orphaned_commits=0. Pending: 0 replicates
I20260812 06:37:13.192974 22912 heartbeater.cc:499] Master 127.17.81.126:40009 was elected leader, sending a full tablet report...
I20260812 06:37:13.223351 23180 scanners.cc:360] slow scan reporting is disabled: set --show_slow_scans to enable
I20260812 06:37:13.253257 23178 scanners.cc:360] slow scan reporting is disabled: set --show_slow_scans to enable
I20260812 06:37:13.261956 22683 scanners.cc:360] slow scan reporting is disabled: set --show_slow_scans to enable
I20260812 06:37:13.327993 22477 tablet_bootstrap.cc:492] T 1c79584c466c4e8195cf19610dbf7680 P f900e30f16d44335abed18c1ad13ddf5: Bootstrap replayed 2/2 log segments. Stats: ops{read=1706 overwritten=0 applied=1706 ignored=907} inserts{seen=6725 ignored=0} mutations{seen=6866 ignored=0} orphaned_commits=0. Pending: 0 replicates
I20260812 06:37:13.328351 22477 log.cc:1228] T 1c79584c466c4e8195cf19610dbf7680 P f900e30f16d44335abed18c1ad13ddf5: --skip_remove_old_recovery_dir enabled. NOT deleting /tmp/dist-test-taskuhc_Je/test-tmp/linked_list-test.0.LinkedListTest.TestLoadAndVerify.1786516560516416-17733-0/linked-list-cluster/ts-0/wal/wals/1c79584c466c4e8195cf19610dbf7680.recovery-1786516633328267
I20260812 06:37:13.328469 22477 tablet_bootstrap.cc:492] T 1c79584c466c4e8195cf19610dbf7680 P f900e30f16d44335abed18c1ad13ddf5: Bootstrap complete.
I20260812 06:37:13.328850 22477 ts_tablet_manager.cc:1403] T 1c79584c466c4e8195cf19610dbf7680 P f900e30f16d44335abed18c1ad13ddf5: Time spent bootstrapping tablet: real 1.361s	user 1.255s	sys 0.072s
I20260812 06:37:13.331697 22477 raft_consensus.cc:359] T 1c79584c466c4e8195cf19610dbf7680 P f900e30f16d44335abed18c1ad13ddf5 [term 6 FOLLOWER]: Replica starting. Triggering 0 pending ops. Active config: opid_index: -1 OBSOLETE_local: false peers { permanent_uuid: "f900e30f16d44335abed18c1ad13ddf5" member_type: VOTER last_known_addr { host: "127.17.81.65" port: 42435 } } peers { permanent_uuid: "78b6f7740e084669b5a937d447dcf056" member_type: VOTER last_known_addr { host: "127.17.81.66" port: 43139 } } peers { permanent_uuid: "4ed5be7462e1469c84f32f6ce9e4fd7a" member_type: VOTER last_known_addr { host: "127.17.81.67" port: 44171 } }
I20260812 06:37:13.332037 22477 raft_consensus.cc:740] T 1c79584c466c4e8195cf19610dbf7680 P f900e30f16d44335abed18c1ad13ddf5 [term 6 FOLLOWER]: Becoming Follower/Learner. State: Replica: f900e30f16d44335abed18c1ad13ddf5, State: Initialized, Role: FOLLOWER
I20260812 06:37:13.332605 22477 consensus_queue.cc:260] T 1c79584c466c4e8195cf19610dbf7680 P f900e30f16d44335abed18c1ad13ddf5 [NON_LEADER]: Queue going to NON_LEADER mode. State: All replicated index: 0, Majority replicated index: 0, Committed index: 1706, Last appended: 6.1706, Last appended by leader: 1706, Current term: 0, Majority size: -1, State: 0, Mode: NON_LEADER, active raft config: opid_index: -1 OBSOLETE_local: false peers { permanent_uuid: "f900e30f16d44335abed18c1ad13ddf5" member_type: VOTER last_known_addr { host: "127.17.81.65" port: 42435 } } peers { permanent_uuid: "78b6f7740e084669b5a937d447dcf056" member_type: VOTER last_known_addr { host: "127.17.81.66" port: 43139 } } peers { permanent_uuid: "4ed5be7462e1469c84f32f6ce9e4fd7a" member_type: VOTER last_known_addr { host: "127.17.81.67" port: 44171 } }
I20260812 06:37:13.333668 22477 ts_tablet_manager.cc:1434] T 1c79584c466c4e8195cf19610dbf7680 P f900e30f16d44335abed18c1ad13ddf5: Time spent starting tablet: real 0.005s	user 0.000s	sys 0.004s
I20260812 06:37:13.334132 22477 tablet_bootstrap.cc:492] T 87ae30e51a024d7a8f76179d05c2345b P f900e30f16d44335abed18c1ad13ddf5: Bootstrap starting.
I20260812 06:37:13.476235 23158 heartbeater.cc:499] Master 127.17.81.126:40009 was elected leader, sending a full tablet report...
I20260812 06:37:13.483086 22676 maintenance_manager.cc:419] P f900e30f16d44335abed18c1ad13ddf5: Scheduling UndoDeltaBlockGCOp(1c79584c466c4e8195cf19610dbf7680): 142479 bytes on disk
I20260812 06:37:13.484282 22475 maintenance_manager.cc:643] P f900e30f16d44335abed18c1ad13ddf5: UndoDeltaBlockGCOp(1c79584c466c4e8195cf19610dbf7680) complete. Timing: real 0.001s	user 0.000s	sys 0.000s Metrics: {"cfile_init":1,"lbm_read_time_us":72,"lbm_reads_lt_1ms":4}
I20260812 06:37:13.500867 22732 tablet_bootstrap.cc:492] T 1c79584c466c4e8195cf19610dbf7680 P 78b6f7740e084669b5a937d447dcf056: Bootstrap replayed 1/2 log segments. Stats: ops{read=1556 overwritten=0 applied=1555 ignored=908} inserts{seen=5499 ignored=0} mutations{seen=5402 ignored=0} orphaned_commits=0. Pending: 1 replicates
I20260812 06:37:13.514487 22477 tablet_bootstrap.cc:492] T 87ae30e51a024d7a8f76179d05c2345b P f900e30f16d44335abed18c1ad13ddf5: Bootstrap replayed 1/1 log segments. Stats: ops{read=249 overwritten=0 applied=249 ignored=245} inserts{seen=0 ignored=0} mutations{seen=0 ignored=0} orphaned_commits=0. Pending: 0 replicates
I20260812 06:37:13.514832 22477 log.cc:1228] T 87ae30e51a024d7a8f76179d05c2345b P f900e30f16d44335abed18c1ad13ddf5: --skip_remove_old_recovery_dir enabled. NOT deleting /tmp/dist-test-taskuhc_Je/test-tmp/linked_list-test.0.LinkedListTest.TestLoadAndVerify.1786516560516416-17733-0/linked-list-cluster/ts-0/wal/wals/87ae30e51a024d7a8f76179d05c2345b.recovery-1786516633514765
I20260812 06:37:13.514959 22477 tablet_bootstrap.cc:492] T 87ae30e51a024d7a8f76179d05c2345b P f900e30f16d44335abed18c1ad13ddf5: Bootstrap complete.
I20260812 06:37:13.515136 22477 ts_tablet_manager.cc:1403] T 87ae30e51a024d7a8f76179d05c2345b P f900e30f16d44335abed18c1ad13ddf5: Time spent bootstrapping tablet: real 0.181s	user 0.164s	sys 0.016s
I20260812 06:37:13.515877 22477 raft_consensus.cc:359] T 87ae30e51a024d7a8f76179d05c2345b P f900e30f16d44335abed18c1ad13ddf5 [term 5 FOLLOWER]: Replica starting. Triggering 0 pending ops. Active config: opid_index: -1 OBSOLETE_local: false peers { permanent_uuid: "4ed5be7462e1469c84f32f6ce9e4fd7a" member_type: VOTER last_known_addr { host: "127.17.81.67" port: 44171 } } peers { permanent_uuid: "f900e30f16d44335abed18c1ad13ddf5" member_type: VOTER last_known_addr { host: "127.17.81.65" port: 42435 } } peers { permanent_uuid: "78b6f7740e084669b5a937d447dcf056" member_type: VOTER last_known_addr { host: "127.17.81.66" port: 43139 } }
I20260812 06:37:13.516080 22477 raft_consensus.cc:740] T 87ae30e51a024d7a8f76179d05c2345b P f900e30f16d44335abed18c1ad13ddf5 [term 5 FOLLOWER]: Becoming Follower/Learner. State: Replica: f900e30f16d44335abed18c1ad13ddf5, State: Initialized, Role: FOLLOWER
I20260812 06:37:13.516322 22477 consensus_queue.cc:260] T 87ae30e51a024d7a8f76179d05c2345b P f900e30f16d44335abed18c1ad13ddf5 [NON_LEADER]: Queue going to NON_LEADER mode. State: All replicated index: 0, Majority replicated index: 0, Committed index: 1736, Last appended: 5.1736, Last appended by leader: 1736, Current term: 0, Majority size: -1, State: 0, Mode: NON_LEADER, active raft config: opid_index: -1 OBSOLETE_local: false peers { permanent_uuid: "4ed5be7462e1469c84f32f6ce9e4fd7a" member_type: VOTER last_known_addr { host: "127.17.81.67" port: 44171 } } peers { permanent_uuid: "f900e30f16d44335abed18c1ad13ddf5" member_type: VOTER last_known_addr { host: "127.17.81.65" port: 42435 } } peers { permanent_uuid: "78b6f7740e084669b5a937d447dcf056" member_type: VOTER last_known_addr { host: "127.17.81.66" port: 43139 } }
I20260812 06:37:13.516678 22477 ts_tablet_manager.cc:1434] T 87ae30e51a024d7a8f76179d05c2345b P f900e30f16d44335abed18c1ad13ddf5: Time spent starting tablet: real 0.001s	user 0.001s	sys 0.000s
I20260812 06:37:13.516916 22477 tablet_bootstrap.cc:492] T ccd15cf98b8c463c972a50730a1c4600 P f900e30f16d44335abed18c1ad13ddf5: Bootstrap starting.
I20260812 06:37:13.664291 22963 tablet_bootstrap.cc:492] T 1c79584c466c4e8195cf19610dbf7680 P 4ed5be7462e1469c84f32f6ce9e4fd7a: Bootstrap replayed 1/2 log segments. Stats: ops{read=1548 overwritten=0 applied=1547 ignored=911} inserts{seen=5403 ignored=0} mutations{seen=5402 ignored=0} orphaned_commits=0. Pending: 1 replicates
I20260812 06:37:13.685871 22732 tablet_bootstrap.cc:492] T 1c79584c466c4e8195cf19610dbf7680 P 78b6f7740e084669b5a937d447dcf056: Bootstrap replayed 2/2 log segments. Stats: ops{read=1705 overwritten=0 applied=1705 ignored=908} inserts{seen=6716 ignored=0} mutations{seen=6866 ignored=0} orphaned_commits=0. Pending: 0 replicates
I20260812 06:37:13.686231 22732 log.cc:1228] T 1c79584c466c4e8195cf19610dbf7680 P 78b6f7740e084669b5a937d447dcf056: --skip_remove_old_recovery_dir enabled. NOT deleting /tmp/dist-test-taskuhc_Je/test-tmp/linked_list-test.0.LinkedListTest.TestLoadAndVerify.1786516560516416-17733-0/linked-list-cluster/ts-1/wal/wals/1c79584c466c4e8195cf19610dbf7680.recovery-1786516633686143
I20260812 06:37:13.686326 22732 tablet_bootstrap.cc:492] T 1c79584c466c4e8195cf19610dbf7680 P 78b6f7740e084669b5a937d447dcf056: Bootstrap complete.
I20260812 06:37:13.686769 22732 ts_tablet_manager.cc:1403] T 1c79584c466c4e8195cf19610dbf7680 P 78b6f7740e084669b5a937d447dcf056: Time spent bootstrapping tablet: real 1.534s	user 1.375s	sys 0.048s
I20260812 06:37:13.689767 22732 raft_consensus.cc:359] T 1c79584c466c4e8195cf19610dbf7680 P 78b6f7740e084669b5a937d447dcf056 [term 5 FOLLOWER]: Replica starting. Triggering 0 pending ops. Active config: opid_index: -1 OBSOLETE_local: false peers { permanent_uuid: "f900e30f16d44335abed18c1ad13ddf5" member_type: VOTER last_known_addr { host: "127.17.81.65" port: 42435 } } peers { permanent_uuid: "78b6f7740e084669b5a937d447dcf056" member_type: VOTER last_known_addr { host: "127.17.81.66" port: 43139 } } peers { permanent_uuid: "4ed5be7462e1469c84f32f6ce9e4fd7a" member_type: VOTER last_known_addr { host: "127.17.81.67" port: 44171 } }
I20260812 06:37:13.690301 22732 raft_consensus.cc:740] T 1c79584c466c4e8195cf19610dbf7680 P 78b6f7740e084669b5a937d447dcf056 [term 5 FOLLOWER]: Becoming Follower/Learner. State: Replica: 78b6f7740e084669b5a937d447dcf056, State: Initialized, Role: FOLLOWER
I20260812 06:37:13.690954 22732 consensus_queue.cc:260] T 1c79584c466c4e8195cf19610dbf7680 P 78b6f7740e084669b5a937d447dcf056 [NON_LEADER]: Queue going to NON_LEADER mode. State: All replicated index: 0, Majority replicated index: 0, Committed index: 1705, Last appended: 5.1705, Last appended by leader: 1705, Current term: 0, Majority size: -1, State: 0, Mode: NON_LEADER, active raft config: opid_index: -1 OBSOLETE_local: false peers { permanent_uuid: "f900e30f16d44335abed18c1ad13ddf5" member_type: VOTER last_known_addr { host: "127.17.81.65" port: 42435 } } peers { permanent_uuid: "78b6f7740e084669b5a937d447dcf056" member_type: VOTER last_known_addr { host: "127.17.81.66" port: 43139 } } peers { permanent_uuid: "4ed5be7462e1469c84f32f6ce9e4fd7a" member_type: VOTER last_known_addr { host: "127.17.81.67" port: 44171 } }
I20260812 06:37:13.692013 22732 ts_tablet_manager.cc:1434] T 1c79584c466c4e8195cf19610dbf7680 P 78b6f7740e084669b5a937d447dcf056: Time spent starting tablet: real 0.005s	user 0.005s	sys 0.000s
I20260812 06:37:13.692487 22732 tablet_bootstrap.cc:492] T 87ae30e51a024d7a8f76179d05c2345b P 78b6f7740e084669b5a937d447dcf056: Bootstrap starting.
I20260812 06:37:13.735877 22676 maintenance_manager.cc:419] P f900e30f16d44335abed18c1ad13ddf5: Scheduling UndoDeltaBlockGCOp(87ae30e51a024d7a8f76179d05c2345b): 1083736 bytes on disk
I20260812 06:37:13.736404 22475 maintenance_manager.cc:643] P f900e30f16d44335abed18c1ad13ddf5: UndoDeltaBlockGCOp(87ae30e51a024d7a8f76179d05c2345b) complete. Timing: real 0.000s	user 0.000s	sys 0.000s Metrics: {"cfile_init":1,"lbm_read_time_us":60,"lbm_reads_lt_1ms":4}
I20260812 06:37:13.846287 22963 tablet_bootstrap.cc:492] T 1c79584c466c4e8195cf19610dbf7680 P 4ed5be7462e1469c84f32f6ce9e4fd7a: Bootstrap replayed 2/2 log segments. Stats: ops{read=1706 overwritten=0 applied=1706 ignored=911} inserts{seen=6686 ignored=0} mutations{seen=6866 ignored=0} orphaned_commits=0. Pending: 0 replicates
I20260812 06:37:13.846626 22963 log.cc:1228] T 1c79584c466c4e8195cf19610dbf7680 P 4ed5be7462e1469c84f32f6ce9e4fd7a: --skip_remove_old_recovery_dir enabled. NOT deleting /tmp/dist-test-taskuhc_Je/test-tmp/linked_list-test.0.LinkedListTest.TestLoadAndVerify.1786516560516416-17733-0/linked-list-cluster/ts-2/wal/wals/1c79584c466c4e8195cf19610dbf7680.recovery-1786516633846550
I20260812 06:37:13.846746 22963 tablet_bootstrap.cc:492] T 1c79584c466c4e8195cf19610dbf7680 P 4ed5be7462e1469c84f32f6ce9e4fd7a: Bootstrap complete.
I20260812 06:37:13.847129 22963 ts_tablet_manager.cc:1403] T 1c79584c466c4e8195cf19610dbf7680 P 4ed5be7462e1469c84f32f6ce9e4fd7a: Time spent bootstrapping tablet: real 1.415s	user 1.264s	sys 0.091s
I20260812 06:37:13.850044 22963 raft_consensus.cc:359] T 1c79584c466c4e8195cf19610dbf7680 P 4ed5be7462e1469c84f32f6ce9e4fd7a [term 6 FOLLOWER]: Replica starting. Triggering 0 pending ops. Active config: opid_index: -1 OBSOLETE_local: false peers { permanent_uuid: "f900e30f16d44335abed18c1ad13ddf5" member_type: VOTER last_known_addr { host: "127.17.81.65" port: 42435 } } peers { permanent_uuid: "78b6f7740e084669b5a937d447dcf056" member_type: VOTER last_known_addr { host: "127.17.81.66" port: 43139 } } peers { permanent_uuid: "4ed5be7462e1469c84f32f6ce9e4fd7a" member_type: VOTER last_known_addr { host: "127.17.81.67" port: 44171 } }
I20260812 06:37:13.850535 22963 raft_consensus.cc:740] T 1c79584c466c4e8195cf19610dbf7680 P 4ed5be7462e1469c84f32f6ce9e4fd7a [term 6 FOLLOWER]: Becoming Follower/Learner. State: Replica: 4ed5be7462e1469c84f32f6ce9e4fd7a, State: Initialized, Role: FOLLOWER
I20260812 06:37:13.851109 22963 consensus_queue.cc:260] T 1c79584c466c4e8195cf19610dbf7680 P 4ed5be7462e1469c84f32f6ce9e4fd7a [NON_LEADER]: Queue going to NON_LEADER mode. State: All replicated index: 0, Majority replicated index: 0, Committed index: 1706, Last appended: 6.1706, Last appended by leader: 1706, Current term: 0, Majority size: -1, State: 0, Mode: NON_LEADER, active raft config: opid_index: -1 OBSOLETE_local: false peers { permanent_uuid: "f900e30f16d44335abed18c1ad13ddf5" member_type: VOTER last_known_addr { host: "127.17.81.65" port: 42435 } } peers { permanent_uuid: "78b6f7740e084669b5a937d447dcf056" member_type: VOTER last_known_addr { host: "127.17.81.66" port: 43139 } } peers { permanent_uuid: "4ed5be7462e1469c84f32f6ce9e4fd7a" member_type: VOTER last_known_addr { host: "127.17.81.67" port: 44171 } }
I20260812 06:37:13.852154 22963 ts_tablet_manager.cc:1434] T 1c79584c466c4e8195cf19610dbf7680 P 4ed5be7462e1469c84f32f6ce9e4fd7a: Time spent starting tablet: real 0.005s	user 0.004s	sys 0.000s
I20260812 06:37:13.853281 22963 tablet_bootstrap.cc:492] T 87ae30e51a024d7a8f76179d05c2345b P 4ed5be7462e1469c84f32f6ce9e4fd7a: Bootstrap starting.
I20260812 06:37:13.923007 22913 maintenance_manager.cc:419] P 78b6f7740e084669b5a937d447dcf056: Scheduling UndoDeltaBlockGCOp(1c79584c466c4e8195cf19610dbf7680): 142622 bytes on disk
I20260812 06:37:13.924194 22728 maintenance_manager.cc:643] P 78b6f7740e084669b5a937d447dcf056: UndoDeltaBlockGCOp(1c79584c466c4e8195cf19610dbf7680) complete. Timing: real 0.001s	user 0.000s	sys 0.000s Metrics: {"cfile_init":1,"lbm_read_time_us":57,"lbm_reads_lt_1ms":4}
I20260812 06:37:13.952591 23159 maintenance_manager.cc:419] P 4ed5be7462e1469c84f32f6ce9e4fd7a: Scheduling UndoDeltaBlockGCOp(1c79584c466c4e8195cf19610dbf7680): 143007 bytes on disk
I20260812 06:37:13.953747 22960 maintenance_manager.cc:643] P 4ed5be7462e1469c84f32f6ce9e4fd7a: UndoDeltaBlockGCOp(1c79584c466c4e8195cf19610dbf7680) complete. Timing: real 0.001s	user 0.000s	sys 0.000s Metrics: {"cfile_init":1,"lbm_read_time_us":57,"lbm_reads_lt_1ms":4}
I20260812 06:37:14.040877 22963 tablet_bootstrap.cc:492] T 87ae30e51a024d7a8f76179d05c2345b P 4ed5be7462e1469c84f32f6ce9e4fd7a: Bootstrap replayed 1/1 log segments. Stats: ops{read=250 overwritten=0 applied=250 ignored=246} inserts{seen=0 ignored=0} mutations{seen=0 ignored=0} orphaned_commits=0. Pending: 0 replicates
I20260812 06:37:14.041218 22963 log.cc:1228] T 87ae30e51a024d7a8f76179d05c2345b P 4ed5be7462e1469c84f32f6ce9e4fd7a: --skip_remove_old_recovery_dir enabled. NOT deleting /tmp/dist-test-taskuhc_Je/test-tmp/linked_list-test.0.LinkedListTest.TestLoadAndVerify.1786516560516416-17733-0/linked-list-cluster/ts-2/wal/wals/87ae30e51a024d7a8f76179d05c2345b.recovery-1786516634041148
I20260812 06:37:14.041347 22963 tablet_bootstrap.cc:492] T 87ae30e51a024d7a8f76179d05c2345b P 4ed5be7462e1469c84f32f6ce9e4fd7a: Bootstrap complete.
I20260812 06:37:14.041530 22963 ts_tablet_manager.cc:1403] T 87ae30e51a024d7a8f76179d05c2345b P 4ed5be7462e1469c84f32f6ce9e4fd7a: Time spent bootstrapping tablet: real 0.188s	user 0.167s	sys 0.016s
I20260812 06:37:14.042155 22963 raft_consensus.cc:359] T 87ae30e51a024d7a8f76179d05c2345b P 4ed5be7462e1469c84f32f6ce9e4fd7a [term 5 FOLLOWER]: Replica starting. Triggering 0 pending ops. Active config: opid_index: -1 OBSOLETE_local: false peers { permanent_uuid: "4ed5be7462e1469c84f32f6ce9e4fd7a" member_type: VOTER last_known_addr { host: "127.17.81.67" port: 44171 } } peers { permanent_uuid: "f900e30f16d44335abed18c1ad13ddf5" member_type: VOTER last_known_addr { host: "127.17.81.65" port: 42435 } } peers { permanent_uuid: "78b6f7740e084669b5a937d447dcf056" member_type: VOTER last_known_addr { host: "127.17.81.66" port: 43139 } }
I20260812 06:37:14.042371 22963 raft_consensus.cc:740] T 87ae30e51a024d7a8f76179d05c2345b P 4ed5be7462e1469c84f32f6ce9e4fd7a [term 5 FOLLOWER]: Becoming Follower/Learner. State: Replica: 4ed5be7462e1469c84f32f6ce9e4fd7a, State: Initialized, Role: FOLLOWER
I20260812 06:37:14.042641 22963 consensus_queue.cc:260] T 87ae30e51a024d7a8f76179d05c2345b P 4ed5be7462e1469c84f32f6ce9e4fd7a [NON_LEADER]: Queue going to NON_LEADER mode. State: All replicated index: 0, Majority replicated index: 0, Committed index: 1736, Last appended: 5.1736, Last appended by leader: 1736, Current term: 0, Majority size: -1, State: 0, Mode: NON_LEADER, active raft config: opid_index: -1 OBSOLETE_local: false peers { permanent_uuid: "4ed5be7462e1469c84f32f6ce9e4fd7a" member_type: VOTER last_known_addr { host: "127.17.81.67" port: 44171 } } peers { permanent_uuid: "f900e30f16d44335abed18c1ad13ddf5" member_type: VOTER last_known_addr { host: "127.17.81.65" port: 42435 } } peers { permanent_uuid: "78b6f7740e084669b5a937d447dcf056" member_type: VOTER last_known_addr { host: "127.17.81.66" port: 43139 } }
I20260812 06:37:14.043728 22963 ts_tablet_manager.cc:1434] T 87ae30e51a024d7a8f76179d05c2345b P 4ed5be7462e1469c84f32f6ce9e4fd7a: Time spent starting tablet: real 0.002s	user 0.001s	sys 0.000s
I20260812 06:37:14.043980 22963 tablet_bootstrap.cc:492] T ccd15cf98b8c463c972a50730a1c4600 P 4ed5be7462e1469c84f32f6ce9e4fd7a: Bootstrap starting.
I20260812 06:37:14.205235 23159 maintenance_manager.cc:419] P 4ed5be7462e1469c84f32f6ce9e4fd7a: Scheduling UndoDeltaBlockGCOp(87ae30e51a024d7a8f76179d05c2345b): 1083736 bytes on disk
I20260812 06:37:14.205780 22960 maintenance_manager.cc:643] P 4ed5be7462e1469c84f32f6ce9e4fd7a: UndoDeltaBlockGCOp(87ae30e51a024d7a8f76179d05c2345b) complete. Timing: real 0.000s	user 0.000s	sys 0.000s Metrics: {"cfile_init":1,"lbm_read_time_us":52,"lbm_reads_lt_1ms":4}
I20260812 06:37:14.330422 22732 tablet_bootstrap.cc:492] T 87ae30e51a024d7a8f76179d05c2345b P 78b6f7740e084669b5a937d447dcf056: Bootstrap replayed 1/1 log segments. Stats: ops{read=251 overwritten=0 applied=251 ignored=24} inserts{seen=7286 ignored=0} mutations{seen=9084 ignored=0} orphaned_commits=0. Pending: 0 replicates
I20260812 06:37:14.330726 22732 log.cc:1228] T 87ae30e51a024d7a8f76179d05c2345b P 78b6f7740e084669b5a937d447dcf056: --skip_remove_old_recovery_dir enabled. NOT deleting /tmp/dist-test-taskuhc_Je/test-tmp/linked_list-test.0.LinkedListTest.TestLoadAndVerify.1786516560516416-17733-0/linked-list-cluster/ts-1/wal/wals/87ae30e51a024d7a8f76179d05c2345b.recovery-1786516634330657
I20260812 06:37:14.330806 22732 tablet_bootstrap.cc:492] T 87ae30e51a024d7a8f76179d05c2345b P 78b6f7740e084669b5a937d447dcf056: Bootstrap complete.
I20260812 06:37:14.330984 22732 ts_tablet_manager.cc:1403] T 87ae30e51a024d7a8f76179d05c2345b P 78b6f7740e084669b5a937d447dcf056: Time spent bootstrapping tablet: real 0.639s	user 0.602s	sys 0.008s
I20260812 06:37:14.331627 22732 raft_consensus.cc:359] T 87ae30e51a024d7a8f76179d05c2345b P 78b6f7740e084669b5a937d447dcf056 [term 5 FOLLOWER]: Replica starting. Triggering 0 pending ops. Active config: opid_index: -1 OBSOLETE_local: false peers { permanent_uuid: "4ed5be7462e1469c84f32f6ce9e4fd7a" member_type: VOTER last_known_addr { host: "127.17.81.67" port: 44171 } } peers { permanent_uuid: "f900e30f16d44335abed18c1ad13ddf5" member_type: VOTER last_known_addr { host: "127.17.81.65" port: 42435 } } peers { permanent_uuid: "78b6f7740e084669b5a937d447dcf056" member_type: VOTER last_known_addr { host: "127.17.81.66" port: 43139 } }
I20260812 06:37:14.331851 22732 raft_consensus.cc:740] T 87ae30e51a024d7a8f76179d05c2345b P 78b6f7740e084669b5a937d447dcf056 [term 5 FOLLOWER]: Becoming Follower/Learner. State: Replica: 78b6f7740e084669b5a937d447dcf056, State: Initialized, Role: FOLLOWER
I20260812 06:37:14.332135 22732 consensus_queue.cc:260] T 87ae30e51a024d7a8f76179d05c2345b P 78b6f7740e084669b5a937d447dcf056 [NON_LEADER]: Queue going to NON_LEADER mode. State: All replicated index: 0, Majority replicated index: 0, Committed index: 1736, Last appended: 5.1736, Last appended by leader: 1736, Current term: 0, Majority size: -1, State: 0, Mode: NON_LEADER, active raft config: opid_index: -1 OBSOLETE_local: false peers { permanent_uuid: "4ed5be7462e1469c84f32f6ce9e4fd7a" member_type: VOTER last_known_addr { host: "127.17.81.67" port: 44171 } } peers { permanent_uuid: "f900e30f16d44335abed18c1ad13ddf5" member_type: VOTER last_known_addr { host: "127.17.81.65" port: 42435 } } peers { permanent_uuid: "78b6f7740e084669b5a937d447dcf056" member_type: VOTER last_known_addr { host: "127.17.81.66" port: 43139 } }
I20260812 06:37:14.332638 22732 ts_tablet_manager.cc:1434] T 87ae30e51a024d7a8f76179d05c2345b P 78b6f7740e084669b5a937d447dcf056: Time spent starting tablet: real 0.002s	user 0.001s	sys 0.000s
I20260812 06:37:14.333740 22732 tablet_bootstrap.cc:492] T ccd15cf98b8c463c972a50730a1c4600 P 78b6f7740e084669b5a937d447dcf056: Bootstrap starting.
I20260812 06:37:14.428200 22913 maintenance_manager.cc:419] P 78b6f7740e084669b5a937d447dcf056: Scheduling UndoDeltaBlockGCOp(87ae30e51a024d7a8f76179d05c2345b): 940727 bytes on disk
I20260812 06:37:14.428709 22728 maintenance_manager.cc:643] P 78b6f7740e084669b5a937d447dcf056: UndoDeltaBlockGCOp(87ae30e51a024d7a8f76179d05c2345b) complete. Timing: real 0.000s	user 0.000s	sys 0.000s Metrics: {"cfile_init":1,"lbm_read_time_us":47,"lbm_reads_lt_1ms":4}
I20260812 06:37:14.688026 22477 tablet_bootstrap.cc:492] T ccd15cf98b8c463c972a50730a1c4600 P f900e30f16d44335abed18c1ad13ddf5: Bootstrap replayed 1/2 log segments. Stats: ops{read=1552 overwritten=0 applied=1552 ignored=923} inserts{seen=5262 ignored=0} mutations{seen=5298 ignored=0} orphaned_commits=0. Pending: 0 replicates
W20260812 06:37:14.790459 22517 tablet_service.cc:3080] error setting up scanner f0bf6dfd0d02407481db12bad032f0ae with request: Service unavailable: Timed out: could not wait for desired snapshot timestamp to be consistent: Timed out waiting for ts: P: 1786516633790103 usec, L: 0 to be safe (mode: NON-LEADER). Current safe time: P: 1786516614297579 usec, L: 0 Physical time difference: 19.493s: new_scan_request { tablet_id: "87ae30e51a024d7a8f76179d05c2345b" projected_columns { name: "rand_key" type: INT64 is_key: false is_nullable: false immutable: false } projected_columns { name: "link_to" type: INT64 is_key: false is_nullable: false immutable: false } projected_columns { name: "updated" type: BOOL is_key: false is_nullable: false read_default_value: "\000" write_default_value: "\000" immutable: false } read_mode: READ_AT_SNAPSHOT cache_blocks: true order_mode: ORDERED row_format_flags: 0 authz_token { token_data: "\010\304\253\360\323\006\"3\n\005slave\022*\n 948ff69a08984e1f853d1f52fab45bf3\020\001\030\001 \001(\001" signature: "<redacted>""\276\347\022\000~\0255\002\370\341\'\202>\236\201\315\236\353\266I\026k\305\304\314\270\372\336\2664\362\257=\326R\261R\366\250&\274%|\301\222ez4Y2\031\000\325\\\235/\031\335\216\222\201\355\205Q" signing_key_seq_num: 0 } } call_seq_id: 0 batch_size_bytes: 0 query_id: "ab134d4c4745431e9741eac60cb27a06"
I20260812 06:37:14.791363 22517 rpcz_store.cc:275] Call kudu.tserver.TabletServerService.Scan from 127.0.0.1:41730 (request call id 2) took 1002 ms. Trace:
I20260812 06:37:14.791435 22517 rpcz_store.cc:276] 0812 06:37:13.788885 (+     0us) service_pool.cc:167] Inserting onto call queue
0812 06:37:13.788935 (+    50us) service_pool.cc:224] Handling call
0812 06:37:13.789304 (+   369us) tablet_service.cc:2890] Created scanner f0bf6dfd0d02407481db12bad032f0ae for tablet 87ae30e51a024d7a8f76179d05c2345b, query id is ab134d4c4745431e9741eac60cb27a06
0812 06:37:13.790102 (+   798us) tablet_service.cc:3030] Creating iterator
0812 06:37:13.790150 (+    48us) tablet_service.cc:3408] Waiting safe time to advance
0812 06:37:14.790376 (+1000226us) tablet_service.cc:3055] Iterator created
0812 06:37:14.790441 (+    65us) tablet_service.cc:3077] Iterator init: Service unavailable: Timed out: could not wait for desired snapshot timestamp to be consistent: Timed out waiting for ts: P: 1786516633790103 usec, L: 0 to be safe (mode: NON-LEADER). Current safe time: P: 1786516614297579 usec, L: 0 Physical time difference: 19.493s
0812 06:37:14.791342 (+   901us) inbound_call.cc:177] Queueing failure response
Metrics: {}
I20260812 06:37:14.851055 22477 tablet_bootstrap.cc:492] T ccd15cf98b8c463c972a50730a1c4600 P f900e30f16d44335abed18c1ad13ddf5: Bootstrap replayed 2/2 log segments. Stats: ops{read=1698 overwritten=0 applied=1698 ignored=923} inserts{seen=6448 ignored=0} mutations{seen=6725 ignored=0} orphaned_commits=0. Pending: 0 replicates
I20260812 06:37:14.851356 22477 log.cc:1228] T ccd15cf98b8c463c972a50730a1c4600 P f900e30f16d44335abed18c1ad13ddf5: --skip_remove_old_recovery_dir enabled. NOT deleting /tmp/dist-test-taskuhc_Je/test-tmp/linked_list-test.0.LinkedListTest.TestLoadAndVerify.1786516560516416-17733-0/linked-list-cluster/ts-0/wal/wals/ccd15cf98b8c463c972a50730a1c4600.recovery-1786516634851282
I20260812 06:37:14.851469 22477 tablet_bootstrap.cc:492] T ccd15cf98b8c463c972a50730a1c4600 P f900e30f16d44335abed18c1ad13ddf5: Bootstrap complete.
I20260812 06:37:14.851650 22477 ts_tablet_manager.cc:1403] T ccd15cf98b8c463c972a50730a1c4600 P f900e30f16d44335abed18c1ad13ddf5: Time spent bootstrapping tablet: real 1.335s	user 1.235s	sys 0.080s
I20260812 06:37:14.852265 22477 raft_consensus.cc:359] T ccd15cf98b8c463c972a50730a1c4600 P f900e30f16d44335abed18c1ad13ddf5 [term 5 FOLLOWER]: Replica starting. Triggering 0 pending ops. Active config: opid_index: -1 OBSOLETE_local: false peers { permanent_uuid: "f900e30f16d44335abed18c1ad13ddf5" member_type: VOTER last_known_addr { host: "127.17.81.65" port: 42435 } } peers { permanent_uuid: "78b6f7740e084669b5a937d447dcf056" member_type: VOTER last_known_addr { host: "127.17.81.66" port: 43139 } } peers { permanent_uuid: "4ed5be7462e1469c84f32f6ce9e4fd7a" member_type: VOTER last_known_addr { host: "127.17.81.67" port: 44171 } }
I20260812 06:37:14.852449 22477 raft_consensus.cc:740] T ccd15cf98b8c463c972a50730a1c4600 P f900e30f16d44335abed18c1ad13ddf5 [term 5 FOLLOWER]: Becoming Follower/Learner. State: Replica: f900e30f16d44335abed18c1ad13ddf5, State: Initialized, Role: FOLLOWER
I20260812 06:37:14.852703 22477 consensus_queue.cc:260] T ccd15cf98b8c463c972a50730a1c4600 P f900e30f16d44335abed18c1ad13ddf5 [NON_LEADER]: Queue going to NON_LEADER mode. State: All replicated index: 0, Majority replicated index: 0, Committed index: 1698, Last appended: 5.1698, Last appended by leader: 1698, Current term: 0, Majority size: -1, State: 0, Mode: NON_LEADER, active raft config: opid_index: -1 OBSOLETE_local: false peers { permanent_uuid: "f900e30f16d44335abed18c1ad13ddf5" member_type: VOTER last_known_addr { host: "127.17.81.65" port: 42435 } } peers { permanent_uuid: "78b6f7740e084669b5a937d447dcf056" member_type: VOTER last_known_addr { host: "127.17.81.66" port: 43139 } } peers { permanent_uuid: "4ed5be7462e1469c84f32f6ce9e4fd7a" member_type: VOTER last_known_addr { host: "127.17.81.67" port: 44171 } }
I20260812 06:37:14.853150 22477 ts_tablet_manager.cc:1434] T ccd15cf98b8c463c972a50730a1c4600 P f900e30f16d44335abed18c1ad13ddf5: Time spent starting tablet: real 0.001s	user 0.000s	sys 0.001s
I20260812 06:37:14.965760 23199 raft_consensus.cc:493] T 1c79584c466c4e8195cf19610dbf7680 P f900e30f16d44335abed18c1ad13ddf5 [term 6 FOLLOWER]: Starting pre-election (no leader contacted us within the election timeout)
I20260812 06:37:14.966090 23199 raft_consensus.cc:515] T 1c79584c466c4e8195cf19610dbf7680 P f900e30f16d44335abed18c1ad13ddf5 [term 6 FOLLOWER]: Starting pre-election with config: opid_index: -1 OBSOLETE_local: false peers { permanent_uuid: "f900e30f16d44335abed18c1ad13ddf5" member_type: VOTER last_known_addr { host: "127.17.81.65" port: 42435 } } peers { permanent_uuid: "78b6f7740e084669b5a937d447dcf056" member_type: VOTER last_known_addr { host: "127.17.81.66" port: 43139 } } peers { permanent_uuid: "4ed5be7462e1469c84f32f6ce9e4fd7a" member_type: VOTER last_known_addr { host: "127.17.81.67" port: 44171 } }
I20260812 06:37:14.969115 23199 leader_election.cc:290] T 1c79584c466c4e8195cf19610dbf7680 P f900e30f16d44335abed18c1ad13ddf5 [CANDIDATE]: Term 7 pre-election: Requested pre-vote from peers 78b6f7740e084669b5a937d447dcf056 (127.17.81.66:43139), 4ed5be7462e1469c84f32f6ce9e4fd7a (127.17.81.67:44171)
I20260812 06:37:14.978420 23048 tablet_service.cc:1917] Received RequestConsensusVote() RPC: tablet_id: "1c79584c466c4e8195cf19610dbf7680" candidate_uuid: "f900e30f16d44335abed18c1ad13ddf5" candidate_term: 7 candidate_status { last_received { term: 6 index: 1706 } } ignore_live_leader: false dest_uuid: "4ed5be7462e1469c84f32f6ce9e4fd7a" is_pre_election: true
I20260812 06:37:14.978762 23048 raft_consensus.cc:2468] T 1c79584c466c4e8195cf19610dbf7680 P 4ed5be7462e1469c84f32f6ce9e4fd7a [term 6 FOLLOWER]: Leader pre-election vote request: Granting yes vote for candidate f900e30f16d44335abed18c1ad13ddf5 in term 6.
I20260812 06:37:14.979296 22474 leader_election.cc:304] T 1c79584c466c4e8195cf19610dbf7680 P f900e30f16d44335abed18c1ad13ddf5 [CANDIDATE]: Term 7 pre-election: Election decided. Result: candidate won. Election summary: received 2 responses out of 3 voters: 2 yes votes; 0 no votes. yes voters: 4ed5be7462e1469c84f32f6ce9e4fd7a, f900e30f16d44335abed18c1ad13ddf5; no voters: 
I20260812 06:37:14.979619 23199 raft_consensus.cc:2804] T 1c79584c466c4e8195cf19610dbf7680 P f900e30f16d44335abed18c1ad13ddf5 [term 6 FOLLOWER]: Leader pre-election won for term 7
I20260812 06:37:14.979763 23199 raft_consensus.cc:493] T 1c79584c466c4e8195cf19610dbf7680 P f900e30f16d44335abed18c1ad13ddf5 [term 6 FOLLOWER]: Starting leader election (no leader contacted us within the election timeout)
I20260812 06:37:14.979883 23199 raft_consensus.cc:3060] T 1c79584c466c4e8195cf19610dbf7680 P f900e30f16d44335abed18c1ad13ddf5 [term 6 FOLLOWER]: Advancing to term 7
I20260812 06:37:14.982213 23199 raft_consensus.cc:515] T 1c79584c466c4e8195cf19610dbf7680 P f900e30f16d44335abed18c1ad13ddf5 [term 7 FOLLOWER]: Starting leader election with config: opid_index: -1 OBSOLETE_local: false peers { permanent_uuid: "f900e30f16d44335abed18c1ad13ddf5" member_type: VOTER last_known_addr { host: "127.17.81.65" port: 42435 } } peers { permanent_uuid: "78b6f7740e084669b5a937d447dcf056" member_type: VOTER last_known_addr { host: "127.17.81.66" port: 43139 } } peers { permanent_uuid: "4ed5be7462e1469c84f32f6ce9e4fd7a" member_type: VOTER last_known_addr { host: "127.17.81.67" port: 44171 } }
I20260812 06:37:14.983099 23048 tablet_service.cc:1917] Received RequestConsensusVote() RPC: tablet_id: "1c79584c466c4e8195cf19610dbf7680" candidate_uuid: "f900e30f16d44335abed18c1ad13ddf5" candidate_term: 7 candidate_status { last_received { term: 6 index: 1706 } } ignore_live_leader: false dest_uuid: "4ed5be7462e1469c84f32f6ce9e4fd7a"
I20260812 06:37:14.983214 23048 raft_consensus.cc:3060] T 1c79584c466c4e8195cf19610dbf7680 P 4ed5be7462e1469c84f32f6ce9e4fd7a [term 6 FOLLOWER]: Advancing to term 7
I20260812 06:37:14.985287 23048 raft_consensus.cc:2468] T 1c79584c466c4e8195cf19610dbf7680 P 4ed5be7462e1469c84f32f6ce9e4fd7a [term 7 FOLLOWER]: Leader election vote request: Granting yes vote for candidate f900e30f16d44335abed18c1ad13ddf5 in term 7.
I20260812 06:37:14.985661 22474 leader_election.cc:304] T 1c79584c466c4e8195cf19610dbf7680 P f900e30f16d44335abed18c1ad13ddf5 [CANDIDATE]: Term 7 election: Election decided. Result: candidate won. Election summary: received 2 responses out of 3 voters: 2 yes votes; 0 no votes. yes voters: 4ed5be7462e1469c84f32f6ce9e4fd7a, f900e30f16d44335abed18c1ad13ddf5; no voters: 
I20260812 06:37:14.985977 23199 leader_election.cc:290] T 1c79584c466c4e8195cf19610dbf7680 P f900e30f16d44335abed18c1ad13ddf5 [CANDIDATE]: Term 7 election: Requested vote from peers 78b6f7740e084669b5a937d447dcf056 (127.17.81.66:43139), 4ed5be7462e1469c84f32f6ce9e4fd7a (127.17.81.67:44171)
I20260812 06:37:14.986129 23199 raft_consensus.cc:2804] T 1c79584c466c4e8195cf19610dbf7680 P f900e30f16d44335abed18c1ad13ddf5 [term 7 FOLLOWER]: Leader election won for term 7
I20260812 06:37:14.986260 23199 raft_consensus.cc:697] T 1c79584c466c4e8195cf19610dbf7680 P f900e30f16d44335abed18c1ad13ddf5 [term 7 LEADER]: Becoming Leader. State: Replica: f900e30f16d44335abed18c1ad13ddf5, State: Running, Role: LEADER
I20260812 06:37:14.986608 23199 consensus_queue.cc:237] T 1c79584c466c4e8195cf19610dbf7680 P f900e30f16d44335abed18c1ad13ddf5 [LEADER]: Queue going to LEADER mode. State: All replicated index: 0, Majority replicated index: 1706, Committed index: 1706, Last appended: 6.1706, Last appended by leader: 1706, Current term: 7, Majority size: 2, State: 0, Mode: LEADER, active raft config: opid_index: -1 OBSOLETE_local: false peers { permanent_uuid: "f900e30f16d44335abed18c1ad13ddf5" member_type: VOTER last_known_addr { host: "127.17.81.65" port: 42435 } } peers { permanent_uuid: "78b6f7740e084669b5a937d447dcf056" member_type: VOTER last_known_addr { host: "127.17.81.66" port: 43139 } } peers { permanent_uuid: "4ed5be7462e1469c84f32f6ce9e4fd7a" member_type: VOTER last_known_addr { host: "127.17.81.67" port: 44171 } }
I20260812 06:37:14.989115 22676 maintenance_manager.cc:419] P f900e30f16d44335abed18c1ad13ddf5: Scheduling UndoDeltaBlockGCOp(ccd15cf98b8c463c972a50730a1c4600): 142735 bytes on disk
I20260812 06:37:14.989612 22475 maintenance_manager.cc:643] P f900e30f16d44335abed18c1ad13ddf5: UndoDeltaBlockGCOp(ccd15cf98b8c463c972a50730a1c4600) complete. Timing: real 0.000s	user 0.000s	sys 0.000s Metrics: {"cfile_init":1,"lbm_read_time_us":92,"lbm_reads_lt_1ms":4}
I20260812 06:37:14.990082 17808 catalog_manager.cc:5719] T 1c79584c466c4e8195cf19610dbf7680 P f900e30f16d44335abed18c1ad13ddf5 reported cstate change: term changed from 6 to 7, leader changed from 4ed5be7462e1469c84f32f6ce9e4fd7a (127.17.81.67) to f900e30f16d44335abed18c1ad13ddf5 (127.17.81.65). New cstate: current_term: 7 leader_uuid: "f900e30f16d44335abed18c1ad13ddf5" committed_config { opid_index: -1 OBSOLETE_local: false peers { permanent_uuid: "f900e30f16d44335abed18c1ad13ddf5" member_type: VOTER last_known_addr { host: "127.17.81.65" port: 42435 } health_report { overall_health: HEALTHY } } peers { permanent_uuid: "78b6f7740e084669b5a937d447dcf056" member_type: VOTER last_known_addr { host: "127.17.81.66" port: 43139 } health_report { overall_health: UNKNOWN } } peers { permanent_uuid: "4ed5be7462e1469c84f32f6ce9e4fd7a" member_type: VOTER last_known_addr { host: "127.17.81.67" port: 44171 } health_report { overall_health: UNKNOWN } } }
I20260812 06:37:14.992010 22841 tablet_service.cc:1917] Received RequestConsensusVote() RPC: tablet_id: "1c79584c466c4e8195cf19610dbf7680" candidate_uuid: "f900e30f16d44335abed18c1ad13ddf5" candidate_term: 7 candidate_status { last_received { term: 6 index: 1706 } } ignore_live_leader: false dest_uuid: "78b6f7740e084669b5a937d447dcf056" is_pre_election: true
I20260812 06:37:14.992316 22841 raft_consensus.cc:2468] T 1c79584c466c4e8195cf19610dbf7680 P 78b6f7740e084669b5a937d447dcf056 [term 5 FOLLOWER]: Leader pre-election vote request: Granting yes vote for candidate f900e30f16d44335abed18c1ad13ddf5 in term 5.
I20260812 06:37:14.992589 22839 tablet_service.cc:1917] Received RequestConsensusVote() RPC: tablet_id: "1c79584c466c4e8195cf19610dbf7680" candidate_uuid: "f900e30f16d44335abed18c1ad13ddf5" candidate_term: 7 candidate_status { last_received { term: 6 index: 1706 } } ignore_live_leader: false dest_uuid: "78b6f7740e084669b5a937d447dcf056"
I20260812 06:37:14.992684 22839 raft_consensus.cc:3060] T 1c79584c466c4e8195cf19610dbf7680 P 78b6f7740e084669b5a937d447dcf056 [term 5 FOLLOWER]: Advancing to term 7
I20260812 06:37:14.994568 22839 raft_consensus.cc:2468] T 1c79584c466c4e8195cf19610dbf7680 P 78b6f7740e084669b5a937d447dcf056 [term 7 FOLLOWER]: Leader election vote request: Granting yes vote for candidate f900e30f16d44335abed18c1ad13ddf5 in term 7.
I20260812 06:37:15.057739 22963 tablet_bootstrap.cc:492] T ccd15cf98b8c463c972a50730a1c4600 P 4ed5be7462e1469c84f32f6ce9e4fd7a: Bootstrap replayed 1/2 log segments. Stats: ops{read=1542 overwritten=0 applied=1541 ignored=939} inserts{seen=5039 ignored=0} mutations{seen=4886 ignored=0} orphaned_commits=0. Pending: 1 replicates
I20260812 06:37:15.178723 22963 tablet_bootstrap.cc:492] T ccd15cf98b8c463c972a50730a1c4600 P 4ed5be7462e1469c84f32f6ce9e4fd7a: Bootstrap replayed 2/2 log segments. Stats: ops{read=1698 overwritten=0 applied=1698 ignored=939} inserts{seen=6313 ignored=0} mutations{seen=6313 ignored=0} orphaned_commits=0. Pending: 0 replicates
I20260812 06:37:15.178913 22963 log.cc:1228] T ccd15cf98b8c463c972a50730a1c4600 P 4ed5be7462e1469c84f32f6ce9e4fd7a: --skip_remove_old_recovery_dir enabled. NOT deleting /tmp/dist-test-taskuhc_Je/test-tmp/linked_list-test.0.LinkedListTest.TestLoadAndVerify.1786516560516416-17733-0/linked-list-cluster/ts-2/wal/wals/ccd15cf98b8c463c972a50730a1c4600.recovery-1786516635178848
I20260812 06:37:15.178954 22963 tablet_bootstrap.cc:492] T ccd15cf98b8c463c972a50730a1c4600 P 4ed5be7462e1469c84f32f6ce9e4fd7a: Bootstrap complete.
I20260812 06:37:15.179071 22963 ts_tablet_manager.cc:1403] T ccd15cf98b8c463c972a50730a1c4600 P 4ed5be7462e1469c84f32f6ce9e4fd7a: Time spent bootstrapping tablet: real 1.135s	user 1.057s	sys 0.055s
I20260812 06:37:15.179785 22963 raft_consensus.cc:359] T ccd15cf98b8c463c972a50730a1c4600 P 4ed5be7462e1469c84f32f6ce9e4fd7a [term 5 FOLLOWER]: Replica starting. Triggering 0 pending ops. Active config: opid_index: -1 OBSOLETE_local: false peers { permanent_uuid: "f900e30f16d44335abed18c1ad13ddf5" member_type: VOTER last_known_addr { host: "127.17.81.65" port: 42435 } } peers { permanent_uuid: "78b6f7740e084669b5a937d447dcf056" member_type: VOTER last_known_addr { host: "127.17.81.66" port: 43139 } } peers { permanent_uuid: "4ed5be7462e1469c84f32f6ce9e4fd7a" member_type: VOTER last_known_addr { host: "127.17.81.67" port: 44171 } }
I20260812 06:37:15.179893 22963 raft_consensus.cc:740] T ccd15cf98b8c463c972a50730a1c4600 P 4ed5be7462e1469c84f32f6ce9e4fd7a [term 5 FOLLOWER]: Becoming Follower/Learner. State: Replica: 4ed5be7462e1469c84f32f6ce9e4fd7a, State: Initialized, Role: FOLLOWER
I20260812 06:37:15.180039 22963 consensus_queue.cc:260] T ccd15cf98b8c463c972a50730a1c4600 P 4ed5be7462e1469c84f32f6ce9e4fd7a [NON_LEADER]: Queue going to NON_LEADER mode. State: All replicated index: 0, Majority replicated index: 0, Committed index: 1698, Last appended: 5.1698, Last appended by leader: 1698, Current term: 0, Majority size: -1, State: 0, Mode: NON_LEADER, active raft config: opid_index: -1 OBSOLETE_local: false peers { permanent_uuid: "f900e30f16d44335abed18c1ad13ddf5" member_type: VOTER last_known_addr { host: "127.17.81.65" port: 42435 } } peers { permanent_uuid: "78b6f7740e084669b5a937d447dcf056" member_type: VOTER last_known_addr { host: "127.17.81.66" port: 43139 } } peers { permanent_uuid: "4ed5be7462e1469c84f32f6ce9e4fd7a" member_type: VOTER last_known_addr { host: "127.17.81.67" port: 44171 } }
I20260812 06:37:15.180397 22963 ts_tablet_manager.cc:1434] T ccd15cf98b8c463c972a50730a1c4600 P 4ed5be7462e1469c84f32f6ce9e4fd7a: Time spent starting tablet: real 0.001s	user 0.004s	sys 0.000s
I20260812 06:37:15.208163 23159 maintenance_manager.cc:419] P 4ed5be7462e1469c84f32f6ce9e4fd7a: Scheduling UndoDeltaBlockGCOp(ccd15cf98b8c463c972a50730a1c4600): 147076 bytes on disk
I20260812 06:37:15.208636 22960 maintenance_manager.cc:643] P 4ed5be7462e1469c84f32f6ce9e4fd7a: UndoDeltaBlockGCOp(ccd15cf98b8c463c972a50730a1c4600) complete. Timing: real 0.000s	user 0.000s	sys 0.000s Metrics: {"cfile_init":1,"lbm_read_time_us":47,"lbm_reads_lt_1ms":4}
I20260812 06:37:15.334259 23208 raft_consensus.cc:493] T 87ae30e51a024d7a8f76179d05c2345b P f900e30f16d44335abed18c1ad13ddf5 [term 5 FOLLOWER]: Starting pre-election (no leader contacted us within the election timeout)
I20260812 06:37:15.334412 23208 raft_consensus.cc:515] T 87ae30e51a024d7a8f76179d05c2345b P f900e30f16d44335abed18c1ad13ddf5 [term 5 FOLLOWER]: Starting pre-election with config: opid_index: -1 OBSOLETE_local: false peers { permanent_uuid: "4ed5be7462e1469c84f32f6ce9e4fd7a" member_type: VOTER last_known_addr { host: "127.17.81.67" port: 44171 } } peers { permanent_uuid: "f900e30f16d44335abed18c1ad13ddf5" member_type: VOTER last_known_addr { host: "127.17.81.65" port: 42435 } } peers { permanent_uuid: "78b6f7740e084669b5a937d447dcf056" member_type: VOTER last_known_addr { host: "127.17.81.66" port: 43139 } }
I20260812 06:37:15.334932 23208 leader_election.cc:290] T 87ae30e51a024d7a8f76179d05c2345b P f900e30f16d44335abed18c1ad13ddf5 [CANDIDATE]: Term 6 pre-election: Requested pre-vote from peers 4ed5be7462e1469c84f32f6ce9e4fd7a (127.17.81.67:44171), 78b6f7740e084669b5a937d447dcf056 (127.17.81.66:43139)
I20260812 06:37:15.335453 22839 tablet_service.cc:1917] Received RequestConsensusVote() RPC: tablet_id: "87ae30e51a024d7a8f76179d05c2345b" candidate_uuid: "f900e30f16d44335abed18c1ad13ddf5" candidate_term: 6 candidate_status { last_received { term: 5 index: 1736 } } ignore_live_leader: false dest_uuid: "78b6f7740e084669b5a937d447dcf056" is_pre_election: true
I20260812 06:37:15.335453 23048 tablet_service.cc:1917] Received RequestConsensusVote() RPC: tablet_id: "87ae30e51a024d7a8f76179d05c2345b" candidate_uuid: "f900e30f16d44335abed18c1ad13ddf5" candidate_term: 6 candidate_status { last_received { term: 5 index: 1736 } } ignore_live_leader: false dest_uuid: "4ed5be7462e1469c84f32f6ce9e4fd7a" is_pre_election: true
I20260812 06:37:15.335609 23048 raft_consensus.cc:2468] T 87ae30e51a024d7a8f76179d05c2345b P 4ed5be7462e1469c84f32f6ce9e4fd7a [term 5 FOLLOWER]: Leader pre-election vote request: Granting yes vote for candidate f900e30f16d44335abed18c1ad13ddf5 in term 5.
I20260812 06:37:15.335609 22839 raft_consensus.cc:2468] T 87ae30e51a024d7a8f76179d05c2345b P 78b6f7740e084669b5a937d447dcf056 [term 5 FOLLOWER]: Leader pre-election vote request: Granting yes vote for candidate f900e30f16d44335abed18c1ad13ddf5 in term 5.
I20260812 06:37:15.336050 22474 leader_election.cc:304] T 87ae30e51a024d7a8f76179d05c2345b P f900e30f16d44335abed18c1ad13ddf5 [CANDIDATE]: Term 6 pre-election: Election decided. Result: candidate won. Election summary: received 2 responses out of 3 voters: 2 yes votes; 0 no votes. yes voters: 78b6f7740e084669b5a937d447dcf056, f900e30f16d44335abed18c1ad13ddf5; no voters: 
I20260812 06:37:15.336370 23208 raft_consensus.cc:2804] T 87ae30e51a024d7a8f76179d05c2345b P f900e30f16d44335abed18c1ad13ddf5 [term 5 FOLLOWER]: Leader pre-election won for term 6
I20260812 06:37:15.336428 23208 raft_consensus.cc:493] T 87ae30e51a024d7a8f76179d05c2345b P f900e30f16d44335abed18c1ad13ddf5 [term 5 FOLLOWER]: Starting leader election (no leader contacted us within the election timeout)
I20260812 06:37:15.336470 23208 raft_consensus.cc:3060] T 87ae30e51a024d7a8f76179d05c2345b P f900e30f16d44335abed18c1ad13ddf5 [term 5 FOLLOWER]: Advancing to term 6
I20260812 06:37:15.337356 23208 raft_consensus.cc:515] T 87ae30e51a024d7a8f76179d05c2345b P f900e30f16d44335abed18c1ad13ddf5 [term 6 FOLLOWER]: Starting leader election with config: opid_index: -1 OBSOLETE_local: false peers { permanent_uuid: "4ed5be7462e1469c84f32f6ce9e4fd7a" member_type: VOTER last_known_addr { host: "127.17.81.67" port: 44171 } } peers { permanent_uuid: "f900e30f16d44335abed18c1ad13ddf5" member_type: VOTER last_known_addr { host: "127.17.81.65" port: 42435 } } peers { permanent_uuid: "78b6f7740e084669b5a937d447dcf056" member_type: VOTER last_known_addr { host: "127.17.81.66" port: 43139 } }
I20260812 06:37:15.337687 23208 leader_election.cc:290] T 87ae30e51a024d7a8f76179d05c2345b P f900e30f16d44335abed18c1ad13ddf5 [CANDIDATE]: Term 6 election: Requested vote from peers 4ed5be7462e1469c84f32f6ce9e4fd7a (127.17.81.67:44171), 78b6f7740e084669b5a937d447dcf056 (127.17.81.66:43139)
I20260812 06:37:15.338097 22839 tablet_service.cc:1917] Received RequestConsensusVote() RPC: tablet_id: "87ae30e51a024d7a8f76179d05c2345b" candidate_uuid: "f900e30f16d44335abed18c1ad13ddf5" candidate_term: 6 candidate_status { last_received { term: 5 index: 1736 } } ignore_live_leader: false dest_uuid: "78b6f7740e084669b5a937d447dcf056"
I20260812 06:37:15.338097 23048 tablet_service.cc:1917] Received RequestConsensusVote() RPC: tablet_id: "87ae30e51a024d7a8f76179d05c2345b" candidate_uuid: "f900e30f16d44335abed18c1ad13ddf5" candidate_term: 6 candidate_status { last_received { term: 5 index: 1736 } } ignore_live_leader: false dest_uuid: "4ed5be7462e1469c84f32f6ce9e4fd7a"
I20260812 06:37:15.338218 22839 raft_consensus.cc:3060] T 87ae30e51a024d7a8f76179d05c2345b P 78b6f7740e084669b5a937d447dcf056 [term 5 FOLLOWER]: Advancing to term 6
I20260812 06:37:15.338218 23048 raft_consensus.cc:3060] T 87ae30e51a024d7a8f76179d05c2345b P 4ed5be7462e1469c84f32f6ce9e4fd7a [term 5 FOLLOWER]: Advancing to term 6
I20260812 06:37:15.339165 22839 raft_consensus.cc:2468] T 87ae30e51a024d7a8f76179d05c2345b P 78b6f7740e084669b5a937d447dcf056 [term 6 FOLLOWER]: Leader election vote request: Granting yes vote for candidate f900e30f16d44335abed18c1ad13ddf5 in term 6.
