0812 06:36:48.175834 (+   443us) tablet_service.cc:2890] Created scanner 968d4920db33411995a1ab1b8dda401c for tablet 87ae30e51a024d7a8f76179d05c2345b, query id is 12b652c1709545eaa7482cb1658b1328
0812 06:36:48.176497 (+   663us) tablet_service.cc:3030] Creating iterator
0812 06:36:48.176543 (+    46us) tablet_service.cc:3408] Waiting safe time to advance
0812 06:36:49.176759 (+1000216us) tablet_service.cc:3055] Iterator created
0812 06:36:49.176814 (+    55us) tablet_service.cc:3077] Iterator init: Service unavailable: Timed out: could not wait for desired snapshot timestamp to be consistent: Timed out waiting for ts: P: 1786516608176493 usec, L: 0 to be safe (mode: NON-LEADER). Current safe time: P: 1786516608030061 usec, L: 0 Physical time difference: 0.146s
0812 06:36:49.177643 (+   829us) inbound_call.cc:177] Queueing failure response
Metrics: {}
I20260812 06:36:49.183712 20569 raft_consensus.cc:493] T 1c79584c466c4e8195cf19610dbf7680 P 4ed5be7462e1469c84f32f6ce9e4fd7a [term 3 FOLLOWER]: Starting pre-election (detected failure of leader f900e30f16d44335abed18c1ad13ddf5)
I20260812 06:36:49.183811 20569 raft_consensus.cc:515] T 1c79584c466c4e8195cf19610dbf7680 P 4ed5be7462e1469c84f32f6ce9e4fd7a [term 3 FOLLOWER]: Starting pre-election with config: opid_index: -1 OBSOLETE_local: false peers { permanent_uuid: "f900e30f16d44335abed18c1ad13ddf5" member_type: VOTER last_known_addr { host: "127.17.81.65" port: 42435 } } peers { permanent_uuid: "78b6f7740e084669b5a937d447dcf056" member_type: VOTER last_known_addr { host: "127.17.81.66" port: 43139 } } peers { permanent_uuid: "4ed5be7462e1469c84f32f6ce9e4fd7a" member_type: VOTER last_known_addr { host: "127.17.81.67" port: 44171 } }
I20260812 06:36:49.184814 20569 leader_election.cc:290] T 1c79584c466c4e8195cf19610dbf7680 P 4ed5be7462e1469c84f32f6ce9e4fd7a [CANDIDATE]: Term 4 pre-election: Requested pre-vote from peers f900e30f16d44335abed18c1ad13ddf5 (127.17.81.65:42435), 78b6f7740e084669b5a937d447dcf056 (127.17.81.66:43139)
W20260812 06:36:49.185428 20223 proxy.cc:239] Call had error, refreshing address and retrying: Network error: Client connection negotiation failed: client connection to 127.17.81.65:42435: connect: Connection refused (error 111)
W20260812 06:36:49.186257 20223 leader_election.cc:336] T 1c79584c466c4e8195cf19610dbf7680 P 4ed5be7462e1469c84f32f6ce9e4fd7a [CANDIDATE]: Term 4 pre-election: RPC error from VoteRequest() call to peer f900e30f16d44335abed18c1ad13ddf5 (127.17.81.65:42435): Network error: Client connection negotiation failed: client connection to 127.17.81.65:42435: connect: Connection refused (error 111)
I20260812 06:36:49.189030 20100 tablet_service.cc:1917] Received RequestConsensusVote() RPC: tablet_id: "1c79584c466c4e8195cf19610dbf7680" candidate_uuid: "4ed5be7462e1469c84f32f6ce9e4fd7a" candidate_term: 4 candidate_status { last_received { term: 3 index: 1703 } } ignore_live_leader: false dest_uuid: "78b6f7740e084669b5a937d447dcf056" is_pre_election: true
I20260812 06:36:49.189500 20225 leader_election.cc:304] T 1c79584c466c4e8195cf19610dbf7680 P 4ed5be7462e1469c84f32f6ce9e4fd7a [CANDIDATE]: Term 4 pre-election: Election decided. Result: candidate lost. Election summary: received 3 responses out of 3 voters: 1 yes votes; 2 no votes. yes voters: 4ed5be7462e1469c84f32f6ce9e4fd7a; no voters: 78b6f7740e084669b5a937d447dcf056, f900e30f16d44335abed18c1ad13ddf5
I20260812 06:36:49.189709 20569 raft_consensus.cc:2749] T 1c79584c466c4e8195cf19610dbf7680 P 4ed5be7462e1469c84f32f6ce9e4fd7a [term 3 FOLLOWER]: Leader pre-election lost for term 4. Reason: could not achieve majority
W20260812 06:36:49.195813 20246 tablet_service.cc:3080] error setting up scanner b476535bf797455f99e5cbf82d17820c with request: Service unavailable: Timed out: could not wait for desired snapshot timestamp to be consistent: tablet hasn't heard from leader or there hasn't been a stable leader for 1.165s (maximum allowed 0.750s): new_scan_request { tablet_id: "87ae30e51a024d7a8f76179d05c2345b" projected_columns { name: "rand_key" type: INT64 is_key: false is_nullable: false immutable: false } projected_columns { name: "link_to" type: INT64 is_key: false is_nullable: false immutable: false } projected_columns { name: "updated" type: BOOL is_key: false is_nullable: false read_default_value: "\000" write_default_value: "\000" immutable: false } read_mode: READ_AT_SNAPSHOT cache_blocks: true order_mode: ORDERED row_format_flags: 0 authz_token { token_data: "\010\254\253\360\323\006\"3\n\005slave\022*\n 948ff69a08984e1f853d1f52fab45bf3\020\001\030\001 \001(\001" signature: "<redacted>""2d\254\237\226\021Q\342\274\034\362\270\211H%\371*[\240\277\373`\337Z\262\335\374\177\371\306\301 \312\344\0064\317\262\374NQ\221#\271D\216\305>\372\362a\027\330\344\302\301;6z\204N\312\254\247" signing_key_seq_num: 0 } } call_seq_id: 0 batch_size_bytes: 0 query_id: "12b652c1709545eaa7482cb1658b1328"
W20260812 06:36:49.219419 20246 tablet_service.cc:3080] error setting up scanner 62adfd33a1cf4143b82533b7c61762d9 with request: Service unavailable: Timed out: could not wait for desired snapshot timestamp to be consistent: tablet hasn't heard from leader or there hasn't been a stable leader for 1.189s (maximum allowed 0.750s): new_scan_request { tablet_id: "87ae30e51a024d7a8f76179d05c2345b" projected_columns { name: "rand_key" type: INT64 is_key: false is_nullable: false immutable: false } projected_columns { name: "link_to" type: INT64 is_key: false is_nullable: false immutable: false } projected_columns { name: "updated" type: BOOL is_key: false is_nullable: false read_default_value: "\000" write_default_value: "\000" immutable: false } read_mode: READ_AT_SNAPSHOT cache_blocks: true order_mode: ORDERED row_format_flags: 0 authz_token { token_data: "\010\254\253\360\323\006\"3\n\005slave\022*\n 948ff69a08984e1f853d1f52fab45bf3\020\001\030\001 \001(\001" signature: "<redacted>""2d\254\237\226\021Q\342\274\034\362\270\211H%\371*[\240\277\373`\337Z\262\335\374\177\371\306\301 \312\344\0064\317\262\374NQ\221#\271D\216\305>\372\362a\027\330\344\302\301;6z\204N\312\254\247" signing_key_seq_num: 0 } } call_seq_id: 0 batch_size_bytes: 0 query_id: "12b652c1709545eaa7482cb1658b1328"
W20260812 06:36:49.269249 20246 tablet_service.cc:3080] error setting up scanner 082bcb7e82fe48c3a1fcc5d9ade1e6b9 with request: Service unavailable: Timed out: could not wait for desired snapshot timestamp to be consistent: tablet hasn't heard from leader or there hasn't been a stable leader for 1.238s (maximum allowed 0.750s): new_scan_request { tablet_id: "87ae30e51a024d7a8f76179d05c2345b" projected_columns { name: "rand_key" type: INT64 is_key: false is_nullable: false immutable: false } projected_columns { name: "link_to" type: INT64 is_key: false is_nullable: false immutable: false } projected_columns { name: "updated" type: BOOL is_key: false is_nullable: false read_default_value: "\000" write_default_value: "\000" immutable: false } read_mode: READ_AT_SNAPSHOT cache_blocks: true order_mode: ORDERED row_format_flags: 0 authz_token { token_data: "\010\254\253\360\323\006\"3\n\005slave\022*\n 948ff69a08984e1f853d1f52fab45bf3\020\001\030\001 \001(\001" signature: "<redacted>""2d\254\237\226\021Q\342\274\034\362\270\211H%\371*[\240\277\373`\337Z\262\335\374\177\371\306\301 \312\344\0064\317\262\374NQ\221#\271D\216\305>\372\362a\027\330\344\302\301;6z\204N\312\254\247" signing_key_seq_num: 0 } } call_seq_id: 0 batch_size_bytes: 0 query_id: "12b652c1709545eaa7482cb1658b1328"
W20260812 06:36:49.399227 20246 tablet_service.cc:3080] error setting up scanner 8adfe80488ff4426b58609bb2ebbd58f with request: Service unavailable: Timed out: could not wait for desired snapshot timestamp to be consistent: tablet hasn't heard from leader or there hasn't been a stable leader for 1.368s (maximum allowed 0.750s): new_scan_request { tablet_id: "87ae30e51a024d7a8f76179d05c2345b" projected_columns { name: "rand_key" type: INT64 is_key: false is_nullable: false immutable: false } projected_columns { name: "link_to" type: INT64 is_key: false is_nullable: false immutable: false } projected_columns { name: "updated" type: BOOL is_key: false is_nullable: false read_default_value: "\000" write_default_value: "\000" immutable: false } read_mode: READ_AT_SNAPSHOT cache_blocks: true order_mode: ORDERED row_format_flags: 0 authz_token { token_data: "\010\254\253\360\323\006\"3\n\005slave\022*\n 948ff69a08984e1f853d1f52fab45bf3\020\001\030\001 \001(\001" signature: "<redacted>""2d\254\237\226\021Q\342\274\034\362\270\211H%\371*[\240\277\373`\337Z\262\335\374\177\371\306\301 \312\344\0064\317\262\374NQ\221#\271D\216\305>\372\362a\027\330\344\302\301;6z\204N\312\254\247" signing_key_seq_num: 0 } } call_seq_id: 0 batch_size_bytes: 0 query_id: "12b652c1709545eaa7482cb1658b1328"
I20260812 06:36:49.510159 20578 raft_consensus.cc:493] T 87ae30e51a024d7a8f76179d05c2345b P 78b6f7740e084669b5a937d447dcf056 [term 3 FOLLOWER]: Starting pre-election (detected failure of leader f900e30f16d44335abed18c1ad13ddf5)
I20260812 06:36:49.510313 20578 raft_consensus.cc:515] T 87ae30e51a024d7a8f76179d05c2345b P 78b6f7740e084669b5a937d447dcf056 [term 3 FOLLOWER]: Starting pre-election with config: opid_index: -1 OBSOLETE_local: false peers { permanent_uuid: "4ed5be7462e1469c84f32f6ce9e4fd7a" member_type: VOTER last_known_addr { host: "127.17.81.67" port: 44171 } } peers { permanent_uuid: "f900e30f16d44335abed18c1ad13ddf5" member_type: VOTER last_known_addr { host: "127.17.81.65" port: 42435 } } peers { permanent_uuid: "78b6f7740e084669b5a937d447dcf056" member_type: VOTER last_known_addr { host: "127.17.81.66" port: 43139 } }
I20260812 06:36:49.511389 20578 leader_election.cc:290] T 87ae30e51a024d7a8f76179d05c2345b P 78b6f7740e084669b5a937d447dcf056 [CANDIDATE]: Term 4 pre-election: Requested pre-vote from peers 4ed5be7462e1469c84f32f6ce9e4fd7a (127.17.81.67:44171), f900e30f16d44335abed18c1ad13ddf5 (127.17.81.65:42435)
W20260812 06:36:49.512183 19977 proxy.cc:239] Call had error, refreshing address and retrying: Network error: Client connection negotiation failed: client connection to 127.17.81.65:42435: connect: Connection refused (error 111)
W20260812 06:36:49.513145 19977 leader_election.cc:336] T 87ae30e51a024d7a8f76179d05c2345b P 78b6f7740e084669b5a937d447dcf056 [CANDIDATE]: Term 4 pre-election: RPC error from VoteRequest() call to peer f900e30f16d44335abed18c1ad13ddf5 (127.17.81.65:42435): Network error: Client connection negotiation failed: client connection to 127.17.81.65:42435: connect: Connection refused (error 111)
I20260812 06:36:49.515630 20324 tablet_service.cc:1917] Received RequestConsensusVote() RPC: tablet_id: "87ae30e51a024d7a8f76179d05c2345b" candidate_uuid: "78b6f7740e084669b5a937d447dcf056" candidate_term: 4 candidate_status { last_received { term: 3 index: 1734 } } ignore_live_leader: false dest_uuid: "4ed5be7462e1469c84f32f6ce9e4fd7a" is_pre_election: true
I20260812 06:36:49.516209 19983 leader_election.cc:304] T 87ae30e51a024d7a8f76179d05c2345b P 78b6f7740e084669b5a937d447dcf056 [CANDIDATE]: Term 4 pre-election: Election decided. Result: candidate lost. Election summary: received 3 responses out of 3 voters: 1 yes votes; 2 no votes. yes voters: 78b6f7740e084669b5a937d447dcf056; no voters: 4ed5be7462e1469c84f32f6ce9e4fd7a, f900e30f16d44335abed18c1ad13ddf5
I20260812 06:36:49.516462 20578 raft_consensus.cc:2749] T 87ae30e51a024d7a8f76179d05c2345b P 78b6f7740e084669b5a937d447dcf056 [term 3 FOLLOWER]: Leader pre-election lost for term 4. Reason: could not achieve majority
I20260812 06:36:49.531369 20569 raft_consensus.cc:493] T 87ae30e51a024d7a8f76179d05c2345b P 4ed5be7462e1469c84f32f6ce9e4fd7a [term 3 FOLLOWER]: Starting pre-election (detected failure of leader f900e30f16d44335abed18c1ad13ddf5)
I20260812 06:36:49.531489 20569 raft_consensus.cc:515] T 87ae30e51a024d7a8f76179d05c2345b P 4ed5be7462e1469c84f32f6ce9e4fd7a [term 3 FOLLOWER]: Starting pre-election with config: opid_index: -1 OBSOLETE_local: false peers { permanent_uuid: "4ed5be7462e1469c84f32f6ce9e4fd7a" member_type: VOTER last_known_addr { host: "127.17.81.67" port: 44171 } } peers { permanent_uuid: "f900e30f16d44335abed18c1ad13ddf5" member_type: VOTER last_known_addr { host: "127.17.81.65" port: 42435 } } peers { permanent_uuid: "78b6f7740e084669b5a937d447dcf056" member_type: VOTER last_known_addr { host: "127.17.81.66" port: 43139 } }
I20260812 06:36:49.531965 20569 leader_election.cc:290] T 87ae30e51a024d7a8f76179d05c2345b P 4ed5be7462e1469c84f32f6ce9e4fd7a [CANDIDATE]: Term 4 pre-election: Requested pre-vote from peers f900e30f16d44335abed18c1ad13ddf5 (127.17.81.65:42435), 78b6f7740e084669b5a937d447dcf056 (127.17.81.66:43139)
I20260812 06:36:49.532414 20100 tablet_service.cc:1917] Received RequestConsensusVote() RPC: tablet_id: "87ae30e51a024d7a8f76179d05c2345b" candidate_uuid: "4ed5be7462e1469c84f32f6ce9e4fd7a" candidate_term: 4 candidate_status { last_received { term: 3 index: 1734 } } ignore_live_leader: false dest_uuid: "78b6f7740e084669b5a937d447dcf056" is_pre_election: true
I20260812 06:36:49.532565 20100 raft_consensus.cc:2468] T 87ae30e51a024d7a8f76179d05c2345b P 78b6f7740e084669b5a937d447dcf056 [term 3 FOLLOWER]: Leader pre-election vote request: Granting yes vote for candidate 4ed5be7462e1469c84f32f6ce9e4fd7a in term 3.
I20260812 06:36:49.532891 20225 leader_election.cc:304] T 87ae30e51a024d7a8f76179d05c2345b P 4ed5be7462e1469c84f32f6ce9e4fd7a [CANDIDATE]: Term 4 pre-election: Election decided. Result: candidate won. Election summary: received 2 responses out of 3 voters: 2 yes votes; 0 no votes. yes voters: 4ed5be7462e1469c84f32f6ce9e4fd7a, 78b6f7740e084669b5a937d447dcf056; no voters: 
I20260812 06:36:49.533099 20569 raft_consensus.cc:2804] T 87ae30e51a024d7a8f76179d05c2345b P 4ed5be7462e1469c84f32f6ce9e4fd7a [term 3 FOLLOWER]: Leader pre-election won for term 4
I20260812 06:36:49.533165 20569 raft_consensus.cc:493] T 87ae30e51a024d7a8f76179d05c2345b P 4ed5be7462e1469c84f32f6ce9e4fd7a [term 3 FOLLOWER]: Starting leader election (detected failure of leader f900e30f16d44335abed18c1ad13ddf5)
I20260812 06:36:49.533203 20569 raft_consensus.cc:3060] T 87ae30e51a024d7a8f76179d05c2345b P 4ed5be7462e1469c84f32f6ce9e4fd7a [term 3 FOLLOWER]: Advancing to term 4
W20260812 06:36:49.533233 20223 leader_election.cc:336] T 87ae30e51a024d7a8f76179d05c2345b P 4ed5be7462e1469c84f32f6ce9e4fd7a [CANDIDATE]: Term 4 pre-election: RPC error from VoteRequest() call to peer f900e30f16d44335abed18c1ad13ddf5 (127.17.81.65:42435): Network error: Client connection negotiation failed: client connection to 127.17.81.65:42435: connect: Connection refused (error 111)
I20260812 06:36:49.534298 20569 raft_consensus.cc:515] T 87ae30e51a024d7a8f76179d05c2345b P 4ed5be7462e1469c84f32f6ce9e4fd7a [term 4 FOLLOWER]: Starting leader election with config: opid_index: -1 OBSOLETE_local: false peers { permanent_uuid: "4ed5be7462e1469c84f32f6ce9e4fd7a" member_type: VOTER last_known_addr { host: "127.17.81.67" port: 44171 } } peers { permanent_uuid: "f900e30f16d44335abed18c1ad13ddf5" member_type: VOTER last_known_addr { host: "127.17.81.65" port: 42435 } } peers { permanent_uuid: "78b6f7740e084669b5a937d447dcf056" member_type: VOTER last_known_addr { host: "127.17.81.66" port: 43139 } }
I20260812 06:36:49.534684 20569 leader_election.cc:290] T 87ae30e51a024d7a8f76179d05c2345b P 4ed5be7462e1469c84f32f6ce9e4fd7a [CANDIDATE]: Term 4 election: Requested vote from peers f900e30f16d44335abed18c1ad13ddf5 (127.17.81.65:42435), 78b6f7740e084669b5a937d447dcf056 (127.17.81.66:43139)
I20260812 06:36:49.535035 20100 tablet_service.cc:1917] Received RequestConsensusVote() RPC: tablet_id: "87ae30e51a024d7a8f76179d05c2345b" candidate_uuid: "4ed5be7462e1469c84f32f6ce9e4fd7a" candidate_term: 4 candidate_status { last_received { term: 3 index: 1734 } } ignore_live_leader: false dest_uuid: "78b6f7740e084669b5a937d447dcf056"
I20260812 06:36:49.535156 20100 raft_consensus.cc:3060] T 87ae30e51a024d7a8f76179d05c2345b P 78b6f7740e084669b5a937d447dcf056 [term 3 FOLLOWER]: Advancing to term 4
W20260812 06:36:49.535712 20223 leader_election.cc:336] T 87ae30e51a024d7a8f76179d05c2345b P 4ed5be7462e1469c84f32f6ce9e4fd7a [CANDIDATE]: Term 4 election: RPC error from VoteRequest() call to peer f900e30f16d44335abed18c1ad13ddf5 (127.17.81.65:42435): Network error: Client connection negotiation failed: client connection to 127.17.81.65:42435: connect: Connection refused (error 111)
I20260812 06:36:49.536125 20100 raft_consensus.cc:2468] T 87ae30e51a024d7a8f76179d05c2345b P 78b6f7740e084669b5a937d447dcf056 [term 4 FOLLOWER]: Leader election vote request: Granting yes vote for candidate 4ed5be7462e1469c84f32f6ce9e4fd7a in term 4.
I20260812 06:36:49.536397 20225 leader_election.cc:304] T 87ae30e51a024d7a8f76179d05c2345b P 4ed5be7462e1469c84f32f6ce9e4fd7a [CANDIDATE]: Term 4 election: Election decided. Result: candidate won. Election summary: received 3 responses out of 3 voters: 2 yes votes; 1 no votes. yes voters: 4ed5be7462e1469c84f32f6ce9e4fd7a, 78b6f7740e084669b5a937d447dcf056; no voters: f900e30f16d44335abed18c1ad13ddf5
I20260812 06:36:49.536559 20569 raft_consensus.cc:2804] T 87ae30e51a024d7a8f76179d05c2345b P 4ed5be7462e1469c84f32f6ce9e4fd7a [term 4 FOLLOWER]: Leader election won for term 4
I20260812 06:36:49.536783 20569 raft_consensus.cc:697] T 87ae30e51a024d7a8f76179d05c2345b P 4ed5be7462e1469c84f32f6ce9e4fd7a [term 4 LEADER]: Becoming Leader. State: Replica: 4ed5be7462e1469c84f32f6ce9e4fd7a, State: Running, Role: LEADER
I20260812 06:36:49.537087 20569 consensus_queue.cc:237] T 87ae30e51a024d7a8f76179d05c2345b P 4ed5be7462e1469c84f32f6ce9e4fd7a [LEADER]: Queue going to LEADER mode. State: All replicated index: 0, Majority replicated index: 1734, Committed index: 1734, Last appended: 3.1734, Last appended by leader: 1734, Current term: 4, Majority size: 2, State: 0, Mode: LEADER, active raft config: opid_index: -1 OBSOLETE_local: false peers { permanent_uuid: "4ed5be7462e1469c84f32f6ce9e4fd7a" member_type: VOTER last_known_addr { host: "127.17.81.67" port: 44171 } } peers { permanent_uuid: "f900e30f16d44335abed18c1ad13ddf5" member_type: VOTER last_known_addr { host: "127.17.81.65" port: 42435 } } peers { permanent_uuid: "78b6f7740e084669b5a937d447dcf056" member_type: VOTER last_known_addr { host: "127.17.81.66" port: 43139 } }
I20260812 06:36:49.539988 17808 catalog_manager.cc:5719] T 87ae30e51a024d7a8f76179d05c2345b P 4ed5be7462e1469c84f32f6ce9e4fd7a reported cstate change: term changed from 3 to 4, leader changed from f900e30f16d44335abed18c1ad13ddf5 (127.17.81.65) to 4ed5be7462e1469c84f32f6ce9e4fd7a (127.17.81.67). New cstate: current_term: 4 leader_uuid: "4ed5be7462e1469c84f32f6ce9e4fd7a" committed_config { opid_index: -1 OBSOLETE_local: false peers { permanent_uuid: "4ed5be7462e1469c84f32f6ce9e4fd7a" member_type: VOTER last_known_addr { host: "127.17.81.67" port: 44171 } health_report { overall_health: HEALTHY } } peers { permanent_uuid: "f900e30f16d44335abed18c1ad13ddf5" member_type: VOTER last_known_addr { host: "127.17.81.65" port: 42435 } health_report { overall_health: UNKNOWN } } peers { permanent_uuid: "78b6f7740e084669b5a937d447dcf056" member_type: VOTER last_known_addr { host: "127.17.81.66" port: 43139 } health_report { overall_health: UNKNOWN } } }
I20260812 06:36:49.555912 20578 raft_consensus.cc:493] T 1c79584c466c4e8195cf19610dbf7680 P 78b6f7740e084669b5a937d447dcf056 [term 3 FOLLOWER]: Starting pre-election (detected failure of leader f900e30f16d44335abed18c1ad13ddf5)
I20260812 06:36:49.556032 20578 raft_consensus.cc:515] T 1c79584c466c4e8195cf19610dbf7680 P 78b6f7740e084669b5a937d447dcf056 [term 3 FOLLOWER]: Starting pre-election with config: opid_index: -1 OBSOLETE_local: false peers { permanent_uuid: "f900e30f16d44335abed18c1ad13ddf5" member_type: VOTER last_known_addr { host: "127.17.81.65" port: 42435 } } peers { permanent_uuid: "78b6f7740e084669b5a937d447dcf056" member_type: VOTER last_known_addr { host: "127.17.81.66" port: 43139 } } peers { permanent_uuid: "4ed5be7462e1469c84f32f6ce9e4fd7a" member_type: VOTER last_known_addr { host: "127.17.81.67" port: 44171 } }
I20260812 06:36:49.556450 20578 leader_election.cc:290] T 1c79584c466c4e8195cf19610dbf7680 P 78b6f7740e084669b5a937d447dcf056 [CANDIDATE]: Term 4 pre-election: Requested pre-vote from peers f900e30f16d44335abed18c1ad13ddf5 (127.17.81.65:42435), 4ed5be7462e1469c84f32f6ce9e4fd7a (127.17.81.67:44171)
I20260812 06:36:49.556898 20324 tablet_service.cc:1917] Received RequestConsensusVote() RPC: tablet_id: "1c79584c466c4e8195cf19610dbf7680" candidate_uuid: "78b6f7740e084669b5a937d447dcf056" candidate_term: 4 candidate_status { last_received { term: 3 index: 1703 } } ignore_live_leader: false dest_uuid: "4ed5be7462e1469c84f32f6ce9e4fd7a" is_pre_election: true
I20260812 06:36:49.557039 20324 raft_consensus.cc:2468] T 1c79584c466c4e8195cf19610dbf7680 P 4ed5be7462e1469c84f32f6ce9e4fd7a [term 3 FOLLOWER]: Leader pre-election vote request: Granting yes vote for candidate 78b6f7740e084669b5a937d447dcf056 in term 3.
I20260812 06:36:49.557368 19983 leader_election.cc:304] T 1c79584c466c4e8195cf19610dbf7680 P 78b6f7740e084669b5a937d447dcf056 [CANDIDATE]: Term 4 pre-election: Election decided. Result: candidate won. Election summary: received 2 responses out of 3 voters: 2 yes votes; 0 no votes. yes voters: 4ed5be7462e1469c84f32f6ce9e4fd7a, 78b6f7740e084669b5a937d447dcf056; no voters: 
W20260812 06:36:49.557547 19977 leader_election.cc:336] T 1c79584c466c4e8195cf19610dbf7680 P 78b6f7740e084669b5a937d447dcf056 [CANDIDATE]: Term 4 pre-election: RPC error from VoteRequest() call to peer f900e30f16d44335abed18c1ad13ddf5 (127.17.81.65:42435): Network error: Client connection negotiation failed: client connection to 127.17.81.65:42435: connect: Connection refused (error 111)
I20260812 06:36:49.557545 20578 raft_consensus.cc:2804] T 1c79584c466c4e8195cf19610dbf7680 P 78b6f7740e084669b5a937d447dcf056 [term 3 FOLLOWER]: Leader pre-election won for term 4
I20260812 06:36:49.557647 20578 raft_consensus.cc:493] T 1c79584c466c4e8195cf19610dbf7680 P 78b6f7740e084669b5a937d447dcf056 [term 3 FOLLOWER]: Starting leader election (detected failure of leader f900e30f16d44335abed18c1ad13ddf5)
I20260812 06:36:49.557690 20578 raft_consensus.cc:3060] T 1c79584c466c4e8195cf19610dbf7680 P 78b6f7740e084669b5a937d447dcf056 [term 3 FOLLOWER]: Advancing to term 4
I20260812 06:36:49.558466 20578 raft_consensus.cc:515] T 1c79584c466c4e8195cf19610dbf7680 P 78b6f7740e084669b5a937d447dcf056 [term 4 FOLLOWER]: Starting leader election with config: opid_index: -1 OBSOLETE_local: false peers { permanent_uuid: "f900e30f16d44335abed18c1ad13ddf5" member_type: VOTER last_known_addr { host: "127.17.81.65" port: 42435 } } peers { permanent_uuid: "78b6f7740e084669b5a937d447dcf056" member_type: VOTER last_known_addr { host: "127.17.81.66" port: 43139 } } peers { permanent_uuid: "4ed5be7462e1469c84f32f6ce9e4fd7a" member_type: VOTER last_known_addr { host: "127.17.81.67" port: 44171 } }
I20260812 06:36:49.558789 20578 leader_election.cc:290] T 1c79584c466c4e8195cf19610dbf7680 P 78b6f7740e084669b5a937d447dcf056 [CANDIDATE]: Term 4 election: Requested vote from peers f900e30f16d44335abed18c1ad13ddf5 (127.17.81.65:42435), 4ed5be7462e1469c84f32f6ce9e4fd7a (127.17.81.67:44171)
I20260812 06:36:49.559185 20324 tablet_service.cc:1917] Received RequestConsensusVote() RPC: tablet_id: "1c79584c466c4e8195cf19610dbf7680" candidate_uuid: "78b6f7740e084669b5a937d447dcf056" candidate_term: 4 candidate_status { last_received { term: 3 index: 1703 } } ignore_live_leader: false dest_uuid: "4ed5be7462e1469c84f32f6ce9e4fd7a"
I20260812 06:36:49.559288 20324 raft_consensus.cc:3060] T 1c79584c466c4e8195cf19610dbf7680 P 4ed5be7462e1469c84f32f6ce9e4fd7a [term 3 FOLLOWER]: Advancing to term 4
I20260812 06:36:49.560045 20324 raft_consensus.cc:2468] T 1c79584c466c4e8195cf19610dbf7680 P 4ed5be7462e1469c84f32f6ce9e4fd7a [term 4 FOLLOWER]: Leader election vote request: Granting yes vote for candidate 78b6f7740e084669b5a937d447dcf056 in term 4.
I20260812 06:36:49.560328 19983 leader_election.cc:304] T 1c79584c466c4e8195cf19610dbf7680 P 78b6f7740e084669b5a937d447dcf056 [CANDIDATE]: Term 4 election: Election decided. Result: candidate won. Election summary: received 2 responses out of 3 voters: 2 yes votes; 0 no votes. yes voters: 4ed5be7462e1469c84f32f6ce9e4fd7a, 78b6f7740e084669b5a937d447dcf056; no voters: 
I20260812 06:36:49.560503 20578 raft_consensus.cc:2804] T 1c79584c466c4e8195cf19610dbf7680 P 78b6f7740e084669b5a937d447dcf056 [term 4 FOLLOWER]: Leader election won for term 4
I20260812 06:36:49.560734 20578 raft_consensus.cc:697] T 1c79584c466c4e8195cf19610dbf7680 P 78b6f7740e084669b5a937d447dcf056 [term 4 LEADER]: Becoming Leader. State: Replica: 78b6f7740e084669b5a937d447dcf056, State: Running, Role: LEADER
I20260812 06:36:49.561038 20578 consensus_queue.cc:237] T 1c79584c466c4e8195cf19610dbf7680 P 78b6f7740e084669b5a937d447dcf056 [LEADER]: Queue going to LEADER mode. State: All replicated index: 0, Majority replicated index: 1703, Committed index: 1703, Last appended: 3.1703, Last appended by leader: 1703, Current term: 4, Majority size: 2, State: 0, Mode: LEADER, active raft config: opid_index: -1 OBSOLETE_local: false peers { permanent_uuid: "f900e30f16d44335abed18c1ad13ddf5" member_type: VOTER last_known_addr { host: "127.17.81.65" port: 42435 } } peers { permanent_uuid: "78b6f7740e084669b5a937d447dcf056" member_type: VOTER last_known_addr { host: "127.17.81.66" port: 43139 } } peers { permanent_uuid: "4ed5be7462e1469c84f32f6ce9e4fd7a" member_type: VOTER last_known_addr { host: "127.17.81.67" port: 44171 } }
W20260812 06:36:49.562152 19977 leader_election.cc:336] T 1c79584c466c4e8195cf19610dbf7680 P 78b6f7740e084669b5a937d447dcf056 [CANDIDATE]: Term 4 election: RPC error from VoteRequest() call to peer f900e30f16d44335abed18c1ad13ddf5 (127.17.81.65:42435): Network error: Client connection negotiation failed: client connection to 127.17.81.65:42435: connect: Connection refused (error 111)
I20260812 06:36:49.563540 17808 catalog_manager.cc:5719] T 1c79584c466c4e8195cf19610dbf7680 P 78b6f7740e084669b5a937d447dcf056 reported cstate change: term changed from 3 to 4, leader changed from f900e30f16d44335abed18c1ad13ddf5 (127.17.81.65) to 78b6f7740e084669b5a937d447dcf056 (127.17.81.66). New cstate: current_term: 4 leader_uuid: "78b6f7740e084669b5a937d447dcf056" committed_config { opid_index: -1 OBSOLETE_local: false peers { permanent_uuid: "f900e30f16d44335abed18c1ad13ddf5" member_type: VOTER last_known_addr { host: "127.17.81.65" port: 42435 } health_report { overall_health: UNKNOWN } } peers { permanent_uuid: "78b6f7740e084669b5a937d447dcf056" member_type: VOTER last_known_addr { host: "127.17.81.66" port: 43139 } health_report { overall_health: HEALTHY } } peers { permanent_uuid: "4ed5be7462e1469c84f32f6ce9e4fd7a" member_type: VOTER last_known_addr { host: "127.17.81.67" port: 44171 } health_report { overall_health: UNKNOWN } } }
W20260812 06:36:49.584756 17733 scanner-internal.cc:458] Time spent opening tablet: real 1.416s	user 0.003s	sys 0.000s
I20260812 06:36:49.642198 20569 raft_consensus.cc:493] T ccd15cf98b8c463c972a50730a1c4600 P 4ed5be7462e1469c84f32f6ce9e4fd7a [term 2 FOLLOWER]: Starting pre-election (detected failure of leader f900e30f16d44335abed18c1ad13ddf5)
I20260812 06:36:49.642338 20569 raft_consensus.cc:515] T ccd15cf98b8c463c972a50730a1c4600 P 4ed5be7462e1469c84f32f6ce9e4fd7a [term 2 FOLLOWER]: Starting pre-election with config: opid_index: -1 OBSOLETE_local: false peers { permanent_uuid: "f900e30f16d44335abed18c1ad13ddf5" member_type: VOTER last_known_addr { host: "127.17.81.65" port: 42435 } } peers { permanent_uuid: "78b6f7740e084669b5a937d447dcf056" member_type: VOTER last_known_addr { host: "127.17.81.66" port: 43139 } } peers { permanent_uuid: "4ed5be7462e1469c84f32f6ce9e4fd7a" member_type: VOTER last_known_addr { host: "127.17.81.67" port: 44171 } }
I20260812 06:36:49.642768 20569 leader_election.cc:290] T ccd15cf98b8c463c972a50730a1c4600 P 4ed5be7462e1469c84f32f6ce9e4fd7a [CANDIDATE]: Term 3 pre-election: Requested pre-vote from peers f900e30f16d44335abed18c1ad13ddf5 (127.17.81.65:42435), 78b6f7740e084669b5a937d447dcf056 (127.17.81.66:43139)
I20260812 06:36:49.643177 20100 tablet_service.cc:1917] Received RequestConsensusVote() RPC: tablet_id: "ccd15cf98b8c463c972a50730a1c4600" candidate_uuid: "4ed5be7462e1469c84f32f6ce9e4fd7a" candidate_term: 3 candidate_status { last_received { term: 2 index: 1695 } } ignore_live_leader: false dest_uuid: "78b6f7740e084669b5a937d447dcf056" is_pre_election: true
W20260812 06:36:49.644207 20223 leader_election.cc:336] T ccd15cf98b8c463c972a50730a1c4600 P 4ed5be7462e1469c84f32f6ce9e4fd7a [CANDIDATE]: Term 3 pre-election: RPC error from VoteRequest() call to peer f900e30f16d44335abed18c1ad13ddf5 (127.17.81.65:42435): Network error: Client connection negotiation failed: client connection to 127.17.81.65:42435: connect: Connection refused (error 111)
I20260812 06:36:49.644287 20223 leader_election.cc:304] T ccd15cf98b8c463c972a50730a1c4600 P 4ed5be7462e1469c84f32f6ce9e4fd7a [CANDIDATE]: Term 3 pre-election: Election decided. Result: candidate lost. Election summary: received 3 responses out of 3 voters: 1 yes votes; 2 no votes. yes voters: 4ed5be7462e1469c84f32f6ce9e4fd7a; no voters: 78b6f7740e084669b5a937d447dcf056, f900e30f16d44335abed18c1ad13ddf5
I20260812 06:36:49.644564 20569 raft_consensus.cc:2749] T ccd15cf98b8c463c972a50730a1c4600 P 4ed5be7462e1469c84f32f6ce9e4fd7a [term 2 FOLLOWER]: Leader pre-election lost for term 3. Reason: could not achieve majority
I20260812 06:36:49.645004 20578 raft_consensus.cc:493] T ccd15cf98b8c463c972a50730a1c4600 P 78b6f7740e084669b5a937d447dcf056 [term 2 FOLLOWER]: Starting pre-election (detected failure of leader f900e30f16d44335abed18c1ad13ddf5)
I20260812 06:36:49.645094 20578 raft_consensus.cc:515] T ccd15cf98b8c463c972a50730a1c4600 P 78b6f7740e084669b5a937d447dcf056 [term 2 FOLLOWER]: Starting pre-election with config: opid_index: -1 OBSOLETE_local: false peers { permanent_uuid: "f900e30f16d44335abed18c1ad13ddf5" member_type: VOTER last_known_addr { host: "127.17.81.65" port: 42435 } } peers { permanent_uuid: "78b6f7740e084669b5a937d447dcf056" member_type: VOTER last_known_addr { host: "127.17.81.66" port: 43139 } } peers { permanent_uuid: "4ed5be7462e1469c84f32f6ce9e4fd7a" member_type: VOTER last_known_addr { host: "127.17.81.67" port: 44171 } }
I20260812 06:36:49.645474 20578 leader_election.cc:290] T ccd15cf98b8c463c972a50730a1c4600 P 78b6f7740e084669b5a937d447dcf056 [CANDIDATE]: Term 3 pre-election: Requested pre-vote from peers f900e30f16d44335abed18c1ad13ddf5 (127.17.81.65:42435), 4ed5be7462e1469c84f32f6ce9e4fd7a (127.17.81.67:44171)
I20260812 06:36:49.645855 20324 tablet_service.cc:1917] Received RequestConsensusVote() RPC: tablet_id: "ccd15cf98b8c463c972a50730a1c4600" candidate_uuid: "78b6f7740e084669b5a937d447dcf056" candidate_term: 3 candidate_status { last_received { term: 2 index: 1695 } } ignore_live_leader: false dest_uuid: "4ed5be7462e1469c84f32f6ce9e4fd7a" is_pre_election: true
I20260812 06:36:49.645979 20324 raft_consensus.cc:2468] T ccd15cf98b8c463c972a50730a1c4600 P 4ed5be7462e1469c84f32f6ce9e4fd7a [term 2 FOLLOWER]: Leader pre-election vote request: Granting yes vote for candidate 78b6f7740e084669b5a937d447dcf056 in term 2.
I20260812 06:36:49.646337 19983 leader_election.cc:304] T ccd15cf98b8c463c972a50730a1c4600 P 78b6f7740e084669b5a937d447dcf056 [CANDIDATE]: Term 3 pre-election: Election decided. Result: candidate won. Election summary: received 2 responses out of 3 voters: 2 yes votes; 0 no votes. yes voters: 4ed5be7462e1469c84f32f6ce9e4fd7a, 78b6f7740e084669b5a937d447dcf056; no voters: 
I20260812 06:36:49.646575 20578 raft_consensus.cc:2804] T ccd15cf98b8c463c972a50730a1c4600 P 78b6f7740e084669b5a937d447dcf056 [term 2 FOLLOWER]: Leader pre-election won for term 3
I20260812 06:36:49.646632 20578 raft_consensus.cc:493] T ccd15cf98b8c463c972a50730a1c4600 P 78b6f7740e084669b5a937d447dcf056 [term 2 FOLLOWER]: Starting leader election (detected failure of leader f900e30f16d44335abed18c1ad13ddf5)
I20260812 06:36:49.646667 20578 raft_consensus.cc:3060] T ccd15cf98b8c463c972a50730a1c4600 P 78b6f7740e084669b5a937d447dcf056 [term 2 FOLLOWER]: Advancing to term 3
W20260812 06:36:49.646695 19977 leader_election.cc:336] T ccd15cf98b8c463c972a50730a1c4600 P 78b6f7740e084669b5a937d447dcf056 [CANDIDATE]: Term 3 pre-election: RPC error from VoteRequest() call to peer f900e30f16d44335abed18c1ad13ddf5 (127.17.81.65:42435): Network error: Client connection negotiation failed: client connection to 127.17.81.65:42435: connect: Connection refused (error 111)
I20260812 06:36:49.647740 20578 raft_consensus.cc:515] T ccd15cf98b8c463c972a50730a1c4600 P 78b6f7740e084669b5a937d447dcf056 [term 3 FOLLOWER]: Starting leader election with config: opid_index: -1 OBSOLETE_local: false peers { permanent_uuid: "f900e30f16d44335abed18c1ad13ddf5" member_type: VOTER last_known_addr { host: "127.17.81.65" port: 42435 } } peers { permanent_uuid: "78b6f7740e084669b5a937d447dcf056" member_type: VOTER last_known_addr { host: "127.17.81.66" port: 43139 } } peers { permanent_uuid: "4ed5be7462e1469c84f32f6ce9e4fd7a" member_type: VOTER last_known_addr { host: "127.17.81.67" port: 44171 } }
I20260812 06:36:49.648106 20578 leader_election.cc:290] T ccd15cf98b8c463c972a50730a1c4600 P 78b6f7740e084669b5a937d447dcf056 [CANDIDATE]: Term 3 election: Requested vote from peers f900e30f16d44335abed18c1ad13ddf5 (127.17.81.65:42435), 4ed5be7462e1469c84f32f6ce9e4fd7a (127.17.81.67:44171)
I20260812 06:36:49.648602 20324 tablet_service.cc:1917] Received RequestConsensusVote() RPC: tablet_id: "ccd15cf98b8c463c972a50730a1c4600" candidate_uuid: "78b6f7740e084669b5a937d447dcf056" candidate_term: 3 candidate_status { last_received { term: 2 index: 1695 } } ignore_live_leader: false dest_uuid: "4ed5be7462e1469c84f32f6ce9e4fd7a"
I20260812 06:36:49.648706 20324 raft_consensus.cc:3060] T ccd15cf98b8c463c972a50730a1c4600 P 4ed5be7462e1469c84f32f6ce9e4fd7a [term 2 FOLLOWER]: Advancing to term 3
I20260812 06:36:49.649654 20324 raft_consensus.cc:2468] T ccd15cf98b8c463c972a50730a1c4600 P 4ed5be7462e1469c84f32f6ce9e4fd7a [term 3 FOLLOWER]: Leader election vote request: Granting yes vote for candidate 78b6f7740e084669b5a937d447dcf056 in term 3.
I20260812 06:36:49.650450 19983 leader_election.cc:304] T ccd15cf98b8c463c972a50730a1c4600 P 78b6f7740e084669b5a937d447dcf056 [CANDIDATE]: Term 3 election: Election decided. Result: candidate won. Election summary: received 2 responses out of 3 voters: 2 yes votes; 0 no votes. yes voters: 4ed5be7462e1469c84f32f6ce9e4fd7a, 78b6f7740e084669b5a937d447dcf056; no voters: 
W20260812 06:36:49.651258 19977 leader_election.cc:336] T ccd15cf98b8c463c972a50730a1c4600 P 78b6f7740e084669b5a937d447dcf056 [CANDIDATE]: Term 3 election: RPC error from VoteRequest() call to peer f900e30f16d44335abed18c1ad13ddf5 (127.17.81.65:42435): Network error: Client connection negotiation failed: client connection to 127.17.81.65:42435: connect: Connection refused (error 111)
I20260812 06:36:49.651511 20578 raft_consensus.cc:2804] T ccd15cf98b8c463c972a50730a1c4600 P 78b6f7740e084669b5a937d447dcf056 [term 3 FOLLOWER]: Leader election won for term 3
I20260812 06:36:49.651590 20578 raft_consensus.cc:697] T ccd15cf98b8c463c972a50730a1c4600 P 78b6f7740e084669b5a937d447dcf056 [term 3 LEADER]: Becoming Leader. State: Replica: 78b6f7740e084669b5a937d447dcf056, State: Running, Role: LEADER
I20260812 06:36:49.652040 20578 consensus_queue.cc:237] T ccd15cf98b8c463c972a50730a1c4600 P 78b6f7740e084669b5a937d447dcf056 [LEADER]: Queue going to LEADER mode. State: All replicated index: 0, Majority replicated index: 1695, Committed index: 1695, Last appended: 2.1695, Last appended by leader: 1695, Current term: 3, Majority size: 2, State: 0, Mode: LEADER, active raft config: opid_index: -1 OBSOLETE_local: false peers { permanent_uuid: "f900e30f16d44335abed18c1ad13ddf5" member_type: VOTER last_known_addr { host: "127.17.81.65" port: 42435 } } peers { permanent_uuid: "78b6f7740e084669b5a937d447dcf056" member_type: VOTER last_known_addr { host: "127.17.81.66" port: 43139 } } peers { permanent_uuid: "4ed5be7462e1469c84f32f6ce9e4fd7a" member_type: VOTER last_known_addr { host: "127.17.81.67" port: 44171 } }
I20260812 06:36:49.653888 17808 catalog_manager.cc:5719] T ccd15cf98b8c463c972a50730a1c4600 P 78b6f7740e084669b5a937d447dcf056 reported cstate change: term changed from 2 to 3, leader changed from f900e30f16d44335abed18c1ad13ddf5 (127.17.81.65) to 78b6f7740e084669b5a937d447dcf056 (127.17.81.66). New cstate: current_term: 3 leader_uuid: "78b6f7740e084669b5a937d447dcf056" committed_config { opid_index: -1 OBSOLETE_local: false peers { permanent_uuid: "f900e30f16d44335abed18c1ad13ddf5" member_type: VOTER last_known_addr { host: "127.17.81.65" port: 42435 } health_report { overall_health: UNKNOWN } } peers { permanent_uuid: "78b6f7740e084669b5a937d447dcf056" member_type: VOTER last_known_addr { host: "127.17.81.66" port: 43139 } health_report { overall_health: HEALTHY } } peers { permanent_uuid: "4ed5be7462e1469c84f32f6ce9e4fd7a" member_type: VOTER last_known_addr { host: "127.17.81.67" port: 44171 } health_report { overall_health: UNKNOWN } } }
W20260812 06:36:50.019621 20223 consensus_peers.cc:597] T 87ae30e51a024d7a8f76179d05c2345b P 4ed5be7462e1469c84f32f6ce9e4fd7a -> Peer f900e30f16d44335abed18c1ad13ddf5 (127.17.81.65:42435): Couldn't send request to peer f900e30f16d44335abed18c1ad13ddf5. Status: Network error: Client connection negotiation failed: client connection to 127.17.81.65:42435: connect: Connection refused (error 111). This is attempt 1: this message will repeat every 5th retry.
I20260812 06:36:50.022462 17733 meta_cache.cc:1510] marking tablet server f900e30f16d44335abed18c1ad13ddf5 (127.17.81.65:42435) as failed
W20260812 06:36:50.022562 17733 meta_cache.cc:302] tablet ccd15cf98b8c463c972a50730a1c4600: replica f900e30f16d44335abed18c1ad13ddf5 (127.17.81.65:42435) has failed: Network error: TS failed: Client connection negotiation failed: client connection to 127.17.81.65:42435: connect: Connection refused (error 111)
I20260812 06:36:50.041045 20100 raft_consensus.cc:1275] T 87ae30e51a024d7a8f76179d05c2345b P 78b6f7740e084669b5a937d447dcf056 [term 4 FOLLOWER]: Refusing update from remote peer 4ed5be7462e1469c84f32f6ce9e4fd7a: Log matching property violated. Preceding OpId in replica: term: 3 index: 1734. Preceding OpId from leader: term: 4 index: 1735. (index mismatch)
I20260812 06:36:50.041558 20569 consensus_queue.cc:1048] T 87ae30e51a024d7a8f76179d05c2345b P 4ed5be7462e1469c84f32f6ce9e4fd7a [LEADER]: Connected to new peer: Peer: permanent_uuid: "78b6f7740e084669b5a937d447dcf056" member_type: VOTER last_known_addr { host: "127.17.81.66" port: 43139 }, Status: LMP_MISMATCH, Last received: 0.0, Next index: 1735, Last known committed idx: 1734, Time since last communication: 0.000s
I20260812 06:36:50.057163 20324 raft_consensus.cc:1275] T 1c79584c466c4e8195cf19610dbf7680 P 4ed5be7462e1469c84f32f6ce9e4fd7a [term 4 FOLLOWER]: Refusing update from remote peer 78b6f7740e084669b5a937d447dcf056: Log matching property violated. Preceding OpId in replica: term: 3 index: 1703. Preceding OpId from leader: term: 4 index: 1704. (index mismatch)
I20260812 06:36:50.057740 20578 consensus_queue.cc:1048] T 1c79584c466c4e8195cf19610dbf7680 P 78b6f7740e084669b5a937d447dcf056 [LEADER]: Connected to new peer: Peer: permanent_uuid: "4ed5be7462e1469c84f32f6ce9e4fd7a" member_type: VOTER last_known_addr { host: "127.17.81.67" port: 44171 }, Status: LMP_MISMATCH, Last received: 0.0, Next index: 1704, Last known committed idx: 1703, Time since last communication: 0.000s
W20260812 06:36:50.063280 19977 consensus_peers.cc:597] T 1c79584c466c4e8195cf19610dbf7680 P 78b6f7740e084669b5a937d447dcf056 -> Peer f900e30f16d44335abed18c1ad13ddf5 (127.17.81.65:42435): Couldn't send request to peer f900e30f16d44335abed18c1ad13ddf5. Status: Network error: Client connection negotiation failed: client connection to 127.17.81.65:42435: connect: Connection refused (error 111). This is attempt 1: this message will repeat every 5th retry.
W20260812 06:36:50.215111 19977 consensus_peers.cc:597] T ccd15cf98b8c463c972a50730a1c4600 P 78b6f7740e084669b5a937d447dcf056 -> Peer f900e30f16d44335abed18c1ad13ddf5 (127.17.81.65:42435): Couldn't send request to peer f900e30f16d44335abed18c1ad13ddf5. Status: Network error: Client connection negotiation failed: client connection to 127.17.81.65:42435: connect: Connection refused (error 111). This is attempt 1: this message will repeat every 5th retry.
I20260812 06:36:50.252307 17733 meta_cache.cc:1510] marking tablet server f900e30f16d44335abed18c1ad13ddf5 (127.17.81.65:42435) as failed
I20260812 06:36:50.261327 20324 raft_consensus.cc:1275] T ccd15cf98b8c463c972a50730a1c4600 P 4ed5be7462e1469c84f32f6ce9e4fd7a [term 3 FOLLOWER]: Refusing update from remote peer 78b6f7740e084669b5a937d447dcf056: Log matching property violated. Preceding OpId in replica: term: 2 index: 1695. Preceding OpId from leader: term: 3 index: 1696. (index mismatch)
I20260812 06:36:50.261811 20624 consensus_queue.cc:1048] T ccd15cf98b8c463c972a50730a1c4600 P 78b6f7740e084669b5a937d447dcf056 [LEADER]: Connected to new peer: Peer: permanent_uuid: "4ed5be7462e1469c84f32f6ce9e4fd7a" member_type: VOTER last_known_addr { host: "127.17.81.67" port: 44171 }, Status: LMP_MISMATCH, Last received: 0.0, Next index: 1696, Last known committed idx: 1695, Time since last communication: 0.000s
I20260812 06:36:50.473515 17733 linked_list-test-util.h:767] Done collecting results (85100 rows in 888.668ms)
I20260812 06:36:50.537950 17733 linked_list-test-util.h:556] Snapshot: NOW verified. Result: OK
I20260812 06:36:50.538329 17733 linked_list-test-util.h:692] Successfully verified 85100 rows
I20260812 06:36:50.540881 17733 external_mini_cluster.cc:1664] Killing /tmp/dist-test-taskuhc_Je/build/debug/bin/kudu with pid 19934
I20260812 06:36:50.559108 17733 external_mini_cluster.cc:1664] Killing /tmp/dist-test-taskuhc_Je/build/debug/bin/kudu with pid 20187
I20260812 06:36:50.577015 17733 external_mini_cluster.cc:1372] Running /tmp/dist-test-taskuhc_Je/build/debug/bin/kudu
/tmp/dist-test-taskuhc_Je/build/debug/bin/kudu
--fs_wal_dir=/tmp/dist-test-taskuhc_Je/test-tmp/linked_list-test.0.LinkedListTest.TestLoadAndVerify.1786516560516416-17733-0/linked-list-cluster/ts-0/wal
--fs_data_dirs=/tmp/dist-test-taskuhc_Je/test-tmp/linked_list-test.0.LinkedListTest.TestLoadAndVerify.1786516560516416-17733-0/linked-list-cluster/ts-0/data
--block_manager=log
--webserver_interface=localhost
--never_fsync
--enable_minidumps=false
--redact=none
--metrics_log_interval_ms=1000
--log_dir=/tmp/dist-test-taskuhc_Je/test-tmp/linked_list-test.0.LinkedListTest.TestLoadAndVerify.1786516560516416-17733-0/linked-list-cluster/ts-0/logs
--server_dump_info_path=/tmp/dist-test-taskuhc_Je/test-tmp/linked_list-test.0.LinkedListTest.TestLoadAndVerify.1786516560516416-17733-0/linked-list-cluster/ts-0/data/info.pb
--server_dump_info_format=pb
--rpc_server_allow_ephemeral_ports
--unlock_experimental_flags
--unlock_unsafe_flags
--logtostderr
--logbuflevel=-1
--ipki_server_key_size=768
--openssl_security_level_override=0
tserver
run
--rpc_bind_addresses=127.17.81.65:42435
--local_ip_for_outbound_sockets=127.17.81.65
--tserver_master_addrs=127.17.81.126:40009
--webserver_port=36905
--webserver_interface=127.17.81.65
--builtin_ntp_servers=127.17.81.84:41121
--builtin_ntp_poll_interval_ms=100
--ntp_initial_sync_wait_secs=10
--time_source=builtin
--skip_remove_old_recovery_dir
--tablet_history_max_age_sec=86400
--flush_threshold_mb=1
--tablet_compaction_budget_mb=4
--tablet_delta_store_major_compact_min_ratio=0.001
--log_segment_size_mb=1 with env {}
W20260812 06:36:50.695374 20630 flags.cc:432] Enabled unsafe flag: --openssl_security_level_override=0
W20260812 06:36:50.695581 20630 flags.cc:432] Enabled unsafe flag: --rpc_server_allow_ephemeral_ports=true
W20260812 06:36:50.695644 20630 flags.cc:432] Enabled unsafe flag: --never_fsync=true
W20260812 06:36:50.698905 20630 flags.cc:432] Enabled experimental flag: --ipki_server_key_size=768
W20260812 06:36:50.698984 20630 flags.cc:432] Enabled experimental flag: --tablet_delta_store_major_compact_min_ratio=0.001
W20260812 06:36:50.699002 20630 flags.cc:432] Enabled experimental flag: --tablet_compaction_budget_mb=4
W20260812 06:36:50.699023 20630 flags.cc:432] Enabled experimental flag: --flush_threshold_mb=1
W20260812 06:36:50.699090 20630 flags.cc:432] Enabled experimental flag: --local_ip_for_outbound_sockets=127.17.81.65
I20260812 06:36:50.702812 20630 tablet_server_runner.cc:78] Tablet server non-default flags:
--log_dir=/tmp/dist-test-taskuhc_Je/test-tmp/linked_list-test.0.LinkedListTest.TestLoadAndVerify.1786516560516416-17733-0/linked-list-cluster/ts-0/logs
--logbuflevel=-1
--logtostderr=true
--builtin_ntp_poll_interval_ms=100
--builtin_ntp_servers=127.17.81.84:41121
--ntp_initial_sync_wait_secs=10
--time_source=builtin
--skip_remove_old_recovery_dir=true
--log_segment_size_mb=1
--fs_data_dirs=/tmp/dist-test-taskuhc_Je/test-tmp/linked_list-test.0.LinkedListTest.TestLoadAndVerify.1786516560516416-17733-0/linked-list-cluster/ts-0/data
--fs_wal_dir=/tmp/dist-test-taskuhc_Je/test-tmp/linked_list-test.0.LinkedListTest.TestLoadAndVerify.1786516560516416-17733-0/linked-list-cluster/ts-0/wal
--ipki_server_key_size=768
--openssl_security_level_override=0
--rpc_bind_addresses=127.17.81.65:42435
--rpc_server_allow_ephemeral_ports=true
--metrics_log_interval_ms=1000
--server_dump_info_format=pb
--server_dump_info_path=/tmp/dist-test-taskuhc_Je/test-tmp/linked_list-test.0.LinkedListTest.TestLoadAndVerify.1786516560516416-17733-0/linked-list-cluster/ts-0/data/info.pb
--webserver_interface=127.17.81.65
--webserver_port=36905
--tablet_delta_store_major_compact_min_ratio=0.001
--tablet_compaction_budget_mb=4
--tablet_history_max_age_sec=86400
--flush_threshold_mb=1
--tserver_master_addrs=127.17.81.126:40009
--never_fsync=true
--heap_profile_path=/tmp/kudu.20630
--redact=none
--unlock_experimental_flags=true
--unlock_unsafe_flags=true
--enable_minidumps=false
--local_ip_for_outbound_sockets=127.17.81.65

Tablet server version:
kudu 1.19.0-SNAPSHOT
revision 70c51312f1186a8ae9f46647160b7730123f7601-dirty
build type DEBUG
built by None at 12 Aug 2026 06:06:26 UTC on 39be9dd7121a
I20260812 06:36:50.703884 20630 env_posix.cc:2285] Not raising this process' open files per process limit of 1048576; it is already as high as it can go
I20260812 06:36:50.705017 20630 file_cache.cc:504] Constructed file cache file cache with capacity 419430
W20260812 06:36:50.711570 20642 instance_detector.cc:116] could not retrieve Azure instance metadata: Network error: curl error: HTTP response code said error: The requested URL returned error: 404
W20260812 06:36:50.711537 20640 instance_detector.cc:116] could not retrieve AWS instance metadata: Network error: curl error: HTTP response code said error: The requested URL returned error: 404
W20260812 06:36:50.711601 20646 instance_detector.cc:116] could not retrieve OpenStack instance metadata: Network error: curl error: HTTP response code said error: The requested URL returned error: 404
I20260812 06:36:50.711927 20630 server_base.cc:1061] running on GCE node
I20260812 06:36:50.712282 20630 hybrid_clock.cc:584] initializing the hybrid clock with 'builtin' time source
I20260812 06:36:50.712818 20630 hybrid_clock.cc:630] waiting up to --ntp_initial_sync_wait_secs=10 seconds for the clock to synchronize
I20260812 06:36:50.713969 20630 hybrid_clock.cc:648] HybridClock initialized: now 1786516610713952 us; error 36 us; skew 500 ppm
I20260812 06:36:50.715605 20630 webserver.cc:533] Webserver started at http://127.17.81.65:36905/ using document root <none> and password file <none>
I20260812 06:36:50.716187 20630 fs_manager.cc:362] Metadata directory not provided
I20260812 06:36:50.716248 20630 fs_manager.cc:368] Using write-ahead log directory (fs_wal_dir) as metadata directory
I20260812 06:36:50.719787 20630 fs_manager.cc:714] Time spent opening directory manager: real 0.002s	user 0.003s	sys 0.000s
I20260812 06:36:50.727273 20672 log_block_manager.cc:4127] Time spent loading block containers with low live blocks: real 0.000s	user 0.000s	sys 0.000s
I20260812 06:36:50.728451 20630 fs_manager.cc:730] Time spent opening block manager: real 0.007s	user 0.002s	sys 0.000s
I20260812 06:36:50.728571 20630 fs_manager.cc:647] Opened local filesystem: /tmp/dist-test-taskuhc_Je/test-tmp/linked_list-test.0.LinkedListTest.TestLoadAndVerify.1786516560516416-17733-0/linked-list-cluster/ts-0/data,/tmp/dist-test-taskuhc_Je/test-tmp/linked_list-test.0.LinkedListTest.TestLoadAndVerify.1786516560516416-17733-0/linked-list-cluster/ts-0/wal
uuid: "f900e30f16d44335abed18c1ad13ddf5"
format_stamp: "Formatted at 2026-08-12 06:36:00 on dist-test-slave-nj21"
I20260812 06:36:50.729053 20630 fs_report.cc:389] FS layout report
--------------------
wal directory: /tmp/dist-test-taskuhc_Je/test-tmp/linked_list-test.0.LinkedListTest.TestLoadAndVerify.1786516560516416-17733-0/linked-list-cluster/ts-0/wal
metadata directory: /tmp/dist-test-taskuhc_Je/test-tmp/linked_list-test.0.LinkedListTest.TestLoadAndVerify.1786516560516416-17733-0/linked-list-cluster/ts-0/wal
1 data directories: /tmp/dist-test-taskuhc_Je/test-tmp/linked_list-test.0.LinkedListTest.TestLoadAndVerify.1786516560516416-17733-0/linked-list-cluster/ts-0/data/data
Total live blocks: 18
Total live bytes: 2671619
Total live bytes (after alignment): 2711552
Total number of LBM containers: 7 (0 full)
Did not check for missing blocks
Did not check for orphaned blocks
Total full LBM containers with extra space: 0 (0 repaired)
Total full LBM container extra space in bytes: 0 (0 repaired)
Total incomplete LBM containers: 0 (0 repaired)
