I20260812 06:36:37.424994 24367 tablet_service.cc:1511] Processing CreateTablet for tablet 9d93396f5ce04d7390e8b9898172b979 (DEFAULT_TABLE table=client-testtb [id=5082423176c544c4a969f6521fc24eae]), partition=RANGE (key) PARTITION 9 <= VALUES
I20260812 06:36:37.425228 24368 data_dirs.cc:400] Could only allocate 1 dirs of requested 3 for tablet cc24a0f284c04543b4037063f6d72389. 1 dirs total, 0 dirs full, 0 dirs failed
I20260812 06:36:37.425405 24367 data_dirs.cc:400] Could only allocate 1 dirs of requested 3 for tablet 9d93396f5ce04d7390e8b9898172b979. 1 dirs total, 0 dirs full, 0 dirs failed
I20260812 06:36:37.427589 24455 tablet_bootstrap.cc:492] T 9d93396f5ce04d7390e8b9898172b979 P 76b559d78f30461a89f930628d43f7fd: Bootstrap starting.
I20260812 06:36:37.428472 24455 tablet_bootstrap.cc:654] T 9d93396f5ce04d7390e8b9898172b979 P 76b559d78f30461a89f930628d43f7fd: Neither blocks nor log segments found. Creating new log.
I20260812 06:36:37.429443 24455 tablet_bootstrap.cc:492] T 9d93396f5ce04d7390e8b9898172b979 P 76b559d78f30461a89f930628d43f7fd: No bootstrap required, opened a new log
I20260812 06:36:37.429518 24455 ts_tablet_manager.cc:1403] T 9d93396f5ce04d7390e8b9898172b979 P 76b559d78f30461a89f930628d43f7fd: Time spent bootstrapping tablet: real 0.002s	user 0.000s	sys 0.001s
I20260812 06:36:37.429991 24455 raft_consensus.cc:359] T 9d93396f5ce04d7390e8b9898172b979 P 76b559d78f30461a89f930628d43f7fd [term 0 FOLLOWER]: Replica starting. Triggering 0 pending ops. Active config: opid_index: -1 OBSOLETE_local: true peers { permanent_uuid: "76b559d78f30461a89f930628d43f7fd" member_type: VOTER last_known_addr { host: "127.23.46.129" port: 43007 } }
I20260812 06:36:37.430083 24455 raft_consensus.cc:385] T 9d93396f5ce04d7390e8b9898172b979 P 76b559d78f30461a89f930628d43f7fd [term 0 FOLLOWER]: Consensus starting up: Expiring failure detector timer to make a prompt election more likely
I20260812 06:36:37.430112 24455 raft_consensus.cc:740] T 9d93396f5ce04d7390e8b9898172b979 P 76b559d78f30461a89f930628d43f7fd [term 0 FOLLOWER]: Becoming Follower/Learner. State: Replica: 76b559d78f30461a89f930628d43f7fd, State: Initialized, Role: FOLLOWER
I20260812 06:36:37.430243 24455 consensus_queue.cc:260] T 9d93396f5ce04d7390e8b9898172b979 P 76b559d78f30461a89f930628d43f7fd [NON_LEADER]: Queue going to NON_LEADER mode. State: All replicated index: 0, Majority replicated index: 0, Committed index: 0, Last appended: 0.0, Last appended by leader: 0, Current term: 0, Majority size: -1, State: 0, Mode: NON_LEADER, active raft config: opid_index: -1 OBSOLETE_local: true peers { permanent_uuid: "76b559d78f30461a89f930628d43f7fd" member_type: VOTER last_known_addr { host: "127.23.46.129" port: 43007 } }
I20260812 06:36:37.430327 24455 raft_consensus.cc:399] T 9d93396f5ce04d7390e8b9898172b979 P 76b559d78f30461a89f930628d43f7fd [term 0 FOLLOWER]: Only one voter in the Raft config. Triggering election immediately
I20260812 06:36:37.430361 24455 raft_consensus.cc:493] T 9d93396f5ce04d7390e8b9898172b979 P 76b559d78f30461a89f930628d43f7fd [term 0 FOLLOWER]: Starting leader election (initial election of a single-replica configuration)
I20260812 06:36:37.430399 24455 raft_consensus.cc:3060] T 9d93396f5ce04d7390e8b9898172b979 P 76b559d78f30461a89f930628d43f7fd [term 0 FOLLOWER]: Advancing to term 1
I20260812 06:36:37.431134 24455 raft_consensus.cc:515] T 9d93396f5ce04d7390e8b9898172b979 P 76b559d78f30461a89f930628d43f7fd [term 1 FOLLOWER]: Starting leader election with config: opid_index: -1 OBSOLETE_local: true peers { permanent_uuid: "76b559d78f30461a89f930628d43f7fd" member_type: VOTER last_known_addr { host: "127.23.46.129" port: 43007 } }
I20260812 06:36:37.431265 24455 leader_election.cc:304] T 9d93396f5ce04d7390e8b9898172b979 P 76b559d78f30461a89f930628d43f7fd [CANDIDATE]: Term 1 election: Election decided. Result: candidate won. Election summary: received 1 responses out of 1 voters: 1 yes votes; 0 no votes. yes voters: 76b559d78f30461a89f930628d43f7fd; no voters: 
I20260812 06:36:37.431460 24455 leader_election.cc:290] T 9d93396f5ce04d7390e8b9898172b979 P 76b559d78f30461a89f930628d43f7fd [CANDIDATE]: Term 1 election: Requested vote from peers 
I20260812 06:36:37.431576 24459 raft_consensus.cc:2804] T 9d93396f5ce04d7390e8b9898172b979 P 76b559d78f30461a89f930628d43f7fd [term 1 FOLLOWER]: Leader election won for term 1
I20260812 06:36:37.431862 24459 raft_consensus.cc:697] T 9d93396f5ce04d7390e8b9898172b979 P 76b559d78f30461a89f930628d43f7fd [term 1 LEADER]: Becoming Leader. State: Replica: 76b559d78f30461a89f930628d43f7fd, State: Running, Role: LEADER
I20260812 06:36:37.431932 24455 ts_tablet_manager.cc:1434] T 9d93396f5ce04d7390e8b9898172b979 P 76b559d78f30461a89f930628d43f7fd: Time spent starting tablet: real 0.002s	user 0.000s	sys 0.003s
I20260812 06:36:37.432018 24459 consensus_queue.cc:237] T 9d93396f5ce04d7390e8b9898172b979 P 76b559d78f30461a89f930628d43f7fd [LEADER]: Queue going to LEADER mode. State: All replicated index: 0, Majority replicated index: 0, Committed index: 0, Last appended: 0.0, Last appended by leader: 0, Current term: 1, Majority size: 1, State: 0, Mode: LEADER, active raft config: opid_index: -1 OBSOLETE_local: true peers { permanent_uuid: "76b559d78f30461a89f930628d43f7fd" member_type: VOTER last_known_addr { host: "127.23.46.129" port: 43007 } }
I20260812 06:36:37.432122 24455 tablet_bootstrap.cc:492] T cc24a0f284c04543b4037063f6d72389 P 76b559d78f30461a89f930628d43f7fd: Bootstrap starting.
I20260812 06:36:37.433111 24455 tablet_bootstrap.cc:654] T cc24a0f284c04543b4037063f6d72389 P 76b559d78f30461a89f930628d43f7fd: Neither blocks nor log segments found. Creating new log.
I20260812 06:36:37.433482 24172 catalog_manager.cc:5719] T 9d93396f5ce04d7390e8b9898172b979 P 76b559d78f30461a89f930628d43f7fd reported cstate change: term changed from 0 to 1, leader changed from <none> to 76b559d78f30461a89f930628d43f7fd (127.23.46.129). New cstate: current_term: 1 leader_uuid: "76b559d78f30461a89f930628d43f7fd" committed_config { opid_index: -1 OBSOLETE_local: true peers { permanent_uuid: "76b559d78f30461a89f930628d43f7fd" member_type: VOTER last_known_addr { host: "127.23.46.129" port: 43007 } health_report { overall_health: HEALTHY } } }
I20260812 06:36:37.434459 24455 tablet_bootstrap.cc:492] T cc24a0f284c04543b4037063f6d72389 P 76b559d78f30461a89f930628d43f7fd: No bootstrap required, opened a new log
I20260812 06:36:37.434547 24455 ts_tablet_manager.cc:1403] T cc24a0f284c04543b4037063f6d72389 P 76b559d78f30461a89f930628d43f7fd: Time spent bootstrapping tablet: real 0.002s	user 0.002s	sys 0.000s
I20260812 06:36:37.434914 24455 raft_consensus.cc:359] T cc24a0f284c04543b4037063f6d72389 P 76b559d78f30461a89f930628d43f7fd [term 0 FOLLOWER]: Replica starting. Triggering 0 pending ops. Active config: opid_index: -1 OBSOLETE_local: true peers { permanent_uuid: "76b559d78f30461a89f930628d43f7fd" member_type: VOTER last_known_addr { host: "127.23.46.129" port: 43007 } }
I20260812 06:36:37.435002 24455 raft_consensus.cc:385] T cc24a0f284c04543b4037063f6d72389 P 76b559d78f30461a89f930628d43f7fd [term 0 FOLLOWER]: Consensus starting up: Expiring failure detector timer to make a prompt election more likely
I20260812 06:36:37.435034 24455 raft_consensus.cc:740] T cc24a0f284c04543b4037063f6d72389 P 76b559d78f30461a89f930628d43f7fd [term 0 FOLLOWER]: Becoming Follower/Learner. State: Replica: 76b559d78f30461a89f930628d43f7fd, State: Initialized, Role: FOLLOWER
I20260812 06:36:37.435145 24455 consensus_queue.cc:260] T cc24a0f284c04543b4037063f6d72389 P 76b559d78f30461a89f930628d43f7fd [NON_LEADER]: Queue going to NON_LEADER mode. State: All replicated index: 0, Majority replicated index: 0, Committed index: 0, Last appended: 0.0, Last appended by leader: 0, Current term: 0, Majority size: -1, State: 0, Mode: NON_LEADER, active raft config: opid_index: -1 OBSOLETE_local: true peers { permanent_uuid: "76b559d78f30461a89f930628d43f7fd" member_type: VOTER last_known_addr { host: "127.23.46.129" port: 43007 } }
I20260812 06:36:37.435214 24455 raft_consensus.cc:399] T cc24a0f284c04543b4037063f6d72389 P 76b559d78f30461a89f930628d43f7fd [term 0 FOLLOWER]: Only one voter in the Raft config. Triggering election immediately
I20260812 06:36:37.435236 24455 raft_consensus.cc:493] T cc24a0f284c04543b4037063f6d72389 P 76b559d78f30461a89f930628d43f7fd [term 0 FOLLOWER]: Starting leader election (initial election of a single-replica configuration)
I20260812 06:36:37.435263 24455 raft_consensus.cc:3060] T cc24a0f284c04543b4037063f6d72389 P 76b559d78f30461a89f930628d43f7fd [term 0 FOLLOWER]: Advancing to term 1
I20260812 06:36:37.436024 24455 raft_consensus.cc:515] T cc24a0f284c04543b4037063f6d72389 P 76b559d78f30461a89f930628d43f7fd [term 1 FOLLOWER]: Starting leader election with config: opid_index: -1 OBSOLETE_local: true peers { permanent_uuid: "76b559d78f30461a89f930628d43f7fd" member_type: VOTER last_known_addr { host: "127.23.46.129" port: 43007 } }
I20260812 06:36:37.436132 24455 leader_election.cc:304] T cc24a0f284c04543b4037063f6d72389 P 76b559d78f30461a89f930628d43f7fd [CANDIDATE]: Term 1 election: Election decided. Result: candidate won. Election summary: received 1 responses out of 1 voters: 1 yes votes; 0 no votes. yes voters: 76b559d78f30461a89f930628d43f7fd; no voters: 
I20260812 06:36:37.436204 24455 leader_election.cc:290] T cc24a0f284c04543b4037063f6d72389 P 76b559d78f30461a89f930628d43f7fd [CANDIDATE]: Term 1 election: Requested vote from peers 
I20260812 06:36:37.436264 24459 raft_consensus.cc:2804] T cc24a0f284c04543b4037063f6d72389 P 76b559d78f30461a89f930628d43f7fd [term 1 FOLLOWER]: Leader election won for term 1
I20260812 06:36:37.436362 24459 raft_consensus.cc:697] T cc24a0f284c04543b4037063f6d72389 P 76b559d78f30461a89f930628d43f7fd [term 1 LEADER]: Becoming Leader. State: Replica: 76b559d78f30461a89f930628d43f7fd, State: Running, Role: LEADER
I20260812 06:36:37.436483 24455 ts_tablet_manager.cc:1434] T cc24a0f284c04543b4037063f6d72389 P 76b559d78f30461a89f930628d43f7fd: Time spent starting tablet: real 0.002s	user 0.002s	sys 0.000s
I20260812 06:36:37.436465 24459 consensus_queue.cc:237] T cc24a0f284c04543b4037063f6d72389 P 76b559d78f30461a89f930628d43f7fd [LEADER]: Queue going to LEADER mode. State: All replicated index: 0, Majority replicated index: 0, Committed index: 0, Last appended: 0.0, Last appended by leader: 0, Current term: 1, Majority size: 1, State: 0, Mode: LEADER, active raft config: opid_index: -1 OBSOLETE_local: true peers { permanent_uuid: "76b559d78f30461a89f930628d43f7fd" member_type: VOTER last_known_addr { host: "127.23.46.129" port: 43007 } }
I20260812 06:36:37.437690 24172 catalog_manager.cc:5719] T cc24a0f284c04543b4037063f6d72389 P 76b559d78f30461a89f930628d43f7fd reported cstate change: term changed from 0 to 1, leader changed from <none> to 76b559d78f30461a89f930628d43f7fd (127.23.46.129). New cstate: current_term: 1 leader_uuid: "76b559d78f30461a89f930628d43f7fd" committed_config { opid_index: -1 OBSOLETE_local: true peers { permanent_uuid: "76b559d78f30461a89f930628d43f7fd" member_type: VOTER last_known_addr { host: "127.23.46.129" port: 43007 } health_report { overall_health: HEALTHY } } }
I20260812 06:36:37.529356 23738 client-test.cc:774] Time spent Scanning with string predicate: real 0.012s	user 0.005s	sys 0.000s
I20260812 06:36:37.541136 23738 client-test.cc:774] Time spent Scanning with string predicate: real 0.011s	user 0.006s	sys 0.000s
I20260812 06:36:37.541993 23738 tablet_server.cc:179] TabletServer@127.23.46.129:0 shutting down...
I20260812 06:36:37.546481 23738 ts_tablet_manager.cc:1507] Shutting down tablet manager...
I20260812 06:36:37.546751 23738 tablet_replica.cc:333] T cc24a0f284c04543b4037063f6d72389 P 76b559d78f30461a89f930628d43f7fd: stopping tablet replica
I20260812 06:36:37.546888 23738 raft_consensus.cc:2243] T cc24a0f284c04543b4037063f6d72389 P 76b559d78f30461a89f930628d43f7fd [term 1 LEADER]: Raft consensus shutting down.
I20260812 06:36:37.547070 23738 raft_consensus.cc:2272] T cc24a0f284c04543b4037063f6d72389 P 76b559d78f30461a89f930628d43f7fd [term 1 FOLLOWER]: Raft consensus is shut down!
I20260812 06:36:37.547722 23738 tablet_replica.cc:333] T 9d93396f5ce04d7390e8b9898172b979 P 76b559d78f30461a89f930628d43f7fd: stopping tablet replica
I20260812 06:36:37.547835 23738 raft_consensus.cc:2243] T 9d93396f5ce04d7390e8b9898172b979 P 76b559d78f30461a89f930628d43f7fd [term 1 LEADER]: Raft consensus shutting down.
I20260812 06:36:37.547971 23738 raft_consensus.cc:2272] T 9d93396f5ce04d7390e8b9898172b979 P 76b559d78f30461a89f930628d43f7fd [term 1 FOLLOWER]: Raft consensus is shut down!
I20260812 06:36:37.551108 23738 tablet_server.cc:196] TabletServer@127.23.46.129:0 shutdown complete.
I20260812 06:36:37.553778 23738 master.cc:562] Master@127.23.46.190:36101 shutting down...
I20260812 06:36:37.557696 23738 raft_consensus.cc:2243] T 00000000000000000000000000000000 P 6260bd801dcc4520809838be55419eca [term 1 LEADER]: Raft consensus shutting down.
I20260812 06:36:37.557850 23738 raft_consensus.cc:2272] T 00000000000000000000000000000000 P 6260bd801dcc4520809838be55419eca [term 1 FOLLOWER]: Raft consensus is shut down!
I20260812 06:36:37.557963 23738 tablet_replica.cc:333] T 00000000000000000000000000000000 P 6260bd801dcc4520809838be55419eca: stopping tablet replica
I20260812 06:36:37.570689 23738 master.cc:584] Master@127.23.46.190:36101 shutdown complete.
[       OK ] ClientTest.TestScanWithQueryId (337 ms)
[ RUN      ] ClientTest.TestScanPredicateNonKeyColNotProjected
I20260812 06:36:37.576294 23738 internal_mini_cluster.cc:156] Creating distributed mini masters. Addrs: 127.23.46.190:37857
I20260812 06:36:37.576725 23738 file_cache.cc:504] Constructed file cache file cache with capacity 419430
W20260812 06:36:37.578455 24482 instance_detector.cc:116] could not retrieve AWS instance metadata: Network error: curl error: HTTP response code said error: The requested URL returned error: 404
I20260812 06:36:37.578532 23738 server_base.cc:1061] running on GCE node
W20260812 06:36:37.578496 24486 instance_detector.cc:116] could not retrieve OpenStack instance metadata: Network error: curl error: HTTP response code said error: The requested URL returned error: 404
W20260812 06:36:37.578676 24484 instance_detector.cc:116] could not retrieve Azure instance metadata: Network error: curl error: HTTP response code said error: The requested URL returned error: 404
I20260812 06:36:37.578905 23738 hybrid_clock.cc:584] initializing the hybrid clock with 'system_unsync' time source
W20260812 06:36:37.578948 23738 system_unsync_time.cc:38] NTP support is disabled. Clock error bounds will not be accurate. This configuration is not suitable for distributed clusters.
I20260812 06:36:37.578961 23738 hybrid_clock.cc:648] HybridClock initialized: now 1786516597578962 us; error 0 us; skew 500 ppm
I20260812 06:36:37.579780 23738 webserver.cc:533] Webserver started at http://127.23.46.190:38765/ using document root <none> and password file <none>
I20260812 06:36:37.579932 23738 fs_manager.cc:362] Metadata directory not provided
I20260812 06:36:37.579980 23738 fs_manager.cc:368] Using write-ahead log directory (fs_wal_dir) as metadata directory
I20260812 06:36:37.580054 23738 server_base.cc:909] This appears to be a new deployment of Kudu; creating new FS layout
I20260812 06:36:37.580482 23738 fs_manager.cc:1068] Generated new instance metadata in path /tmp/dist-test-taskja08NL/test-tmp/client-test.4.ClientTest.TestScanPredicateNonKeyColNotProjected.1786516596964015-23738-0/minicluster-data/master-0-root/instance:
uuid: "2286f5fae7644e868c0ca0618dafdc3a"
format_stamp: "Formatted at 2026-08-12 06:36:37 on dist-test-slave-lkx2"
I20260812 06:36:37.581895 23738 fs_manager.cc:696] Time spent creating directory manager: real 0.001s	user 0.001s	sys 0.000s
I20260812 06:36:37.582839 24495 log_block_manager.cc:4127] Time spent loading block containers with low live blocks: real 0.000s	user 0.000s	sys 0.000s
I20260812 06:36:37.583120 23738 fs_manager.cc:730] Time spent opening block manager: real 0.001s	user 0.001s	sys 0.000s
I20260812 06:36:37.583190 23738 fs_manager.cc:647] Opened local filesystem: /tmp/dist-test-taskja08NL/test-tmp/client-test.4.ClientTest.TestScanPredicateNonKeyColNotProjected.1786516596964015-23738-0/minicluster-data/master-0-root
uuid: "2286f5fae7644e868c0ca0618dafdc3a"
format_stamp: "Formatted at 2026-08-12 06:36:37 on dist-test-slave-lkx2"
I20260812 06:36:37.583261 23738 fs_report.cc:389] FS layout report
--------------------
wal directory: /tmp/dist-test-taskja08NL/test-tmp/client-test.4.ClientTest.TestScanPredicateNonKeyColNotProjected.1786516596964015-23738-0/minicluster-data/master-0-root
metadata directory: /tmp/dist-test-taskja08NL/test-tmp/client-test.4.ClientTest.TestScanPredicateNonKeyColNotProjected.1786516596964015-23738-0/minicluster-data/master-0-root
1 data directories: /tmp/dist-test-taskja08NL/test-tmp/client-test.4.ClientTest.TestScanPredicateNonKeyColNotProjected.1786516596964015-23738-0/minicluster-data/master-0-root/data
Total live blocks: 0
Total live bytes: 0
Total live bytes (after alignment): 0
Total number of LBM containers: 0 (0 full)
Did not check for missing blocks
Did not check for orphaned blocks
Total full LBM containers with extra space: 0 (0 repaired)
Total full LBM container extra space in bytes: 0 (0 repaired)
Total incomplete LBM containers: 0 (0 repaired)
Total LBM partial records: 0 (0 repaired)
Total corrupted LBM metadata records in RocksDB: 0 (0 repaired)
I20260812 06:36:37.611621 23738 rpc_server.cc:225] running with OpenSSL 1.1.1  11 Sep 2018
I20260812 06:36:37.612062 23738 kserver.cc:163] Server-wide thread pool size limit: 3276
I20260812 06:36:37.618734 23738 rpc_server.cc:307] RPC server started. Bound to: 127.23.46.190:37857
I20260812 06:36:37.619901 24609 acceptor_pool.cc:272] collecting diagnostics on the listening RPC socket 127.23.46.190:37857 every 8 connection(s)
I20260812 06:36:37.620422 24610 data_dirs.cc:400] Could only allocate 1 dirs of requested 3 for tablet 00000000000000000000000000000000. 1 dirs total, 0 dirs full, 0 dirs failed
I20260812 06:36:37.622695 24610 tablet_bootstrap.cc:492] T 00000000000000000000000000000000 P 2286f5fae7644e868c0ca0618dafdc3a: Bootstrap starting.
I20260812 06:36:37.623668 24610 tablet_bootstrap.cc:654] T 00000000000000000000000000000000 P 2286f5fae7644e868c0ca0618dafdc3a: Neither blocks nor log segments found. Creating new log.
I20260812 06:36:37.624770 24610 tablet_bootstrap.cc:492] T 00000000000000000000000000000000 P 2286f5fae7644e868c0ca0618dafdc3a: No bootstrap required, opened a new log
I20260812 06:36:37.625245 24610 raft_consensus.cc:359] T 00000000000000000000000000000000 P 2286f5fae7644e868c0ca0618dafdc3a [term 0 FOLLOWER]: Replica starting. Triggering 0 pending ops. Active config: opid_index: -1 OBSOLETE_local: true peers { permanent_uuid: "2286f5fae7644e868c0ca0618dafdc3a" member_type: VOTER }
I20260812 06:36:37.625355 24610 raft_consensus.cc:385] T 00000000000000000000000000000000 P 2286f5fae7644e868c0ca0618dafdc3a [term 0 FOLLOWER]: Consensus starting up: Expiring failure detector timer to make a prompt election more likely
I20260812 06:36:37.625392 24610 raft_consensus.cc:740] T 00000000000000000000000000000000 P 2286f5fae7644e868c0ca0618dafdc3a [term 0 FOLLOWER]: Becoming Follower/Learner. State: Replica: 2286f5fae7644e868c0ca0618dafdc3a, State: Initialized, Role: FOLLOWER
I20260812 06:36:37.625524 24610 consensus_queue.cc:260] T 00000000000000000000000000000000 P 2286f5fae7644e868c0ca0618dafdc3a [NON_LEADER]: Queue going to NON_LEADER mode. State: All replicated index: 0, Majority replicated index: 0, Committed index: 0, Last appended: 0.0, Last appended by leader: 0, Current term: 0, Majority size: -1, State: 0, Mode: NON_LEADER, active raft config: opid_index: -1 OBSOLETE_local: true peers { permanent_uuid: "2286f5fae7644e868c0ca0618dafdc3a" member_type: VOTER }
I20260812 06:36:37.625595 24610 raft_consensus.cc:399] T 00000000000000000000000000000000 P 2286f5fae7644e868c0ca0618dafdc3a [term 0 FOLLOWER]: Only one voter in the Raft config. Triggering election immediately
I20260812 06:36:37.625634 24610 raft_consensus.cc:493] T 00000000000000000000000000000000 P 2286f5fae7644e868c0ca0618dafdc3a [term 0 FOLLOWER]: Starting leader election (initial election of a single-replica configuration)
I20260812 06:36:37.625681 24610 raft_consensus.cc:3060] T 00000000000000000000000000000000 P 2286f5fae7644e868c0ca0618dafdc3a [term 0 FOLLOWER]: Advancing to term 1
I20260812 06:36:37.626518 24610 raft_consensus.cc:515] T 00000000000000000000000000000000 P 2286f5fae7644e868c0ca0618dafdc3a [term 1 FOLLOWER]: Starting leader election with config: opid_index: -1 OBSOLETE_local: true peers { permanent_uuid: "2286f5fae7644e868c0ca0618dafdc3a" member_type: VOTER }
I20260812 06:36:37.626664 24610 leader_election.cc:304] T 00000000000000000000000000000000 P 2286f5fae7644e868c0ca0618dafdc3a [CANDIDATE]: Term 1 election: Election decided. Result: candidate won. Election summary: received 1 responses out of 1 voters: 1 yes votes; 0 no votes. yes voters: 2286f5fae7644e868c0ca0618dafdc3a; no voters: 
I20260812 06:36:37.626842 24610 leader_election.cc:290] T 00000000000000000000000000000000 P 2286f5fae7644e868c0ca0618dafdc3a [CANDIDATE]: Term 1 election: Requested vote from peers 
I20260812 06:36:37.626951 24617 raft_consensus.cc:2804] T 00000000000000000000000000000000 P 2286f5fae7644e868c0ca0618dafdc3a [term 1 FOLLOWER]: Leader election won for term 1
I20260812 06:36:37.627135 24617 raft_consensus.cc:697] T 00000000000000000000000000000000 P 2286f5fae7644e868c0ca0618dafdc3a [term 1 LEADER]: Becoming Leader. State: Replica: 2286f5fae7644e868c0ca0618dafdc3a, State: Running, Role: LEADER
I20260812 06:36:37.627290 24610 sys_catalog.cc:565] T 00000000000000000000000000000000 P 2286f5fae7644e868c0ca0618dafdc3a [sys.catalog]: configured and running, proceeding with master startup.
I20260812 06:36:37.627272 24617 consensus_queue.cc:237] T 00000000000000000000000000000000 P 2286f5fae7644e868c0ca0618dafdc3a [LEADER]: Queue going to LEADER mode. State: All replicated index: 0, Majority replicated index: 0, Committed index: 0, Last appended: 0.0, Last appended by leader: 0, Current term: 1, Majority size: 1, State: 0, Mode: LEADER, active raft config: opid_index: -1 OBSOLETE_local: true peers { permanent_uuid: "2286f5fae7644e868c0ca0618dafdc3a" member_type: VOTER }
I20260812 06:36:37.627664 24618 sys_catalog.cc:455] T 00000000000000000000000000000000 P 2286f5fae7644e868c0ca0618dafdc3a [sys.catalog]: SysCatalogTable state changed. Reason: RaftConsensus started. Latest consensus state: current_term: 1 leader_uuid: "2286f5fae7644e868c0ca0618dafdc3a" committed_config { opid_index: -1 OBSOLETE_local: true peers { permanent_uuid: "2286f5fae7644e868c0ca0618dafdc3a" member_type: VOTER } }
I20260812 06:36:37.627755 24618 sys_catalog.cc:458] T 00000000000000000000000000000000 P 2286f5fae7644e868c0ca0618dafdc3a [sys.catalog]: This master's current role is: LEADER
I20260812 06:36:37.627981 24619 sys_catalog.cc:455] T 00000000000000000000000000000000 P 2286f5fae7644e868c0ca0618dafdc3a [sys.catalog]: SysCatalogTable state changed. Reason: New leader 2286f5fae7644e868c0ca0618dafdc3a. Latest consensus state: current_term: 1 leader_uuid: "2286f5fae7644e868c0ca0618dafdc3a" committed_config { opid_index: -1 OBSOLETE_local: true peers { permanent_uuid: "2286f5fae7644e868c0ca0618dafdc3a" member_type: VOTER } }
I20260812 06:36:37.628067 24619 sys_catalog.cc:458] T 00000000000000000000000000000000 P 2286f5fae7644e868c0ca0618dafdc3a [sys.catalog]: This master's current role is: LEADER
I20260812 06:36:37.628238 24628 catalog_manager.cc:1511] Loading table and tablet metadata into memory...
I20260812 06:36:37.629180 24628 catalog_manager.cc:1520] Initializing Kudu cluster ID...
I20260812 06:36:37.629488 23738 internal_mini_cluster.cc:184] Waiting to initialize catalog manager on master 0
I20260812 06:36:37.631150 24628 catalog_manager.cc:1383] Generated new cluster ID: 9395a217ed474363bcd81932bb4dafd2
I20260812 06:36:37.631203 24628 catalog_manager.cc:1531] Initializing Kudu internal certificate authority...
I20260812 06:36:37.644730 24628 catalog_manager.cc:1406] Generated new certificate authority record
I20260812 06:36:37.645526 24628 catalog_manager.cc:1540] Loading token signing keys...
I20260812 06:36:37.653118 24628 catalog_manager.cc:6092] T 00000000000000000000000000000000 P 2286f5fae7644e868c0ca0618dafdc3a: Generated new TSK 0
I20260812 06:36:37.653328 24628 catalog_manager.cc:1550] Initializing in-progress tserver states...
I20260812 06:36:37.661856 23738 file_cache.cc:504] Constructed file cache file cache with capacity 419430
W20260812 06:36:37.663820 24652 instance_detector.cc:116] could not retrieve OpenStack instance metadata: Network error: curl error: HTTP response code said error: The requested URL returned error: 404
W20260812 06:36:37.664069 24648 instance_detector.cc:116] could not retrieve AWS instance metadata: Network error: curl error: HTTP response code said error: The requested URL returned error: 404
I20260812 06:36:37.664098 23738 server_base.cc:1061] running on GCE node
W20260812 06:36:37.664206 24649 instance_detector.cc:116] could not retrieve Azure instance metadata: Network error: curl error: HTTP response code said error: The requested URL returned error: 404
I20260812 06:36:37.664460 23738 hybrid_clock.cc:584] initializing the hybrid clock with 'system_unsync' time source
W20260812 06:36:37.664506 23738 system_unsync_time.cc:38] NTP support is disabled. Clock error bounds will not be accurate. This configuration is not suitable for distributed clusters.
I20260812 06:36:37.664526 23738 hybrid_clock.cc:648] HybridClock initialized: now 1786516597664526 us; error 0 us; skew 500 ppm
I20260812 06:36:37.665378 23738 webserver.cc:533] Webserver started at http://127.23.46.129:39167/ using document root <none> and password file <none>
I20260812 06:36:37.665531 23738 fs_manager.cc:362] Metadata directory not provided
I20260812 06:36:37.665584 23738 fs_manager.cc:368] Using write-ahead log directory (fs_wal_dir) as metadata directory
I20260812 06:36:37.665663 23738 server_base.cc:909] This appears to be a new deployment of Kudu; creating new FS layout
I20260812 06:36:37.666051 23738 fs_manager.cc:1068] Generated new instance metadata in path /tmp/dist-test-taskja08NL/test-tmp/client-test.4.ClientTest.TestScanPredicateNonKeyColNotProjected.1786516596964015-23738-0/minicluster-data/ts-0-root/instance:
uuid: "04f86914bad842faa3a9192279e1ae2e"
format_stamp: "Formatted at 2026-08-12 06:36:37 on dist-test-slave-lkx2"
I20260812 06:36:37.667495 23738 fs_manager.cc:696] Time spent creating directory manager: real 0.001s	user 0.000s	sys 0.002s
I20260812 06:36:37.668440 24661 log_block_manager.cc:4127] Time spent loading block containers with low live blocks: real 0.000s	user 0.000s	sys 0.000s
I20260812 06:36:37.668671 23738 fs_manager.cc:730] Time spent opening block manager: real 0.001s	user 0.000s	sys 0.001s
I20260812 06:36:37.668737 23738 fs_manager.cc:647] Opened local filesystem: /tmp/dist-test-taskja08NL/test-tmp/client-test.4.ClientTest.TestScanPredicateNonKeyColNotProjected.1786516596964015-23738-0/minicluster-data/ts-0-root
uuid: "04f86914bad842faa3a9192279e1ae2e"
format_stamp: "Formatted at 2026-08-12 06:36:37 on dist-test-slave-lkx2"
I20260812 06:36:37.668805 23738 fs_report.cc:389] FS layout report
--------------------
wal directory: /tmp/dist-test-taskja08NL/test-tmp/client-test.4.ClientTest.TestScanPredicateNonKeyColNotProjected.1786516596964015-23738-0/minicluster-data/ts-0-root
metadata directory: /tmp/dist-test-taskja08NL/test-tmp/client-test.4.ClientTest.TestScanPredicateNonKeyColNotProjected.1786516596964015-23738-0/minicluster-data/ts-0-root
1 data directories: /tmp/dist-test-taskja08NL/test-tmp/client-test.4.ClientTest.TestScanPredicateNonKeyColNotProjected.1786516596964015-23738-0/minicluster-data/ts-0-root/data
Total live blocks: 0
Total live bytes: 0
Total live bytes (after alignment): 0
Total number of LBM containers: 0 (0 full)
Did not check for missing blocks
Did not check for orphaned blocks
Total full LBM containers with extra space: 0 (0 repaired)
Total full LBM container extra space in bytes: 0 (0 repaired)
Total incomplete LBM containers: 0 (0 repaired)
Total LBM partial records: 0 (0 repaired)
Total corrupted LBM metadata records in RocksDB: 0 (0 repaired)
I20260812 06:36:37.674427 23738 rpc_server.cc:225] running with OpenSSL 1.1.1  11 Sep 2018
I20260812 06:36:37.674731 23738 kserver.cc:163] Server-wide thread pool size limit: 3276
I20260812 06:36:37.675602 23738 ts_tablet_manager.cc:585] Loaded tablet metadata (0 total tablets, 0 live tablets)
I20260812 06:36:37.675648 23738 ts_tablet_manager.cc:531] Time spent load tablet metadata: real 0.000s	user 0.000s	sys 0.000s
I20260812 06:36:37.675689 23738 ts_tablet_manager.cc:616] Registered 0 tablets
I20260812 06:36:37.675709 23738 ts_tablet_manager.cc:595] Time spent register tablets: real 0.000s	user 0.000s	sys 0.000s
I20260812 06:36:37.683836 23738 rpc_server.cc:307] RPC server started. Bound to: 127.23.46.129:41353
I20260812 06:36:37.684616 24805 acceptor_pool.cc:272] collecting diagnostics on the listening RPC socket 127.23.46.129:41353 every 8 connection(s)
I20260812 06:36:37.689165 24806 heartbeater.cc:344] Connected to a master server at 127.23.46.190:37857
I20260812 06:36:37.689265 24806 heartbeater.cc:461] Registering TS with master...
I20260812 06:36:37.689492 24806 heartbeater.cc:507] Master 127.23.46.190:37857 requested a full tablet report, sending...
I20260812 06:36:37.690099 24530 ts_manager.cc:194] Registered new tserver with Master: 04f86914bad842faa3a9192279e1ae2e (127.23.46.129:41353)
I20260812 06:36:37.690477 23738 internal_mini_cluster.cc:371] 1 TS(s) registered with all masters after 0.005862851s
I20260812 06:36:37.690932 24530 master_service.cc:502] Signed X509 certificate for tserver {username='slave'} at 127.0.0.1:53806
I20260812 06:36:37.698037 24530 catalog_manager.cc:2283] Servicing CreateTable request from {username='slave'} at 127.0.0.1:53830:
name: "client-testtb"
schema {
  columns {
    name: "key"
    type: INT32
    is_key: true
    is_nullable: false
    encoding: AUTO_ENCODING
    compression: DEFAULT_COMPRESSION
    cfile_block_size: 0
    immutable: false
  }
  columns {
    name: "int_val"
    type: INT32
    is_key: false
    is_nullable: false
    encoding: AUTO_ENCODING
    compression: DEFAULT_COMPRESSION
    cfile_block_size: 0
    immutable: false
  }
  columns {
    name: "string_val"
    type: STRING
    is_key: false
    is_nullable: true
    encoding: AUTO_ENCODING
    compression: DEFAULT_COMPRESSION
    cfile_block_size: 0
    immutable: false
  }
  columns {
    name: "non_null_with_default"
    type: INT32
    is_key: false
    is_nullable: false
    read_default_value: "90\000\000"
    encoding: AUTO_ENCODING
    compression: DEFAULT_COMPRESSION
    cfile_block_size: 0
    immutable: false
  }
}
num_replicas: 1
split_rows_range_bounds {
  rows: "\004\001\000\t\000\000\000""\004\001\000\t\000\000\000"
  indirect_data: """"
}
partition_schema {
  range_schema {
    columns {
      name: "key"
    }
  }
}
I20260812 06:36:37.701865 24806 heartbeater.cc:499] Master 127.23.46.190:37857 was elected leader, sending a full tablet report...
I20260812 06:36:37.707535 24719 tablet_service.cc:1511] Processing CreateTablet for tablet 88213d97a8f54dd69aeb8544420eeab4 (DEFAULT_TABLE table=client-testtb [id=da21fcc39c144c9f8d2d80f1ca7bc1a3]), partition=RANGE (key) PARTITION VALUES < 9
I20260812 06:36:37.707538 24721 tablet_service.cc:1511] Processing CreateTablet for tablet e1ecba1afc7a456a912d621d50d51835 (DEFAULT_TABLE table=client-testtb [id=da21fcc39c144c9f8d2d80f1ca7bc1a3]), partition=RANGE (key) PARTITION 9 <= VALUES
I20260812 06:36:37.707950 24721 data_dirs.cc:400] Could only allocate 1 dirs of requested 3 for tablet e1ecba1afc7a456a912d621d50d51835. 1 dirs total, 0 dirs full, 0 dirs failed
I20260812 06:36:37.708122 24719 data_dirs.cc:400] Could only allocate 1 dirs of requested 3 for tablet 88213d97a8f54dd69aeb8544420eeab4. 1 dirs total, 0 dirs full, 0 dirs failed
I20260812 06:36:37.710512 24819 tablet_bootstrap.cc:492] T e1ecba1afc7a456a912d621d50d51835 P 04f86914bad842faa3a9192279e1ae2e: Bootstrap starting.
I20260812 06:36:37.711647 24819 tablet_bootstrap.cc:654] T e1ecba1afc7a456a912d621d50d51835 P 04f86914bad842faa3a9192279e1ae2e: Neither blocks nor log segments found. Creating new log.
I20260812 06:36:37.713029 24819 tablet_bootstrap.cc:492] T e1ecba1afc7a456a912d621d50d51835 P 04f86914bad842faa3a9192279e1ae2e: No bootstrap required, opened a new log
I20260812 06:36:37.713119 24819 ts_tablet_manager.cc:1403] T e1ecba1afc7a456a912d621d50d51835 P 04f86914bad842faa3a9192279e1ae2e: Time spent bootstrapping tablet: real 0.003s	user 0.002s	sys 0.000s
I20260812 06:36:37.713627 24819 raft_consensus.cc:359] T e1ecba1afc7a456a912d621d50d51835 P 04f86914bad842faa3a9192279e1ae2e [term 0 FOLLOWER]: Replica starting. Triggering 0 pending ops. Active config: opid_index: -1 OBSOLETE_local: true peers { permanent_uuid: "04f86914bad842faa3a9192279e1ae2e" member_type: VOTER last_known_addr { host: "127.23.46.129" port: 41353 } }
I20260812 06:36:37.713739 24819 raft_consensus.cc:385] T e1ecba1afc7a456a912d621d50d51835 P 04f86914bad842faa3a9192279e1ae2e [term 0 FOLLOWER]: Consensus starting up: Expiring failure detector timer to make a prompt election more likely
I20260812 06:36:37.713770 24819 raft_consensus.cc:740] T e1ecba1afc7a456a912d621d50d51835 P 04f86914bad842faa3a9192279e1ae2e [term 0 FOLLOWER]: Becoming Follower/Learner. State: Replica: 04f86914bad842faa3a9192279e1ae2e, State: Initialized, Role: FOLLOWER
I20260812 06:36:37.713900 24819 consensus_queue.cc:260] T e1ecba1afc7a456a912d621d50d51835 P 04f86914bad842faa3a9192279e1ae2e [NON_LEADER]: Queue going to NON_LEADER mode. State: All replicated index: 0, Majority replicated index: 0, Committed index: 0, Last appended: 0.0, Last appended by leader: 0, Current term: 0, Majority size: -1, State: 0, Mode: NON_LEADER, active raft config: opid_index: -1 OBSOLETE_local: true peers { permanent_uuid: "04f86914bad842faa3a9192279e1ae2e" member_type: VOTER last_known_addr { host: "127.23.46.129" port: 41353 } }
I20260812 06:36:37.713979 24819 raft_consensus.cc:399] T e1ecba1afc7a456a912d621d50d51835 P 04f86914bad842faa3a9192279e1ae2e [term 0 FOLLOWER]: Only one voter in the Raft config. Triggering election immediately
I20260812 06:36:37.714008 24819 raft_consensus.cc:493] T e1ecba1afc7a456a912d621d50d51835 P 04f86914bad842faa3a9192279e1ae2e [term 0 FOLLOWER]: Starting leader election (initial election of a single-replica configuration)
I20260812 06:36:37.714046 24819 raft_consensus.cc:3060] T e1ecba1afc7a456a912d621d50d51835 P 04f86914bad842faa3a9192279e1ae2e [term 0 FOLLOWER]: Advancing to term 1
I20260812 06:36:37.714983 24819 raft_consensus.cc:515] T e1ecba1afc7a456a912d621d50d51835 P 04f86914bad842faa3a9192279e1ae2e [term 1 FOLLOWER]: Starting leader election with config: opid_index: -1 OBSOLETE_local: true peers { permanent_uuid: "04f86914bad842faa3a9192279e1ae2e" member_type: VOTER last_known_addr { host: "127.23.46.129" port: 41353 } }
I20260812 06:36:37.715129 24819 leader_election.cc:304] T e1ecba1afc7a456a912d621d50d51835 P 04f86914bad842faa3a9192279e1ae2e [CANDIDATE]: Term 1 election: Election decided. Result: candidate won. Election summary: received 1 responses out of 1 voters: 1 yes votes; 0 no votes. yes voters: 04f86914bad842faa3a9192279e1ae2e; no voters: 
I20260812 06:36:37.715345 24819 leader_election.cc:290] T e1ecba1afc7a456a912d621d50d51835 P 04f86914bad842faa3a9192279e1ae2e [CANDIDATE]: Term 1 election: Requested vote from peers 
I20260812 06:36:37.715451 24823 raft_consensus.cc:2804] T e1ecba1afc7a456a912d621d50d51835 P 04f86914bad842faa3a9192279e1ae2e [term 1 FOLLOWER]: Leader election won for term 1
I20260812 06:36:37.715647 24819 ts_tablet_manager.cc:1434] T e1ecba1afc7a456a912d621d50d51835 P 04f86914bad842faa3a9192279e1ae2e: Time spent starting tablet: real 0.002s	user 0.003s	sys 0.000s
I20260812 06:36:37.715659 24823 raft_consensus.cc:697] T e1ecba1afc7a456a912d621d50d51835 P 04f86914bad842faa3a9192279e1ae2e [term 1 LEADER]: Becoming Leader. State: Replica: 04f86914bad842faa3a9192279e1ae2e, State: Running, Role: LEADER
I20260812 06:36:37.715843 24823 consensus_queue.cc:237] T e1ecba1afc7a456a912d621d50d51835 P 04f86914bad842faa3a9192279e1ae2e [LEADER]: Queue going to LEADER mode. State: All replicated index: 0, Majority replicated index: 0, Committed index: 0, Last appended: 0.0, Last appended by leader: 0, Current term: 1, Majority size: 1, State: 0, Mode: LEADER, active raft config: opid_index: -1 OBSOLETE_local: true peers { permanent_uuid: "04f86914bad842faa3a9192279e1ae2e" member_type: VOTER last_known_addr { host: "127.23.46.129" port: 41353 } }
I20260812 06:36:37.715929 24819 tablet_bootstrap.cc:492] T 88213d97a8f54dd69aeb8544420eeab4 P 04f86914bad842faa3a9192279e1ae2e: Bootstrap starting.
I20260812 06:36:37.717017 24819 tablet_bootstrap.cc:654] T 88213d97a8f54dd69aeb8544420eeab4 P 04f86914bad842faa3a9192279e1ae2e: Neither blocks nor log segments found. Creating new log.
I20260812 06:36:37.717113 24530 catalog_manager.cc:5719] T e1ecba1afc7a456a912d621d50d51835 P 04f86914bad842faa3a9192279e1ae2e reported cstate change: term changed from 0 to 1, leader changed from <none> to 04f86914bad842faa3a9192279e1ae2e (127.23.46.129). New cstate: current_term: 1 leader_uuid: "04f86914bad842faa3a9192279e1ae2e" committed_config { opid_index: -1 OBSOLETE_local: true peers { permanent_uuid: "04f86914bad842faa3a9192279e1ae2e" member_type: VOTER last_known_addr { host: "127.23.46.129" port: 41353 } health_report { overall_health: HEALTHY } } }
I20260812 06:36:37.718941 24819 tablet_bootstrap.cc:492] T 88213d97a8f54dd69aeb8544420eeab4 P 04f86914bad842faa3a9192279e1ae2e: No bootstrap required, opened a new log
I20260812 06:36:37.719026 24819 ts_tablet_manager.cc:1403] T 88213d97a8f54dd69aeb8544420eeab4 P 04f86914bad842faa3a9192279e1ae2e: Time spent bootstrapping tablet: real 0.003s	user 0.002s	sys 0.000s
I20260812 06:36:37.719496 24819 raft_consensus.cc:359] T 88213d97a8f54dd69aeb8544420eeab4 P 04f86914bad842faa3a9192279e1ae2e [term 0 FOLLOWER]: Replica starting. Triggering 0 pending ops. Active config: opid_index: -1 OBSOLETE_local: true peers { permanent_uuid: "04f86914bad842faa3a9192279e1ae2e" member_type: VOTER last_known_addr { host: "127.23.46.129" port: 41353 } }
I20260812 06:36:37.719588 24819 raft_consensus.cc:385] T 88213d97a8f54dd69aeb8544420eeab4 P 04f86914bad842faa3a9192279e1ae2e [term 0 FOLLOWER]: Consensus starting up: Expiring failure detector timer to make a prompt election more likely
I20260812 06:36:37.719623 24819 raft_consensus.cc:740] T 88213d97a8f54dd69aeb8544420eeab4 P 04f86914bad842faa3a9192279e1ae2e [term 0 FOLLOWER]: Becoming Follower/Learner. State: Replica: 04f86914bad842faa3a9192279e1ae2e, State: Initialized, Role: FOLLOWER
I20260812 06:36:37.719738 24819 consensus_queue.cc:260] T 88213d97a8f54dd69aeb8544420eeab4 P 04f86914bad842faa3a9192279e1ae2e [NON_LEADER]: Queue going to NON_LEADER mode. State: All replicated index: 0, Majority replicated index: 0, Committed index: 0, Last appended: 0.0, Last appended by leader: 0, Current term: 0, Majority size: -1, State: 0, Mode: NON_LEADER, active raft config: opid_index: -1 OBSOLETE_local: true peers { permanent_uuid: "04f86914bad842faa3a9192279e1ae2e" member_type: VOTER last_known_addr { host: "127.23.46.129" port: 41353 } }
I20260812 06:36:37.719816 24819 raft_consensus.cc:399] T 88213d97a8f54dd69aeb8544420eeab4 P 04f86914bad842faa3a9192279e1ae2e [term 0 FOLLOWER]: Only one voter in the Raft config. Triggering election immediately
I20260812 06:36:37.719856 24819 raft_consensus.cc:493] T 88213d97a8f54dd69aeb8544420eeab4 P 04f86914bad842faa3a9192279e1ae2e [term 0 FOLLOWER]: Starting leader election (initial election of a single-replica configuration)
I20260812 06:36:37.719901 24819 raft_consensus.cc:3060] T 88213d97a8f54dd69aeb8544420eeab4 P 04f86914bad842faa3a9192279e1ae2e [term 0 FOLLOWER]: Advancing to term 1
I20260812 06:36:37.720844 24819 raft_consensus.cc:515] T 88213d97a8f54dd69aeb8544420eeab4 P 04f86914bad842faa3a9192279e1ae2e [term 1 FOLLOWER]: Starting leader election with config: opid_index: -1 OBSOLETE_local: true peers { permanent_uuid: "04f86914bad842faa3a9192279e1ae2e" member_type: VOTER last_known_addr { host: "127.23.46.129" port: 41353 } }
I20260812 06:36:37.720978 24819 leader_election.cc:304] T 88213d97a8f54dd69aeb8544420eeab4 P 04f86914bad842faa3a9192279e1ae2e [CANDIDATE]: Term 1 election: Election decided. Result: candidate won. Election summary: received 1 responses out of 1 voters: 1 yes votes; 0 no votes. yes voters: 04f86914bad842faa3a9192279e1ae2e; no voters: 
I20260812 06:36:37.721071 24819 leader_election.cc:290] T 88213d97a8f54dd69aeb8544420eeab4 P 04f86914bad842faa3a9192279e1ae2e [CANDIDATE]: Term 1 election: Requested vote from peers 
I20260812 06:36:37.721139 24828 raft_consensus.cc:2804] T 88213d97a8f54dd69aeb8544420eeab4 P 04f86914bad842faa3a9192279e1ae2e [term 1 FOLLOWER]: Leader election won for term 1
I20260812 06:36:37.721289 24828 raft_consensus.cc:697] T 88213d97a8f54dd69aeb8544420eeab4 P 04f86914bad842faa3a9192279e1ae2e [term 1 LEADER]: Becoming Leader. State: Replica: 04f86914bad842faa3a9192279e1ae2e, State: Running, Role: LEADER
I20260812 06:36:37.721297 24819 ts_tablet_manager.cc:1434] T 88213d97a8f54dd69aeb8544420eeab4 P 04f86914bad842faa3a9192279e1ae2e: Time spent starting tablet: real 0.002s	user 0.002s	sys 0.000s
I20260812 06:36:37.721441 24828 consensus_queue.cc:237] T 88213d97a8f54dd69aeb8544420eeab4 P 04f86914bad842faa3a9192279e1ae2e [LEADER]: Queue going to LEADER mode. State: All replicated index: 0, Majority replicated index: 0, Committed index: 0, Last appended: 0.0, Last appended by leader: 0, Current term: 1, Majority size: 1, State: 0, Mode: LEADER, active raft config: opid_index: -1 OBSOLETE_local: true peers { permanent_uuid: "04f86914bad842faa3a9192279e1ae2e" member_type: VOTER last_known_addr { host: "127.23.46.129" port: 41353 } }
I20260812 06:36:37.722592 24530 catalog_manager.cc:5719] T 88213d97a8f54dd69aeb8544420eeab4 P 04f86914bad842faa3a9192279e1ae2e reported cstate change: term changed from 0 to 1, leader changed from <none> to 04f86914bad842faa3a9192279e1ae2e (127.23.46.129). New cstate: current_term: 1 leader_uuid: "04f86914bad842faa3a9192279e1ae2e" committed_config { opid_index: -1 OBSOLETE_local: true peers { permanent_uuid: "04f86914bad842faa3a9192279e1ae2e" member_type: VOTER last_known_addr { host: "127.23.46.129" port: 41353 } health_report { overall_health: HEALTHY } } }
I20260812 06:36:37.800774 23738 client-test.cc:1737] Time spent Scanning with predicate columns not projected: real 0.007s	user 0.001s	sys 0.000s
I20260812 06:36:37.801331 23738 tablet_server.cc:179] TabletServer@127.23.46.129:0 shutting down...
I20260812 06:36:37.804960 23738 ts_tablet_manager.cc:1507] Shutting down tablet manager...
I20260812 06:36:37.805382 23738 tablet_replica.cc:333] T 88213d97a8f54dd69aeb8544420eeab4 P 04f86914bad842faa3a9192279e1ae2e: stopping tablet replica
I20260812 06:36:37.805516 23738 raft_consensus.cc:2243] T 88213d97a8f54dd69aeb8544420eeab4 P 04f86914bad842faa3a9192279e1ae2e [term 1 LEADER]: Raft consensus shutting down.
I20260812 06:36:37.805660 23738 raft_consensus.cc:2272] T 88213d97a8f54dd69aeb8544420eeab4 P 04f86914bad842faa3a9192279e1ae2e [term 1 FOLLOWER]: Raft consensus is shut down!
I20260812 06:36:37.806275 23738 tablet_replica.cc:333] T e1ecba1afc7a456a912d621d50d51835 P 04f86914bad842faa3a9192279e1ae2e: stopping tablet replica
I20260812 06:36:37.806361 23738 raft_consensus.cc:2243] T e1ecba1afc7a456a912d621d50d51835 P 04f86914bad842faa3a9192279e1ae2e [term 1 LEADER]: Raft consensus shutting down.
I20260812 06:36:37.806483 23738 raft_consensus.cc:2272] T e1ecba1afc7a456a912d621d50d51835 P 04f86914bad842faa3a9192279e1ae2e [term 1 FOLLOWER]: Raft consensus is shut down!
I20260812 06:36:37.819721 23738 tablet_server.cc:196] TabletServer@127.23.46.129:0 shutdown complete.
I20260812 06:36:37.822602 23738 master.cc:562] Master@127.23.46.190:37857 shutting down...
I20260812 06:36:37.829124 23738 raft_consensus.cc:2243] T 00000000000000000000000000000000 P 2286f5fae7644e868c0ca0618dafdc3a [term 1 LEADER]: Raft consensus shutting down.
I20260812 06:36:37.829316 23738 raft_consensus.cc:2272] T 00000000000000000000000000000000 P 2286f5fae7644e868c0ca0618dafdc3a [term 1 FOLLOWER]: Raft consensus is shut down!
I20260812 06:36:37.829592 23738 tablet_replica.cc:333] T 00000000000000000000000000000000 P 2286f5fae7644e868c0ca0618dafdc3a: stopping tablet replica
I20260812 06:36:37.842813 23738 master.cc:584] Master@127.23.46.190:37857 shutdown complete.
[       OK ] ClientTest.TestScanPredicateNonKeyColNotProjected (272 ms)
[ RUN      ] ClientTest.TestNonCoveringRangePartitions
I20260812 06:36:37.849478 23738 internal_mini_cluster.cc:156] Creating distributed mini masters. Addrs: 127.23.46.190:40847
I20260812 06:36:37.849902 23738 file_cache.cc:504] Constructed file cache file cache with capacity 419430
W20260812 06:36:37.851711 24841 instance_detector.cc:116] could not retrieve Azure instance metadata: Network error: curl error: HTTP response code said error: The requested URL returned error: 404
W20260812 06:36:37.851711 24840 instance_detector.cc:116] could not retrieve AWS instance metadata: Network error: curl error: HTTP response code said error: The requested URL returned error: 404
I20260812 06:36:37.851807 23738 server_base.cc:1061] running on GCE node
W20260812 06:36:37.851876 24843 instance_detector.cc:116] could not retrieve OpenStack instance metadata: Network error: curl error: HTTP response code said error: The requested URL returned error: 404
I20260812 06:36:37.852279 23738 hybrid_clock.cc:584] initializing the hybrid clock with 'system_unsync' time source
W20260812 06:36:37.852325 23738 system_unsync_time.cc:38] NTP support is disabled. Clock error bounds will not be accurate. This configuration is not suitable for distributed clusters.
I20260812 06:36:37.852363 23738 hybrid_clock.cc:648] HybridClock initialized: now 1786516597852362 us; error 0 us; skew 500 ppm
I20260812 06:36:37.853185 23738 webserver.cc:533] Webserver started at http://127.23.46.190:37893/ using document root <none> and password file <none>
I20260812 06:36:37.853338 23738 fs_manager.cc:362] Metadata directory not provided
I20260812 06:36:37.853390 23738 fs_manager.cc:368] Using write-ahead log directory (fs_wal_dir) as metadata directory
I20260812 06:36:37.853479 23738 server_base.cc:909] This appears to be a new deployment of Kudu; creating new FS layout
I20260812 06:36:37.853888 23738 fs_manager.cc:1068] Generated new instance metadata in path /tmp/dist-test-taskja08NL/test-tmp/client-test.4.ClientTest.TestNonCoveringRangePartitions.1786516596964015-23738-0/minicluster-data/master-0-root/instance:
uuid: "f8bc4a92c7874ff69d2934faf88e7d18"
format_stamp: "Formatted at 2026-08-12 06:36:37 on dist-test-slave-lkx2"
I20260812 06:36:37.855331 23738 fs_manager.cc:696] Time spent creating directory manager: real 0.001s	user 0.002s	sys 0.000s
I20260812 06:36:37.856257 24857 log_block_manager.cc:4127] Time spent loading block containers with low live blocks: real 0.000s	user 0.000s	sys 0.000s
I20260812 06:36:37.856531 23738 fs_manager.cc:730] Time spent opening block manager: real 0.001s	user 0.001s	sys 0.000s
I20260812 06:36:37.856602 23738 fs_manager.cc:647] Opened local filesystem: /tmp/dist-test-taskja08NL/test-tmp/client-test.4.ClientTest.TestNonCoveringRangePartitions.1786516596964015-23738-0/minicluster-data/master-0-root
uuid: "f8bc4a92c7874ff69d2934faf88e7d18"
format_stamp: "Formatted at 2026-08-12 06:36:37 on dist-test-slave-lkx2"
I20260812 06:36:37.856678 23738 fs_report.cc:389] FS layout report
--------------------
wal directory: /tmp/dist-test-taskja08NL/test-tmp/client-test.4.ClientTest.TestNonCoveringRangePartitions.1786516596964015-23738-0/minicluster-data/master-0-root
metadata directory: /tmp/dist-test-taskja08NL/test-tmp/client-test.4.ClientTest.TestNonCoveringRangePartitions.1786516596964015-23738-0/minicluster-data/master-0-root
1 data directories: /tmp/dist-test-taskja08NL/test-tmp/client-test.4.ClientTest.TestNonCoveringRangePartitions.1786516596964015-23738-0/minicluster-data/master-0-root/data
Total live blocks: 0
Total live bytes: 0
Total live bytes (after alignment): 0
Total number of LBM containers: 0 (0 full)
Did not check for missing blocks
Did not check for orphaned blocks
Total full LBM containers with extra space: 0 (0 repaired)
Total full LBM container extra space in bytes: 0 (0 repaired)
Total incomplete LBM containers: 0 (0 repaired)
Total LBM partial records: 0 (0 repaired)
Total corrupted LBM metadata records in RocksDB: 0 (0 repaired)
I20260812 06:36:37.869012 23738 rpc_server.cc:225] running with OpenSSL 1.1.1  11 Sep 2018
I20260812 06:36:37.869421 23738 kserver.cc:163] Server-wide thread pool size limit: 3276
I20260812 06:36:37.875339 23738 rpc_server.cc:307] RPC server started. Bound to: 127.23.46.190:40847
I20260812 06:36:37.876798 24974 acceptor_pool.cc:272] collecting diagnostics on the listening RPC socket 127.23.46.190:40847 every 8 connection(s)
I20260812 06:36:37.877250 24975 data_dirs.cc:400] Could only allocate 1 dirs of requested 3 for tablet 00000000000000000000000000000000. 1 dirs total, 0 dirs full, 0 dirs failed
I20260812 06:36:37.879031 24975 tablet_bootstrap.cc:492] T 00000000000000000000000000000000 P f8bc4a92c7874ff69d2934faf88e7d18: Bootstrap starting.
