I20260812 06:36:40.176869 15769 ts_tablet_manager.cc:1434] T bce8c0dc0bd94f5490b9268155fb104d P 5d528f276d61451ab7c74af3989384f8: Time spent starting tablet: real 0.001s	user 0.001s	sys 0.000s
I20260812 06:36:40.177040 15769 tablet_bootstrap.cc:492] T ce28ee78ec984d96bf998dc1e4ca7b29 P 5d528f276d61451ab7c74af3989384f8: Bootstrap starting.
I20260812 06:36:40.177378 15764 tablet_bootstrap.cc:654] T bce8c0dc0bd94f5490b9268155fb104d P ee9e6fbd2d6743c9823c92837d2af3e7: Neither blocks nor log segments found. Creating new log.
I20260812 06:36:40.177591 15763 raft_consensus.cc:359] T ce28ee78ec984d96bf998dc1e4ca7b29 P b2dca61e6d4240328274b22f0d193b3d [term 0 FOLLOWER]: Replica starting. Triggering 0 pending ops. Active config: opid_index: -1 OBSOLETE_local: false peers { permanent_uuid: "5d528f276d61451ab7c74af3989384f8" member_type: VOTER last_known_addr { host: "127.10.64.1" port: 39701 } } peers { permanent_uuid: "b2dca61e6d4240328274b22f0d193b3d" member_type: VOTER last_known_addr { host: "127.10.64.2" port: 42625 } } peers { permanent_uuid: "ee9e6fbd2d6743c9823c92837d2af3e7" member_type: VOTER last_known_addr { host: "127.10.64.3" port: 35121 } }
I20260812 06:36:40.177706 15763 raft_consensus.cc:385] T ce28ee78ec984d96bf998dc1e4ca7b29 P b2dca61e6d4240328274b22f0d193b3d [term 0 FOLLOWER]: Consensus starting up: Expiring failure detector timer to make a prompt election more likely
I20260812 06:36:40.177740 15763 raft_consensus.cc:740] T ce28ee78ec984d96bf998dc1e4ca7b29 P b2dca61e6d4240328274b22f0d193b3d [term 0 FOLLOWER]: Becoming Follower/Learner. State: Replica: b2dca61e6d4240328274b22f0d193b3d, State: Initialized, Role: FOLLOWER
I20260812 06:36:40.177852 15763 consensus_queue.cc:260] T ce28ee78ec984d96bf998dc1e4ca7b29 P b2dca61e6d4240328274b22f0d193b3d [NON_LEADER]: Queue going to NON_LEADER mode. State: All replicated index: 0, Majority replicated index: 0, Committed index: 0, Last appended: 0.0, Last appended by leader: 0, Current term: 0, Majority size: -1, State: 0, Mode: NON_LEADER, active raft config: opid_index: -1 OBSOLETE_local: false peers { permanent_uuid: "5d528f276d61451ab7c74af3989384f8" member_type: VOTER last_known_addr { host: "127.10.64.1" port: 39701 } } peers { permanent_uuid: "b2dca61e6d4240328274b22f0d193b3d" member_type: VOTER last_known_addr { host: "127.10.64.2" port: 42625 } } peers { permanent_uuid: "ee9e6fbd2d6743c9823c92837d2af3e7" member_type: VOTER last_known_addr { host: "127.10.64.3" port: 35121 } }
I20260812 06:36:40.178059 15769 tablet_bootstrap.cc:654] T ce28ee78ec984d96bf998dc1e4ca7b29 P 5d528f276d61451ab7c74af3989384f8: Neither blocks nor log segments found. Creating new log.
I20260812 06:36:40.178144 15763 ts_tablet_manager.cc:1434] T ce28ee78ec984d96bf998dc1e4ca7b29 P b2dca61e6d4240328274b22f0d193b3d: Time spent starting tablet: real 0.001s	user 0.000s	sys 0.000s
I20260812 06:36:40.179467 15769 tablet_bootstrap.cc:492] T ce28ee78ec984d96bf998dc1e4ca7b29 P 5d528f276d61451ab7c74af3989384f8: No bootstrap required, opened a new log
I20260812 06:36:40.179579 15769 ts_tablet_manager.cc:1403] T ce28ee78ec984d96bf998dc1e4ca7b29 P 5d528f276d61451ab7c74af3989384f8: Time spent bootstrapping tablet: real 0.003s	user 0.002s	sys 0.000s
I20260812 06:36:40.180100 15769 raft_consensus.cc:359] T ce28ee78ec984d96bf998dc1e4ca7b29 P 5d528f276d61451ab7c74af3989384f8 [term 0 FOLLOWER]: Replica starting. Triggering 0 pending ops. Active config: opid_index: -1 OBSOLETE_local: false peers { permanent_uuid: "5d528f276d61451ab7c74af3989384f8" member_type: VOTER last_known_addr { host: "127.10.64.1" port: 39701 } } peers { permanent_uuid: "b2dca61e6d4240328274b22f0d193b3d" member_type: VOTER last_known_addr { host: "127.10.64.2" port: 42625 } } peers { permanent_uuid: "ee9e6fbd2d6743c9823c92837d2af3e7" member_type: VOTER last_known_addr { host: "127.10.64.3" port: 35121 } }
I20260812 06:36:40.180217 15769 raft_consensus.cc:385] T ce28ee78ec984d96bf998dc1e4ca7b29 P 5d528f276d61451ab7c74af3989384f8 [term 0 FOLLOWER]: Consensus starting up: Expiring failure detector timer to make a prompt election more likely
I20260812 06:36:40.180260 15769 raft_consensus.cc:740] T ce28ee78ec984d96bf998dc1e4ca7b29 P 5d528f276d61451ab7c74af3989384f8 [term 0 FOLLOWER]: Becoming Follower/Learner. State: Replica: 5d528f276d61451ab7c74af3989384f8, State: Initialized, Role: FOLLOWER
I20260812 06:36:40.180383 15769 consensus_queue.cc:260] T ce28ee78ec984d96bf998dc1e4ca7b29 P 5d528f276d61451ab7c74af3989384f8 [NON_LEADER]: Queue going to NON_LEADER mode. State: All replicated index: 0, Majority replicated index: 0, Committed index: 0, Last appended: 0.0, Last appended by leader: 0, Current term: 0, Majority size: -1, State: 0, Mode: NON_LEADER, active raft config: opid_index: -1 OBSOLETE_local: false peers { permanent_uuid: "5d528f276d61451ab7c74af3989384f8" member_type: VOTER last_known_addr { host: "127.10.64.1" port: 39701 } } peers { permanent_uuid: "b2dca61e6d4240328274b22f0d193b3d" member_type: VOTER last_known_addr { host: "127.10.64.2" port: 42625 } } peers { permanent_uuid: "ee9e6fbd2d6743c9823c92837d2af3e7" member_type: VOTER last_known_addr { host: "127.10.64.3" port: 35121 } }
I20260812 06:36:40.180721 15769 ts_tablet_manager.cc:1434] T ce28ee78ec984d96bf998dc1e4ca7b29 P 5d528f276d61451ab7c74af3989384f8: Time spent starting tablet: real 0.001s	user 0.000s	sys 0.001s
I20260812 06:36:40.181072 15764 tablet_bootstrap.cc:492] T bce8c0dc0bd94f5490b9268155fb104d P ee9e6fbd2d6743c9823c92837d2af3e7: No bootstrap required, opened a new log
I20260812 06:36:40.181201 15764 ts_tablet_manager.cc:1403] T bce8c0dc0bd94f5490b9268155fb104d P ee9e6fbd2d6743c9823c92837d2af3e7: Time spent bootstrapping tablet: real 0.012s	user 0.002s	sys 0.000s
I20260812 06:36:40.181627 15764 raft_consensus.cc:359] T bce8c0dc0bd94f5490b9268155fb104d P ee9e6fbd2d6743c9823c92837d2af3e7 [term 0 FOLLOWER]: Replica starting. Triggering 0 pending ops. Active config: opid_index: -1 OBSOLETE_local: false peers { permanent_uuid: "b2dca61e6d4240328274b22f0d193b3d" member_type: VOTER last_known_addr { host: "127.10.64.2" port: 42625 } } peers { permanent_uuid: "ee9e6fbd2d6743c9823c92837d2af3e7" member_type: VOTER last_known_addr { host: "127.10.64.3" port: 35121 } } peers { permanent_uuid: "5d528f276d61451ab7c74af3989384f8" member_type: VOTER last_known_addr { host: "127.10.64.1" port: 39701 } }
I20260812 06:36:40.181725 15764 raft_consensus.cc:385] T bce8c0dc0bd94f5490b9268155fb104d P ee9e6fbd2d6743c9823c92837d2af3e7 [term 0 FOLLOWER]: Consensus starting up: Expiring failure detector timer to make a prompt election more likely
I20260812 06:36:40.181746 15764 raft_consensus.cc:740] T bce8c0dc0bd94f5490b9268155fb104d P ee9e6fbd2d6743c9823c92837d2af3e7 [term 0 FOLLOWER]: Becoming Follower/Learner. State: Replica: ee9e6fbd2d6743c9823c92837d2af3e7, State: Initialized, Role: FOLLOWER
I20260812 06:36:40.181828 15764 consensus_queue.cc:260] T bce8c0dc0bd94f5490b9268155fb104d P ee9e6fbd2d6743c9823c92837d2af3e7 [NON_LEADER]: Queue going to NON_LEADER mode. State: All replicated index: 0, Majority replicated index: 0, Committed index: 0, Last appended: 0.0, Last appended by leader: 0, Current term: 0, Majority size: -1, State: 0, Mode: NON_LEADER, active raft config: opid_index: -1 OBSOLETE_local: false peers { permanent_uuid: "b2dca61e6d4240328274b22f0d193b3d" member_type: VOTER last_known_addr { host: "127.10.64.2" port: 42625 } } peers { permanent_uuid: "ee9e6fbd2d6743c9823c92837d2af3e7" member_type: VOTER last_known_addr { host: "127.10.64.3" port: 35121 } } peers { permanent_uuid: "5d528f276d61451ab7c74af3989384f8" member_type: VOTER last_known_addr { host: "127.10.64.1" port: 39701 } }
I20260812 06:36:40.182122 15764 ts_tablet_manager.cc:1434] T bce8c0dc0bd94f5490b9268155fb104d P ee9e6fbd2d6743c9823c92837d2af3e7: Time spent starting tablet: real 0.001s	user 0.001s	sys 0.000s
I20260812 06:36:40.182317 15764 tablet_bootstrap.cc:492] T ce28ee78ec984d96bf998dc1e4ca7b29 P ee9e6fbd2d6743c9823c92837d2af3e7: Bootstrap starting.
I20260812 06:36:40.183287 15764 tablet_bootstrap.cc:654] T ce28ee78ec984d96bf998dc1e4ca7b29 P ee9e6fbd2d6743c9823c92837d2af3e7: Neither blocks nor log segments found. Creating new log.
I20260812 06:36:40.185169 15764 tablet_bootstrap.cc:492] T ce28ee78ec984d96bf998dc1e4ca7b29 P ee9e6fbd2d6743c9823c92837d2af3e7: No bootstrap required, opened a new log
I20260812 06:36:40.185259 15764 ts_tablet_manager.cc:1403] T ce28ee78ec984d96bf998dc1e4ca7b29 P ee9e6fbd2d6743c9823c92837d2af3e7: Time spent bootstrapping tablet: real 0.003s	user 0.002s	sys 0.000s
I20260812 06:36:40.185686 15764 raft_consensus.cc:359] T ce28ee78ec984d96bf998dc1e4ca7b29 P ee9e6fbd2d6743c9823c92837d2af3e7 [term 0 FOLLOWER]: Replica starting. Triggering 0 pending ops. Active config: opid_index: -1 OBSOLETE_local: false peers { permanent_uuid: "5d528f276d61451ab7c74af3989384f8" member_type: VOTER last_known_addr { host: "127.10.64.1" port: 39701 } } peers { permanent_uuid: "b2dca61e6d4240328274b22f0d193b3d" member_type: VOTER last_known_addr { host: "127.10.64.2" port: 42625 } } peers { permanent_uuid: "ee9e6fbd2d6743c9823c92837d2af3e7" member_type: VOTER last_known_addr { host: "127.10.64.3" port: 35121 } }
I20260812 06:36:40.185804 15764 raft_consensus.cc:385] T ce28ee78ec984d96bf998dc1e4ca7b29 P ee9e6fbd2d6743c9823c92837d2af3e7 [term 0 FOLLOWER]: Consensus starting up: Expiring failure detector timer to make a prompt election more likely
I20260812 06:36:40.185881 15764 raft_consensus.cc:740] T ce28ee78ec984d96bf998dc1e4ca7b29 P ee9e6fbd2d6743c9823c92837d2af3e7 [term 0 FOLLOWER]: Becoming Follower/Learner. State: Replica: ee9e6fbd2d6743c9823c92837d2af3e7, State: Initialized, Role: FOLLOWER
I20260812 06:36:40.186019 15764 consensus_queue.cc:260] T ce28ee78ec984d96bf998dc1e4ca7b29 P ee9e6fbd2d6743c9823c92837d2af3e7 [NON_LEADER]: Queue going to NON_LEADER mode. State: All replicated index: 0, Majority replicated index: 0, Committed index: 0, Last appended: 0.0, Last appended by leader: 0, Current term: 0, Majority size: -1, State: 0, Mode: NON_LEADER, active raft config: opid_index: -1 OBSOLETE_local: false peers { permanent_uuid: "5d528f276d61451ab7c74af3989384f8" member_type: VOTER last_known_addr { host: "127.10.64.1" port: 39701 } } peers { permanent_uuid: "b2dca61e6d4240328274b22f0d193b3d" member_type: VOTER last_known_addr { host: "127.10.64.2" port: 42625 } } peers { permanent_uuid: "ee9e6fbd2d6743c9823c92837d2af3e7" member_type: VOTER last_known_addr { host: "127.10.64.3" port: 35121 } }
I20260812 06:36:40.186456 15764 ts_tablet_manager.cc:1434] T ce28ee78ec984d96bf998dc1e4ca7b29 P ee9e6fbd2d6743c9823c92837d2af3e7: Time spent starting tablet: real 0.001s	user 0.001s	sys 0.000s
I20260812 06:36:40.230029 15757 raft_consensus.cc:493] T bce8c0dc0bd94f5490b9268155fb104d P ee9e6fbd2d6743c9823c92837d2af3e7 [term 0 FOLLOWER]: Starting pre-election (no leader contacted us within the election timeout)
I20260812 06:36:40.230155 15757 raft_consensus.cc:515] T bce8c0dc0bd94f5490b9268155fb104d P ee9e6fbd2d6743c9823c92837d2af3e7 [term 0 FOLLOWER]: Starting pre-election with config: opid_index: -1 OBSOLETE_local: false peers { permanent_uuid: "b2dca61e6d4240328274b22f0d193b3d" member_type: VOTER last_known_addr { host: "127.10.64.2" port: 42625 } } peers { permanent_uuid: "ee9e6fbd2d6743c9823c92837d2af3e7" member_type: VOTER last_known_addr { host: "127.10.64.3" port: 35121 } } peers { permanent_uuid: "5d528f276d61451ab7c74af3989384f8" member_type: VOTER last_known_addr { host: "127.10.64.1" port: 39701 } }
I20260812 06:36:40.230482 15757 leader_election.cc:290] T bce8c0dc0bd94f5490b9268155fb104d P ee9e6fbd2d6743c9823c92837d2af3e7 [CANDIDATE]: Term 1 pre-election: Requested pre-vote from peers b2dca61e6d4240328274b22f0d193b3d (127.10.64.2:42625), 5d528f276d61451ab7c74af3989384f8 (127.10.64.1:39701)
I20260812 06:36:40.230808 14052 tablet_service.cc:1917] Received RequestConsensusVote() RPC: tablet_id: "bce8c0dc0bd94f5490b9268155fb104d" candidate_uuid: "ee9e6fbd2d6743c9823c92837d2af3e7" candidate_term: 1 candidate_status { last_received { term: 0 index: 0 } } ignore_live_leader: false dest_uuid: "5d528f276d61451ab7c74af3989384f8" is_pre_election: true
I20260812 06:36:40.230808 14219 tablet_service.cc:1917] Received RequestConsensusVote() RPC: tablet_id: "bce8c0dc0bd94f5490b9268155fb104d" candidate_uuid: "ee9e6fbd2d6743c9823c92837d2af3e7" candidate_term: 1 candidate_status { last_received { term: 0 index: 0 } } ignore_live_leader: false dest_uuid: "b2dca61e6d4240328274b22f0d193b3d" is_pre_election: true
I20260812 06:36:40.230973 14219 raft_consensus.cc:2468] T bce8c0dc0bd94f5490b9268155fb104d P b2dca61e6d4240328274b22f0d193b3d [term 0 FOLLOWER]: Leader pre-election vote request: Granting yes vote for candidate ee9e6fbd2d6743c9823c92837d2af3e7 in term 0.
I20260812 06:36:40.230973 14052 raft_consensus.cc:2468] T bce8c0dc0bd94f5490b9268155fb104d P 5d528f276d61451ab7c74af3989384f8 [term 0 FOLLOWER]: Leader pre-election vote request: Granting yes vote for candidate ee9e6fbd2d6743c9823c92837d2af3e7 in term 0.
I20260812 06:36:40.231382 14309 leader_election.cc:304] T bce8c0dc0bd94f5490b9268155fb104d P ee9e6fbd2d6743c9823c92837d2af3e7 [CANDIDATE]: Term 1 pre-election: Election decided. Result: candidate won. Election summary: received 2 responses out of 3 voters: 2 yes votes; 0 no votes. yes voters: b2dca61e6d4240328274b22f0d193b3d, ee9e6fbd2d6743c9823c92837d2af3e7; no voters: 
I20260812 06:36:40.231592 15757 raft_consensus.cc:2804] T bce8c0dc0bd94f5490b9268155fb104d P ee9e6fbd2d6743c9823c92837d2af3e7 [term 0 FOLLOWER]: Leader pre-election won for term 1
I20260812 06:36:40.231662 15757 raft_consensus.cc:493] T bce8c0dc0bd94f5490b9268155fb104d P ee9e6fbd2d6743c9823c92837d2af3e7 [term 0 FOLLOWER]: Starting leader election (no leader contacted us within the election timeout)
I20260812 06:36:40.231693 15757 raft_consensus.cc:3060] T bce8c0dc0bd94f5490b9268155fb104d P ee9e6fbd2d6743c9823c92837d2af3e7 [term 0 FOLLOWER]: Advancing to term 1
I20260812 06:36:40.232769 15757 raft_consensus.cc:515] T bce8c0dc0bd94f5490b9268155fb104d P ee9e6fbd2d6743c9823c92837d2af3e7 [term 1 FOLLOWER]: Starting leader election with config: opid_index: -1 OBSOLETE_local: false peers { permanent_uuid: "b2dca61e6d4240328274b22f0d193b3d" member_type: VOTER last_known_addr { host: "127.10.64.2" port: 42625 } } peers { permanent_uuid: "ee9e6fbd2d6743c9823c92837d2af3e7" member_type: VOTER last_known_addr { host: "127.10.64.3" port: 35121 } } peers { permanent_uuid: "5d528f276d61451ab7c74af3989384f8" member_type: VOTER last_known_addr { host: "127.10.64.1" port: 39701 } }
I20260812 06:36:40.233162 15757 leader_election.cc:290] T bce8c0dc0bd94f5490b9268155fb104d P ee9e6fbd2d6743c9823c92837d2af3e7 [CANDIDATE]: Term 1 election: Requested vote from peers b2dca61e6d4240328274b22f0d193b3d (127.10.64.2:42625), 5d528f276d61451ab7c74af3989384f8 (127.10.64.1:39701)
I20260812 06:36:40.233393 14219 tablet_service.cc:1917] Received RequestConsensusVote() RPC: tablet_id: "bce8c0dc0bd94f5490b9268155fb104d" candidate_uuid: "ee9e6fbd2d6743c9823c92837d2af3e7" candidate_term: 1 candidate_status { last_received { term: 0 index: 0 } } ignore_live_leader: false dest_uuid: "b2dca61e6d4240328274b22f0d193b3d"
I20260812 06:36:40.233455 14052 tablet_service.cc:1917] Received RequestConsensusVote() RPC: tablet_id: "bce8c0dc0bd94f5490b9268155fb104d" candidate_uuid: "ee9e6fbd2d6743c9823c92837d2af3e7" candidate_term: 1 candidate_status { last_received { term: 0 index: 0 } } ignore_live_leader: false dest_uuid: "5d528f276d61451ab7c74af3989384f8"
I20260812 06:36:40.233505 14219 raft_consensus.cc:3060] T bce8c0dc0bd94f5490b9268155fb104d P b2dca61e6d4240328274b22f0d193b3d [term 0 FOLLOWER]: Advancing to term 1
I20260812 06:36:40.233525 14052 raft_consensus.cc:3060] T bce8c0dc0bd94f5490b9268155fb104d P 5d528f276d61451ab7c74af3989384f8 [term 0 FOLLOWER]: Advancing to term 1
I20260812 06:36:40.234416 14219 raft_consensus.cc:2468] T bce8c0dc0bd94f5490b9268155fb104d P b2dca61e6d4240328274b22f0d193b3d [term 1 FOLLOWER]: Leader election vote request: Granting yes vote for candidate ee9e6fbd2d6743c9823c92837d2af3e7 in term 1.
I20260812 06:36:40.234416 14052 raft_consensus.cc:2468] T bce8c0dc0bd94f5490b9268155fb104d P 5d528f276d61451ab7c74af3989384f8 [term 1 FOLLOWER]: Leader election vote request: Granting yes vote for candidate ee9e6fbd2d6743c9823c92837d2af3e7 in term 1.
I20260812 06:36:40.234803 14309 leader_election.cc:304] T bce8c0dc0bd94f5490b9268155fb104d P ee9e6fbd2d6743c9823c92837d2af3e7 [CANDIDATE]: Term 1 election: Election decided. Result: candidate won. Election summary: received 2 responses out of 3 voters: 2 yes votes; 0 no votes. yes voters: b2dca61e6d4240328274b22f0d193b3d, ee9e6fbd2d6743c9823c92837d2af3e7; no voters: 
I20260812 06:36:40.235076 15757 raft_consensus.cc:2804] T bce8c0dc0bd94f5490b9268155fb104d P ee9e6fbd2d6743c9823c92837d2af3e7 [term 1 FOLLOWER]: Leader election won for term 1
I20260812 06:36:40.235313 15757 raft_consensus.cc:697] T bce8c0dc0bd94f5490b9268155fb104d P ee9e6fbd2d6743c9823c92837d2af3e7 [term 1 LEADER]: Becoming Leader. State: Replica: ee9e6fbd2d6743c9823c92837d2af3e7, State: Running, Role: LEADER
I20260812 06:36:40.235466 15757 consensus_queue.cc:237] T bce8c0dc0bd94f5490b9268155fb104d P ee9e6fbd2d6743c9823c92837d2af3e7 [LEADER]: Queue going to LEADER mode. State: All replicated index: 0, Majority replicated index: 0, Committed index: 0, Last appended: 0.0, Last appended by leader: 0, Current term: 1, Majority size: 2, State: 0, Mode: LEADER, active raft config: opid_index: -1 OBSOLETE_local: false peers { permanent_uuid: "b2dca61e6d4240328274b22f0d193b3d" member_type: VOTER last_known_addr { host: "127.10.64.2" port: 42625 } } peers { permanent_uuid: "ee9e6fbd2d6743c9823c92837d2af3e7" member_type: VOTER last_known_addr { host: "127.10.64.3" port: 35121 } } peers { permanent_uuid: "5d528f276d61451ab7c74af3989384f8" member_type: VOTER last_known_addr { host: "127.10.64.1" port: 39701 } }
I20260812 06:36:40.237468 13806 catalog_manager.cc:5719] T bce8c0dc0bd94f5490b9268155fb104d P ee9e6fbd2d6743c9823c92837d2af3e7 reported cstate change: term changed from 0 to 1, leader changed from <none> to ee9e6fbd2d6743c9823c92837d2af3e7 (127.10.64.3). New cstate: current_term: 1 leader_uuid: "ee9e6fbd2d6743c9823c92837d2af3e7" committed_config { opid_index: -1 OBSOLETE_local: false peers { permanent_uuid: "b2dca61e6d4240328274b22f0d193b3d" member_type: VOTER last_known_addr { host: "127.10.64.2" port: 42625 } health_report { overall_health: UNKNOWN } } peers { permanent_uuid: "ee9e6fbd2d6743c9823c92837d2af3e7" member_type: VOTER last_known_addr { host: "127.10.64.3" port: 35121 } health_report { overall_health: HEALTHY } } peers { permanent_uuid: "5d528f276d61451ab7c74af3989384f8" member_type: VOTER last_known_addr { host: "127.10.64.1" port: 39701 } health_report { overall_health: UNKNOWN } } }
I20260812 06:36:40.307094 15667 raft_consensus.cc:493] T ce28ee78ec984d96bf998dc1e4ca7b29 P 5d528f276d61451ab7c74af3989384f8 [term 0 FOLLOWER]: Starting pre-election (no leader contacted us within the election timeout)
I20260812 06:36:40.307267 15667 raft_consensus.cc:515] T ce28ee78ec984d96bf998dc1e4ca7b29 P 5d528f276d61451ab7c74af3989384f8 [term 0 FOLLOWER]: Starting pre-election with config: opid_index: -1 OBSOLETE_local: false peers { permanent_uuid: "5d528f276d61451ab7c74af3989384f8" member_type: VOTER last_known_addr { host: "127.10.64.1" port: 39701 } } peers { permanent_uuid: "b2dca61e6d4240328274b22f0d193b3d" member_type: VOTER last_known_addr { host: "127.10.64.2" port: 42625 } } peers { permanent_uuid: "ee9e6fbd2d6743c9823c92837d2af3e7" member_type: VOTER last_known_addr { host: "127.10.64.3" port: 35121 } }
I20260812 06:36:40.307737 15667 leader_election.cc:290] T ce28ee78ec984d96bf998dc1e4ca7b29 P 5d528f276d61451ab7c74af3989384f8 [CANDIDATE]: Term 1 pre-election: Requested pre-vote from peers b2dca61e6d4240328274b22f0d193b3d (127.10.64.2:42625), ee9e6fbd2d6743c9823c92837d2af3e7 (127.10.64.3:35121)
I20260812 06:36:40.308032 14219 tablet_service.cc:1917] Received RequestConsensusVote() RPC: tablet_id: "ce28ee78ec984d96bf998dc1e4ca7b29" candidate_uuid: "5d528f276d61451ab7c74af3989384f8" candidate_term: 1 candidate_status { last_received { term: 0 index: 0 } } ignore_live_leader: false dest_uuid: "b2dca61e6d4240328274b22f0d193b3d" is_pre_election: true
I20260812 06:36:40.308068 14396 tablet_service.cc:1917] Received RequestConsensusVote() RPC: tablet_id: "ce28ee78ec984d96bf998dc1e4ca7b29" candidate_uuid: "5d528f276d61451ab7c74af3989384f8" candidate_term: 1 candidate_status { last_received { term: 0 index: 0 } } ignore_live_leader: false dest_uuid: "ee9e6fbd2d6743c9823c92837d2af3e7" is_pre_election: true
I20260812 06:36:40.308188 14219 raft_consensus.cc:2468] T ce28ee78ec984d96bf998dc1e4ca7b29 P b2dca61e6d4240328274b22f0d193b3d [term 0 FOLLOWER]: Leader pre-election vote request: Granting yes vote for candidate 5d528f276d61451ab7c74af3989384f8 in term 0.
I20260812 06:36:40.308194 14396 raft_consensus.cc:2468] T ce28ee78ec984d96bf998dc1e4ca7b29 P ee9e6fbd2d6743c9823c92837d2af3e7 [term 0 FOLLOWER]: Leader pre-election vote request: Granting yes vote for candidate 5d528f276d61451ab7c74af3989384f8 in term 0.
I20260812 06:36:40.308475 13957 leader_election.cc:304] T ce28ee78ec984d96bf998dc1e4ca7b29 P 5d528f276d61451ab7c74af3989384f8 [CANDIDATE]: Term 1 pre-election: Election decided. Result: candidate won. Election summary: received 2 responses out of 3 voters: 2 yes votes; 0 no votes. yes voters: 5d528f276d61451ab7c74af3989384f8, ee9e6fbd2d6743c9823c92837d2af3e7; no voters: 
I20260812 06:36:40.308667 15667 raft_consensus.cc:2804] T ce28ee78ec984d96bf998dc1e4ca7b29 P 5d528f276d61451ab7c74af3989384f8 [term 0 FOLLOWER]: Leader pre-election won for term 1
I20260812 06:36:40.308743 15667 raft_consensus.cc:493] T ce28ee78ec984d96bf998dc1e4ca7b29 P 5d528f276d61451ab7c74af3989384f8 [term 0 FOLLOWER]: Starting leader election (no leader contacted us within the election timeout)
I20260812 06:36:40.308804 15667 raft_consensus.cc:3060] T ce28ee78ec984d96bf998dc1e4ca7b29 P 5d528f276d61451ab7c74af3989384f8 [term 0 FOLLOWER]: Advancing to term 1
I20260812 06:36:40.310011 15667 raft_consensus.cc:515] T ce28ee78ec984d96bf998dc1e4ca7b29 P 5d528f276d61451ab7c74af3989384f8 [term 1 FOLLOWER]: Starting leader election with config: opid_index: -1 OBSOLETE_local: false peers { permanent_uuid: "5d528f276d61451ab7c74af3989384f8" member_type: VOTER last_known_addr { host: "127.10.64.1" port: 39701 } } peers { permanent_uuid: "b2dca61e6d4240328274b22f0d193b3d" member_type: VOTER last_known_addr { host: "127.10.64.2" port: 42625 } } peers { permanent_uuid: "ee9e6fbd2d6743c9823c92837d2af3e7" member_type: VOTER last_known_addr { host: "127.10.64.3" port: 35121 } }
I20260812 06:36:40.310400 15667 leader_election.cc:290] T ce28ee78ec984d96bf998dc1e4ca7b29 P 5d528f276d61451ab7c74af3989384f8 [CANDIDATE]: Term 1 election: Requested vote from peers b2dca61e6d4240328274b22f0d193b3d (127.10.64.2:42625), ee9e6fbd2d6743c9823c92837d2af3e7 (127.10.64.3:35121)
I20260812 06:36:40.310632 14219 tablet_service.cc:1917] Received RequestConsensusVote() RPC: tablet_id: "ce28ee78ec984d96bf998dc1e4ca7b29" candidate_uuid: "5d528f276d61451ab7c74af3989384f8" candidate_term: 1 candidate_status { last_received { term: 0 index: 0 } } ignore_live_leader: false dest_uuid: "b2dca61e6d4240328274b22f0d193b3d"
I20260812 06:36:40.310761 14219 raft_consensus.cc:3060] T ce28ee78ec984d96bf998dc1e4ca7b29 P b2dca61e6d4240328274b22f0d193b3d [term 0 FOLLOWER]: Advancing to term 1
I20260812 06:36:40.310739 14396 tablet_service.cc:1917] Received RequestConsensusVote() RPC: tablet_id: "ce28ee78ec984d96bf998dc1e4ca7b29" candidate_uuid: "5d528f276d61451ab7c74af3989384f8" candidate_term: 1 candidate_status { last_received { term: 0 index: 0 } } ignore_live_leader: false dest_uuid: "ee9e6fbd2d6743c9823c92837d2af3e7"
I20260812 06:36:40.310935 14396 raft_consensus.cc:3060] T ce28ee78ec984d96bf998dc1e4ca7b29 P ee9e6fbd2d6743c9823c92837d2af3e7 [term 0 FOLLOWER]: Advancing to term 1
I20260812 06:36:40.311571 14219 raft_consensus.cc:2468] T ce28ee78ec984d96bf998dc1e4ca7b29 P b2dca61e6d4240328274b22f0d193b3d [term 1 FOLLOWER]: Leader election vote request: Granting yes vote for candidate 5d528f276d61451ab7c74af3989384f8 in term 1.
I20260812 06:36:40.311748 14396 raft_consensus.cc:2468] T ce28ee78ec984d96bf998dc1e4ca7b29 P ee9e6fbd2d6743c9823c92837d2af3e7 [term 1 FOLLOWER]: Leader election vote request: Granting yes vote for candidate 5d528f276d61451ab7c74af3989384f8 in term 1.
I20260812 06:36:40.311896 13953 leader_election.cc:304] T ce28ee78ec984d96bf998dc1e4ca7b29 P 5d528f276d61451ab7c74af3989384f8 [CANDIDATE]: Term 1 election: Election decided. Result: candidate won. Election summary: received 2 responses out of 3 voters: 2 yes votes; 0 no votes. yes voters: 5d528f276d61451ab7c74af3989384f8, b2dca61e6d4240328274b22f0d193b3d; no voters: 
I20260812 06:36:40.312055 15667 raft_consensus.cc:2804] T ce28ee78ec984d96bf998dc1e4ca7b29 P 5d528f276d61451ab7c74af3989384f8 [term 1 FOLLOWER]: Leader election won for term 1
I20260812 06:36:40.312326 15667 raft_consensus.cc:697] T ce28ee78ec984d96bf998dc1e4ca7b29 P 5d528f276d61451ab7c74af3989384f8 [term 1 LEADER]: Becoming Leader. State: Replica: 5d528f276d61451ab7c74af3989384f8, State: Running, Role: LEADER
I20260812 06:36:40.312464 15667 consensus_queue.cc:237] T ce28ee78ec984d96bf998dc1e4ca7b29 P 5d528f276d61451ab7c74af3989384f8 [LEADER]: Queue going to LEADER mode. State: All replicated index: 0, Majority replicated index: 0, Committed index: 0, Last appended: 0.0, Last appended by leader: 0, Current term: 1, Majority size: 2, State: 0, Mode: LEADER, active raft config: opid_index: -1 OBSOLETE_local: false peers { permanent_uuid: "5d528f276d61451ab7c74af3989384f8" member_type: VOTER last_known_addr { host: "127.10.64.1" port: 39701 } } peers { permanent_uuid: "b2dca61e6d4240328274b22f0d193b3d" member_type: VOTER last_known_addr { host: "127.10.64.2" port: 42625 } } peers { permanent_uuid: "ee9e6fbd2d6743c9823c92837d2af3e7" member_type: VOTER last_known_addr { host: "127.10.64.3" port: 35121 } }
I20260812 06:36:40.314776 13804 catalog_manager.cc:5719] T ce28ee78ec984d96bf998dc1e4ca7b29 P 5d528f276d61451ab7c74af3989384f8 reported cstate change: term changed from 0 to 1, leader changed from <none> to 5d528f276d61451ab7c74af3989384f8 (127.10.64.1). New cstate: current_term: 1 leader_uuid: "5d528f276d61451ab7c74af3989384f8" committed_config { opid_index: -1 OBSOLETE_local: false peers { permanent_uuid: "5d528f276d61451ab7c74af3989384f8" member_type: VOTER last_known_addr { host: "127.10.64.1" port: 39701 } health_report { overall_health: HEALTHY } } peers { permanent_uuid: "b2dca61e6d4240328274b22f0d193b3d" member_type: VOTER last_known_addr { host: "127.10.64.2" port: 42625 } health_report { overall_health: UNKNOWN } } peers { permanent_uuid: "ee9e6fbd2d6743c9823c92837d2af3e7" member_type: VOTER last_known_addr { host: "127.10.64.3" port: 35121 } health_report { overall_health: UNKNOWN } } }
I20260812 06:36:40.328122 14396 raft_consensus.cc:1275] T ce28ee78ec984d96bf998dc1e4ca7b29 P ee9e6fbd2d6743c9823c92837d2af3e7 [term 1 FOLLOWER]: Refusing update from remote peer 5d528f276d61451ab7c74af3989384f8: Log matching property violated. Preceding OpId in replica: term: 0 index: 0. Preceding OpId from leader: term: 1 index: 2. (index mismatch)
I20260812 06:36:40.328271 14219 raft_consensus.cc:1275] T bce8c0dc0bd94f5490b9268155fb104d P b2dca61e6d4240328274b22f0d193b3d [term 1 FOLLOWER]: Refusing update from remote peer ee9e6fbd2d6743c9823c92837d2af3e7: Log matching property violated. Preceding OpId in replica: term: 0 index: 0. Preceding OpId from leader: term: 1 index: 2. (index mismatch)
I20260812 06:36:40.328644 14052 raft_consensus.cc:1275] T bce8c0dc0bd94f5490b9268155fb104d P 5d528f276d61451ab7c74af3989384f8 [term 1 FOLLOWER]: Refusing update from remote peer ee9e6fbd2d6743c9823c92837d2af3e7: Log matching property violated. Preceding OpId in replica: term: 0 index: 0. Preceding OpId from leader: term: 1 index: 2. (index mismatch)
I20260812 06:36:40.328701 15667 consensus_queue.cc:1048] T ce28ee78ec984d96bf998dc1e4ca7b29 P 5d528f276d61451ab7c74af3989384f8 [LEADER]: Connected to new peer: Peer: permanent_uuid: "ee9e6fbd2d6743c9823c92837d2af3e7" member_type: VOTER last_known_addr { host: "127.10.64.3" port: 35121 }, Status: LMP_MISMATCH, Last received: 0.0, Next index: 1, Last known committed idx: 0, Time since last communication: 0.000s
I20260812 06:36:40.329006 15781 consensus_queue.cc:1048] T bce8c0dc0bd94f5490b9268155fb104d P ee9e6fbd2d6743c9823c92837d2af3e7 [LEADER]: Connected to new peer: Peer: permanent_uuid: "b2dca61e6d4240328274b22f0d193b3d" member_type: VOTER last_known_addr { host: "127.10.64.2" port: 42625 }, Status: LMP_MISMATCH, Last received: 0.0, Next index: 1, Last known committed idx: 0, Time since last communication: 0.000s
I20260812 06:36:40.329146 15757 consensus_queue.cc:1048] T bce8c0dc0bd94f5490b9268155fb104d P ee9e6fbd2d6743c9823c92837d2af3e7 [LEADER]: Connected to new peer: Peer: permanent_uuid: "5d528f276d61451ab7c74af3989384f8" member_type: VOTER last_known_addr { host: "127.10.64.1" port: 39701 }, Status: LMP_MISMATCH, Last received: 0.0, Next index: 1, Last known committed idx: 0, Time since last communication: 0.000s
I20260812 06:36:40.332437 15789 mvcc.cc:204] Tried to move back new op lower bound from 7317571994941112320 to 7317571994881478656. Current Snapshot: MvccSnapshot[applied={T|T < 7317571994941112320}]
I20260812 06:36:40.335055 14219 raft_consensus.cc:1275] T ce28ee78ec984d96bf998dc1e4ca7b29 P b2dca61e6d4240328274b22f0d193b3d [term 1 FOLLOWER]: Refusing update from remote peer 5d528f276d61451ab7c74af3989384f8: Log matching property violated. Preceding OpId in replica: term: 0 index: 0. Preceding OpId from leader: term: 1 index: 2. (index mismatch)
I20260812 06:36:40.336570 15803 consensus_queue.cc:1048] T ce28ee78ec984d96bf998dc1e4ca7b29 P 5d528f276d61451ab7c74af3989384f8 [LEADER]: Connected to new peer: Peer: permanent_uuid: "b2dca61e6d4240328274b22f0d193b3d" member_type: VOTER last_known_addr { host: "127.10.64.2" port: 42625 }, Status: LMP_MISMATCH, Last received: 0.0, Next index: 1, Last known committed idx: 0, Time since last communication: 0.000s
W20260812 06:36:40.664772 10504 kernel_stack_watchdog.cc:198] Thread 14122 stuck at /workspace/apache/dev/local/kudu/src/kudu/rpc/outbound_call.cc:307 for 276ms:
Kernel stack:
(could not read kernel stack)
User stack:
    @     0x7f1af1c01980  (unknown) at ??:0
    @     0x7f1af1c00d50  __GI___nanosleep at ??:0
    @     0x7f1af0938212  base::SleepForNanoseconds() at ??:0
    @     0x7f1af13c221b  kudu::SleepFor() at ??:0
    @     0x556d69890a91  kudu::client::ClientTest_TestAutoFlushBackgroundAndErrorCollector_Test::TestBody()::CustomErrorCollector::AddError() at ??:0
    @     0x7f1af383fa7c  kudu::client::internal::Batcher::ProcessWriteResponse() at ??:0
    @     0x7f1af383b819  kudu::client::internal::WriteRpc::Finish() at ??:0
    @     0x7f1af384abaf  kudu::rpc::RetriableRpc<>::SendRpcCb() at ??:0
    @     0x7f1af3847ee4  _ZZN4kudu3rpc12RetriableRpcINS_6client8internal18RemoteTabletServerENS_7tserver14WriteRequestPBENS5_15WriteResponsePBEE14ReplicaFoundCbERKNS_6StatusEPS4_ENKUlvE_clEv at ??:0
    @     0x7f1af384cb40  _ZNSt17_Function_handlerIFvvEZN4kudu3rpc12RetriableRpcINS1_6client8internal18RemoteTabletServerENS1_7tserver14WriteRequestPBENS7_15WriteResponsePBEE14ReplicaFoundCbERKNS1_6StatusEPS6_EUlvE_E9_M_invokeERKSt9_Any_data at ??:0
    @     0x556d69a5d4ec  std::function<>::operator()() at ??:0
    @     0x7f1af20bb6fb  kudu::rpc::OutboundCall::CallCallback() at ??:0
    @     0x7f1af20bba9d  kudu::rpc::OutboundCall::SetResponse() at ??:0
    @     0x7f1af2086de5  kudu::rpc::Connection::HandleCallResponse() at ??:0
    @     0x7f1af20859b3  kudu::rpc::Connection::ReadHandler() at ??:0
    @     0x7f1af208f98a  ev::base<>::method_thunk<>() at ??:0
W20260812 06:36:40.917002 10504 kernel_stack_watchdog.cc:198] Thread 14122 stuck at /workspace/apache/dev/local/kudu/src/kudu/rpc/outbound_call.cc:307 for 529ms:
Kernel stack:
(could not read kernel stack)
User stack:
    @     0x7f1af1c01980  (unknown) at ??:0
    @     0x7f1af1c00d50  __GI___nanosleep at ??:0
    @     0x7f1af0938212  base::SleepForNanoseconds() at ??:0
    @     0x7f1af13c221b  kudu::SleepFor() at ??:0
    @     0x556d69890a91  kudu::client::ClientTest_TestAutoFlushBackgroundAndErrorCollector_Test::TestBody()::CustomErrorCollector::AddError() at ??:0
    @     0x7f1af383fa7c  kudu::client::internal::Batcher::ProcessWriteResponse() at ??:0
    @     0x7f1af383b819  kudu::client::internal::WriteRpc::Finish() at ??:0
    @     0x7f1af384abaf  kudu::rpc::RetriableRpc<>::SendRpcCb() at ??:0
    @     0x7f1af3847ee4  _ZZN4kudu3rpc12RetriableRpcINS_6client8internal18RemoteTabletServerENS_7tserver14WriteRequestPBENS5_15WriteResponsePBEE14ReplicaFoundCbERKNS_6StatusEPS4_ENKUlvE_clEv at ??:0
    @     0x7f1af384cb40  _ZNSt17_Function_handlerIFvvEZN4kudu3rpc12RetriableRpcINS1_6client8internal18RemoteTabletServerENS1_7tserver14WriteRequestPBENS7_15WriteResponsePBEE14ReplicaFoundCbERKNS1_6StatusEPS6_EUlvE_E9_M_invokeERKSt9_Any_data at ??:0
    @     0x556d69a5d4ec  std::function<>::operator()() at ??:0
    @     0x7f1af20bb6fb  kudu::rpc::OutboundCall::CallCallback() at ??:0
    @     0x7f1af20bba9d  kudu::rpc::OutboundCall::SetResponse() at ??:0
    @     0x7f1af2086de5  kudu::rpc::Connection::HandleCallResponse() at ??:0
    @     0x7f1af20859b3  kudu::rpc::Connection::ReadHandler() at ??:0
    @     0x7f1af208f98a  ev::base<>::method_thunk<>() at ??:0
W20260812 06:36:41.169409 10504 kernel_stack_watchdog.cc:198] Thread 14122 stuck at /workspace/apache/dev/local/kudu/src/kudu/rpc/outbound_call.cc:307 for 781ms:
Kernel stack:
(could not read kernel stack)
User stack:
    @     0x7f1af1c01980  (unknown) at ??:0
    @     0x7f1af1c00d50  __GI___nanosleep at ??:0
    @     0x7f1af0938212  base::SleepForNanoseconds() at ??:0
    @     0x7f1af13c221b  kudu::SleepFor() at ??:0
    @     0x556d69890a91  kudu::client::ClientTest_TestAutoFlushBackgroundAndErrorCollector_Test::TestBody()::CustomErrorCollector::AddError() at ??:0
    @     0x7f1af383fa7c  kudu::client::internal::Batcher::ProcessWriteResponse() at ??:0
    @     0x7f1af383b819  kudu::client::internal::WriteRpc::Finish() at ??:0
    @     0x7f1af384abaf  kudu::rpc::RetriableRpc<>::SendRpcCb() at ??:0
    @     0x7f1af3847ee4  _ZZN4kudu3rpc12RetriableRpcINS_6client8internal18RemoteTabletServerENS_7tserver14WriteRequestPBENS5_15WriteResponsePBEE14ReplicaFoundCbERKNS_6StatusEPS4_ENKUlvE_clEv at ??:0
    @     0x7f1af384cb40  _ZNSt17_Function_handlerIFvvEZN4kudu3rpc12RetriableRpcINS1_6client8internal18RemoteTabletServerENS1_7tserver14WriteRequestPBENS7_15WriteResponsePBEE14ReplicaFoundCbERKNS1_6StatusEPS6_EUlvE_E9_M_invokeERKSt9_Any_data at ??:0
    @     0x556d69a5d4ec  std::function<>::operator()() at ??:0
    @     0x7f1af20bb6fb  kudu::rpc::OutboundCall::CallCallback() at ??:0
    @     0x7f1af20bba9d  kudu::rpc::OutboundCall::SetResponse() at ??:0
    @     0x7f1af2086de5  kudu::rpc::Connection::HandleCallResponse() at ??:0
    @     0x7f1af20859b3  kudu::rpc::Connection::ReadHandler() at ??:0
    @     0x7f1af208f98a  ev::base<>::method_thunk<>() at ??:0
W20260812 06:36:41.336539 14122 outbound_call.cc:321] RPC callback for RPC call kudu.tserver.TabletServerService.Write -> {remote=127.10.64.3:35121, user_credentials={real_user=slave}} blocked reactor thread for 1.00066e+06us
I20260812 06:36:41.337162 13811 catalog_manager.cc:2283] Servicing CreateTable request from {username='slave'} at 127.0.0.1:59810:
name: "table.20"
schema {
  columns {
    name: "key"
    type: INT32
    is_key: true
    is_nullable: false
    encoding: AUTO_ENCODING
    compression: DEFAULT_COMPRESSION
    cfile_block_size: 0
    immutable: false
  }
  columns {
    name: "int_val"
    type: INT32
    is_key: false
    is_nullable: false
    encoding: AUTO_ENCODING
    compression: DEFAULT_COMPRESSION
    cfile_block_size: 0
    immutable: false
  }
  columns {
    name: "string_val"
    type: STRING
    is_key: false
    is_nullable: true
    encoding: AUTO_ENCODING
    compression: DEFAULT_COMPRESSION
    cfile_block_size: 0
    immutable: false
  }
  columns {
    name: "non_null_with_default"
    type: INT32
    is_key: false
    is_nullable: false
    read_default_value: "90\000\000"
    encoding: AUTO_ENCODING
    compression: DEFAULT_COMPRESSION
    cfile_block_size: 0
    immutable: false
  }
}
num_replicas: 3
split_rows_range_bounds {
  rows: "\004\001\000\001\000\000\000""\004\001\000\001\000\000\000"
  indirect_data: """"
}
partition_schema {
  range_schema {
    columns {
      name: "key"
    }
  }
}
W20260812 06:36:41.337803 13811 catalog_manager.cc:7099] The number of live tablet servers is not enough to re-replicate a tablet replica of the newly created table table.20 in case of a server failure: 4 tablet servers would be needed, 3 are available. Consider bringing up more tablet servers.
I20260812 06:36:41.344551 14205 tablet_service.cc:1511] Processing CreateTablet for tablet c7b7f042e75943b3aab655fb0eb76574 (DEFAULT_TABLE table=table.20 [id=d9c8bd8a46234fa5a4e38a7e0180b52f]), partition=RANGE (key) PARTITION VALUES < 1
I20260812 06:36:41.344895 14205 data_dirs.cc:400] Could only allocate 1 dirs of requested 3 for tablet c7b7f042e75943b3aab655fb0eb76574. 1 dirs total, 0 dirs full, 0 dirs failed
I20260812 06:36:41.344959 14030 tablet_service.cc:1511] Processing CreateTablet for tablet c7b7f042e75943b3aab655fb0eb76574 (DEFAULT_TABLE table=table.20 [id=d9c8bd8a46234fa5a4e38a7e0180b52f]), partition=RANGE (key) PARTITION VALUES < 1
I20260812 06:36:41.345220 14030 data_dirs.cc:400] Could only allocate 1 dirs of requested 3 for tablet c7b7f042e75943b3aab655fb0eb76574. 1 dirs total, 0 dirs full, 0 dirs failed
I20260812 06:36:41.345222 14029 tablet_service.cc:1511] Processing CreateTablet for tablet bb02cb07e5b747e98e6bc69f4fbf33ca (DEFAULT_TABLE table=table.20 [id=d9c8bd8a46234fa5a4e38a7e0180b52f]), partition=RANGE (key) PARTITION 1 <= VALUES
I20260812 06:36:41.345456 14029 data_dirs.cc:400] Could only allocate 1 dirs of requested 3 for tablet bb02cb07e5b747e98e6bc69f4fbf33ca. 1 dirs total, 0 dirs full, 0 dirs failed
I20260812 06:36:41.345530 14367 tablet_service.cc:1511] Processing CreateTablet for tablet c7b7f042e75943b3aab655fb0eb76574 (DEFAULT_TABLE table=table.20 [id=d9c8bd8a46234fa5a4e38a7e0180b52f]), partition=RANGE (key) PARTITION VALUES < 1
I20260812 06:36:41.345786 14367 data_dirs.cc:400] Could only allocate 1 dirs of requested 3 for tablet c7b7f042e75943b3aab655fb0eb76574. 1 dirs total, 0 dirs full, 0 dirs failed
I20260812 06:36:41.347661 15837 tablet_bootstrap.cc:492] T bb02cb07e5b747e98e6bc69f4fbf33ca P 5d528f276d61451ab7c74af3989384f8: Bootstrap starting.
I20260812 06:36:41.347920 14364 tablet_service.cc:1511] Processing CreateTablet for tablet bb02cb07e5b747e98e6bc69f4fbf33ca (DEFAULT_TABLE table=table.20 [id=d9c8bd8a46234fa5a4e38a7e0180b52f]), partition=RANGE (key) PARTITION 1 <= VALUES
I20260812 06:36:41.348102 15836 tablet_bootstrap.cc:492] T c7b7f042e75943b3aab655fb0eb76574 P b2dca61e6d4240328274b22f0d193b3d: Bootstrap starting.
I20260812 06:36:41.348181 14364 data_dirs.cc:400] Could only allocate 1 dirs of requested 3 for tablet bb02cb07e5b747e98e6bc69f4fbf33ca. 1 dirs total, 0 dirs full, 0 dirs failed
I20260812 06:36:41.348286 14205 tablet_service.cc:1511] Processing CreateTablet for tablet bb02cb07e5b747e98e6bc69f4fbf33ca (DEFAULT_TABLE table=table.20 [id=d9c8bd8a46234fa5a4e38a7e0180b52f]), partition=RANGE (key) PARTITION 1 <= VALUES
I20260812 06:36:41.348456 14205 data_dirs.cc:400] Could only allocate 1 dirs of requested 3 for tablet bb02cb07e5b747e98e6bc69f4fbf33ca. 1 dirs total, 0 dirs full, 0 dirs failed
I20260812 06:36:41.349138 15836 tablet_bootstrap.cc:654] T c7b7f042e75943b3aab655fb0eb76574 P b2dca61e6d4240328274b22f0d193b3d: Neither blocks nor log segments found. Creating new log.
I20260812 06:36:41.350353 15836 tablet_bootstrap.cc:492] T c7b7f042e75943b3aab655fb0eb76574 P b2dca61e6d4240328274b22f0d193b3d: No bootstrap required, opened a new log
I20260812 06:36:41.350442 15836 ts_tablet_manager.cc:1403] T c7b7f042e75943b3aab655fb0eb76574 P b2dca61e6d4240328274b22f0d193b3d: Time spent bootstrapping tablet: real 0.002s	user 0.000s	sys 0.002s
I20260812 06:36:41.347911 15838 tablet_bootstrap.cc:492] T c7b7f042e75943b3aab655fb0eb76574 P ee9e6fbd2d6743c9823c92837d2af3e7: Bootstrap starting.
I20260812 06:36:41.351001 15836 raft_consensus.cc:359] T c7b7f042e75943b3aab655fb0eb76574 P b2dca61e6d4240328274b22f0d193b3d [term 0 FOLLOWER]: Replica starting. Triggering 0 pending ops. Active config: opid_index: -1 OBSOLETE_local: false peers { permanent_uuid: "b2dca61e6d4240328274b22f0d193b3d" member_type: VOTER last_known_addr { host: "127.10.64.2" port: 42625 } } peers { permanent_uuid: "ee9e6fbd2d6743c9823c92837d2af3e7" member_type: VOTER last_known_addr { host: "127.10.64.3" port: 35121 } } peers { permanent_uuid: "5d528f276d61451ab7c74af3989384f8" member_type: VOTER last_known_addr { host: "127.10.64.1" port: 39701 } }
I20260812 06:36:41.351125 15836 raft_consensus.cc:385] T c7b7f042e75943b3aab655fb0eb76574 P b2dca61e6d4240328274b22f0d193b3d [term 0 FOLLOWER]: Consensus starting up: Expiring failure detector timer to make a prompt election more likely
I20260812 06:36:41.351145 15837 tablet_bootstrap.cc:654] T bb02cb07e5b747e98e6bc69f4fbf33ca P 5d528f276d61451ab7c74af3989384f8: Neither blocks nor log segments found. Creating new log.
I20260812 06:36:41.351166 15836 raft_consensus.cc:740] T c7b7f042e75943b3aab655fb0eb76574 P b2dca61e6d4240328274b22f0d193b3d [term 0 FOLLOWER]: Becoming Follower/Learner. State: Replica: b2dca61e6d4240328274b22f0d193b3d, State: Initialized, Role: FOLLOWER
I20260812 06:36:41.351374 15836 consensus_queue.cc:260] T c7b7f042e75943b3aab655fb0eb76574 P b2dca61e6d4240328274b22f0d193b3d [NON_LEADER]: Queue going to NON_LEADER mode. State: All replicated index: 0, Majority replicated index: 0, Committed index: 0, Last appended: 0.0, Last appended by leader: 0, Current term: 0, Majority size: -1, State: 0, Mode: NON_LEADER, active raft config: opid_index: -1 OBSOLETE_local: false peers { permanent_uuid: "b2dca61e6d4240328274b22f0d193b3d" member_type: VOTER last_known_addr { host: "127.10.64.2" port: 42625 } } peers { permanent_uuid: "ee9e6fbd2d6743c9823c92837d2af3e7" member_type: VOTER last_known_addr { host: "127.10.64.3" port: 35121 } } peers { permanent_uuid: "5d528f276d61451ab7c74af3989384f8" member_type: VOTER last_known_addr { host: "127.10.64.1" port: 39701 } }
I20260812 06:36:41.351745 15836 ts_tablet_manager.cc:1434] T c7b7f042e75943b3aab655fb0eb76574 P b2dca61e6d4240328274b22f0d193b3d: Time spent starting tablet: real 0.001s	user 0.000s	sys 0.001s
I20260812 06:36:41.351949 15836 tablet_bootstrap.cc:492] T bb02cb07e5b747e98e6bc69f4fbf33ca P b2dca61e6d4240328274b22f0d193b3d: Bootstrap starting.
I20260812 06:36:41.351969 15838 tablet_bootstrap.cc:654] T c7b7f042e75943b3aab655fb0eb76574 P ee9e6fbd2d6743c9823c92837d2af3e7: Neither blocks nor log segments found. Creating new log.
I20260812 06:36:41.353073 15837 tablet_bootstrap.cc:492] T bb02cb07e5b747e98e6bc69f4fbf33ca P 5d528f276d61451ab7c74af3989384f8: No bootstrap required, opened a new log
I20260812 06:36:41.353168 15837 ts_tablet_manager.cc:1403] T bb02cb07e5b747e98e6bc69f4fbf33ca P 5d528f276d61451ab7c74af3989384f8: Time spent bootstrapping tablet: real 0.006s	user 0.002s	sys 0.000s
I20260812 06:36:41.353250 15838 tablet_bootstrap.cc:492] T c7b7f042e75943b3aab655fb0eb76574 P ee9e6fbd2d6743c9823c92837d2af3e7: No bootstrap required, opened a new log
I20260812 06:36:41.353338 15838 ts_tablet_manager.cc:1403] T c7b7f042e75943b3aab655fb0eb76574 P ee9e6fbd2d6743c9823c92837d2af3e7: Time spent bootstrapping tablet: real 0.006s	user 0.002s	sys 0.000s
I20260812 06:36:41.353618 15837 raft_consensus.cc:359] T bb02cb07e5b747e98e6bc69f4fbf33ca P 5d528f276d61451ab7c74af3989384f8 [term 0 FOLLOWER]: Replica starting. Triggering 0 pending ops. Active config: opid_index: -1 OBSOLETE_local: false peers { permanent_uuid: "5d528f276d61451ab7c74af3989384f8" member_type: VOTER last_known_addr { host: "127.10.64.1" port: 39701 } } peers { permanent_uuid: "b2dca61e6d4240328274b22f0d193b3d" member_type: VOTER last_known_addr { host: "127.10.64.2" port: 42625 } } peers { permanent_uuid: "ee9e6fbd2d6743c9823c92837d2af3e7" member_type: VOTER last_known_addr { host: "127.10.64.3" port: 35121 } }
I20260812 06:36:41.353737 15838 raft_consensus.cc:359] T c7b7f042e75943b3aab655fb0eb76574 P ee9e6fbd2d6743c9823c92837d2af3e7 [term 0 FOLLOWER]: Replica starting. Triggering 0 pending ops. Active config: opid_index: -1 OBSOLETE_local: false peers { permanent_uuid: "b2dca61e6d4240328274b22f0d193b3d" member_type: VOTER last_known_addr { host: "127.10.64.2" port: 42625 } } peers { permanent_uuid: "ee9e6fbd2d6743c9823c92837d2af3e7" member_type: VOTER last_known_addr { host: "127.10.64.3" port: 35121 } } peers { permanent_uuid: "5d528f276d61451ab7c74af3989384f8" member_type: VOTER last_known_addr { host: "127.10.64.1" port: 39701 } }
I20260812 06:36:41.353847 15838 raft_consensus.cc:385] T c7b7f042e75943b3aab655fb0eb76574 P ee9e6fbd2d6743c9823c92837d2af3e7 [term 0 FOLLOWER]: Consensus starting up: Expiring failure detector timer to make a prompt election more likely
I20260812 06:36:41.353880 15838 raft_consensus.cc:740] T c7b7f042e75943b3aab655fb0eb76574 P ee9e6fbd2d6743c9823c92837d2af3e7 [term 0 FOLLOWER]: Becoming Follower/Learner. State: Replica: ee9e6fbd2d6743c9823c92837d2af3e7, State: Initialized, Role: FOLLOWER
I20260812 06:36:41.353992 15838 consensus_queue.cc:260] T c7b7f042e75943b3aab655fb0eb76574 P ee9e6fbd2d6743c9823c92837d2af3e7 [NON_LEADER]: Queue going to NON_LEADER mode. State: All replicated index: 0, Majority replicated index: 0, Committed index: 0, Last appended: 0.0, Last appended by leader: 0, Current term: 0, Majority size: -1, State: 0, Mode: NON_LEADER, active raft config: opid_index: -1 OBSOLETE_local: false peers { permanent_uuid: "b2dca61e6d4240328274b22f0d193b3d" member_type: VOTER last_known_addr { host: "127.10.64.2" port: 42625 } } peers { permanent_uuid: "ee9e6fbd2d6743c9823c92837d2af3e7" member_type: VOTER last_known_addr { host: "127.10.64.3" port: 35121 } } peers { permanent_uuid: "5d528f276d61451ab7c74af3989384f8" member_type: VOTER last_known_addr { host: "127.10.64.1" port: 39701 } }
I20260812 06:36:41.354324 15838 ts_tablet_manager.cc:1434] T c7b7f042e75943b3aab655fb0eb76574 P ee9e6fbd2d6743c9823c92837d2af3e7: Time spent starting tablet: real 0.001s	user 0.001s	sys 0.000s
I20260812 06:36:41.354513 15838 tablet_bootstrap.cc:492] T bb02cb07e5b747e98e6bc69f4fbf33ca P ee9e6fbd2d6743c9823c92837d2af3e7: Bootstrap starting.
I20260812 06:36:41.355243 15836 tablet_bootstrap.cc:654] T bb02cb07e5b747e98e6bc69f4fbf33ca P b2dca61e6d4240328274b22f0d193b3d: Neither blocks nor log segments found. Creating new log.
I20260812 06:36:41.355450 15838 tablet_bootstrap.cc:654] T bb02cb07e5b747e98e6bc69f4fbf33ca P ee9e6fbd2d6743c9823c92837d2af3e7: Neither blocks nor log segments found. Creating new log.
I20260812 06:36:41.353727 15837 raft_consensus.cc:385] T bb02cb07e5b747e98e6bc69f4fbf33ca P 5d528f276d61451ab7c74af3989384f8 [term 0 FOLLOWER]: Consensus starting up: Expiring failure detector timer to make a prompt election more likely
I20260812 06:36:41.356204 15837 raft_consensus.cc:740] T bb02cb07e5b747e98e6bc69f4fbf33ca P 5d528f276d61451ab7c74af3989384f8 [term 0 FOLLOWER]: Becoming Follower/Learner. State: Replica: 5d528f276d61451ab7c74af3989384f8, State: Initialized, Role: FOLLOWER
I20260812 06:36:41.356390 15837 consensus_queue.cc:260] T bb02cb07e5b747e98e6bc69f4fbf33ca P 5d528f276d61451ab7c74af3989384f8 [NON_LEADER]: Queue going to NON_LEADER mode. State: All replicated index: 0, Majority replicated index: 0, Committed index: 0, Last appended: 0.0, Last appended by leader: 0, Current term: 0, Majority size: -1, State: 0, Mode: NON_LEADER, active raft config: opid_index: -1 OBSOLETE_local: false peers { permanent_uuid: "5d528f276d61451ab7c74af3989384f8" member_type: VOTER last_known_addr { host: "127.10.64.1" port: 39701 } } peers { permanent_uuid: "b2dca61e6d4240328274b22f0d193b3d" member_type: VOTER last_known_addr { host: "127.10.64.2" port: 42625 } } peers { permanent_uuid: "ee9e6fbd2d6743c9823c92837d2af3e7" member_type: VOTER last_known_addr { host: "127.10.64.3" port: 35121 } }
I20260812 06:36:41.356889 15836 tablet_bootstrap.cc:492] T bb02cb07e5b747e98e6bc69f4fbf33ca P b2dca61e6d4240328274b22f0d193b3d: No bootstrap required, opened a new log
I20260812 06:36:41.356921 15838 tablet_bootstrap.cc:492] T bb02cb07e5b747e98e6bc69f4fbf33ca P ee9e6fbd2d6743c9823c92837d2af3e7: No bootstrap required, opened a new log
I20260812 06:36:41.357093 15836 ts_tablet_manager.cc:1403] T bb02cb07e5b747e98e6bc69f4fbf33ca P b2dca61e6d4240328274b22f0d193b3d: Time spent bootstrapping tablet: real 0.005s	user 0.000s	sys 0.002s
I20260812 06:36:41.357261 15838 ts_tablet_manager.cc:1403] T bb02cb07e5b747e98e6bc69f4fbf33ca P ee9e6fbd2d6743c9823c92837d2af3e7: Time spent bootstrapping tablet: real 0.003s	user 0.002s	sys 0.000s
