I20260812 06:36:47.663092 15931 raft_consensus.cc:515] T 9510bd3714164ea0a397d0f4c802abff P b2dca61e6d4240328274b22f0d193b3d [term 0 FOLLOWER]: Starting pre-election with config: opid_index: -1 OBSOLETE_local: false peers { permanent_uuid: "5d528f276d61451ab7c74af3989384f8" member_type: VOTER last_known_addr { host: "127.10.64.1" port: 39701 } } peers { permanent_uuid: "b2dca61e6d4240328274b22f0d193b3d" member_type: VOTER last_known_addr { host: "127.10.64.2" port: 42625 } } peers { permanent_uuid: "ee9e6fbd2d6743c9823c92837d2af3e7" member_type: VOTER last_known_addr { host: "127.10.64.3" port: 35121 } }
I20260812 06:36:47.663640 15931 leader_election.cc:290] T 9510bd3714164ea0a397d0f4c802abff P b2dca61e6d4240328274b22f0d193b3d [CANDIDATE]: Term 1 pre-election: Requested pre-vote from peers 5d528f276d61451ab7c74af3989384f8 (127.10.64.1:39701), ee9e6fbd2d6743c9823c92837d2af3e7 (127.10.64.3:35121)
I20260812 06:36:47.663977 14053 tablet_service.cc:1917] Received RequestConsensusVote() RPC: tablet_id: "9510bd3714164ea0a397d0f4c802abff" candidate_uuid: "b2dca61e6d4240328274b22f0d193b3d" candidate_term: 1 candidate_status { last_received { term: 0 index: 0 } } ignore_live_leader: false dest_uuid: "5d528f276d61451ab7c74af3989384f8" is_pre_election: true
I20260812 06:36:47.664011 14394 tablet_service.cc:1917] Received RequestConsensusVote() RPC: tablet_id: "9510bd3714164ea0a397d0f4c802abff" candidate_uuid: "b2dca61e6d4240328274b22f0d193b3d" candidate_term: 1 candidate_status { last_received { term: 0 index: 0 } } ignore_live_leader: false dest_uuid: "ee9e6fbd2d6743c9823c92837d2af3e7" is_pre_election: true
I20260812 06:36:47.664134 14053 raft_consensus.cc:2468] T 9510bd3714164ea0a397d0f4c802abff P 5d528f276d61451ab7c74af3989384f8 [term 0 FOLLOWER]: Leader pre-election vote request: Granting yes vote for candidate b2dca61e6d4240328274b22f0d193b3d in term 0.
I20260812 06:36:47.664191 14394 raft_consensus.cc:2468] T 9510bd3714164ea0a397d0f4c802abff P ee9e6fbd2d6743c9823c92837d2af3e7 [term 0 FOLLOWER]: Leader pre-election vote request: Granting yes vote for candidate b2dca61e6d4240328274b22f0d193b3d in term 0.
I20260812 06:36:47.664417 14168 leader_election.cc:304] T 9510bd3714164ea0a397d0f4c802abff P b2dca61e6d4240328274b22f0d193b3d [CANDIDATE]: Term 1 pre-election: Election decided. Result: candidate won. Election summary: received 2 responses out of 3 voters: 2 yes votes; 0 no votes. yes voters: 5d528f276d61451ab7c74af3989384f8, b2dca61e6d4240328274b22f0d193b3d; no voters: 
I20260812 06:36:47.664641 15931 raft_consensus.cc:2804] T 9510bd3714164ea0a397d0f4c802abff P b2dca61e6d4240328274b22f0d193b3d [term 0 FOLLOWER]: Leader pre-election won for term 1
I20260812 06:36:47.664711 15931 raft_consensus.cc:493] T 9510bd3714164ea0a397d0f4c802abff P b2dca61e6d4240328274b22f0d193b3d [term 0 FOLLOWER]: Starting leader election (no leader contacted us within the election timeout)
I20260812 06:36:47.664762 15931 raft_consensus.cc:3060] T 9510bd3714164ea0a397d0f4c802abff P b2dca61e6d4240328274b22f0d193b3d [term 0 FOLLOWER]: Advancing to term 1
I20260812 06:36:47.665825 15931 raft_consensus.cc:515] T 9510bd3714164ea0a397d0f4c802abff P b2dca61e6d4240328274b22f0d193b3d [term 1 FOLLOWER]: Starting leader election with config: opid_index: -1 OBSOLETE_local: false peers { permanent_uuid: "5d528f276d61451ab7c74af3989384f8" member_type: VOTER last_known_addr { host: "127.10.64.1" port: 39701 } } peers { permanent_uuid: "b2dca61e6d4240328274b22f0d193b3d" member_type: VOTER last_known_addr { host: "127.10.64.2" port: 42625 } } peers { permanent_uuid: "ee9e6fbd2d6743c9823c92837d2af3e7" member_type: VOTER last_known_addr { host: "127.10.64.3" port: 35121 } }
I20260812 06:36:47.666245 15931 leader_election.cc:290] T 9510bd3714164ea0a397d0f4c802abff P b2dca61e6d4240328274b22f0d193b3d [CANDIDATE]: Term 1 election: Requested vote from peers 5d528f276d61451ab7c74af3989384f8 (127.10.64.1:39701), ee9e6fbd2d6743c9823c92837d2af3e7 (127.10.64.3:35121)
I20260812 06:36:47.666553 14394 tablet_service.cc:1917] Received RequestConsensusVote() RPC: tablet_id: "9510bd3714164ea0a397d0f4c802abff" candidate_uuid: "b2dca61e6d4240328274b22f0d193b3d" candidate_term: 1 candidate_status { last_received { term: 0 index: 0 } } ignore_live_leader: false dest_uuid: "ee9e6fbd2d6743c9823c92837d2af3e7"
I20260812 06:36:47.666615 14053 tablet_service.cc:1917] Received RequestConsensusVote() RPC: tablet_id: "9510bd3714164ea0a397d0f4c802abff" candidate_uuid: "b2dca61e6d4240328274b22f0d193b3d" candidate_term: 1 candidate_status { last_received { term: 0 index: 0 } } ignore_live_leader: false dest_uuid: "5d528f276d61451ab7c74af3989384f8"
I20260812 06:36:47.666661 14394 raft_consensus.cc:3060] T 9510bd3714164ea0a397d0f4c802abff P ee9e6fbd2d6743c9823c92837d2af3e7 [term 0 FOLLOWER]: Advancing to term 1
I20260812 06:36:47.666739 14053 raft_consensus.cc:3060] T 9510bd3714164ea0a397d0f4c802abff P 5d528f276d61451ab7c74af3989384f8 [term 0 FOLLOWER]: Advancing to term 1
I20260812 06:36:47.667498 14394 raft_consensus.cc:2468] T 9510bd3714164ea0a397d0f4c802abff P ee9e6fbd2d6743c9823c92837d2af3e7 [term 1 FOLLOWER]: Leader election vote request: Granting yes vote for candidate b2dca61e6d4240328274b22f0d193b3d in term 1.
I20260812 06:36:47.667496 14053 raft_consensus.cc:2468] T 9510bd3714164ea0a397d0f4c802abff P 5d528f276d61451ab7c74af3989384f8 [term 1 FOLLOWER]: Leader election vote request: Granting yes vote for candidate b2dca61e6d4240328274b22f0d193b3d in term 1.
I20260812 06:36:47.667826 14170 leader_election.cc:304] T 9510bd3714164ea0a397d0f4c802abff P b2dca61e6d4240328274b22f0d193b3d [CANDIDATE]: Term 1 election: Election decided. Result: candidate won. Election summary: received 2 responses out of 3 voters: 2 yes votes; 0 no votes. yes voters: b2dca61e6d4240328274b22f0d193b3d, ee9e6fbd2d6743c9823c92837d2af3e7; no voters: 
I20260812 06:36:47.668008 15931 raft_consensus.cc:2804] T 9510bd3714164ea0a397d0f4c802abff P b2dca61e6d4240328274b22f0d193b3d [term 1 FOLLOWER]: Leader election won for term 1
I20260812 06:36:47.668128 15931 raft_consensus.cc:697] T 9510bd3714164ea0a397d0f4c802abff P b2dca61e6d4240328274b22f0d193b3d [term 1 LEADER]: Becoming Leader. State: Replica: b2dca61e6d4240328274b22f0d193b3d, State: Running, Role: LEADER
I20260812 06:36:47.668262 15931 consensus_queue.cc:237] T 9510bd3714164ea0a397d0f4c802abff P b2dca61e6d4240328274b22f0d193b3d [LEADER]: Queue going to LEADER mode. State: All replicated index: 0, Majority replicated index: 0, Committed index: 0, Last appended: 0.0, Last appended by leader: 0, Current term: 1, Majority size: 2, State: 0, Mode: LEADER, active raft config: opid_index: -1 OBSOLETE_local: false peers { permanent_uuid: "5d528f276d61451ab7c74af3989384f8" member_type: VOTER last_known_addr { host: "127.10.64.1" port: 39701 } } peers { permanent_uuid: "b2dca61e6d4240328274b22f0d193b3d" member_type: VOTER last_known_addr { host: "127.10.64.2" port: 42625 } } peers { permanent_uuid: "ee9e6fbd2d6743c9823c92837d2af3e7" member_type: VOTER last_known_addr { host: "127.10.64.3" port: 35121 } }
I20260812 06:36:47.670459 13811 catalog_manager.cc:5719] T 9510bd3714164ea0a397d0f4c802abff P b2dca61e6d4240328274b22f0d193b3d reported cstate change: term changed from 0 to 1, leader changed from <none> to b2dca61e6d4240328274b22f0d193b3d (127.10.64.2). New cstate: current_term: 1 leader_uuid: "b2dca61e6d4240328274b22f0d193b3d" committed_config { opid_index: -1 OBSOLETE_local: false peers { permanent_uuid: "5d528f276d61451ab7c74af3989384f8" member_type: VOTER last_known_addr { host: "127.10.64.1" port: 39701 } health_report { overall_health: UNKNOWN } } peers { permanent_uuid: "b2dca61e6d4240328274b22f0d193b3d" member_type: VOTER last_known_addr { host: "127.10.64.2" port: 42625 } health_report { overall_health: HEALTHY } } peers { permanent_uuid: "ee9e6fbd2d6743c9823c92837d2af3e7" member_type: VOTER last_known_addr { host: "127.10.64.3" port: 35121 } health_report { overall_health: UNKNOWN } } }
I20260812 06:36:47.680454 14395 raft_consensus.cc:1275] T 9510bd3714164ea0a397d0f4c802abff P ee9e6fbd2d6743c9823c92837d2af3e7 [term 1 FOLLOWER]: Refusing update from remote peer b2dca61e6d4240328274b22f0d193b3d: Log matching property violated. Preceding OpId in replica: term: 0 index: 0. Preceding OpId from leader: term: 1 index: 2. (index mismatch)
I20260812 06:36:47.680581 14053 raft_consensus.cc:1275] T 2813e70855ca4a91bd91a530ea384650 P 5d528f276d61451ab7c74af3989384f8 [term 1 FOLLOWER]: Refusing update from remote peer ee9e6fbd2d6743c9823c92837d2af3e7: Log matching property violated. Preceding OpId in replica: term: 0 index: 0. Preceding OpId from leader: term: 1 index: 2. (index mismatch)
I20260812 06:36:47.681025 14219 raft_consensus.cc:1275] T 2813e70855ca4a91bd91a530ea384650 P b2dca61e6d4240328274b22f0d193b3d [term 1 FOLLOWER]: Refusing update from remote peer ee9e6fbd2d6743c9823c92837d2af3e7: Log matching property violated. Preceding OpId in replica: term: 0 index: 0. Preceding OpId from leader: term: 1 index: 2. (index mismatch)
I20260812 06:36:47.681083 16192 consensus_queue.cc:1048] T 9510bd3714164ea0a397d0f4c802abff P b2dca61e6d4240328274b22f0d193b3d [LEADER]: Connected to new peer: Peer: permanent_uuid: "ee9e6fbd2d6743c9823c92837d2af3e7" member_type: VOTER last_known_addr { host: "127.10.64.3" port: 35121 }, Status: LMP_MISMATCH, Last received: 0.0, Next index: 1, Last known committed idx: 0, Time since last communication: 0.000s
I20260812 06:36:47.681098 16057 consensus_queue.cc:1048] T 2813e70855ca4a91bd91a530ea384650 P ee9e6fbd2d6743c9823c92837d2af3e7 [LEADER]: Connected to new peer: Peer: permanent_uuid: "5d528f276d61451ab7c74af3989384f8" member_type: VOTER last_known_addr { host: "127.10.64.1" port: 39701 }, Status: LMP_MISMATCH, Last received: 0.0, Next index: 1, Last known committed idx: 0, Time since last communication: 0.000s
I20260812 06:36:47.681329 14053 raft_consensus.cc:1275] T 9510bd3714164ea0a397d0f4c802abff P 5d528f276d61451ab7c74af3989384f8 [term 1 FOLLOWER]: Refusing update from remote peer b2dca61e6d4240328274b22f0d193b3d: Log matching property violated. Preceding OpId in replica: term: 0 index: 0. Preceding OpId from leader: term: 1 index: 2. (index mismatch)
I20260812 06:36:47.681382 16057 consensus_queue.cc:1048] T 2813e70855ca4a91bd91a530ea384650 P ee9e6fbd2d6743c9823c92837d2af3e7 [LEADER]: Connected to new peer: Peer: permanent_uuid: "b2dca61e6d4240328274b22f0d193b3d" member_type: VOTER last_known_addr { host: "127.10.64.2" port: 42625 }, Status: LMP_MISMATCH, Last received: 0.0, Next index: 1, Last known committed idx: 0, Time since last communication: 0.000s
I20260812 06:36:47.682137 16108 consensus_queue.cc:1048] T 9510bd3714164ea0a397d0f4c802abff P b2dca61e6d4240328274b22f0d193b3d [LEADER]: Connected to new peer: Peer: permanent_uuid: "5d528f276d61451ab7c74af3989384f8" member_type: VOTER last_known_addr { host: "127.10.64.1" port: 39701 }, Status: LMP_MISMATCH, Last received: 0.0, Next index: 1, Last known committed idx: 0, Time since last communication: 0.000s
W20260812 06:36:47.852336 10504 kernel_stack_watchdog.cc:198] Thread 14117 stuck at /workspace/apache/dev/local/kudu/src/kudu/rpc/outbound_call.cc:307 for 110ms:
Kernel stack:
(could not read kernel stack)
User stack:
    @     0x7f1af1c01980  (unknown) at ??:0
    @     0x7f1af1c00d50  __GI___nanosleep at ??:0
    @     0x7f1af0938212  base::SleepForNanoseconds() at ??:0
    @     0x7f1af13c221b  kudu::SleepFor() at ??:0
    @     0x556d69890a91  kudu::client::ClientTest_TestAutoFlushBackgroundAndErrorCollector_Test::TestBody()::CustomErrorCollector::AddError() at ??:0
    @     0x7f1af383fa7c  kudu::client::internal::Batcher::ProcessWriteResponse() at ??:0
    @     0x7f1af383b819  kudu::client::internal::WriteRpc::Finish() at ??:0
    @     0x7f1af384abaf  kudu::rpc::RetriableRpc<>::SendRpcCb() at ??:0
    @     0x7f1af3847ee4  _ZZN4kudu3rpc12RetriableRpcINS_6client8internal18RemoteTabletServerENS_7tserver14WriteRequestPBENS5_15WriteResponsePBEE14ReplicaFoundCbERKNS_6StatusEPS4_ENKUlvE_clEv at ??:0
    @     0x7f1af384cb40  _ZNSt17_Function_handlerIFvvEZN4kudu3rpc12RetriableRpcINS1_6client8internal18RemoteTabletServerENS1_7tserver14WriteRequestPBENS7_15WriteResponsePBEE14ReplicaFoundCbERKNS1_6StatusEPS6_EUlvE_E9_M_invokeERKSt9_Any_data at ??:0
    @     0x556d69a5d4ec  std::function<>::operator()() at ??:0
    @     0x7f1af20bb6fb  kudu::rpc::OutboundCall::CallCallback() at ??:0
    @     0x7f1af20bba9d  kudu::rpc::OutboundCall::SetResponse() at ??:0
    @     0x7f1af2086de5  kudu::rpc::Connection::HandleCallResponse() at ??:0
    @     0x7f1af20859b3  kudu::rpc::Connection::ReadHandler() at ??:0
    @     0x7f1af208f98a  ev::base<>::method_thunk<>() at ??:0
W20260812 06:36:48.106469 10504 kernel_stack_watchdog.cc:198] Thread 14117 stuck at /workspace/apache/dev/local/kudu/src/kudu/rpc/outbound_call.cc:307 for 366ms:
Kernel stack:
(could not read kernel stack)
User stack:
    @     0x7f1af1c01980  (unknown) at ??:0
    @     0x7f1af1c00d50  __GI___nanosleep at ??:0
    @     0x7f1af0938212  base::SleepForNanoseconds() at ??:0
    @     0x7f1af13c221b  kudu::SleepFor() at ??:0
    @     0x556d69890a91  kudu::client::ClientTest_TestAutoFlushBackgroundAndErrorCollector_Test::TestBody()::CustomErrorCollector::AddError() at ??:0
    @     0x7f1af383fa7c  kudu::client::internal::Batcher::ProcessWriteResponse() at ??:0
    @     0x7f1af383b819  kudu::client::internal::WriteRpc::Finish() at ??:0
    @     0x7f1af384abaf  kudu::rpc::RetriableRpc<>::SendRpcCb() at ??:0
    @     0x7f1af3847ee4  _ZZN4kudu3rpc12RetriableRpcINS_6client8internal18RemoteTabletServerENS_7tserver14WriteRequestPBENS5_15WriteResponsePBEE14ReplicaFoundCbERKNS_6StatusEPS4_ENKUlvE_clEv at ??:0
    @     0x7f1af384cb40  _ZNSt17_Function_handlerIFvvEZN4kudu3rpc12RetriableRpcINS1_6client8internal18RemoteTabletServerENS1_7tserver14WriteRequestPBENS7_15WriteResponsePBEE14ReplicaFoundCbERKNS1_6StatusEPS6_EUlvE_E9_M_invokeERKSt9_Any_data at ??:0
    @     0x556d69a5d4ec  std::function<>::operator()() at ??:0
    @     0x7f1af20bb6fb  kudu::rpc::OutboundCall::CallCallback() at ??:0
    @     0x7f1af20bba9d  kudu::rpc::OutboundCall::SetResponse() at ??:0
    @     0x7f1af2086de5  kudu::rpc::Connection::HandleCallResponse() at ??:0
    @     0x7f1af20859b3  kudu::rpc::Connection::ReadHandler() at ??:0
    @     0x7f1af208f98a  ev::base<>::method_thunk<>() at ??:0
W20260812 06:36:48.360879 10504 kernel_stack_watchdog.cc:198] Thread 14117 stuck at /workspace/apache/dev/local/kudu/src/kudu/rpc/outbound_call.cc:307 for 620ms:
Kernel stack:
(could not read kernel stack)
User stack:
    @     0x7f1af1c01980  (unknown) at ??:0
    @     0x7f1af1c00d50  __GI___nanosleep at ??:0
    @     0x7f1af0938212  base::SleepForNanoseconds() at ??:0
    @     0x7f1af13c221b  kudu::SleepFor() at ??:0
    @     0x556d69890a91  kudu::client::ClientTest_TestAutoFlushBackgroundAndErrorCollector_Test::TestBody()::CustomErrorCollector::AddError() at ??:0
    @     0x7f1af383fa7c  kudu::client::internal::Batcher::ProcessWriteResponse() at ??:0
    @     0x7f1af383b819  kudu::client::internal::WriteRpc::Finish() at ??:0
    @     0x7f1af384abaf  kudu::rpc::RetriableRpc<>::SendRpcCb() at ??:0
    @     0x7f1af3847ee4  _ZZN4kudu3rpc12RetriableRpcINS_6client8internal18RemoteTabletServerENS_7tserver14WriteRequestPBENS5_15WriteResponsePBEE14ReplicaFoundCbERKNS_6StatusEPS4_ENKUlvE_clEv at ??:0
    @     0x7f1af384cb40  _ZNSt17_Function_handlerIFvvEZN4kudu3rpc12RetriableRpcINS1_6client8internal18RemoteTabletServerENS1_7tserver14WriteRequestPBENS7_15WriteResponsePBEE14ReplicaFoundCbERKNS1_6StatusEPS6_EUlvE_E9_M_invokeERKSt9_Any_data at ??:0
    @     0x556d69a5d4ec  std::function<>::operator()() at ??:0
    @     0x7f1af20bb6fb  kudu::rpc::OutboundCall::CallCallback() at ??:0
    @     0x7f1af20bba9d  kudu::rpc::OutboundCall::SetResponse() at ??:0
    @     0x7f1af2086de5  kudu::rpc::Connection::HandleCallResponse() at ??:0
    @     0x7f1af20859b3  kudu::rpc::Connection::ReadHandler() at ??:0
    @     0x7f1af208f98a  ev::base<>::method_thunk<>() at ??:0
W20260812 06:36:48.613592 10504 kernel_stack_watchdog.cc:198] Thread 14117 stuck at /workspace/apache/dev/local/kudu/src/kudu/rpc/outbound_call.cc:307 for 875ms:
Kernel stack:
(could not read kernel stack)
User stack:
    @     0x7f1af1c01980  (unknown) at ??:0
    @     0x7f1af1c00d50  __GI___nanosleep at ??:0
    @     0x7f1af0938212  base::SleepForNanoseconds() at ??:0
    @     0x7f1af13c221b  kudu::SleepFor() at ??:0
    @     0x556d69890a91  kudu::client::ClientTest_TestAutoFlushBackgroundAndErrorCollector_Test::TestBody()::CustomErrorCollector::AddError() at ??:0
    @     0x7f1af383fa7c  kudu::client::internal::Batcher::ProcessWriteResponse() at ??:0
    @     0x7f1af383b819  kudu::client::internal::WriteRpc::Finish() at ??:0
    @     0x7f1af384abaf  kudu::rpc::RetriableRpc<>::SendRpcCb() at ??:0
    @     0x7f1af3847ee4  _ZZN4kudu3rpc12RetriableRpcINS_6client8internal18RemoteTabletServerENS_7tserver14WriteRequestPBENS5_15WriteResponsePBEE14ReplicaFoundCbERKNS_6StatusEPS4_ENKUlvE_clEv at ??:0
    @     0x7f1af384cb40  _ZNSt17_Function_handlerIFvvEZN4kudu3rpc12RetriableRpcINS1_6client8internal18RemoteTabletServerENS1_7tserver14WriteRequestPBENS7_15WriteResponsePBEE14ReplicaFoundCbERKNS1_6StatusEPS6_EUlvE_E9_M_invokeERKSt9_Any_data at ??:0
    @     0x556d69a5d4ec  std::function<>::operator()() at ??:0
    @     0x7f1af20bb6fb  kudu::rpc::OutboundCall::CallCallback() at ??:0
    @     0x7f1af20bba9d  kudu::rpc::OutboundCall::SetResponse() at ??:0
    @     0x7f1af2086de5  kudu::rpc::Connection::HandleCallResponse() at ??:0
    @     0x7f1af20859b3  kudu::rpc::Connection::ReadHandler() at ??:0
    @     0x7f1af208f98a  ev::base<>::method_thunk<>() at ??:0
W20260812 06:36:48.687223 14117 outbound_call.cc:321] RPC callback for RPC call kudu.tserver.TabletServerService.Write -> {remote=127.10.64.2:42625, user_credentials={real_user=slave}} blocked reactor thread for 1.00092e+06us
I20260812 06:36:48.687973 13804 catalog_manager.cc:2283] Servicing CreateTable request from {username='slave'} at 127.0.0.1:59810:
name: "table.26"
schema {
  columns {
    name: "key"
    type: INT32
    is_key: true
    is_nullable: false
    encoding: AUTO_ENCODING
    compression: DEFAULT_COMPRESSION
    cfile_block_size: 0
    immutable: false
  }
  columns {
    name: "int_val"
    type: INT32
    is_key: false
    is_nullable: false
    encoding: AUTO_ENCODING
    compression: DEFAULT_COMPRESSION
    cfile_block_size: 0
    immutable: false
  }
  columns {
    name: "string_val"
    type: STRING
    is_key: false
    is_nullable: true
    encoding: AUTO_ENCODING
    compression: DEFAULT_COMPRESSION
    cfile_block_size: 0
    immutable: false
  }
  columns {
    name: "non_null_with_default"
    type: INT32
    is_key: false
    is_nullable: false
    read_default_value: "90\000\000"
    encoding: AUTO_ENCODING
    compression: DEFAULT_COMPRESSION
    cfile_block_size: 0
    immutable: false
  }
}
num_replicas: 3
split_rows_range_bounds {
  rows: "\004\001\000\001\000\000\000""\004\001\000\001\000\000\000"
  indirect_data: """"
}
partition_schema {
  range_schema {
    columns {
      name: "key"
    }
  }
}
W20260812 06:36:48.688782 13804 catalog_manager.cc:7099] The number of live tablet servers is not enough to re-replicate a tablet replica of the newly created table table.26 in case of a server failure: 4 tablet servers would be needed, 3 are available. Consider bringing up more tablet servers.
I20260812 06:36:48.695191 14205 tablet_service.cc:1511] Processing CreateTablet for tablet 26a0ed6b0934450e911dd885b29ceca4 (DEFAULT_TABLE table=table.26 [id=d69f7636095546a89c26c83b07f9e8fb]), partition=RANGE (key) PARTITION VALUES < 1
I20260812 06:36:48.695520 14367 tablet_service.cc:1511] Processing CreateTablet for tablet 26a0ed6b0934450e911dd885b29ceca4 (DEFAULT_TABLE table=table.26 [id=d69f7636095546a89c26c83b07f9e8fb]), partition=RANGE (key) PARTITION VALUES < 1
I20260812 06:36:48.695839 14367 data_dirs.cc:400] Could only allocate 1 dirs of requested 3 for tablet 26a0ed6b0934450e911dd885b29ceca4. 1 dirs total, 0 dirs full, 0 dirs failed
I20260812 06:36:48.696062 14029 tablet_service.cc:1511] Processing CreateTablet for tablet 42dd6b0966964035b8241dd9f8104ea3 (DEFAULT_TABLE table=table.26 [id=d69f7636095546a89c26c83b07f9e8fb]), partition=RANGE (key) PARTITION 1 <= VALUES
I20260812 06:36:48.696316 14029 data_dirs.cc:400] Could only allocate 1 dirs of requested 3 for tablet 42dd6b0966964035b8241dd9f8104ea3. 1 dirs total, 0 dirs full, 0 dirs failed
I20260812 06:36:48.696749 14030 tablet_service.cc:1511] Processing CreateTablet for tablet 26a0ed6b0934450e911dd885b29ceca4 (DEFAULT_TABLE table=table.26 [id=d69f7636095546a89c26c83b07f9e8fb]), partition=RANGE (key) PARTITION VALUES < 1
I20260812 06:36:48.696996 14030 data_dirs.cc:400] Could only allocate 1 dirs of requested 3 for tablet 26a0ed6b0934450e911dd885b29ceca4. 1 dirs total, 0 dirs full, 0 dirs failed
I20260812 06:36:48.696319 14206 tablet_service.cc:1511] Processing CreateTablet for tablet 42dd6b0966964035b8241dd9f8104ea3 (DEFAULT_TABLE table=table.26 [id=d69f7636095546a89c26c83b07f9e8fb]), partition=RANGE (key) PARTITION 1 <= VALUES
I20260812 06:36:48.695525 14205 data_dirs.cc:400] Could only allocate 1 dirs of requested 3 for tablet 26a0ed6b0934450e911dd885b29ceca4. 1 dirs total, 0 dirs full, 0 dirs failed
I20260812 06:36:48.698613 16226 tablet_bootstrap.cc:492] T 42dd6b0966964035b8241dd9f8104ea3 P 5d528f276d61451ab7c74af3989384f8: Bootstrap starting.
I20260812 06:36:48.699045 14206 data_dirs.cc:400] Could only allocate 1 dirs of requested 3 for tablet 42dd6b0966964035b8241dd9f8104ea3. 1 dirs total, 0 dirs full, 0 dirs failed
I20260812 06:36:48.700321 14367 tablet_service.cc:1511] Processing CreateTablet for tablet 42dd6b0966964035b8241dd9f8104ea3 (DEFAULT_TABLE table=table.26 [id=d69f7636095546a89c26c83b07f9e8fb]), partition=RANGE (key) PARTITION 1 <= VALUES
I20260812 06:36:48.700611 14367 data_dirs.cc:400] Could only allocate 1 dirs of requested 3 for tablet 42dd6b0966964035b8241dd9f8104ea3. 1 dirs total, 0 dirs full, 0 dirs failed
I20260812 06:36:48.701615 16227 tablet_bootstrap.cc:492] T 42dd6b0966964035b8241dd9f8104ea3 P b2dca61e6d4240328274b22f0d193b3d: Bootstrap starting.
I20260812 06:36:48.702680 16227 tablet_bootstrap.cc:654] T 42dd6b0966964035b8241dd9f8104ea3 P b2dca61e6d4240328274b22f0d193b3d: Neither blocks nor log segments found. Creating new log.
I20260812 06:36:48.702759 16226 tablet_bootstrap.cc:654] T 42dd6b0966964035b8241dd9f8104ea3 P 5d528f276d61451ab7c74af3989384f8: Neither blocks nor log segments found. Creating new log.
I20260812 06:36:48.703998 16224 tablet_bootstrap.cc:492] T 26a0ed6b0934450e911dd885b29ceca4 P ee9e6fbd2d6743c9823c92837d2af3e7: Bootstrap starting.
I20260812 06:36:48.704280 16226 tablet_bootstrap.cc:492] T 42dd6b0966964035b8241dd9f8104ea3 P 5d528f276d61451ab7c74af3989384f8: No bootstrap required, opened a new log
I20260812 06:36:48.704373 16226 ts_tablet_manager.cc:1403] T 42dd6b0966964035b8241dd9f8104ea3 P 5d528f276d61451ab7c74af3989384f8: Time spent bootstrapping tablet: real 0.006s	user 0.002s	sys 0.000s
I20260812 06:36:48.704881 16226 raft_consensus.cc:359] T 42dd6b0966964035b8241dd9f8104ea3 P 5d528f276d61451ab7c74af3989384f8 [term 0 FOLLOWER]: Replica starting. Triggering 0 pending ops. Active config: opid_index: -1 OBSOLETE_local: false peers { permanent_uuid: "5d528f276d61451ab7c74af3989384f8" member_type: VOTER last_known_addr { host: "127.10.64.1" port: 39701 } } peers { permanent_uuid: "b2dca61e6d4240328274b22f0d193b3d" member_type: VOTER last_known_addr { host: "127.10.64.2" port: 42625 } } peers { permanent_uuid: "ee9e6fbd2d6743c9823c92837d2af3e7" member_type: VOTER last_known_addr { host: "127.10.64.3" port: 35121 } }
I20260812 06:36:48.704986 16226 raft_consensus.cc:385] T 42dd6b0966964035b8241dd9f8104ea3 P 5d528f276d61451ab7c74af3989384f8 [term 0 FOLLOWER]: Consensus starting up: Expiring failure detector timer to make a prompt election more likely
I20260812 06:36:48.705026 16226 raft_consensus.cc:740] T 42dd6b0966964035b8241dd9f8104ea3 P 5d528f276d61451ab7c74af3989384f8 [term 0 FOLLOWER]: Becoming Follower/Learner. State: Replica: 5d528f276d61451ab7c74af3989384f8, State: Initialized, Role: FOLLOWER
I20260812 06:36:48.705156 16224 tablet_bootstrap.cc:654] T 26a0ed6b0934450e911dd885b29ceca4 P ee9e6fbd2d6743c9823c92837d2af3e7: Neither blocks nor log segments found. Creating new log.
I20260812 06:36:48.705184 16226 consensus_queue.cc:260] T 42dd6b0966964035b8241dd9f8104ea3 P 5d528f276d61451ab7c74af3989384f8 [NON_LEADER]: Queue going to NON_LEADER mode. State: All replicated index: 0, Majority replicated index: 0, Committed index: 0, Last appended: 0.0, Last appended by leader: 0, Current term: 0, Majority size: -1, State: 0, Mode: NON_LEADER, active raft config: opid_index: -1 OBSOLETE_local: false peers { permanent_uuid: "5d528f276d61451ab7c74af3989384f8" member_type: VOTER last_known_addr { host: "127.10.64.1" port: 39701 } } peers { permanent_uuid: "b2dca61e6d4240328274b22f0d193b3d" member_type: VOTER last_known_addr { host: "127.10.64.2" port: 42625 } } peers { permanent_uuid: "ee9e6fbd2d6743c9823c92837d2af3e7" member_type: VOTER last_known_addr { host: "127.10.64.3" port: 35121 } }
I20260812 06:36:48.705529 16226 ts_tablet_manager.cc:1434] T 42dd6b0966964035b8241dd9f8104ea3 P 5d528f276d61451ab7c74af3989384f8: Time spent starting tablet: real 0.001s	user 0.000s	sys 0.000s
I20260812 06:36:48.705931 16226 tablet_bootstrap.cc:492] T 26a0ed6b0934450e911dd885b29ceca4 P 5d528f276d61451ab7c74af3989384f8: Bootstrap starting.
I20260812 06:36:48.706353 16227 tablet_bootstrap.cc:492] T 42dd6b0966964035b8241dd9f8104ea3 P b2dca61e6d4240328274b22f0d193b3d: No bootstrap required, opened a new log
I20260812 06:36:48.706444 16227 ts_tablet_manager.cc:1403] T 42dd6b0966964035b8241dd9f8104ea3 P b2dca61e6d4240328274b22f0d193b3d: Time spent bootstrapping tablet: real 0.005s	user 0.002s	sys 0.000s
I20260812 06:36:48.706910 16226 tablet_bootstrap.cc:654] T 26a0ed6b0934450e911dd885b29ceca4 P 5d528f276d61451ab7c74af3989384f8: Neither blocks nor log segments found. Creating new log.
I20260812 06:36:48.706992 16227 raft_consensus.cc:359] T 42dd6b0966964035b8241dd9f8104ea3 P b2dca61e6d4240328274b22f0d193b3d [term 0 FOLLOWER]: Replica starting. Triggering 0 pending ops. Active config: opid_index: -1 OBSOLETE_local: false peers { permanent_uuid: "5d528f276d61451ab7c74af3989384f8" member_type: VOTER last_known_addr { host: "127.10.64.1" port: 39701 } } peers { permanent_uuid: "b2dca61e6d4240328274b22f0d193b3d" member_type: VOTER last_known_addr { host: "127.10.64.2" port: 42625 } } peers { permanent_uuid: "ee9e6fbd2d6743c9823c92837d2af3e7" member_type: VOTER last_known_addr { host: "127.10.64.3" port: 35121 } }
I20260812 06:36:48.707095 16227 raft_consensus.cc:385] T 42dd6b0966964035b8241dd9f8104ea3 P b2dca61e6d4240328274b22f0d193b3d [term 0 FOLLOWER]: Consensus starting up: Expiring failure detector timer to make a prompt election more likely
I20260812 06:36:48.707149 16227 raft_consensus.cc:740] T 42dd6b0966964035b8241dd9f8104ea3 P b2dca61e6d4240328274b22f0d193b3d [term 0 FOLLOWER]: Becoming Follower/Learner. State: Replica: b2dca61e6d4240328274b22f0d193b3d, State: Initialized, Role: FOLLOWER
I20260812 06:36:48.707283 16227 consensus_queue.cc:260] T 42dd6b0966964035b8241dd9f8104ea3 P b2dca61e6d4240328274b22f0d193b3d [NON_LEADER]: Queue going to NON_LEADER mode. State: All replicated index: 0, Majority replicated index: 0, Committed index: 0, Last appended: 0.0, Last appended by leader: 0, Current term: 0, Majority size: -1, State: 0, Mode: NON_LEADER, active raft config: opid_index: -1 OBSOLETE_local: false peers { permanent_uuid: "5d528f276d61451ab7c74af3989384f8" member_type: VOTER last_known_addr { host: "127.10.64.1" port: 39701 } } peers { permanent_uuid: "b2dca61e6d4240328274b22f0d193b3d" member_type: VOTER last_known_addr { host: "127.10.64.2" port: 42625 } } peers { permanent_uuid: "ee9e6fbd2d6743c9823c92837d2af3e7" member_type: VOTER last_known_addr { host: "127.10.64.3" port: 35121 } }
I20260812 06:36:48.707613 16227 ts_tablet_manager.cc:1434] T 42dd6b0966964035b8241dd9f8104ea3 P b2dca61e6d4240328274b22f0d193b3d: Time spent starting tablet: real 0.001s	user 0.001s	sys 0.000s
I20260812 06:36:48.708114 16227 tablet_bootstrap.cc:492] T 26a0ed6b0934450e911dd885b29ceca4 P b2dca61e6d4240328274b22f0d193b3d: Bootstrap starting.
I20260812 06:36:48.708554 16224 tablet_bootstrap.cc:492] T 26a0ed6b0934450e911dd885b29ceca4 P ee9e6fbd2d6743c9823c92837d2af3e7: No bootstrap required, opened a new log
I20260812 06:36:48.708729 16224 ts_tablet_manager.cc:1403] T 26a0ed6b0934450e911dd885b29ceca4 P ee9e6fbd2d6743c9823c92837d2af3e7: Time spent bootstrapping tablet: real 0.005s	user 0.003s	sys 0.000s
I20260812 06:36:48.709161 16227 tablet_bootstrap.cc:654] T 26a0ed6b0934450e911dd885b29ceca4 P b2dca61e6d4240328274b22f0d193b3d: Neither blocks nor log segments found. Creating new log.
I20260812 06:36:48.710150 16224 raft_consensus.cc:359] T 26a0ed6b0934450e911dd885b29ceca4 P ee9e6fbd2d6743c9823c92837d2af3e7 [term 0 FOLLOWER]: Replica starting. Triggering 0 pending ops. Active config: opid_index: -1 OBSOLETE_local: false peers { permanent_uuid: "b2dca61e6d4240328274b22f0d193b3d" member_type: VOTER last_known_addr { host: "127.10.64.2" port: 42625 } } peers { permanent_uuid: "ee9e6fbd2d6743c9823c92837d2af3e7" member_type: VOTER last_known_addr { host: "127.10.64.3" port: 35121 } } peers { permanent_uuid: "5d528f276d61451ab7c74af3989384f8" member_type: VOTER last_known_addr { host: "127.10.64.1" port: 39701 } }
I20260812 06:36:48.710266 16226 tablet_bootstrap.cc:492] T 26a0ed6b0934450e911dd885b29ceca4 P 5d528f276d61451ab7c74af3989384f8: No bootstrap required, opened a new log
I20260812 06:36:48.710836 16224 raft_consensus.cc:385] T 26a0ed6b0934450e911dd885b29ceca4 P ee9e6fbd2d6743c9823c92837d2af3e7 [term 0 FOLLOWER]: Consensus starting up: Expiring failure detector timer to make a prompt election more likely
I20260812 06:36:48.710888 16224 raft_consensus.cc:740] T 26a0ed6b0934450e911dd885b29ceca4 P ee9e6fbd2d6743c9823c92837d2af3e7 [term 0 FOLLOWER]: Becoming Follower/Learner. State: Replica: ee9e6fbd2d6743c9823c92837d2af3e7, State: Initialized, Role: FOLLOWER
I20260812 06:36:48.710925 16226 ts_tablet_manager.cc:1403] T 26a0ed6b0934450e911dd885b29ceca4 P 5d528f276d61451ab7c74af3989384f8: Time spent bootstrapping tablet: real 0.005s	user 0.000s	sys 0.002s
I20260812 06:36:48.711027 16224 consensus_queue.cc:260] T 26a0ed6b0934450e911dd885b29ceca4 P ee9e6fbd2d6743c9823c92837d2af3e7 [NON_LEADER]: Queue going to NON_LEADER mode. State: All replicated index: 0, Majority replicated index: 0, Committed index: 0, Last appended: 0.0, Last appended by leader: 0, Current term: 0, Majority size: -1, State: 0, Mode: NON_LEADER, active raft config: opid_index: -1 OBSOLETE_local: false peers { permanent_uuid: "b2dca61e6d4240328274b22f0d193b3d" member_type: VOTER last_known_addr { host: "127.10.64.2" port: 42625 } } peers { permanent_uuid: "ee9e6fbd2d6743c9823c92837d2af3e7" member_type: VOTER last_known_addr { host: "127.10.64.3" port: 35121 } } peers { permanent_uuid: "5d528f276d61451ab7c74af3989384f8" member_type: VOTER last_known_addr { host: "127.10.64.1" port: 39701 } }
I20260812 06:36:48.711404 16226 raft_consensus.cc:359] T 26a0ed6b0934450e911dd885b29ceca4 P 5d528f276d61451ab7c74af3989384f8 [term 0 FOLLOWER]: Replica starting. Triggering 0 pending ops. Active config: opid_index: -1 OBSOLETE_local: false peers { permanent_uuid: "b2dca61e6d4240328274b22f0d193b3d" member_type: VOTER last_known_addr { host: "127.10.64.2" port: 42625 } } peers { permanent_uuid: "ee9e6fbd2d6743c9823c92837d2af3e7" member_type: VOTER last_known_addr { host: "127.10.64.3" port: 35121 } } peers { permanent_uuid: "5d528f276d61451ab7c74af3989384f8" member_type: VOTER last_known_addr { host: "127.10.64.1" port: 39701 } }
I20260812 06:36:48.711500 16226 raft_consensus.cc:385] T 26a0ed6b0934450e911dd885b29ceca4 P 5d528f276d61451ab7c74af3989384f8 [term 0 FOLLOWER]: Consensus starting up: Expiring failure detector timer to make a prompt election more likely
I20260812 06:36:48.711534 16226 raft_consensus.cc:740] T 26a0ed6b0934450e911dd885b29ceca4 P 5d528f276d61451ab7c74af3989384f8 [term 0 FOLLOWER]: Becoming Follower/Learner. State: Replica: 5d528f276d61451ab7c74af3989384f8, State: Initialized, Role: FOLLOWER
I20260812 06:36:48.711557 16224 ts_tablet_manager.cc:1434] T 26a0ed6b0934450e911dd885b29ceca4 P ee9e6fbd2d6743c9823c92837d2af3e7: Time spent starting tablet: real 0.003s	user 0.001s	sys 0.000s
I20260812 06:36:48.711661 16226 consensus_queue.cc:260] T 26a0ed6b0934450e911dd885b29ceca4 P 5d528f276d61451ab7c74af3989384f8 [NON_LEADER]: Queue going to NON_LEADER mode. State: All replicated index: 0, Majority replicated index: 0, Committed index: 0, Last appended: 0.0, Last appended by leader: 0, Current term: 0, Majority size: -1, State: 0, Mode: NON_LEADER, active raft config: opid_index: -1 OBSOLETE_local: false peers { permanent_uuid: "b2dca61e6d4240328274b22f0d193b3d" member_type: VOTER last_known_addr { host: "127.10.64.2" port: 42625 } } peers { permanent_uuid: "ee9e6fbd2d6743c9823c92837d2af3e7" member_type: VOTER last_known_addr { host: "127.10.64.3" port: 35121 } } peers { permanent_uuid: "5d528f276d61451ab7c74af3989384f8" member_type: VOTER last_known_addr { host: "127.10.64.1" port: 39701 } }
I20260812 06:36:48.711850 16224 tablet_bootstrap.cc:492] T 42dd6b0966964035b8241dd9f8104ea3 P ee9e6fbd2d6743c9823c92837d2af3e7: Bootstrap starting.
I20260812 06:36:48.711956 16226 ts_tablet_manager.cc:1434] T 26a0ed6b0934450e911dd885b29ceca4 P 5d528f276d61451ab7c74af3989384f8: Time spent starting tablet: real 0.001s	user 0.000s	sys 0.001s
I20260812 06:36:48.712978 16224 tablet_bootstrap.cc:654] T 42dd6b0966964035b8241dd9f8104ea3 P ee9e6fbd2d6743c9823c92837d2af3e7: Neither blocks nor log segments found. Creating new log.
I20260812 06:36:48.714166 16227 tablet_bootstrap.cc:492] T 26a0ed6b0934450e911dd885b29ceca4 P b2dca61e6d4240328274b22f0d193b3d: No bootstrap required, opened a new log
I20260812 06:36:48.714278 16227 ts_tablet_manager.cc:1403] T 26a0ed6b0934450e911dd885b29ceca4 P b2dca61e6d4240328274b22f0d193b3d: Time spent bootstrapping tablet: real 0.006s	user 0.002s	sys 0.000s
I20260812 06:36:48.714730 16227 raft_consensus.cc:359] T 26a0ed6b0934450e911dd885b29ceca4 P b2dca61e6d4240328274b22f0d193b3d [term 0 FOLLOWER]: Replica starting. Triggering 0 pending ops. Active config: opid_index: -1 OBSOLETE_local: false peers { permanent_uuid: "b2dca61e6d4240328274b22f0d193b3d" member_type: VOTER last_known_addr { host: "127.10.64.2" port: 42625 } } peers { permanent_uuid: "ee9e6fbd2d6743c9823c92837d2af3e7" member_type: VOTER last_known_addr { host: "127.10.64.3" port: 35121 } } peers { permanent_uuid: "5d528f276d61451ab7c74af3989384f8" member_type: VOTER last_known_addr { host: "127.10.64.1" port: 39701 } }
I20260812 06:36:48.714875 16227 raft_consensus.cc:385] T 26a0ed6b0934450e911dd885b29ceca4 P b2dca61e6d4240328274b22f0d193b3d [term 0 FOLLOWER]: Consensus starting up: Expiring failure detector timer to make a prompt election more likely
I20260812 06:36:48.714929 16227 raft_consensus.cc:740] T 26a0ed6b0934450e911dd885b29ceca4 P b2dca61e6d4240328274b22f0d193b3d [term 0 FOLLOWER]: Becoming Follower/Learner. State: Replica: b2dca61e6d4240328274b22f0d193b3d, State: Initialized, Role: FOLLOWER
I20260812 06:36:48.715040 16227 consensus_queue.cc:260] T 26a0ed6b0934450e911dd885b29ceca4 P b2dca61e6d4240328274b22f0d193b3d [NON_LEADER]: Queue going to NON_LEADER mode. State: All replicated index: 0, Majority replicated index: 0, Committed index: 0, Last appended: 0.0, Last appended by leader: 0, Current term: 0, Majority size: -1, State: 0, Mode: NON_LEADER, active raft config: opid_index: -1 OBSOLETE_local: false peers { permanent_uuid: "b2dca61e6d4240328274b22f0d193b3d" member_type: VOTER last_known_addr { host: "127.10.64.2" port: 42625 } } peers { permanent_uuid: "ee9e6fbd2d6743c9823c92837d2af3e7" member_type: VOTER last_known_addr { host: "127.10.64.3" port: 35121 } } peers { permanent_uuid: "5d528f276d61451ab7c74af3989384f8" member_type: VOTER last_known_addr { host: "127.10.64.1" port: 39701 } }
I20260812 06:36:48.715382 16227 ts_tablet_manager.cc:1434] T 26a0ed6b0934450e911dd885b29ceca4 P b2dca61e6d4240328274b22f0d193b3d: Time spent starting tablet: real 0.001s	user 0.001s	sys 0.000s
I20260812 06:36:48.716017 16224 tablet_bootstrap.cc:492] T 42dd6b0966964035b8241dd9f8104ea3 P ee9e6fbd2d6743c9823c92837d2af3e7: No bootstrap required, opened a new log
I20260812 06:36:48.716096 16224 ts_tablet_manager.cc:1403] T 42dd6b0966964035b8241dd9f8104ea3 P ee9e6fbd2d6743c9823c92837d2af3e7: Time spent bootstrapping tablet: real 0.004s	user 0.002s	sys 0.000s
I20260812 06:36:48.716544 16224 raft_consensus.cc:359] T 42dd6b0966964035b8241dd9f8104ea3 P ee9e6fbd2d6743c9823c92837d2af3e7 [term 0 FOLLOWER]: Replica starting. Triggering 0 pending ops. Active config: opid_index: -1 OBSOLETE_local: false peers { permanent_uuid: "5d528f276d61451ab7c74af3989384f8" member_type: VOTER last_known_addr { host: "127.10.64.1" port: 39701 } } peers { permanent_uuid: "b2dca61e6d4240328274b22f0d193b3d" member_type: VOTER last_known_addr { host: "127.10.64.2" port: 42625 } } peers { permanent_uuid: "ee9e6fbd2d6743c9823c92837d2af3e7" member_type: VOTER last_known_addr { host: "127.10.64.3" port: 35121 } }
I20260812 06:36:48.716643 16224 raft_consensus.cc:385] T 42dd6b0966964035b8241dd9f8104ea3 P ee9e6fbd2d6743c9823c92837d2af3e7 [term 0 FOLLOWER]: Consensus starting up: Expiring failure detector timer to make a prompt election more likely
I20260812 06:36:48.716686 16224 raft_consensus.cc:740] T 42dd6b0966964035b8241dd9f8104ea3 P ee9e6fbd2d6743c9823c92837d2af3e7 [term 0 FOLLOWER]: Becoming Follower/Learner. State: Replica: ee9e6fbd2d6743c9823c92837d2af3e7, State: Initialized, Role: FOLLOWER
I20260812 06:36:48.716789 16224 consensus_queue.cc:260] T 42dd6b0966964035b8241dd9f8104ea3 P ee9e6fbd2d6743c9823c92837d2af3e7 [NON_LEADER]: Queue going to NON_LEADER mode. State: All replicated index: 0, Majority replicated index: 0, Committed index: 0, Last appended: 0.0, Last appended by leader: 0, Current term: 0, Majority size: -1, State: 0, Mode: NON_LEADER, active raft config: opid_index: -1 OBSOLETE_local: false peers { permanent_uuid: "5d528f276d61451ab7c74af3989384f8" member_type: VOTER last_known_addr { host: "127.10.64.1" port: 39701 } } peers { permanent_uuid: "b2dca61e6d4240328274b22f0d193b3d" member_type: VOTER last_known_addr { host: "127.10.64.2" port: 42625 } } peers { permanent_uuid: "ee9e6fbd2d6743c9823c92837d2af3e7" member_type: VOTER last_known_addr { host: "127.10.64.3" port: 35121 } }
I20260812 06:36:48.717046 16224 ts_tablet_manager.cc:1434] T 42dd6b0966964035b8241dd9f8104ea3 P ee9e6fbd2d6743c9823c92837d2af3e7: Time spent starting tablet: real 0.001s	user 0.000s	sys 0.000s
I20260812 06:36:48.794137 15931 raft_consensus.cc:493] T 42dd6b0966964035b8241dd9f8104ea3 P b2dca61e6d4240328274b22f0d193b3d [term 0 FOLLOWER]: Starting pre-election (no leader contacted us within the election timeout)
I20260812 06:36:48.794252 15931 raft_consensus.cc:515] T 42dd6b0966964035b8241dd9f8104ea3 P b2dca61e6d4240328274b22f0d193b3d [term 0 FOLLOWER]: Starting pre-election with config: opid_index: -1 OBSOLETE_local: false peers { permanent_uuid: "5d528f276d61451ab7c74af3989384f8" member_type: VOTER last_known_addr { host: "127.10.64.1" port: 39701 } } peers { permanent_uuid: "b2dca61e6d4240328274b22f0d193b3d" member_type: VOTER last_known_addr { host: "127.10.64.2" port: 42625 } } peers { permanent_uuid: "ee9e6fbd2d6743c9823c92837d2af3e7" member_type: VOTER last_known_addr { host: "127.10.64.3" port: 35121 } }
I20260812 06:36:48.794625 15931 leader_election.cc:290] T 42dd6b0966964035b8241dd9f8104ea3 P b2dca61e6d4240328274b22f0d193b3d [CANDIDATE]: Term 1 pre-election: Requested pre-vote from peers 5d528f276d61451ab7c74af3989384f8 (127.10.64.1:39701), ee9e6fbd2d6743c9823c92837d2af3e7 (127.10.64.3:35121)
I20260812 06:36:48.794922 14052 tablet_service.cc:1917] Received RequestConsensusVote() RPC: tablet_id: "42dd6b0966964035b8241dd9f8104ea3" candidate_uuid: "b2dca61e6d4240328274b22f0d193b3d" candidate_term: 1 candidate_status { last_received { term: 0 index: 0 } } ignore_live_leader: false dest_uuid: "5d528f276d61451ab7c74af3989384f8" is_pre_election: true
I20260812 06:36:48.794924 14394 tablet_service.cc:1917] Received RequestConsensusVote() RPC: tablet_id: "42dd6b0966964035b8241dd9f8104ea3" candidate_uuid: "b2dca61e6d4240328274b22f0d193b3d" candidate_term: 1 candidate_status { last_received { term: 0 index: 0 } } ignore_live_leader: false dest_uuid: "ee9e6fbd2d6743c9823c92837d2af3e7" is_pre_election: true
I20260812 06:36:48.795048 14052 raft_consensus.cc:2468] T 42dd6b0966964035b8241dd9f8104ea3 P 5d528f276d61451ab7c74af3989384f8 [term 0 FOLLOWER]: Leader pre-election vote request: Granting yes vote for candidate b2dca61e6d4240328274b22f0d193b3d in term 0.
I20260812 06:36:48.795109 14394 raft_consensus.cc:2468] T 42dd6b0966964035b8241dd9f8104ea3 P ee9e6fbd2d6743c9823c92837d2af3e7 [term 0 FOLLOWER]: Leader pre-election vote request: Granting yes vote for candidate b2dca61e6d4240328274b22f0d193b3d in term 0.
I20260812 06:36:48.795397 14168 leader_election.cc:304] T 42dd6b0966964035b8241dd9f8104ea3 P b2dca61e6d4240328274b22f0d193b3d [CANDIDATE]: Term 1 pre-election: Election decided. Result: candidate won. Election summary: received 3 responses out of 3 voters: 3 yes votes; 0 no votes. yes voters: 5d528f276d61451ab7c74af3989384f8, b2dca61e6d4240328274b22f0d193b3d, ee9e6fbd2d6743c9823c92837d2af3e7; no voters: 
I20260812 06:36:48.795598 15931 raft_consensus.cc:2804] T 42dd6b0966964035b8241dd9f8104ea3 P b2dca61e6d4240328274b22f0d193b3d [term 0 FOLLOWER]: Leader pre-election won for term 1
I20260812 06:36:48.795663 15931 raft_consensus.cc:493] T 42dd6b0966964035b8241dd9f8104ea3 P b2dca61e6d4240328274b22f0d193b3d [term 0 FOLLOWER]: Starting leader election (no leader contacted us within the election timeout)
I20260812 06:36:48.795692 15931 raft_consensus.cc:3060] T 42dd6b0966964035b8241dd9f8104ea3 P b2dca61e6d4240328274b22f0d193b3d [term 0 FOLLOWER]: Advancing to term 1
I20260812 06:36:48.796684 15931 raft_consensus.cc:515] T 42dd6b0966964035b8241dd9f8104ea3 P b2dca61e6d4240328274b22f0d193b3d [term 1 FOLLOWER]: Starting leader election with config: opid_index: -1 OBSOLETE_local: false peers { permanent_uuid: "5d528f276d61451ab7c74af3989384f8" member_type: VOTER last_known_addr { host: "127.10.64.1" port: 39701 } } peers { permanent_uuid: "b2dca61e6d4240328274b22f0d193b3d" member_type: VOTER last_known_addr { host: "127.10.64.2" port: 42625 } } peers { permanent_uuid: "ee9e6fbd2d6743c9823c92837d2af3e7" member_type: VOTER last_known_addr { host: "127.10.64.3" port: 35121 } }
I20260812 06:36:48.797145 15931 leader_election.cc:290] T 42dd6b0966964035b8241dd9f8104ea3 P b2dca61e6d4240328274b22f0d193b3d [CANDIDATE]: Term 1 election: Requested vote from peers 5d528f276d61451ab7c74af3989384f8 (127.10.64.1:39701), ee9e6fbd2d6743c9823c92837d2af3e7 (127.10.64.3:35121)
I20260812 06:36:48.797480 14394 tablet_service.cc:1917] Received RequestConsensusVote() RPC: tablet_id: "42dd6b0966964035b8241dd9f8104ea3" candidate_uuid: "b2dca61e6d4240328274b22f0d193b3d" candidate_term: 1 candidate_status { last_received { term: 0 index: 0 } } ignore_live_leader: false dest_uuid: "ee9e6fbd2d6743c9823c92837d2af3e7"
I20260812 06:36:48.797510 14055 tablet_service.cc:1917] Received RequestConsensusVote() RPC: tablet_id: "42dd6b0966964035b8241dd9f8104ea3" candidate_uuid: "b2dca61e6d4240328274b22f0d193b3d" candidate_term: 1 candidate_status { last_received { term: 0 index: 0 } } ignore_live_leader: false dest_uuid: "5d528f276d61451ab7c74af3989384f8"
I20260812 06:36:48.797600 14394 raft_consensus.cc:3060] T 42dd6b0966964035b8241dd9f8104ea3 P ee9e6fbd2d6743c9823c92837d2af3e7 [term 0 FOLLOWER]: Advancing to term 1
I20260812 06:36:48.797632 14055 raft_consensus.cc:3060] T 42dd6b0966964035b8241dd9f8104ea3 P 5d528f276d61451ab7c74af3989384f8 [term 0 FOLLOWER]: Advancing to term 1
I20260812 06:36:48.798426 14055 raft_consensus.cc:2468] T 42dd6b0966964035b8241dd9f8104ea3 P 5d528f276d61451ab7c74af3989384f8 [term 1 FOLLOWER]: Leader election vote request: Granting yes vote for candidate b2dca61e6d4240328274b22f0d193b3d in term 1.
I20260812 06:36:48.798439 14394 raft_consensus.cc:2468] T 42dd6b0966964035b8241dd9f8104ea3 P ee9e6fbd2d6743c9823c92837d2af3e7 [term 1 FOLLOWER]: Leader election vote request: Granting yes vote for candidate b2dca61e6d4240328274b22f0d193b3d in term 1.
I20260812 06:36:48.798766 14168 leader_election.cc:304] T 42dd6b0966964035b8241dd9f8104ea3 P b2dca61e6d4240328274b22f0d193b3d [CANDIDATE]: Term 1 election: Election decided. Result: candidate won. Election summary: received 2 responses out of 3 voters: 2 yes votes; 0 no votes. yes voters: 5d528f276d61451ab7c74af3989384f8, b2dca61e6d4240328274b22f0d193b3d; no voters: 
I20260812 06:36:48.798965 15931 raft_consensus.cc:2804] T 42dd6b0966964035b8241dd9f8104ea3 P b2dca61e6d4240328274b22f0d193b3d [term 1 FOLLOWER]: Leader election won for term 1
I20260812 06:36:48.799082 15931 raft_consensus.cc:697] T 42dd6b0966964035b8241dd9f8104ea3 P b2dca61e6d4240328274b22f0d193b3d [term 1 LEADER]: Becoming Leader. State: Replica: b2dca61e6d4240328274b22f0d193b3d, State: Running, Role: LEADER
I20260812 06:36:48.799233 15931 consensus_queue.cc:237] T 42dd6b0966964035b8241dd9f8104ea3 P b2dca61e6d4240328274b22f0d193b3d [LEADER]: Queue going to LEADER mode. State: All replicated index: 0, Majority replicated index: 0, Committed index: 0, Last appended: 0.0, Last appended by leader: 0, Current term: 1, Majority size: 2, State: 0, Mode: LEADER, active raft config: opid_index: -1 OBSOLETE_local: false peers { permanent_uuid: "5d528f276d61451ab7c74af3989384f8" member_type: VOTER last_known_addr { host: "127.10.64.1" port: 39701 } } peers { permanent_uuid: "b2dca61e6d4240328274b22f0d193b3d" member_type: VOTER last_known_addr { host: "127.10.64.2" port: 42625 } } peers { permanent_uuid: "ee9e6fbd2d6743c9823c92837d2af3e7" member_type: VOTER last_known_addr { host: "127.10.64.3" port: 35121 } }
I20260812 06:36:48.801213 13812 catalog_manager.cc:5719] T 42dd6b0966964035b8241dd9f8104ea3 P b2dca61e6d4240328274b22f0d193b3d reported cstate change: term changed from 0 to 1, leader changed from <none> to b2dca61e6d4240328274b22f0d193b3d (127.10.64.2). New cstate: current_term: 1 leader_uuid: "b2dca61e6d4240328274b22f0d193b3d" committed_config { opid_index: -1 OBSOLETE_local: false peers { permanent_uuid: "5d528f276d61451ab7c74af3989384f8" member_type: VOTER last_known_addr { host: "127.10.64.1" port: 39701 } health_report { overall_health: UNKNOWN } } peers { permanent_uuid: "b2dca61e6d4240328274b22f0d193b3d" member_type: VOTER last_known_addr { host: "127.10.64.2" port: 42625 } health_report { overall_health: HEALTHY } } peers { permanent_uuid: "ee9e6fbd2d6743c9823c92837d2af3e7" member_type: VOTER last_known_addr { host: "127.10.64.3" port: 35121 } health_report { overall_health: UNKNOWN } } }
I20260812 06:36:48.841810 16216 raft_consensus.cc:493] T 26a0ed6b0934450e911dd885b29ceca4 P ee9e6fbd2d6743c9823c92837d2af3e7 [term 0 FOLLOWER]: Starting pre-election (no leader contacted us within the election timeout)
I20260812 06:36:48.841953 16216 raft_consensus.cc:515] T 26a0ed6b0934450e911dd885b29ceca4 P ee9e6fbd2d6743c9823c92837d2af3e7 [term 0 FOLLOWER]: Starting pre-election with config: opid_index: -1 OBSOLETE_local: false peers { permanent_uuid: "b2dca61e6d4240328274b22f0d193b3d" member_type: VOTER last_known_addr { host: "127.10.64.2" port: 42625 } } peers { permanent_uuid: "ee9e6fbd2d6743c9823c92837d2af3e7" member_type: VOTER last_known_addr { host: "127.10.64.3" port: 35121 } } peers { permanent_uuid: "5d528f276d61451ab7c74af3989384f8" member_type: VOTER last_known_addr { host: "127.10.64.1" port: 39701 } }
I20260812 06:36:48.842445 16216 leader_election.cc:290] T 26a0ed6b0934450e911dd885b29ceca4 P ee9e6fbd2d6743c9823c92837d2af3e7 [CANDIDATE]: Term 1 pre-election: Requested pre-vote from peers b2dca61e6d4240328274b22f0d193b3d (127.10.64.2:42625), 5d528f276d61451ab7c74af3989384f8 (127.10.64.1:39701)
I20260812 06:36:48.842684 14055 tablet_service.cc:1917] Received RequestConsensusVote() RPC: tablet_id: "26a0ed6b0934450e911dd885b29ceca4" candidate_uuid: "ee9e6fbd2d6743c9823c92837d2af3e7" candidate_term: 1 candidate_status { last_received { term: 0 index: 0 } } ignore_live_leader: false dest_uuid: "5d528f276d61451ab7c74af3989384f8" is_pre_election: true
I20260812 06:36:48.842684 14219 tablet_service.cc:1917] Received RequestConsensusVote() RPC: tablet_id: "26a0ed6b0934450e911dd885b29ceca4" candidate_uuid: "ee9e6fbd2d6743c9823c92837d2af3e7" candidate_term: 1 candidate_status { last_received { term: 0 index: 0 } } ignore_live_leader: false dest_uuid: "b2dca61e6d4240328274b22f0d193b3d" is_pre_election: true
I20260812 06:36:48.842837 14055 raft_consensus.cc:2468] T 26a0ed6b0934450e911dd885b29ceca4 P 5d528f276d61451ab7c74af3989384f8 [term 0 FOLLOWER]: Leader pre-election vote request: Granting yes vote for candidate ee9e6fbd2d6743c9823c92837d2af3e7 in term 0.
I20260812 06:36:48.842890 14219 raft_consensus.cc:2468] T 26a0ed6b0934450e911dd885b29ceca4 P b2dca61e6d4240328274b22f0d193b3d [term 0 FOLLOWER]: Leader pre-election vote request: Granting yes vote for candidate ee9e6fbd2d6743c9823c92837d2af3e7 in term 0.
