I20260812 06:37:37.131562  1811 maintenance_manager.cc:419] P bd1b3abc24584409b401d7daf12eeed1: Scheduling UndoDeltaBlockGCOp(8711608d827a44bfb483df45931f3f51): 97545 bytes on disk
I20260812 06:37:37.132234  1593 maintenance_manager.cc:643] P bd1b3abc24584409b401d7daf12eeed1: UndoDeltaBlockGCOp(8711608d827a44bfb483df45931f3f51) complete. Timing: real 0.000s	user 0.000s	sys 0.000s Metrics: {"cfile_init":1,"lbm_read_time_us":71,"lbm_reads_lt_1ms":4}
I20260812 06:37:37.633230  1811 maintenance_manager.cc:419] P bd1b3abc24584409b401d7daf12eeed1: Scheduling FlushMRSOp(8711608d827a44bfb483df45931f3f51): perf score=1.000000
I20260812 06:37:37.695290  1285 maintenance_manager.cc:419] P ca3a6f42269d4e7a975f04e614351f61: Scheduling FlushMRSOp(8711608d827a44bfb483df45931f3f51): perf score=1.000000
I20260812 06:37:37.791358  1548 maintenance_manager.cc:419] P 66c0dd5c9c974b48a4b06e1bbf07f981: Scheduling FlushMRSOp(8711608d827a44bfb483df45931f3f51): perf score=1.000000
I20260812 06:37:37.984939  1052 maintenance_manager.cc:643] P ca3a6f42269d4e7a975f04e614351f61: FlushMRSOp(8711608d827a44bfb483df45931f3f51) complete. Timing: real 0.289s	user 0.233s	sys 0.004s Metrics: {"bytes_written":325347,"cfile_init":1,"dirs.queue_time_us":10520,"dirs.run_cpu_time_us":208,"dirs.run_wall_time_us":15284,"drs_written":1,"lbm_read_time_us":61,"lbm_reads_lt_1ms":4,"lbm_write_time_us":1821,"lbm_writes_lt_1ms":34,"peak_mem_usage":0,"rows_written":11300,"thread_start_us":130,"threads_started":1}
I20260812 06:37:37.986267  1285 maintenance_manager.cc:419] P ca3a6f42269d4e7a975f04e614351f61: Scheduling UndoDeltaBlockGCOp(8711608d827a44bfb483df45931f3f51): 106383 bytes on disk
I20260812 06:37:37.987164  1052 maintenance_manager.cc:643] P ca3a6f42269d4e7a975f04e614351f61: UndoDeltaBlockGCOp(8711608d827a44bfb483df45931f3f51) complete. Timing: real 0.001s	user 0.000s	sys 0.000s Metrics: {"cfile_init":1,"lbm_read_time_us":342,"lbm_reads_lt_1ms":4}
I20260812 06:37:38.028129  1593 maintenance_manager.cc:643] P bd1b3abc24584409b401d7daf12eeed1: FlushMRSOp(8711608d827a44bfb483df45931f3f51) complete. Timing: real 0.395s	user 0.191s	sys 0.004s Metrics: {"bytes_written":283185,"cfile_init":1,"dirs.queue_time_us":7686,"dirs.run_cpu_time_us":146,"dirs.run_wall_time_us":1144,"drs_written":1,"lbm_read_time_us":61,"lbm_reads_lt_1ms":4,"lbm_write_time_us":1568,"lbm_writes_lt_1ms":32,"peak_mem_usage":0,"rows_written":9850,"spinlock_wait_cycles":300800,"thread_start_us":88,"threads_started":1}
I20260812 06:37:38.029275  1811 maintenance_manager.cc:419] P bd1b3abc24584409b401d7daf12eeed1: Scheduling UndoDeltaBlockGCOp(8711608d827a44bfb483df45931f3f51): 92055 bytes on disk
I20260812 06:37:38.029810  1593 maintenance_manager.cc:643] P bd1b3abc24584409b401d7daf12eeed1: UndoDeltaBlockGCOp(8711608d827a44bfb483df45931f3f51) complete. Timing: real 0.000s	user 0.000s	sys 0.000s Metrics: {"cfile_init":1,"lbm_read_time_us":67,"lbm_reads_lt_1ms":4}
I20260812 06:37:38.212014  1326 maintenance_manager.cc:643] P 66c0dd5c9c974b48a4b06e1bbf07f981: FlushMRSOp(8711608d827a44bfb483df45931f3f51) complete. Timing: real 0.420s	user 0.237s	sys 0.000s Metrics: {"bytes_written":321457,"cfile_init":1,"dirs.queue_time_us":325,"dirs.run_cpu_time_us":183,"dirs.run_wall_time_us":2721,"drs_written":1,"lbm_read_time_us":66,"lbm_reads_lt_1ms":4,"lbm_write_time_us":1662,"lbm_writes_lt_1ms":34,"peak_mem_usage":0,"rows_written":11150,"spinlock_wait_cycles":249728,"thread_start_us":108,"threads_started":1}
I20260812 06:37:38.213035  1548 maintenance_manager.cc:419] P 66c0dd5c9c974b48a4b06e1bbf07f981: Scheduling UndoDeltaBlockGCOp(8711608d827a44bfb483df45931f3f51): 105168 bytes on disk
I20260812 06:37:38.213539  1326 maintenance_manager.cc:643] P 66c0dd5c9c974b48a4b06e1bbf07f981: UndoDeltaBlockGCOp(8711608d827a44bfb483df45931f3f51) complete. Timing: real 0.000s	user 0.000s	sys 0.000s Metrics: {"cfile_init":1,"lbm_read_time_us":74,"lbm_reads_lt_1ms":4}
I20260812 06:37:38.714529  1548 maintenance_manager.cc:419] P 66c0dd5c9c974b48a4b06e1bbf07f981: Scheduling FlushMRSOp(8711608d827a44bfb483df45931f3f51): perf score=1.000000
I20260812 06:37:38.738541  1285 maintenance_manager.cc:419] P ca3a6f42269d4e7a975f04e614351f61: Scheduling FlushMRSOp(8711608d827a44bfb483df45931f3f51): perf score=1.000000
I20260812 06:37:38.781188  1811 maintenance_manager.cc:419] P bd1b3abc24584409b401d7daf12eeed1: Scheduling FlushMRSOp(8711608d827a44bfb483df45931f3f51): perf score=1.000000
I20260812 06:37:39.002385  1326 maintenance_manager.cc:643] P 66c0dd5c9c974b48a4b06e1bbf07f981: FlushMRSOp(8711608d827a44bfb483df45931f3f51) complete. Timing: real 0.288s	user 0.185s	sys 0.000s Metrics: {"bytes_written":272532,"cfile_init":1,"dirs.queue_time_us":24701,"dirs.run_cpu_time_us":164,"dirs.run_wall_time_us":2567,"drs_written":1,"lbm_read_time_us":44,"lbm_reads_lt_1ms":4,"lbm_write_time_us":1351,"lbm_writes_lt_1ms":32,"peak_mem_usage":0,"rows_written":9450,"thread_start_us":78,"threads_started":1}
I20260812 06:37:39.003150  1548 maintenance_manager.cc:419] P 66c0dd5c9c974b48a4b06e1bbf07f981: Scheduling UndoDeltaBlockGCOp(8711608d827a44bfb483df45931f3f51): 88204 bytes on disk
I20260812 06:37:39.003640  1326 maintenance_manager.cc:643] P 66c0dd5c9c974b48a4b06e1bbf07f981: UndoDeltaBlockGCOp(8711608d827a44bfb483df45931f3f51) complete. Timing: real 0.000s	user 0.000s	sys 0.000s Metrics: {"cfile_init":1,"lbm_read_time_us":63,"lbm_reads_lt_1ms":4}
I20260812 06:37:39.018589  1052 maintenance_manager.cc:643] P ca3a6f42269d4e7a975f04e614351f61: FlushMRSOp(8711608d827a44bfb483df45931f3f51) complete. Timing: real 0.280s	user 0.217s	sys 0.002s Metrics: {"bytes_written":310994,"cfile_init":1,"dirs.queue_time_us":12809,"dirs.run_cpu_time_us":169,"dirs.run_wall_time_us":10332,"drs_written":1,"lbm_read_time_us":64,"lbm_reads_lt_1ms":4,"lbm_write_time_us":1741,"lbm_writes_lt_1ms":33,"peak_mem_usage":0,"rows_written":10750,"thread_start_us":82,"threads_started":1}
I20260812 06:37:39.019479  1285 maintenance_manager.cc:419] P ca3a6f42269d4e7a975f04e614351f61: Scheduling UndoDeltaBlockGCOp(8711608d827a44bfb483df45931f3f51): 100494 bytes on disk
I20260812 06:37:39.019995  1052 maintenance_manager.cc:643] P ca3a6f42269d4e7a975f04e614351f61: UndoDeltaBlockGCOp(8711608d827a44bfb483df45931f3f51) complete. Timing: real 0.000s	user 0.000s	sys 0.000s Metrics: {"cfile_init":1,"lbm_read_time_us":71,"lbm_reads_lt_1ms":4}
I20260812 06:37:39.246634  1593 maintenance_manager.cc:643] P bd1b3abc24584409b401d7daf12eeed1: FlushMRSOp(8711608d827a44bfb483df45931f3f51) complete. Timing: real 0.465s	user 0.221s	sys 0.008s Metrics: {"bytes_written":334440,"cfile_init":1,"dirs.queue_time_us":1246,"dirs.run_cpu_time_us":217,"dirs.run_wall_time_us":936,"drs_written":1,"lbm_read_time_us":67,"lbm_reads_lt_1ms":4,"lbm_write_time_us":1898,"lbm_writes_lt_1ms":34,"peak_mem_usage":0,"rows_written":11650,"thread_start_us":86,"threads_started":1}
I20260812 06:37:39.247753  1811 maintenance_manager.cc:419] P bd1b3abc24584409b401d7daf12eeed1: Scheduling UndoDeltaBlockGCOp(8711608d827a44bfb483df45931f3f51): 109778 bytes on disk
I20260812 06:37:39.248185  1593 maintenance_manager.cc:643] P bd1b3abc24584409b401d7daf12eeed1: UndoDeltaBlockGCOp(8711608d827a44bfb483df45931f3f51) complete. Timing: real 0.000s	user 0.000s	sys 0.000s Metrics: {"cfile_init":1,"lbm_read_time_us":65,"lbm_reads_lt_1ms":4}
I20260812 06:37:39.749195  1811 maintenance_manager.cc:419] P bd1b3abc24584409b401d7daf12eeed1: Scheduling FlushMRSOp(8711608d827a44bfb483df45931f3f51): perf score=1.000000
I20260812 06:37:39.754896  1548 maintenance_manager.cc:419] P 66c0dd5c9c974b48a4b06e1bbf07f981: Scheduling FlushMRSOp(8711608d827a44bfb483df45931f3f51): perf score=1.000000
I20260812 06:37:39.772082  1285 maintenance_manager.cc:419] P ca3a6f42269d4e7a975f04e614351f61: Scheduling FlushMRSOp(8711608d827a44bfb483df45931f3f51): perf score=1.000000
I20260812 06:37:40.078435  1052 maintenance_manager.cc:643] P ca3a6f42269d4e7a975f04e614351f61: FlushMRSOp(8711608d827a44bfb483df45931f3f51) complete. Timing: real 0.306s	user 0.198s	sys 0.005s Metrics: {"bytes_written":289715,"cfile_init":1,"dirs.queue_time_us":1151,"dirs.run_cpu_time_us":152,"dirs.run_wall_time_us":21870,"drs_written":1,"lbm_read_time_us":53,"lbm_reads_lt_1ms":4,"lbm_write_time_us":4563,"lbm_writes_1-10_ms":1,"lbm_writes_lt_1ms":31,"peak_mem_usage":0,"rows_written":10100,"spinlock_wait_cycles":835328,"thread_start_us":82,"threads_started":1}
I20260812 06:37:40.081405  1285 maintenance_manager.cc:419] P ca3a6f42269d4e7a975f04e614351f61: Scheduling UndoDeltaBlockGCOp(8711608d827a44bfb483df45931f3f51): 94195 bytes on disk
I20260812 06:37:40.081866  1052 maintenance_manager.cc:643] P ca3a6f42269d4e7a975f04e614351f61: UndoDeltaBlockGCOp(8711608d827a44bfb483df45931f3f51) complete. Timing: real 0.000s	user 0.000s	sys 0.000s Metrics: {"cfile_init":1,"lbm_read_time_us":62,"lbm_reads_lt_1ms":4}
I20260812 06:37:40.127117  1326 maintenance_manager.cc:643] P 66c0dd5c9c974b48a4b06e1bbf07f981: FlushMRSOp(8711608d827a44bfb483df45931f3f51) complete. Timing: real 0.372s	user 0.202s	sys 0.005s Metrics: {"bytes_written":298958,"cfile_init":1,"dirs.queue_time_us":192,"dirs.run_cpu_time_us":149,"dirs.run_wall_time_us":1655,"drs_written":1,"lbm_read_time_us":62,"lbm_reads_lt_1ms":4,"lbm_write_time_us":3924,"lbm_writes_1-10_ms":1,"lbm_writes_lt_1ms":32,"peak_mem_usage":0,"rows_written":10300,"thread_start_us":91,"threads_started":1}
I20260812 06:37:40.127735  1548 maintenance_manager.cc:419] P 66c0dd5c9c974b48a4b06e1bbf07f981: Scheduling UndoDeltaBlockGCOp(8711608d827a44bfb483df45931f3f51): 95823 bytes on disk
I20260812 06:37:40.128118  1326 maintenance_manager.cc:643] P 66c0dd5c9c974b48a4b06e1bbf07f981: UndoDeltaBlockGCOp(8711608d827a44bfb483df45931f3f51) complete. Timing: real 0.000s	user 0.000s	sys 0.000s Metrics: {"cfile_init":1,"lbm_read_time_us":65,"lbm_reads_lt_1ms":4}
I20260812 06:37:40.157984  1593 maintenance_manager.cc:643] P bd1b3abc24584409b401d7daf12eeed1: FlushMRSOp(8711608d827a44bfb483df45931f3f51) complete. Timing: real 0.409s	user 0.185s	sys 0.000s Metrics: {"bytes_written":279028,"cfile_init":1,"dirs.queue_time_us":12266,"dirs.run_cpu_time_us":150,"dirs.run_wall_time_us":1047,"drs_written":1,"lbm_read_time_us":58,"lbm_reads_lt_1ms":4,"lbm_write_time_us":1960,"lbm_writes_lt_1ms":32,"peak_mem_usage":0,"rows_written":9700,"thread_start_us":97,"threads_started":1}
I20260812 06:37:40.158897  1811 maintenance_manager.cc:419] P bd1b3abc24584409b401d7daf12eeed1: Scheduling UndoDeltaBlockGCOp(8711608d827a44bfb483df45931f3f51): 90401 bytes on disk
I20260812 06:37:40.160720  1593 maintenance_manager.cc:643] P bd1b3abc24584409b401d7daf12eeed1: UndoDeltaBlockGCOp(8711608d827a44bfb483df45931f3f51) complete. Timing: real 0.001s	user 0.000s	sys 0.000s Metrics: {"cfile_init":1,"lbm_read_time_us":90,"lbm_reads_lt_1ms":4}
I20260812 06:37:40.833241  1285 maintenance_manager.cc:419] P ca3a6f42269d4e7a975f04e614351f61: Scheduling FlushMRSOp(8711608d827a44bfb483df45931f3f51): perf score=1.000000
I20260812 06:37:40.879467  1548 maintenance_manager.cc:419] P 66c0dd5c9c974b48a4b06e1bbf07f981: Scheduling FlushMRSOp(8711608d827a44bfb483df45931f3f51): perf score=1.000000
I20260812 06:37:40.912177  1811 maintenance_manager.cc:419] P bd1b3abc24584409b401d7daf12eeed1: Scheduling FlushMRSOp(8711608d827a44bfb483df45931f3f51): perf score=1.000000
I20260812 06:37:41.437181  1052 maintenance_manager.cc:643] P ca3a6f42269d4e7a975f04e614351f61: FlushMRSOp(8711608d827a44bfb483df45931f3f51) complete. Timing: real 0.604s	user 0.211s	sys 0.000s Metrics: {"bytes_written":289685,"cfile_init":1,"dirs.queue_time_us":33954,"dirs.run_cpu_time_us":153,"dirs.run_wall_time_us":50288,"drs_written":1,"lbm_read_time_us":69,"lbm_reads_lt_1ms":4,"lbm_write_time_us":3110,"lbm_writes_1-10_ms":1,"lbm_writes_lt_1ms":31,"peak_mem_usage":0,"rows_written":10100,"spinlock_wait_cycles":217344,"thread_start_us":5813,"threads_started":1}
I20260812 06:37:41.438436  1285 maintenance_manager.cc:419] P ca3a6f42269d4e7a975f04e614351f61: Scheduling UndoDeltaBlockGCOp(8711608d827a44bfb483df45931f3f51): 94465 bytes on disk
I20260812 06:37:41.438942  1052 maintenance_manager.cc:643] P ca3a6f42269d4e7a975f04e614351f61: UndoDeltaBlockGCOp(8711608d827a44bfb483df45931f3f51) complete. Timing: real 0.000s	user 0.000s	sys 0.000s Metrics: {"cfile_init":1,"lbm_read_time_us":65,"lbm_reads_lt_1ms":4}
I20260812 06:37:41.462133  1593 maintenance_manager.cc:643] P bd1b3abc24584409b401d7daf12eeed1: FlushMRSOp(8711608d827a44bfb483df45931f3f51) complete. Timing: real 0.550s	user 0.218s	sys 0.003s Metrics: {"bytes_written":316157,"cfile_init":1,"dirs.queue_time_us":35568,"dirs.run_cpu_time_us":174,"dirs.run_wall_time_us":4402,"drs_written":1,"lbm_read_time_us":89,"lbm_reads_lt_1ms":4,"lbm_write_time_us":1865,"lbm_writes_lt_1ms":34,"peak_mem_usage":0,"rows_written":10950,"thread_start_us":83,"threads_started":1}
I20260812 06:37:41.462867  1811 maintenance_manager.cc:419] P bd1b3abc24584409b401d7daf12eeed1: Scheduling UndoDeltaBlockGCOp(8711608d827a44bfb483df45931f3f51): 102732 bytes on disk
I20260812 06:37:41.463332  1593 maintenance_manager.cc:643] P bd1b3abc24584409b401d7daf12eeed1: UndoDeltaBlockGCOp(8711608d827a44bfb483df45931f3f51) complete. Timing: real 0.000s	user 0.000s	sys 0.000s Metrics: {"cfile_init":1,"lbm_read_time_us":65,"lbm_reads_lt_1ms":4}
I20260812 06:37:41.475731  1326 maintenance_manager.cc:643] P 66c0dd5c9c974b48a4b06e1bbf07f981: FlushMRSOp(8711608d827a44bfb483df45931f3f51) complete. Timing: real 0.596s	user 0.207s	sys 0.002s Metrics: {"bytes_written":305565,"cfile_init":1,"dirs.queue_time_us":16929,"dirs.run_cpu_time_us":157,"dirs.run_wall_time_us":705,"drs_written":1,"lbm_read_time_us":57,"lbm_reads_lt_1ms":4,"lbm_write_time_us":1621,"lbm_writes_lt_1ms":33,"peak_mem_usage":0,"rows_written":10550,"thread_start_us":99,"threads_started":1}
I20260812 06:37:41.478211  1548 maintenance_manager.cc:419] P 66c0dd5c9c974b48a4b06e1bbf07f981: Scheduling UndoDeltaBlockGCOp(8711608d827a44bfb483df45931f3f51): 98853 bytes on disk
I20260812 06:37:41.478919  1326 maintenance_manager.cc:643] P 66c0dd5c9c974b48a4b06e1bbf07f981: UndoDeltaBlockGCOp(8711608d827a44bfb483df45931f3f51) complete. Timing: real 0.000s	user 0.000s	sys 0.000s Metrics: {"cfile_init":1,"lbm_read_time_us":57,"lbm_reads_lt_1ms":4}
I20260812 06:37:41.942312  1285 maintenance_manager.cc:419] P ca3a6f42269d4e7a975f04e614351f61: Scheduling FlushMRSOp(8711608d827a44bfb483df45931f3f51): perf score=1.000000
I20260812 06:37:41.975033  1811 maintenance_manager.cc:419] P bd1b3abc24584409b401d7daf12eeed1: Scheduling FlushMRSOp(8711608d827a44bfb483df45931f3f51): perf score=1.000000
I20260812 06:37:41.980110  1548 maintenance_manager.cc:419] P 66c0dd5c9c974b48a4b06e1bbf07f981: Scheduling FlushMRSOp(8711608d827a44bfb483df45931f3f51): perf score=1.000000
I20260812 06:37:42.266917  1052 maintenance_manager.cc:643] P ca3a6f42269d4e7a975f04e614351f61: FlushMRSOp(8711608d827a44bfb483df45931f3f51) complete. Timing: real 0.324s	user 0.198s	sys 0.004s Metrics: {"bytes_written":292197,"cfile_init":1,"dirs.queue_time_us":13881,"dirs.run_cpu_time_us":167,"dirs.run_wall_time_us":1426,"drs_written":1,"lbm_read_time_us":58,"lbm_reads_lt_1ms":4,"lbm_write_time_us":1737,"lbm_writes_lt_1ms":32,"peak_mem_usage":0,"rows_written":10200,"thread_start_us":119,"threads_started":1}
I20260812 06:37:42.267680  1285 maintenance_manager.cc:419] P ca3a6f42269d4e7a975f04e614351f61: Scheduling UndoDeltaBlockGCOp(8711608d827a44bfb483df45931f3f51): 95327 bytes on disk
I20260812 06:37:42.290496  1052 maintenance_manager.cc:643] P ca3a6f42269d4e7a975f04e614351f61: UndoDeltaBlockGCOp(8711608d827a44bfb483df45931f3f51) complete. Timing: real 0.000s	user 0.000s	sys 0.000s Metrics: {"cfile_init":1,"lbm_read_time_us":67,"lbm_reads_lt_1ms":4}
I20260812 06:37:42.559651  1593 maintenance_manager.cc:643] P bd1b3abc24584409b401d7daf12eeed1: FlushMRSOp(8711608d827a44bfb483df45931f3f51) complete. Timing: real 0.583s	user 0.193s	sys 0.000s Metrics: {"bytes_written":281625,"cfile_init":1,"dirs.queue_time_us":178,"dirs.run_cpu_time_us":228,"dirs.run_wall_time_us":816,"drs_written":1,"lbm_read_time_us":65,"lbm_reads_lt_1ms":4,"lbm_write_time_us":13477,"lbm_writes_10-100_ms":1,"lbm_writes_lt_1ms":31,"peak_mem_usage":0,"rows_written":9800,"thread_start_us":92,"threads_started":1}
I20260812 06:37:42.560513  1811 maintenance_manager.cc:419] P bd1b3abc24584409b401d7daf12eeed1: Scheduling UndoDeltaBlockGCOp(8711608d827a44bfb483df45931f3f51): 91744 bytes on disk
I20260812 06:37:42.562987  1593 maintenance_manager.cc:643] P bd1b3abc24584409b401d7daf12eeed1: UndoDeltaBlockGCOp(8711608d827a44bfb483df45931f3f51) complete. Timing: real 0.000s	user 0.000s	sys 0.000s Metrics: {"cfile_init":1,"lbm_read_time_us":65,"lbm_reads_lt_1ms":4}
I20260812 06:37:42.571099  1326 maintenance_manager.cc:643] P 66c0dd5c9c974b48a4b06e1bbf07f981: FlushMRSOp(8711608d827a44bfb483df45931f3f51) complete. Timing: real 0.591s	user 0.199s	sys 0.001s Metrics: {"bytes_written":289671,"cfile_init":1,"dirs.queue_time_us":4743,"dirs.run_cpu_time_us":179,"dirs.run_wall_time_us":632,"drs_written":1,"lbm_read_time_us":54,"lbm_reads_lt_1ms":4,"lbm_write_time_us":1542,"lbm_writes_lt_1ms":32,"peak_mem_usage":0,"rows_written":10100,"thread_start_us":105,"threads_started":1}
I20260812 06:37:42.571802  1548 maintenance_manager.cc:419] P 66c0dd5c9c974b48a4b06e1bbf07f981: Scheduling UndoDeltaBlockGCOp(8711608d827a44bfb483df45931f3f51): 94576 bytes on disk
I20260812 06:37:42.572255  1326 maintenance_manager.cc:643] P 66c0dd5c9c974b48a4b06e1bbf07f981: UndoDeltaBlockGCOp(8711608d827a44bfb483df45931f3f51) complete. Timing: real 0.000s	user 0.000s	sys 0.000s Metrics: {"cfile_init":1,"lbm_read_time_us":83,"lbm_reads_lt_1ms":4}
I20260812 06:37:43.042372  1285 maintenance_manager.cc:419] P ca3a6f42269d4e7a975f04e614351f61: Scheduling FlushMRSOp(8711608d827a44bfb483df45931f3f51): perf score=1.000000
I20260812 06:37:43.071334  1811 maintenance_manager.cc:419] P bd1b3abc24584409b401d7daf12eeed1: Scheduling FlushMRSOp(8711608d827a44bfb483df45931f3f51): perf score=1.000000
I20260812 06:37:43.073370  1548 maintenance_manager.cc:419] P 66c0dd5c9c974b48a4b06e1bbf07f981: Scheduling FlushMRSOp(8711608d827a44bfb483df45931f3f51): perf score=1.000000
I20260812 06:37:43.703073  1052 maintenance_manager.cc:643] P ca3a6f42269d4e7a975f04e614351f61: FlushMRSOp(8711608d827a44bfb483df45931f3f51) complete. Timing: real 0.660s	user 0.194s	sys 0.004s Metrics: {"bytes_written":279236,"cfile_init":1,"dirs.queue_time_us":4057,"dirs.run_cpu_time_us":179,"dirs.run_wall_time_us":17830,"drs_written":1,"lbm_read_time_us":58,"lbm_reads_lt_1ms":4,"lbm_write_time_us":5083,"lbm_writes_1-10_ms":1,"lbm_writes_lt_1ms":31,"peak_mem_usage":0,"rows_written":9700,"spinlock_wait_cycles":225536,"thread_start_us":88,"threads_started":1}
I20260812 06:37:43.704236  1285 maintenance_manager.cc:419] P ca3a6f42269d4e7a975f04e614351f61: Scheduling UndoDeltaBlockGCOp(8711608d827a44bfb483df45931f3f51): 90652 bytes on disk
I20260812 06:37:43.704715  1052 maintenance_manager.cc:643] P ca3a6f42269d4e7a975f04e614351f61: UndoDeltaBlockGCOp(8711608d827a44bfb483df45931f3f51) complete. Timing: real 0.000s	user 0.000s	sys 0.000s Metrics: {"cfile_init":1,"lbm_read_time_us":63,"lbm_reads_lt_1ms":4}
I20260812 06:37:43.760183  1593 maintenance_manager.cc:643] P bd1b3abc24584409b401d7daf12eeed1: FlushMRSOp(8711608d827a44bfb483df45931f3f51) complete. Timing: real 0.689s	user 0.190s	sys 0.000s Metrics: {"bytes_written":272725,"cfile_init":1,"dirs.queue_time_us":18750,"dirs.run_cpu_time_us":170,"dirs.run_wall_time_us":928,"drs_written":1,"lbm_read_time_us":55,"lbm_reads_lt_1ms":4,"lbm_write_time_us":1470,"lbm_writes_lt_1ms":32,"peak_mem_usage":0,"rows_written":9450,"thread_start_us":86,"threads_started":1}
I20260812 06:37:43.762641  1811 maintenance_manager.cc:419] P bd1b3abc24584409b401d7daf12eeed1: Scheduling UndoDeltaBlockGCOp(8711608d827a44bfb483df45931f3f51): 88400 bytes on disk
I20260812 06:37:43.764617  1593 maintenance_manager.cc:643] P bd1b3abc24584409b401d7daf12eeed1: UndoDeltaBlockGCOp(8711608d827a44bfb483df45931f3f51) complete. Timing: real 0.000s	user 0.000s	sys 0.000s Metrics: {"cfile_init":1,"lbm_read_time_us":73,"lbm_reads_lt_1ms":4}
I20260812 06:37:43.867961  1326 maintenance_manager.cc:643] P 66c0dd5c9c974b48a4b06e1bbf07f981: FlushMRSOp(8711608d827a44bfb483df45931f3f51) complete. Timing: real 0.794s	user 0.190s	sys 0.005s Metrics: {"bytes_written":272547,"cfile_init":1,"dirs.queue_time_us":2520,"dirs.run_cpu_time_us":195,"dirs.run_wall_time_us":2859,"drs_written":1,"lbm_read_time_us":54,"lbm_reads_lt_1ms":4,"lbm_write_time_us":1881,"lbm_writes_lt_1ms":32,"peak_mem_usage":0,"rows_written":9450,"thread_start_us":80,"threads_started":1}
I20260812 06:37:43.871908  1548 maintenance_manager.cc:419] P 66c0dd5c9c974b48a4b06e1bbf07f981: Scheduling UndoDeltaBlockGCOp(8711608d827a44bfb483df45931f3f51): 88384 bytes on disk
I20260812 06:37:43.873533  1326 maintenance_manager.cc:643] P 66c0dd5c9c974b48a4b06e1bbf07f981: UndoDeltaBlockGCOp(8711608d827a44bfb483df45931f3f51) complete. Timing: real 0.000s	user 0.000s	sys 0.000s Metrics: {"cfile_init":1,"lbm_read_time_us":66,"lbm_reads_lt_1ms":4}
I20260812 06:37:44.206192  1285 maintenance_manager.cc:419] P ca3a6f42269d4e7a975f04e614351f61: Scheduling FlushMRSOp(8711608d827a44bfb483df45931f3f51): perf score=1.000000
I20260812 06:37:44.267104  1811 maintenance_manager.cc:419] P bd1b3abc24584409b401d7daf12eeed1: Scheduling FlushMRSOp(8711608d827a44bfb483df45931f3f51): perf score=1.000000
I20260812 06:37:44.374817  1548 maintenance_manager.cc:419] P 66c0dd5c9c974b48a4b06e1bbf07f981: Scheduling FlushMRSOp(8711608d827a44bfb483df45931f3f51): perf score=1.000000
I20260812 06:37:44.713619  1052 maintenance_manager.cc:643] P ca3a6f42269d4e7a975f04e614351f61: FlushMRSOp(8711608d827a44bfb483df45931f3f51) complete. Timing: real 0.507s	user 0.200s	sys 0.000s Metrics: {"bytes_written":279077,"cfile_init":1,"dirs.queue_time_us":22850,"dirs.run_cpu_time_us":182,"dirs.run_wall_time_us":4875,"drs_written":1,"lbm_read_time_us":58,"lbm_reads_lt_1ms":4,"lbm_write_time_us":1667,"lbm_writes_lt_1ms":32,"peak_mem_usage":0,"rows_written":9700,"thread_start_us":95,"threads_started":1}
I20260812 06:37:44.716253  1285 maintenance_manager.cc:419] P ca3a6f42269d4e7a975f04e614351f61: Scheduling UndoDeltaBlockGCOp(8711608d827a44bfb483df45931f3f51): 90844 bytes on disk
I20260812 06:37:44.728850  1052 maintenance_manager.cc:643] P ca3a6f42269d4e7a975f04e614351f61: UndoDeltaBlockGCOp(8711608d827a44bfb483df45931f3f51) complete. Timing: real 0.000s	user 0.000s	sys 0.000s Metrics: {"cfile_init":1,"lbm_read_time_us":82,"lbm_reads_lt_1ms":4}
I20260812 06:37:44.872027  1593 maintenance_manager.cc:643] P bd1b3abc24584409b401d7daf12eeed1: FlushMRSOp(8711608d827a44bfb483df45931f3f51) complete. Timing: real 0.605s	user 0.207s	sys 0.000s Metrics: {"bytes_written":299038,"cfile_init":1,"dirs.queue_time_us":2002,"dirs.run_cpu_time_us":193,"dirs.run_wall_time_us":901,"drs_written":1,"lbm_read_time_us":67,"lbm_reads_lt_1ms":4,"lbm_write_time_us":1675,"lbm_writes_lt_1ms":33,"peak_mem_usage":0,"rows_written":10300,"spinlock_wait_cycles":220544,"thread_start_us":108,"threads_started":1}
I20260812 06:37:44.874660  1811 maintenance_manager.cc:419] P bd1b3abc24584409b401d7daf12eeed1: Scheduling UndoDeltaBlockGCOp(8711608d827a44bfb483df45931f3f51): 96692 bytes on disk
I20260812 06:37:44.875459  1593 maintenance_manager.cc:643] P bd1b3abc24584409b401d7daf12eeed1: UndoDeltaBlockGCOp(8711608d827a44bfb483df45931f3f51) complete. Timing: real 0.000s	user 0.000s	sys 0.000s Metrics: {"cfile_init":1,"lbm_read_time_us":67,"lbm_reads_lt_1ms":4}
I20260812 06:37:44.926817  1326 maintenance_manager.cc:643] P 66c0dd5c9c974b48a4b06e1bbf07f981: FlushMRSOp(8711608d827a44bfb483df45931f3f51) complete. Timing: real 0.552s	user 0.229s	sys 0.000s Metrics: {"bytes_written":317632,"cfile_init":1,"dirs.queue_time_us":723,"dirs.run_cpu_time_us":152,"dirs.run_wall_time_us":4576,"drs_written":1,"lbm_read_time_us":58,"lbm_reads_lt_1ms":4,"lbm_write_time_us":19295,"lbm_writes_10-100_ms":1,"lbm_writes_lt_1ms":33,"peak_mem_usage":0,"rows_written":11000,"thread_start_us":101,"threads_started":1}
I20260812 06:37:44.927752  1548 maintenance_manager.cc:419] P 66c0dd5c9c974b48a4b06e1bbf07f981: Scheduling UndoDeltaBlockGCOp(8711608d827a44bfb483df45931f3f51): 103572 bytes on disk
I20260812 06:37:44.928323  1326 maintenance_manager.cc:643] P 66c0dd5c9c974b48a4b06e1bbf07f981: UndoDeltaBlockGCOp(8711608d827a44bfb483df45931f3f51) complete. Timing: real 0.000s	user 0.000s	sys 0.000s Metrics: {"cfile_init":1,"lbm_read_time_us":71,"lbm_reads_lt_1ms":4}
I20260812 06:37:45.481731  1285 maintenance_manager.cc:419] P ca3a6f42269d4e7a975f04e614351f61: Scheduling FlushMRSOp(8711608d827a44bfb483df45931f3f51): perf score=1.000000
I20260812 06:37:45.628408  1811 maintenance_manager.cc:419] P bd1b3abc24584409b401d7daf12eeed1: Scheduling FlushMRSOp(8711608d827a44bfb483df45931f3f51): perf score=1.000000
I20260812 06:37:45.681130  1548 maintenance_manager.cc:419] P 66c0dd5c9c974b48a4b06e1bbf07f981: Scheduling FlushMRSOp(8711608d827a44bfb483df45931f3f51): perf score=1.000000
I20260812 06:37:45.949811  1052 maintenance_manager.cc:643] P ca3a6f42269d4e7a975f04e614351f61: FlushMRSOp(8711608d827a44bfb483df45931f3f51) complete. Timing: real 0.467s	user 0.205s	sys 0.000s Metrics: {"bytes_written":293391,"cfile_init":1,"dirs.queue_time_us":40296,"dirs.run_cpu_time_us":192,"dirs.run_wall_time_us":5991,"drs_written":1,"lbm_read_time_us":53,"lbm_reads_lt_1ms":4,"lbm_write_time_us":1574,"lbm_writes_lt_1ms":32,"peak_mem_usage":0,"rows_written":10250,"thread_start_us":91,"threads_started":1}
I20260812 06:37:45.950754  1285 maintenance_manager.cc:419] P ca3a6f42269d4e7a975f04e614351f61: Scheduling UndoDeltaBlockGCOp(8711608d827a44bfb483df45931f3f51): 95990 bytes on disk
I20260812 06:37:45.957959  1052 maintenance_manager.cc:643] P ca3a6f42269d4e7a975f04e614351f61: UndoDeltaBlockGCOp(8711608d827a44bfb483df45931f3f51) complete. Timing: real 0.000s	user 0.000s	sys 0.000s Metrics: {"cfile_init":1,"lbm_read_time_us":61,"lbm_reads_lt_1ms":4}
I20260812 06:37:46.007125  1593 maintenance_manager.cc:643] P bd1b3abc24584409b401d7daf12eeed1: FlushMRSOp(8711608d827a44bfb483df45931f3f51) complete. Timing: real 0.378s	user 0.199s	sys 0.011s Metrics: {"bytes_written":306895,"cfile_init":1,"dirs.queue_time_us":28345,"dirs.run_cpu_time_us":164,"dirs.run_wall_time_us":830,"drs_written":1,"lbm_read_time_us":65,"lbm_reads_lt_1ms":4,"lbm_write_time_us":1822,"lbm_writes_lt_1ms":33,"peak_mem_usage":0,"rows_written":10600,"thread_start_us":115,"threads_started":1}
I20260812 06:37:46.011973  1811 maintenance_manager.cc:419] P bd1b3abc24584409b401d7daf12eeed1: Scheduling UndoDeltaBlockGCOp(8711608d827a44bfb483df45931f3f51): 99067 bytes on disk
I20260812 06:37:46.013055  1593 maintenance_manager.cc:643] P bd1b3abc24584409b401d7daf12eeed1: UndoDeltaBlockGCOp(8711608d827a44bfb483df45931f3f51) complete. Timing: real 0.001s	user 0.000s	sys 0.000s Metrics: {"cfile_init":1,"lbm_read_time_us":261,"lbm_reads_lt_1ms":4}
I20260812 06:37:46.109769  1326 maintenance_manager.cc:643] P 66c0dd5c9c974b48a4b06e1bbf07f981: FlushMRSOp(8711608d827a44bfb483df45931f3f51) complete. Timing: real 0.428s	user 0.194s	sys 0.004s Metrics: {"bytes_written":299091,"cfile_init":1,"dirs.queue_time_us":1354,"dirs.run_cpu_time_us":165,"dirs.run_wall_time_us":2092,"drs_written":1,"lbm_read_time_us":56,"lbm_reads_lt_1ms":4,"lbm_write_time_us":4715,"lbm_writes_1-10_ms":1,"lbm_writes_lt_1ms":32,"peak_mem_usage":0,"rows_written":10300,"spinlock_wait_cycles":220928,"thread_start_us":77,"threads_started":1}
I20260812 06:37:46.110764  1548 maintenance_manager.cc:419] P 66c0dd5c9c974b48a4b06e1bbf07f981: Scheduling UndoDeltaBlockGCOp(8711608d827a44bfb483df45931f3f51): 95968 bytes on disk
I20260812 06:37:46.111227  1326 maintenance_manager.cc:643] P 66c0dd5c9c974b48a4b06e1bbf07f981: UndoDeltaBlockGCOp(8711608d827a44bfb483df45931f3f51) complete. Timing: real 0.000s	user 0.000s	sys 0.000s Metrics: {"cfile_init":1,"lbm_read_time_us":74,"lbm_reads_lt_1ms":4}
I20260812 06:37:46.611753   882 catalog_manager.cc:2533] Servicing SoftDeleteTable request from {username='slave'} at 127.0.0.1:45378:
table { table_name: "test-workload" } modify_external_catalogs: true
I20260812 06:37:46.611909   882 catalog_manager.cc:2781] Servicing DeleteTable request from {username='slave'} at 127.0.0.1:45378:
table { table_name: "test-workload" } modify_external_catalogs: true
I20260812 06:37:46.614675   882 catalog_manager.cc:6006] T 00000000000000000000000000000000 P a67abcf19f774b0980aa39f1f2f86fdd: Sending DeleteTablet for 3 replicas of tablet 8711608d827a44bfb483df45931f3f51
I20260812 06:37:46.615412  1402 tablet_service.cc:1558] Processing DeleteTablet for tablet 8711608d827a44bfb483df45931f3f51 with delete_type TABLET_DATA_DELETED (Table deleted at 2026-08-12 06:37:46 UTC) from {username='slave'} at 127.0.0.1:33430
I20260812 06:37:46.615451  1682 tablet_service.cc:1558] Processing DeleteTablet for tablet 8711608d827a44bfb483df45931f3f51 with delete_type TABLET_DATA_DELETED (Table deleted at 2026-08-12 06:37:46 UTC) from {username='slave'} at 127.0.0.1:58572
I20260812 06:37:46.615592  1144 tablet_service.cc:1558] Processing DeleteTablet for tablet 8711608d827a44bfb483df45931f3f51 with delete_type TABLET_DATA_DELETED (Table deleted at 2026-08-12 06:37:46 UTC) from {username='slave'} at 127.0.0.1:51128
I20260812 06:37:46.615866  2034 tablet_replica.cc:333] T 8711608d827a44bfb483df45931f3f51 P 66c0dd5c9c974b48a4b06e1bbf07f981: stopping tablet replica
I20260812 06:37:46.615895  2035 tablet_replica.cc:333] T 8711608d827a44bfb483df45931f3f51 P bd1b3abc24584409b401d7daf12eeed1: stopping tablet replica
I20260812 06:37:46.616050  2045 tablet_replica.cc:333] T 8711608d827a44bfb483df45931f3f51 P ca3a6f42269d4e7a975f04e614351f61: stopping tablet replica
I20260812 06:37:46.616166  2034 raft_consensus.cc:2243] T 8711608d827a44bfb483df45931f3f51 P 66c0dd5c9c974b48a4b06e1bbf07f981 [term 1 FOLLOWER]: Raft consensus shutting down.
I20260812 06:37:46.616166  2035 raft_consensus.cc:2243] T 8711608d827a44bfb483df45931f3f51 P bd1b3abc24584409b401d7daf12eeed1 [term 1 LEADER]: Raft consensus shutting down.
I20260812 06:37:46.616282  2045 raft_consensus.cc:2243] T 8711608d827a44bfb483df45931f3f51 P ca3a6f42269d4e7a975f04e614351f61 [term 1 FOLLOWER]: Raft consensus shutting down.
I20260812 06:37:46.616436  2034 raft_consensus.cc:2272] T 8711608d827a44bfb483df45931f3f51 P 66c0dd5c9c974b48a4b06e1bbf07f981 [term 1 FOLLOWER]: Raft consensus is shut down!
I20260812 06:37:46.616487  2045 raft_consensus.cc:2272] T 8711608d827a44bfb483df45931f3f51 P ca3a6f42269d4e7a975f04e614351f61 [term 1 FOLLOWER]: Raft consensus is shut down!
I20260812 06:37:46.616586  2035 raft_consensus.cc:2272] T 8711608d827a44bfb483df45931f3f51 P bd1b3abc24584409b401d7daf12eeed1 [term 1 FOLLOWER]: Raft consensus is shut down!
I20260812 06:37:46.617558  2035 ts_tablet_manager.cc:1916] T 8711608d827a44bfb483df45931f3f51 P bd1b3abc24584409b401d7daf12eeed1: Deleting tablet data with delete state TABLET_DATA_DELETED
I20260812 06:37:46.618132  2034 ts_tablet_manager.cc:1916] T 8711608d827a44bfb483df45931f3f51 P 66c0dd5c9c974b48a4b06e1bbf07f981: Deleting tablet data with delete state TABLET_DATA_DELETED
I20260812 06:37:46.618131  2045 ts_tablet_manager.cc:1916] T 8711608d827a44bfb483df45931f3f51 P ca3a6f42269d4e7a975f04e614351f61: Deleting tablet data with delete state TABLET_DATA_DELETED
I20260812 06:37:46.620741  2035 ts_tablet_manager.cc:1929] T 8711608d827a44bfb483df45931f3f51 P bd1b3abc24584409b401d7daf12eeed1: tablet deleted with delete type TABLET_DATA_DELETED: last-logged OpId 1.2010
I20260812 06:37:46.620848  2035 log.cc:1199] T 8711608d827a44bfb483df45931f3f51 P bd1b3abc24584409b401d7daf12eeed1: Deleting WAL directory at /tmp/dist-test-taskVmDJfF/test-tmp/delete_table-itest.7.Params_DeleteTableWhileScanInProgressParamTest.Test_4.1786516645793418-30054-0/minicluster-data/ts-2/wal/wals/8711608d827a44bfb483df45931f3f51
I20260812 06:37:46.622273  2035 ts_tablet_manager.cc:1950] T 8711608d827a44bfb483df45931f3f51 P bd1b3abc24584409b401d7daf12eeed1: Deleting consensus metadata
I20260812 06:37:46.622968   865 catalog_manager.cc:5050] TS bd1b3abc24584409b401d7daf12eeed1 (127.29.89.131:39037): tablet 8711608d827a44bfb483df45931f3f51 (table test-workload [id=56a9c31aef85409a8a7cfa256ebc35b2]) successfully deleted
I20260812 06:37:46.623106  2034 ts_tablet_manager.cc:1929] T 8711608d827a44bfb483df45931f3f51 P 66c0dd5c9c974b48a4b06e1bbf07f981: tablet deleted with delete type TABLET_DATA_DELETED: last-logged OpId 1.2010
I20260812 06:37:46.623194  2034 log.cc:1199] T 8711608d827a44bfb483df45931f3f51 P 66c0dd5c9c974b48a4b06e1bbf07f981: Deleting WAL directory at /tmp/dist-test-taskVmDJfF/test-tmp/delete_table-itest.7.Params_DeleteTableWhileScanInProgressParamTest.Test_4.1786516645793418-30054-0/minicluster-data/ts-1/wal/wals/8711608d827a44bfb483df45931f3f51
I20260812 06:37:46.623358  2045 ts_tablet_manager.cc:1929] T 8711608d827a44bfb483df45931f3f51 P ca3a6f42269d4e7a975f04e614351f61: tablet deleted with delete type TABLET_DATA_DELETED: last-logged OpId 1.2010
I20260812 06:37:46.623474  2045 log.cc:1199] T 8711608d827a44bfb483df45931f3f51 P ca3a6f42269d4e7a975f04e614351f61: Deleting WAL directory at /tmp/dist-test-taskVmDJfF/test-tmp/delete_table-itest.7.Params_DeleteTableWhileScanInProgressParamTest.Test_4.1786516645793418-30054-0/minicluster-data/ts-0/wal/wals/8711608d827a44bfb483df45931f3f51
I20260812 06:37:46.624791  2034 ts_tablet_manager.cc:1950] T 8711608d827a44bfb483df45931f3f51 P 66c0dd5c9c974b48a4b06e1bbf07f981: Deleting consensus metadata
I20260812 06:37:46.624828  2045 ts_tablet_manager.cc:1950] T 8711608d827a44bfb483df45931f3f51 P ca3a6f42269d4e7a975f04e614351f61: Deleting consensus metadata
I20260812 06:37:46.626129   865 catalog_manager.cc:5050] TS ca3a6f42269d4e7a975f04e614351f61 (127.29.89.129:46259): tablet 8711608d827a44bfb483df45931f3f51 (table test-workload [id=56a9c31aef85409a8a7cfa256ebc35b2]) successfully deleted
I20260812 06:37:46.626334   865 catalog_manager.cc:5050] TS 66c0dd5c9c974b48a4b06e1bbf07f981 (127.29.89.130:37497): tablet 8711608d827a44bfb483df45931f3f51 (table test-workload [id=56a9c31aef85409a8a7cfa256ebc35b2]) successfully deleted
I20260812 06:37:47.564711 30054 external_mini_cluster.cc:1664] Killing /tmp/dist-test-taskVmDJfF/build/debug/bin/kudu with pid 1014
I20260812 06:37:47.583098 30054 external_mini_cluster.cc:1664] Killing /tmp/dist-test-taskVmDJfF/build/debug/bin/kudu with pid 1288
I20260812 06:37:47.605651 30054 external_mini_cluster.cc:1664] Killing /tmp/dist-test-taskVmDJfF/build/debug/bin/kudu with pid 1551
I20260812 06:37:47.622160 30054 external_mini_cluster.cc:1664] Killing /tmp/dist-test-taskVmDJfF/build/debug/bin/kudu with pid 826
2026-08-12T06:37:47Z chronyd exiting
[       OK ] Params/DeleteTableWhileScanInProgressParamTest.Test/4 (12923 ms)
[----------] 1 test from Params/DeleteTableWhileScanInProgressParamTest (12923 ms total)

[----------] Global test environment tear-down
[==========] 3 tests from 3 test suites ran. (21851 ms total)
[  PASSED  ] 3 tests.
