I20260812 06:36:21.615939 10980 hybrid_clock.cc:630] waiting up to --ntp_initial_sync_wait_secs=10 seconds for the clock to synchronize
I20260812 06:36:21.617112 10980 hybrid_clock.cc:648] HybridClock initialized: now 1786516581617111 us; error 34 us; skew 500 ppm
I20260812 06:36:21.618774 10980 webserver.cc:533] Webserver started at http://127.4.78.199:45151/ using document root <none> and password file <none>
I20260812 06:36:21.619319 10980 fs_manager.cc:362] Metadata directory not provided
I20260812 06:36:21.619379 10980 fs_manager.cc:368] Using write-ahead log directory (fs_wal_dir) as metadata directory
I20260812 06:36:21.619554 10980 server_base.cc:909] This appears to be a new deployment of Kudu; creating new FS layout
I20260812 06:36:21.621076 10980 fs_manager.cc:1068] Generated new instance metadata in path /tmp/dist-test-tasktpxZwx/test-tmp/rebalancer_tool-test.4.RebalanceParamTest.Rebalance_3.1786516563256424-4411-0/raft_consensus-itest-cluster/ts-6/data/instance:
uuid: "aa14ef95125c4ab8bd903110d5f265ec"
format_stamp: "Formatted at 2026-08-12 06:36:21 on dist-test-slave-jlzn"
I20260812 06:36:21.621520 10980 fs_manager.cc:1068] Generated new instance metadata in path /tmp/dist-test-tasktpxZwx/test-tmp/rebalancer_tool-test.4.RebalanceParamTest.Rebalance_3.1786516563256424-4411-0/raft_consensus-itest-cluster/ts-6/wal/instance:
uuid: "aa14ef95125c4ab8bd903110d5f265ec"
format_stamp: "Formatted at 2026-08-12 06:36:21 on dist-test-slave-jlzn"
I20260812 06:36:21.624639 10980 fs_manager.cc:696] Time spent creating directory manager: real 0.003s	user 0.002s	sys 0.002s
I20260812 06:36:21.626632 11002 log_block_manager.cc:4127] Time spent loading block containers with low live blocks: real 0.000s	user 0.000s	sys 0.000s
I20260812 06:36:21.627522 10980 fs_manager.cc:730] Time spent opening block manager: real 0.002s	user 0.002s	sys 0.001s
I20260812 06:36:21.627625 10980 fs_manager.cc:647] Opened local filesystem: /tmp/dist-test-tasktpxZwx/test-tmp/rebalancer_tool-test.4.RebalanceParamTest.Rebalance_3.1786516563256424-4411-0/raft_consensus-itest-cluster/ts-6/data,/tmp/dist-test-tasktpxZwx/test-tmp/rebalancer_tool-test.4.RebalanceParamTest.Rebalance_3.1786516563256424-4411-0/raft_consensus-itest-cluster/ts-6/wal
uuid: "aa14ef95125c4ab8bd903110d5f265ec"
format_stamp: "Formatted at 2026-08-12 06:36:21 on dist-test-slave-jlzn"
I20260812 06:36:21.627705 10980 fs_report.cc:389] FS layout report
--------------------
wal directory: /tmp/dist-test-tasktpxZwx/test-tmp/rebalancer_tool-test.4.RebalanceParamTest.Rebalance_3.1786516563256424-4411-0/raft_consensus-itest-cluster/ts-6/wal
metadata directory: /tmp/dist-test-tasktpxZwx/test-tmp/rebalancer_tool-test.4.RebalanceParamTest.Rebalance_3.1786516563256424-4411-0/raft_consensus-itest-cluster/ts-6/wal
1 data directories: /tmp/dist-test-tasktpxZwx/test-tmp/rebalancer_tool-test.4.RebalanceParamTest.Rebalance_3.1786516563256424-4411-0/raft_consensus-itest-cluster/ts-6/data/data
Total live blocks: 0
Total live bytes: 0
Total live bytes (after alignment): 0
Total number of LBM containers: 0 (0 full)
Did not check for missing blocks
Did not check for orphaned blocks
Total full LBM containers with extra space: 0 (0 repaired)
Total full LBM container extra space in bytes: 0 (0 repaired)
Total incomplete LBM containers: 0 (0 repaired)
Total LBM partial records: 0 (0 repaired)
Total corrupted LBM metadata records in RocksDB: 0 (0 repaired)
I20260812 06:36:21.647141 10980 rpc_server.cc:225] running with OpenSSL 1.1.1  11 Sep 2018
I20260812 06:36:21.647881 10980 env_posix.cc:2285] Not raising this process' running threads per effective uid limit of 18446744073709551615; it is already as high as it can go
I20260812 06:36:21.648052 10980 kserver.cc:163] Server-wide thread pool size limit: 3276
I20260812 06:36:21.648615 10980 txn_system_client.cc:432] TxnSystemClient initialization is disabled...
I20260812 06:36:21.649587 10980 ts_tablet_manager.cc:585] Loaded tablet metadata (0 total tablets, 0 live tablets)
I20260812 06:36:21.649638 10980 ts_tablet_manager.cc:531] Time spent load tablet metadata: real 0.000s	user 0.000s	sys 0.000s
I20260812 06:36:21.649690 10980 ts_tablet_manager.cc:616] Registered 0 tablets
I20260812 06:36:21.649715 10980 ts_tablet_manager.cc:595] Time spent register tablets: real 0.000s	user 0.000s	sys 0.000s
I20260812 06:36:21.658418 10980 rpc_server.cc:307] RPC server started. Bound to: 127.4.78.199:43565
I20260812 06:36:21.658452 11187 acceptor_pool.cc:272] collecting diagnostics on the listening RPC socket 127.4.78.199:43565 every 8 connection(s)
I20260812 06:36:21.659405 10980 server_base.cc:1193] Dumped server information to /tmp/dist-test-tasktpxZwx/test-tmp/rebalancer_tool-test.4.RebalanceParamTest.Rebalance_3.1786516563256424-4411-0/raft_consensus-itest-cluster/ts-6/data/info.pb
I20260812 06:36:21.662521  4411 external_mini_cluster.cc:1434] Started /tmp/dist-test-tasktpxZwx/build/debug/bin/kudu as pid 10980
I20260812 06:36:21.662608  4411 external_mini_cluster.cc:1448] Reading /tmp/dist-test-tasktpxZwx/test-tmp/rebalancer_tool-test.4.RebalanceParamTest.Rebalance_3.1786516563256424-4411-0/raft_consensus-itest-cluster/ts-6/wal/instance
I20260812 06:36:21.667619 11188 heartbeater.cc:344] Connected to a master server at 127.4.78.254:39387
I20260812 06:36:21.667865 11188 heartbeater.cc:461] Registering TS with master...
I20260812 06:36:21.668325 11188 heartbeater.cc:507] Master 127.4.78.254:39387 requested a full tablet report, sending...
I20260812 06:36:21.669220  9621 ts_manager.cc:194] Registered new tserver with Master: aa14ef95125c4ab8bd903110d5f265ec (127.4.78.199:43565)
I20260812 06:36:21.669786  9621 master_service.cc:502] Signed X509 certificate for tserver {username='slave'} at 127.4.78.199:44501
I20260812 06:36:21.676574  4411 external_mini_cluster.cc:955] 7 TS(s) registered with all masters
I20260812 06:36:21.685364  9621 catalog_manager.cc:2283] Servicing CreateTable request from {username='slave'} at 127.0.0.1:58124:
name: "TestTable"
schema {
  columns {
    name: "key"
    type: INT32
    is_key: true
    is_nullable: false
    encoding: AUTO_ENCODING
    compression: DEFAULT_COMPRESSION
    cfile_block_size: 0
    immutable: false
  }
  columns {
    name: "int_val"
    type: INT32
    is_key: false
    is_nullable: false
    encoding: AUTO_ENCODING
    compression: DEFAULT_COMPRESSION
    cfile_block_size: 0
    immutable: false
  }
  columns {
    name: "string_val"
    type: STRING
    is_key: false
    is_nullable: true
    encoding: AUTO_ENCODING
    compression: DEFAULT_COMPRESSION
    cfile_block_size: 0
    immutable: false
  }
}
num_replicas: 2
split_rows_range_bounds {
}
partition_schema {
  range_schema {
    columns {
      name: "key"
    }
  }
}
owner: "alice"
I20260812 06:36:21.702128 11076 tablet_service.cc:1511] Processing CreateTablet for tablet f306ecf051dd4d71a3c6662f61cdee3f (DEFAULT_TABLE table=TestTable [id=991ea047082a452c9021e21c69760c29]), partition=RANGE (key) PARTITION UNBOUNDED
I20260812 06:36:21.702132 10452 tablet_service.cc:1511] Processing CreateTablet for tablet f306ecf051dd4d71a3c6662f61cdee3f (DEFAULT_TABLE table=TestTable [id=991ea047082a452c9021e21c69760c29]), partition=RANGE (key) PARTITION UNBOUNDED
I20260812 06:36:21.702999 11076 data_dirs.cc:400] Could only allocate 1 dirs of requested 3 for tablet f306ecf051dd4d71a3c6662f61cdee3f. 1 dirs total, 0 dirs full, 0 dirs failed
I20260812 06:36:21.703008 10452 data_dirs.cc:400] Could only allocate 1 dirs of requested 3 for tablet f306ecf051dd4d71a3c6662f61cdee3f. 1 dirs total, 0 dirs full, 0 dirs failed
I20260812 06:36:21.707458 11214 tablet_bootstrap.cc:492] T f306ecf051dd4d71a3c6662f61cdee3f P a39cfa22d6354e678e0fb8cdd660a456: Bootstrap starting.
I20260812 06:36:21.707509 11216 tablet_bootstrap.cc:492] T f306ecf051dd4d71a3c6662f61cdee3f P aa14ef95125c4ab8bd903110d5f265ec: Bootstrap starting.
I20260812 06:36:21.709427 11214 tablet_bootstrap.cc:654] T f306ecf051dd4d71a3c6662f61cdee3f P a39cfa22d6354e678e0fb8cdd660a456: Neither blocks nor log segments found. Creating new log.
I20260812 06:36:21.709452 11216 tablet_bootstrap.cc:654] T f306ecf051dd4d71a3c6662f61cdee3f P aa14ef95125c4ab8bd903110d5f265ec: Neither blocks nor log segments found. Creating new log.
I20260812 06:36:21.710052 11214 log.cc:826] T f306ecf051dd4d71a3c6662f61cdee3f P a39cfa22d6354e678e0fb8cdd660a456: Log is configured to *not* fsync() on all Append() calls
I20260812 06:36:21.710052 11216 log.cc:826] T f306ecf051dd4d71a3c6662f61cdee3f P aa14ef95125c4ab8bd903110d5f265ec: Log is configured to *not* fsync() on all Append() calls
I20260812 06:36:21.711478 11214 tablet_bootstrap.cc:492] T f306ecf051dd4d71a3c6662f61cdee3f P a39cfa22d6354e678e0fb8cdd660a456: No bootstrap required, opened a new log
I20260812 06:36:21.711494 11216 tablet_bootstrap.cc:492] T f306ecf051dd4d71a3c6662f61cdee3f P aa14ef95125c4ab8bd903110d5f265ec: No bootstrap required, opened a new log
I20260812 06:36:21.711673 11216 ts_tablet_manager.cc:1403] T f306ecf051dd4d71a3c6662f61cdee3f P aa14ef95125c4ab8bd903110d5f265ec: Time spent bootstrapping tablet: real 0.004s	user 0.003s	sys 0.000s
I20260812 06:36:21.711673 11214 ts_tablet_manager.cc:1403] T f306ecf051dd4d71a3c6662f61cdee3f P a39cfa22d6354e678e0fb8cdd660a456: Time spent bootstrapping tablet: real 0.004s	user 0.003s	sys 0.000s
I20260812 06:36:21.713860 11214 raft_consensus.cc:359] T f306ecf051dd4d71a3c6662f61cdee3f P a39cfa22d6354e678e0fb8cdd660a456 [term 0 FOLLOWER]: Replica starting. Triggering 0 pending ops. Active config: opid_index: -1 OBSOLETE_local: false peers { permanent_uuid: "a39cfa22d6354e678e0fb8cdd660a456" member_type: VOTER last_known_addr { host: "127.4.78.196" port: 39495 } } peers { permanent_uuid: "aa14ef95125c4ab8bd903110d5f265ec" member_type: VOTER last_known_addr { host: "127.4.78.199" port: 43565 } }
I20260812 06:36:21.713860 11216 raft_consensus.cc:359] T f306ecf051dd4d71a3c6662f61cdee3f P aa14ef95125c4ab8bd903110d5f265ec [term 0 FOLLOWER]: Replica starting. Triggering 0 pending ops. Active config: opid_index: -1 OBSOLETE_local: false peers { permanent_uuid: "a39cfa22d6354e678e0fb8cdd660a456" member_type: VOTER last_known_addr { host: "127.4.78.196" port: 39495 } } peers { permanent_uuid: "aa14ef95125c4ab8bd903110d5f265ec" member_type: VOTER last_known_addr { host: "127.4.78.199" port: 43565 } }
I20260812 06:36:21.714022 11214 raft_consensus.cc:385] T f306ecf051dd4d71a3c6662f61cdee3f P a39cfa22d6354e678e0fb8cdd660a456 [term 0 FOLLOWER]: Consensus starting up: Expiring failure detector timer to make a prompt election more likely
I20260812 06:36:21.714025 11216 raft_consensus.cc:385] T f306ecf051dd4d71a3c6662f61cdee3f P aa14ef95125c4ab8bd903110d5f265ec [term 0 FOLLOWER]: Consensus starting up: Expiring failure detector timer to make a prompt election more likely
I20260812 06:36:21.714063 11214 raft_consensus.cc:740] T f306ecf051dd4d71a3c6662f61cdee3f P a39cfa22d6354e678e0fb8cdd660a456 [term 0 FOLLOWER]: Becoming Follower/Learner. State: Replica: a39cfa22d6354e678e0fb8cdd660a456, State: Initialized, Role: FOLLOWER
I20260812 06:36:21.714080 11216 raft_consensus.cc:740] T f306ecf051dd4d71a3c6662f61cdee3f P aa14ef95125c4ab8bd903110d5f265ec [term 0 FOLLOWER]: Becoming Follower/Learner. State: Replica: aa14ef95125c4ab8bd903110d5f265ec, State: Initialized, Role: FOLLOWER
I20260812 06:36:21.714437 11214 consensus_queue.cc:260] T f306ecf051dd4d71a3c6662f61cdee3f P a39cfa22d6354e678e0fb8cdd660a456 [NON_LEADER]: Queue going to NON_LEADER mode. State: All replicated index: 0, Majority replicated index: 0, Committed index: 0, Last appended: 0.0, Last appended by leader: 0, Current term: 0, Majority size: -1, State: 0, Mode: NON_LEADER, active raft config: opid_index: -1 OBSOLETE_local: false peers { permanent_uuid: "a39cfa22d6354e678e0fb8cdd660a456" member_type: VOTER last_known_addr { host: "127.4.78.196" port: 39495 } } peers { permanent_uuid: "aa14ef95125c4ab8bd903110d5f265ec" member_type: VOTER last_known_addr { host: "127.4.78.199" port: 43565 } }
I20260812 06:36:21.714437 11216 consensus_queue.cc:260] T f306ecf051dd4d71a3c6662f61cdee3f P aa14ef95125c4ab8bd903110d5f265ec [NON_LEADER]: Queue going to NON_LEADER mode. State: All replicated index: 0, Majority replicated index: 0, Committed index: 0, Last appended: 0.0, Last appended by leader: 0, Current term: 0, Majority size: -1, State: 0, Mode: NON_LEADER, active raft config: opid_index: -1 OBSOLETE_local: false peers { permanent_uuid: "a39cfa22d6354e678e0fb8cdd660a456" member_type: VOTER last_known_addr { host: "127.4.78.196" port: 39495 } } peers { permanent_uuid: "aa14ef95125c4ab8bd903110d5f265ec" member_type: VOTER last_known_addr { host: "127.4.78.199" port: 43565 } }
I20260812 06:36:21.715026 11188 heartbeater.cc:499] Master 127.4.78.254:39387 was elected leader, sending a full tablet report...
I20260812 06:36:21.715166 11214 ts_tablet_manager.cc:1434] T f306ecf051dd4d71a3c6662f61cdee3f P a39cfa22d6354e678e0fb8cdd660a456: Time spent starting tablet: real 0.003s	user 0.000s	sys 0.004s
I20260812 06:36:21.715250 10565 heartbeater.cc:499] Master 127.4.78.254:39387 was elected leader, sending a full tablet report...
I20260812 06:36:21.715984 11216 ts_tablet_manager.cc:1434] T f306ecf051dd4d71a3c6662f61cdee3f P aa14ef95125c4ab8bd903110d5f265ec: Time spent starting tablet: real 0.004s	user 0.005s	sys 0.000s
I20260812 06:36:21.754032 10161 heartbeater.cc:499] Master 127.4.78.254:39387 was elected leader, sending a full tablet report...
I20260812 06:36:21.760663 11223 raft_consensus.cc:493] T f306ecf051dd4d71a3c6662f61cdee3f P a39cfa22d6354e678e0fb8cdd660a456 [term 0 FOLLOWER]: Starting pre-election (no leader contacted us within the election timeout)
I20260812 06:36:21.760854 11223 raft_consensus.cc:515] T f306ecf051dd4d71a3c6662f61cdee3f P a39cfa22d6354e678e0fb8cdd660a456 [term 0 FOLLOWER]: Starting pre-election with config: opid_index: -1 OBSOLETE_local: false peers { permanent_uuid: "a39cfa22d6354e678e0fb8cdd660a456" member_type: VOTER last_known_addr { host: "127.4.78.196" port: 39495 } } peers { permanent_uuid: "aa14ef95125c4ab8bd903110d5f265ec" member_type: VOTER last_known_addr { host: "127.4.78.199" port: 43565 } }
I20260812 06:36:21.761874 11223 leader_election.cc:290] T f306ecf051dd4d71a3c6662f61cdee3f P a39cfa22d6354e678e0fb8cdd660a456 [CANDIDATE]: Term 1 pre-election: Requested pre-vote from peers aa14ef95125c4ab8bd903110d5f265ec (127.4.78.199:43565)
I20260812 06:36:21.765856 11114 tablet_service.cc:1917] Received RequestConsensusVote() RPC: tablet_id: "f306ecf051dd4d71a3c6662f61cdee3f" candidate_uuid: "a39cfa22d6354e678e0fb8cdd660a456" candidate_term: 1 candidate_status { last_received { term: 0 index: 0 } } ignore_live_leader: false dest_uuid: "aa14ef95125c4ab8bd903110d5f265ec" is_pre_election: true
I20260812 06:36:21.766149 11114 raft_consensus.cc:2468] T f306ecf051dd4d71a3c6662f61cdee3f P aa14ef95125c4ab8bd903110d5f265ec [term 0 FOLLOWER]: Leader pre-election vote request: Granting yes vote for candidate a39cfa22d6354e678e0fb8cdd660a456 in term 0.
I20260812 06:36:21.767050 10389 leader_election.cc:304] T f306ecf051dd4d71a3c6662f61cdee3f P a39cfa22d6354e678e0fb8cdd660a456 [CANDIDATE]: Term 1 pre-election: Election decided. Result: candidate won. Election summary: received 2 responses out of 2 voters: 2 yes votes; 0 no votes. yes voters: a39cfa22d6354e678e0fb8cdd660a456, aa14ef95125c4ab8bd903110d5f265ec; no voters: 
I20260812 06:36:21.767329 11223 raft_consensus.cc:2804] T f306ecf051dd4d71a3c6662f61cdee3f P a39cfa22d6354e678e0fb8cdd660a456 [term 0 FOLLOWER]: Leader pre-election won for term 1
I20260812 06:36:21.767405 11223 raft_consensus.cc:493] T f306ecf051dd4d71a3c6662f61cdee3f P a39cfa22d6354e678e0fb8cdd660a456 [term 0 FOLLOWER]: Starting leader election (no leader contacted us within the election timeout)
I20260812 06:36:21.767436 11223 raft_consensus.cc:3060] T f306ecf051dd4d71a3c6662f61cdee3f P a39cfa22d6354e678e0fb8cdd660a456 [term 0 FOLLOWER]: Advancing to term 1
I20260812 06:36:21.768349 11223 raft_consensus.cc:515] T f306ecf051dd4d71a3c6662f61cdee3f P a39cfa22d6354e678e0fb8cdd660a456 [term 1 FOLLOWER]: Starting leader election with config: opid_index: -1 OBSOLETE_local: false peers { permanent_uuid: "a39cfa22d6354e678e0fb8cdd660a456" member_type: VOTER last_known_addr { host: "127.4.78.196" port: 39495 } } peers { permanent_uuid: "aa14ef95125c4ab8bd903110d5f265ec" member_type: VOTER last_known_addr { host: "127.4.78.199" port: 43565 } }
I20260812 06:36:21.768646 11223 leader_election.cc:290] T f306ecf051dd4d71a3c6662f61cdee3f P a39cfa22d6354e678e0fb8cdd660a456 [CANDIDATE]: Term 1 election: Requested vote from peers aa14ef95125c4ab8bd903110d5f265ec (127.4.78.199:43565)
I20260812 06:36:21.769026 11114 tablet_service.cc:1917] Received RequestConsensusVote() RPC: tablet_id: "f306ecf051dd4d71a3c6662f61cdee3f" candidate_uuid: "a39cfa22d6354e678e0fb8cdd660a456" candidate_term: 1 candidate_status { last_received { term: 0 index: 0 } } ignore_live_leader: false dest_uuid: "aa14ef95125c4ab8bd903110d5f265ec"
I20260812 06:36:21.769156 11114 raft_consensus.cc:3060] T f306ecf051dd4d71a3c6662f61cdee3f P aa14ef95125c4ab8bd903110d5f265ec [term 0 FOLLOWER]: Advancing to term 1
I20260812 06:36:21.770401 11114 raft_consensus.cc:2468] T f306ecf051dd4d71a3c6662f61cdee3f P aa14ef95125c4ab8bd903110d5f265ec [term 1 FOLLOWER]: Leader election vote request: Granting yes vote for candidate a39cfa22d6354e678e0fb8cdd660a456 in term 1.
I20260812 06:36:21.770716 10389 leader_election.cc:304] T f306ecf051dd4d71a3c6662f61cdee3f P a39cfa22d6354e678e0fb8cdd660a456 [CANDIDATE]: Term 1 election: Election decided. Result: candidate won. Election summary: received 2 responses out of 2 voters: 2 yes votes; 0 no votes. yes voters: a39cfa22d6354e678e0fb8cdd660a456, aa14ef95125c4ab8bd903110d5f265ec; no voters: 
I20260812 06:36:21.770929 11223 raft_consensus.cc:2804] T f306ecf051dd4d71a3c6662f61cdee3f P a39cfa22d6354e678e0fb8cdd660a456 [term 1 FOLLOWER]: Leader election won for term 1
I20260812 06:36:21.771149 11223 raft_consensus.cc:697] T f306ecf051dd4d71a3c6662f61cdee3f P a39cfa22d6354e678e0fb8cdd660a456 [term 1 LEADER]: Becoming Leader. State: Replica: a39cfa22d6354e678e0fb8cdd660a456, State: Running, Role: LEADER
I20260812 06:36:21.771476 11223 consensus_queue.cc:237] T f306ecf051dd4d71a3c6662f61cdee3f P a39cfa22d6354e678e0fb8cdd660a456 [LEADER]: Queue going to LEADER mode. State: All replicated index: 0, Majority replicated index: 0, Committed index: 0, Last appended: 0.0, Last appended by leader: 0, Current term: 1, Majority size: 2, State: 0, Mode: LEADER, active raft config: opid_index: -1 OBSOLETE_local: false peers { permanent_uuid: "a39cfa22d6354e678e0fb8cdd660a456" member_type: VOTER last_known_addr { host: "127.4.78.196" port: 39495 } } peers { permanent_uuid: "aa14ef95125c4ab8bd903110d5f265ec" member_type: VOTER last_known_addr { host: "127.4.78.199" port: 43565 } }
I20260812 06:36:21.774501  9623 catalog_manager.cc:5719] T f306ecf051dd4d71a3c6662f61cdee3f P a39cfa22d6354e678e0fb8cdd660a456 reported cstate change: term changed from 0 to 1, leader changed from <none> to a39cfa22d6354e678e0fb8cdd660a456 (127.4.78.196). New cstate: current_term: 1 leader_uuid: "a39cfa22d6354e678e0fb8cdd660a456" committed_config { opid_index: -1 OBSOLETE_local: false peers { permanent_uuid: "a39cfa22d6354e678e0fb8cdd660a456" member_type: VOTER last_known_addr { host: "127.4.78.196" port: 39495 } health_report { overall_health: HEALTHY } } peers { permanent_uuid: "aa14ef95125c4ab8bd903110d5f265ec" member_type: VOTER last_known_addr { host: "127.4.78.199" port: 43565 } health_report { overall_health: UNKNOWN } } }
I20260812 06:36:21.794687  4411 external_mini_cluster.cc:955] 7 TS(s) registered with all masters
I20260812 06:36:21.796217  4411 ts_itest-base.cc:246] Waiting for 1 tablets on tserver a39cfa22d6354e678e0fb8cdd660a456 to finish bootstrapping
I20260812 06:36:21.801620  4411 ts_itest-base.cc:246] Waiting for 1 tablets on tserver aa14ef95125c4ab8bd903110d5f265ec to finish bootstrapping
I20260812 06:36:21.806442  4411 external_mini_cluster.cc:1664] Killing /tmp/dist-test-tasktpxZwx/build/debug/bin/kudu with pid 10362
I20260812 06:36:21.825151  4411 external_mini_cluster.cc:1664] Killing /tmp/dist-test-tasktpxZwx/build/debug/bin/kudu with pid 10568
I20260812 06:36:21.835930  4411 external_mini_cluster.cc:1664] Killing /tmp/dist-test-tasktpxZwx/build/debug/bin/kudu with pid 10783
I20260812 06:36:21.848206  4411 external_mini_cluster.cc:1664] Killing /tmp/dist-test-tasktpxZwx/build/debug/bin/kudu with pid 10980
I20260812 06:36:21.947865 10357 heartbeater.cc:499] Master 127.4.78.254:39387 was elected leader, sending a full tablet report...
I20260812 06:36:25.609462  9623 catalog_manager.cc:2283] Servicing CreateTable request from {username='slave'} at 127.0.0.1:58124:
name: "rebalance_test_table_0"
schema {
  columns {
    name: "key"
    type: INT32
    is_key: true
    is_nullable: false
    encoding: AUTO_ENCODING
    compression: DEFAULT_COMPRESSION
    cfile_block_size: 0
    immutable: false
  }
  columns {
    name: "int_val"
    type: INT32
    is_key: false
    is_nullable: false
    encoding: AUTO_ENCODING
    compression: DEFAULT_COMPRESSION
    cfile_block_size: 0
    immutable: false
  }
  columns {
    name: "string_val"
    type: STRING
    is_key: false
    is_nullable: true
    encoding: AUTO_ENCODING
    compression: DEFAULT_COMPRESSION
    cfile_block_size: 0
    immutable: false
  }
}
num_replicas: 2
split_rows_range_bounds {
}
partition_schema {
  hash_schema {
    columns {
      name: "key"
    }
    num_buckets: 3
    seed: 0
  }
}
I20260812 06:36:25.624989 10260 tablet_service.cc:1511] Processing CreateTablet for tablet f4aa576585b1409aaf76e1ee1fb8ed99 (DEFAULT_TABLE table=rebalance_test_table_0 [id=0e34441f3ec34cca9798a731f6f0202c]), partition=HASH (key) PARTITION 1, RANGE (key) PARTITION UNBOUNDED
I20260812 06:36:25.624933 10043 tablet_service.cc:1511] Processing CreateTablet for tablet b5680184f8314f97a2301ddf5357aa25 (DEFAULT_TABLE table=rebalance_test_table_0 [id=0e34441f3ec34cca9798a731f6f0202c]), partition=HASH (key) PARTITION 0, RANGE (key) PARTITION UNBOUNDED
I20260812 06:36:25.625337 10259 tablet_service.cc:1511] Processing CreateTablet for tablet f620c9a261704484a96c7190e8a95e08 (DEFAULT_TABLE table=rebalance_test_table_0 [id=0e34441f3ec34cca9798a731f6f0202c]), partition=HASH (key) PARTITION 2, RANGE (key) PARTITION UNBOUNDED
I20260812 06:36:25.625151  9827 tablet_service.cc:1511] Processing CreateTablet for tablet b5680184f8314f97a2301ddf5357aa25 (DEFAULT_TABLE table=rebalance_test_table_0 [id=0e34441f3ec34cca9798a731f6f0202c]), partition=HASH (key) PARTITION 0, RANGE (key) PARTITION UNBOUNDED
I20260812 06:36:25.625151  9826 tablet_service.cc:1511] Processing CreateTablet for tablet f4aa576585b1409aaf76e1ee1fb8ed99 (DEFAULT_TABLE table=rebalance_test_table_0 [id=0e34441f3ec34cca9798a731f6f0202c]), partition=HASH (key) PARTITION 1, RANGE (key) PARTITION UNBOUNDED
I20260812 06:36:25.626031 10260 data_dirs.cc:400] Could only allocate 1 dirs of requested 3 for tablet f4aa576585b1409aaf76e1ee1fb8ed99. 1 dirs total, 0 dirs full, 0 dirs failed
I20260812 06:36:25.626031 10043 data_dirs.cc:400] Could only allocate 1 dirs of requested 3 for tablet b5680184f8314f97a2301ddf5357aa25. 1 dirs total, 0 dirs full, 0 dirs failed
I20260812 06:36:25.626154  9827 data_dirs.cc:400] Could only allocate 1 dirs of requested 3 for tablet b5680184f8314f97a2301ddf5357aa25. 1 dirs total, 0 dirs full, 0 dirs failed
I20260812 06:36:25.626473 10040 tablet_service.cc:1511] Processing CreateTablet for tablet f620c9a261704484a96c7190e8a95e08 (DEFAULT_TABLE table=rebalance_test_table_0 [id=0e34441f3ec34cca9798a731f6f0202c]), partition=HASH (key) PARTITION 2, RANGE (key) PARTITION UNBOUNDED
I20260812 06:36:25.626754 10040 data_dirs.cc:400] Could only allocate 1 dirs of requested 3 for tablet f620c9a261704484a96c7190e8a95e08. 1 dirs total, 0 dirs full, 0 dirs failed
I20260812 06:36:25.627238 10259 data_dirs.cc:400] Could only allocate 1 dirs of requested 3 for tablet f620c9a261704484a96c7190e8a95e08. 1 dirs total, 0 dirs full, 0 dirs failed
I20260812 06:36:25.627902  9826 data_dirs.cc:400] Could only allocate 1 dirs of requested 3 for tablet f4aa576585b1409aaf76e1ee1fb8ed99. 1 dirs total, 0 dirs full, 0 dirs failed
I20260812 06:36:25.633023 11246 tablet_bootstrap.cc:492] T f4aa576585b1409aaf76e1ee1fb8ed99 P cc667d643199416c93b667cf8f8e12ee: Bootstrap starting.
I20260812 06:36:25.633422 11247 tablet_bootstrap.cc:492] T b5680184f8314f97a2301ddf5357aa25 P ef8a594e543c429788a3b219c6972d73: Bootstrap starting.
I20260812 06:36:25.633437 11248 tablet_bootstrap.cc:492] T b5680184f8314f97a2301ddf5357aa25 P 278c1d9d591f49d08fd645e467d964eb: Bootstrap starting.
I20260812 06:36:25.635422 11247 tablet_bootstrap.cc:654] T b5680184f8314f97a2301ddf5357aa25 P ef8a594e543c429788a3b219c6972d73: Neither blocks nor log segments found. Creating new log.
I20260812 06:36:25.635450 11248 tablet_bootstrap.cc:654] T b5680184f8314f97a2301ddf5357aa25 P 278c1d9d591f49d08fd645e467d964eb: Neither blocks nor log segments found. Creating new log.
I20260812 06:36:25.636175 11247 log.cc:826] T b5680184f8314f97a2301ddf5357aa25 P ef8a594e543c429788a3b219c6972d73: Log is configured to *not* fsync() on all Append() calls
I20260812 06:36:25.636232 11248 log.cc:826] T b5680184f8314f97a2301ddf5357aa25 P 278c1d9d591f49d08fd645e467d964eb: Log is configured to *not* fsync() on all Append() calls
I20260812 06:36:25.636624 11246 tablet_bootstrap.cc:654] T f4aa576585b1409aaf76e1ee1fb8ed99 P cc667d643199416c93b667cf8f8e12ee: Neither blocks nor log segments found. Creating new log.
I20260812 06:36:25.637358 11246 log.cc:826] T f4aa576585b1409aaf76e1ee1fb8ed99 P cc667d643199416c93b667cf8f8e12ee: Log is configured to *not* fsync() on all Append() calls
I20260812 06:36:25.638233 11247 tablet_bootstrap.cc:492] T b5680184f8314f97a2301ddf5357aa25 P ef8a594e543c429788a3b219c6972d73: No bootstrap required, opened a new log
I20260812 06:36:25.638407 11247 ts_tablet_manager.cc:1403] T b5680184f8314f97a2301ddf5357aa25 P ef8a594e543c429788a3b219c6972d73: Time spent bootstrapping tablet: real 0.005s	user 0.003s	sys 0.000s
I20260812 06:36:25.638833 11246 tablet_bootstrap.cc:492] T f4aa576585b1409aaf76e1ee1fb8ed99 P cc667d643199416c93b667cf8f8e12ee: No bootstrap required, opened a new log
I20260812 06:36:25.639006 11246 ts_tablet_manager.cc:1403] T f4aa576585b1409aaf76e1ee1fb8ed99 P cc667d643199416c93b667cf8f8e12ee: Time spent bootstrapping tablet: real 0.006s	user 0.003s	sys 0.000s
I20260812 06:36:25.640645 11248 tablet_bootstrap.cc:492] T b5680184f8314f97a2301ddf5357aa25 P 278c1d9d591f49d08fd645e467d964eb: No bootstrap required, opened a new log
I20260812 06:36:25.640841 11248 ts_tablet_manager.cc:1403] T b5680184f8314f97a2301ddf5357aa25 P 278c1d9d591f49d08fd645e467d964eb: Time spent bootstrapping tablet: real 0.008s	user 0.004s	sys 0.000s
I20260812 06:36:25.641613 11246 raft_consensus.cc:359] T f4aa576585b1409aaf76e1ee1fb8ed99 P cc667d643199416c93b667cf8f8e12ee [term 0 FOLLOWER]: Replica starting. Triggering 0 pending ops. Active config: opid_index: -1 OBSOLETE_local: false peers { permanent_uuid: "cc667d643199416c93b667cf8f8e12ee" member_type: VOTER last_known_addr { host: "127.4.78.195" port: 42639 } } peers { permanent_uuid: "278c1d9d591f49d08fd645e467d964eb" member_type: VOTER last_known_addr { host: "127.4.78.193" port: 34765 } }
I20260812 06:36:25.641716 11247 raft_consensus.cc:359] T b5680184f8314f97a2301ddf5357aa25 P ef8a594e543c429788a3b219c6972d73 [term 0 FOLLOWER]: Replica starting. Triggering 0 pending ops. Active config: opid_index: -1 OBSOLETE_local: false peers { permanent_uuid: "ef8a594e543c429788a3b219c6972d73" member_type: VOTER last_known_addr { host: "127.4.78.194" port: 37151 } } peers { permanent_uuid: "278c1d9d591f49d08fd645e467d964eb" member_type: VOTER last_known_addr { host: "127.4.78.193" port: 34765 } }
I20260812 06:36:25.641850 11246 raft_consensus.cc:385] T f4aa576585b1409aaf76e1ee1fb8ed99 P cc667d643199416c93b667cf8f8e12ee [term 0 FOLLOWER]: Consensus starting up: Expiring failure detector timer to make a prompt election more likely
I20260812 06:36:25.641903 11247 raft_consensus.cc:385] T b5680184f8314f97a2301ddf5357aa25 P ef8a594e543c429788a3b219c6972d73 [term 0 FOLLOWER]: Consensus starting up: Expiring failure detector timer to make a prompt election more likely
I20260812 06:36:25.641906 11246 raft_consensus.cc:740] T f4aa576585b1409aaf76e1ee1fb8ed99 P cc667d643199416c93b667cf8f8e12ee [term 0 FOLLOWER]: Becoming Follower/Learner. State: Replica: cc667d643199416c93b667cf8f8e12ee, State: Initialized, Role: FOLLOWER
I20260812 06:36:25.641950 11247 raft_consensus.cc:740] T b5680184f8314f97a2301ddf5357aa25 P ef8a594e543c429788a3b219c6972d73 [term 0 FOLLOWER]: Becoming Follower/Learner. State: Replica: ef8a594e543c429788a3b219c6972d73, State: Initialized, Role: FOLLOWER
I20260812 06:36:25.642324 11246 consensus_queue.cc:260] T f4aa576585b1409aaf76e1ee1fb8ed99 P cc667d643199416c93b667cf8f8e12ee [NON_LEADER]: Queue going to NON_LEADER mode. State: All replicated index: 0, Majority replicated index: 0, Committed index: 0, Last appended: 0.0, Last appended by leader: 0, Current term: 0, Majority size: -1, State: 0, Mode: NON_LEADER, active raft config: opid_index: -1 OBSOLETE_local: false peers { permanent_uuid: "cc667d643199416c93b667cf8f8e12ee" member_type: VOTER last_known_addr { host: "127.4.78.195" port: 42639 } } peers { permanent_uuid: "278c1d9d591f49d08fd645e467d964eb" member_type: VOTER last_known_addr { host: "127.4.78.193" port: 34765 } }
I20260812 06:36:25.642400 11247 consensus_queue.cc:260] T b5680184f8314f97a2301ddf5357aa25 P ef8a594e543c429788a3b219c6972d73 [NON_LEADER]: Queue going to NON_LEADER mode. State: All replicated index: 0, Majority replicated index: 0, Committed index: 0, Last appended: 0.0, Last appended by leader: 0, Current term: 0, Majority size: -1, State: 0, Mode: NON_LEADER, active raft config: opid_index: -1 OBSOLETE_local: false peers { permanent_uuid: "ef8a594e543c429788a3b219c6972d73" member_type: VOTER last_known_addr { host: "127.4.78.194" port: 37151 } } peers { permanent_uuid: "278c1d9d591f49d08fd645e467d964eb" member_type: VOTER last_known_addr { host: "127.4.78.193" port: 34765 } }
I20260812 06:36:25.643191 11246 ts_tablet_manager.cc:1434] T f4aa576585b1409aaf76e1ee1fb8ed99 P cc667d643199416c93b667cf8f8e12ee: Time spent starting tablet: real 0.004s	user 0.005s	sys 0.000s
I20260812 06:36:25.643203 11247 ts_tablet_manager.cc:1434] T b5680184f8314f97a2301ddf5357aa25 P ef8a594e543c429788a3b219c6972d73: Time spent starting tablet: real 0.005s	user 0.005s	sys 0.000s
I20260812 06:36:25.643492 11247 tablet_bootstrap.cc:492] T f620c9a261704484a96c7190e8a95e08 P ef8a594e543c429788a3b219c6972d73: Bootstrap starting.
I20260812 06:36:25.643527 11246 tablet_bootstrap.cc:492] T f620c9a261704484a96c7190e8a95e08 P cc667d643199416c93b667cf8f8e12ee: Bootstrap starting.
I20260812 06:36:25.644292 11248 raft_consensus.cc:359] T b5680184f8314f97a2301ddf5357aa25 P 278c1d9d591f49d08fd645e467d964eb [term 0 FOLLOWER]: Replica starting. Triggering 0 pending ops. Active config: opid_index: -1 OBSOLETE_local: false peers { permanent_uuid: "ef8a594e543c429788a3b219c6972d73" member_type: VOTER last_known_addr { host: "127.4.78.194" port: 37151 } } peers { permanent_uuid: "278c1d9d591f49d08fd645e467d964eb" member_type: VOTER last_known_addr { host: "127.4.78.193" port: 34765 } }
I20260812 06:36:25.644505 11248 raft_consensus.cc:385] T b5680184f8314f97a2301ddf5357aa25 P 278c1d9d591f49d08fd645e467d964eb [term 0 FOLLOWER]: Consensus starting up: Expiring failure detector timer to make a prompt election more likely
I20260812 06:36:25.644574 11248 raft_consensus.cc:740] T b5680184f8314f97a2301ddf5357aa25 P 278c1d9d591f49d08fd645e467d964eb [term 0 FOLLOWER]: Becoming Follower/Learner. State: Replica: 278c1d9d591f49d08fd645e467d964eb, State: Initialized, Role: FOLLOWER
I20260812 06:36:25.644601 11247 tablet_bootstrap.cc:654] T f620c9a261704484a96c7190e8a95e08 P ef8a594e543c429788a3b219c6972d73: Neither blocks nor log segments found. Creating new log.
I20260812 06:36:25.644989 11248 consensus_queue.cc:260] T b5680184f8314f97a2301ddf5357aa25 P 278c1d9d591f49d08fd645e467d964eb [NON_LEADER]: Queue going to NON_LEADER mode. State: All replicated index: 0, Majority replicated index: 0, Committed index: 0, Last appended: 0.0, Last appended by leader: 0, Current term: 0, Majority size: -1, State: 0, Mode: NON_LEADER, active raft config: opid_index: -1 OBSOLETE_local: false peers { permanent_uuid: "ef8a594e543c429788a3b219c6972d73" member_type: VOTER last_known_addr { host: "127.4.78.194" port: 37151 } } peers { permanent_uuid: "278c1d9d591f49d08fd645e467d964eb" member_type: VOTER last_known_addr { host: "127.4.78.193" port: 34765 } }
I20260812 06:36:25.646529 11248 ts_tablet_manager.cc:1434] T b5680184f8314f97a2301ddf5357aa25 P 278c1d9d591f49d08fd645e467d964eb: Time spent starting tablet: real 0.006s	user 0.005s	sys 0.000s
I20260812 06:36:25.646777 11246 tablet_bootstrap.cc:654] T f620c9a261704484a96c7190e8a95e08 P cc667d643199416c93b667cf8f8e12ee: Neither blocks nor log segments found. Creating new log.
I20260812 06:36:25.647527 11248 tablet_bootstrap.cc:492] T f4aa576585b1409aaf76e1ee1fb8ed99 P 278c1d9d591f49d08fd645e467d964eb: Bootstrap starting.
I20260812 06:36:25.648030 11246 tablet_bootstrap.cc:492] T f620c9a261704484a96c7190e8a95e08 P cc667d643199416c93b667cf8f8e12ee: No bootstrap required, opened a new log
I20260812 06:36:25.648110 11246 ts_tablet_manager.cc:1403] T f620c9a261704484a96c7190e8a95e08 P cc667d643199416c93b667cf8f8e12ee: Time spent bootstrapping tablet: real 0.005s	user 0.002s	sys 0.000s
I20260812 06:36:25.648111 11247 tablet_bootstrap.cc:492] T f620c9a261704484a96c7190e8a95e08 P ef8a594e543c429788a3b219c6972d73: No bootstrap required, opened a new log
I20260812 06:36:25.648186 11247 ts_tablet_manager.cc:1403] T f620c9a261704484a96c7190e8a95e08 P ef8a594e543c429788a3b219c6972d73: Time spent bootstrapping tablet: real 0.005s	user 0.002s	sys 0.000s
I20260812 06:36:25.648548 11248 tablet_bootstrap.cc:654] T f4aa576585b1409aaf76e1ee1fb8ed99 P 278c1d9d591f49d08fd645e467d964eb: Neither blocks nor log segments found. Creating new log.
I20260812 06:36:25.648638 11246 raft_consensus.cc:359] T f620c9a261704484a96c7190e8a95e08 P cc667d643199416c93b667cf8f8e12ee [term 0 FOLLOWER]: Replica starting. Triggering 0 pending ops. Active config: opid_index: -1 OBSOLETE_local: false peers { permanent_uuid: "ef8a594e543c429788a3b219c6972d73" member_type: VOTER last_known_addr { host: "127.4.78.194" port: 37151 } } peers { permanent_uuid: "cc667d643199416c93b667cf8f8e12ee" member_type: VOTER last_known_addr { host: "127.4.78.195" port: 42639 } }
I20260812 06:36:25.648689 11247 raft_consensus.cc:359] T f620c9a261704484a96c7190e8a95e08 P ef8a594e543c429788a3b219c6972d73 [term 0 FOLLOWER]: Replica starting. Triggering 0 pending ops. Active config: opid_index: -1 OBSOLETE_local: false peers { permanent_uuid: "ef8a594e543c429788a3b219c6972d73" member_type: VOTER last_known_addr { host: "127.4.78.194" port: 37151 } } peers { permanent_uuid: "cc667d643199416c93b667cf8f8e12ee" member_type: VOTER last_known_addr { host: "127.4.78.195" port: 42639 } }
I20260812 06:36:25.648756 11246 raft_consensus.cc:385] T f620c9a261704484a96c7190e8a95e08 P cc667d643199416c93b667cf8f8e12ee [term 0 FOLLOWER]: Consensus starting up: Expiring failure detector timer to make a prompt election more likely
I20260812 06:36:25.648794 11246 raft_consensus.cc:740] T f620c9a261704484a96c7190e8a95e08 P cc667d643199416c93b667cf8f8e12ee [term 0 FOLLOWER]: Becoming Follower/Learner. State: Replica: cc667d643199416c93b667cf8f8e12ee, State: Initialized, Role: FOLLOWER
I20260812 06:36:25.648782 11247 raft_consensus.cc:385] T f620c9a261704484a96c7190e8a95e08 P ef8a594e543c429788a3b219c6972d73 [term 0 FOLLOWER]: Consensus starting up: Expiring failure detector timer to make a prompt election more likely
I20260812 06:36:25.648830 11247 raft_consensus.cc:740] T f620c9a261704484a96c7190e8a95e08 P ef8a594e543c429788a3b219c6972d73 [term 0 FOLLOWER]: Becoming Follower/Learner. State: Replica: ef8a594e543c429788a3b219c6972d73, State: Initialized, Role: FOLLOWER
I20260812 06:36:25.648921 11246 consensus_queue.cc:260] T f620c9a261704484a96c7190e8a95e08 P cc667d643199416c93b667cf8f8e12ee [NON_LEADER]: Queue going to NON_LEADER mode. State: All replicated index: 0, Majority replicated index: 0, Committed index: 0, Last appended: 0.0, Last appended by leader: 0, Current term: 0, Majority size: -1, State: 0, Mode: NON_LEADER, active raft config: opid_index: -1 OBSOLETE_local: false peers { permanent_uuid: "ef8a594e543c429788a3b219c6972d73" member_type: VOTER last_known_addr { host: "127.4.78.194" port: 37151 } } peers { permanent_uuid: "cc667d643199416c93b667cf8f8e12ee" member_type: VOTER last_known_addr { host: "127.4.78.195" port: 42639 } }
I20260812 06:36:25.648953 11247 consensus_queue.cc:260] T f620c9a261704484a96c7190e8a95e08 P ef8a594e543c429788a3b219c6972d73 [NON_LEADER]: Queue going to NON_LEADER mode. State: All replicated index: 0, Majority replicated index: 0, Committed index: 0, Last appended: 0.0, Last appended by leader: 0, Current term: 0, Majority size: -1, State: 0, Mode: NON_LEADER, active raft config: opid_index: -1 OBSOLETE_local: false peers { permanent_uuid: "ef8a594e543c429788a3b219c6972d73" member_type: VOTER last_known_addr { host: "127.4.78.194" port: 37151 } } peers { permanent_uuid: "cc667d643199416c93b667cf8f8e12ee" member_type: VOTER last_known_addr { host: "127.4.78.195" port: 42639 } }
I20260812 06:36:25.649194 11246 ts_tablet_manager.cc:1434] T f620c9a261704484a96c7190e8a95e08 P cc667d643199416c93b667cf8f8e12ee: Time spent starting tablet: real 0.001s	user 0.000s	sys 0.000s
I20260812 06:36:25.649226 11247 ts_tablet_manager.cc:1434] T f620c9a261704484a96c7190e8a95e08 P ef8a594e543c429788a3b219c6972d73: Time spent starting tablet: real 0.001s	user 0.001s	sys 0.000s
I20260812 06:36:25.649613 11248 tablet_bootstrap.cc:492] T f4aa576585b1409aaf76e1ee1fb8ed99 P 278c1d9d591f49d08fd645e467d964eb: No bootstrap required, opened a new log
I20260812 06:36:25.649672 11248 ts_tablet_manager.cc:1403] T f4aa576585b1409aaf76e1ee1fb8ed99 P 278c1d9d591f49d08fd645e467d964eb: Time spent bootstrapping tablet: real 0.002s	user 0.002s	sys 0.000s
I20260812 06:36:25.650175 11248 raft_consensus.cc:359] T f4aa576585b1409aaf76e1ee1fb8ed99 P 278c1d9d591f49d08fd645e467d964eb [term 0 FOLLOWER]: Replica starting. Triggering 0 pending ops. Active config: opid_index: -1 OBSOLETE_local: false peers { permanent_uuid: "cc667d643199416c93b667cf8f8e12ee" member_type: VOTER last_known_addr { host: "127.4.78.195" port: 42639 } } peers { permanent_uuid: "278c1d9d591f49d08fd645e467d964eb" member_type: VOTER last_known_addr { host: "127.4.78.193" port: 34765 } }
I20260812 06:36:25.650274 11248 raft_consensus.cc:385] T f4aa576585b1409aaf76e1ee1fb8ed99 P 278c1d9d591f49d08fd645e467d964eb [term 0 FOLLOWER]: Consensus starting up: Expiring failure detector timer to make a prompt election more likely
I20260812 06:36:25.650312 11248 raft_consensus.cc:740] T f4aa576585b1409aaf76e1ee1fb8ed99 P 278c1d9d591f49d08fd645e467d964eb [term 0 FOLLOWER]: Becoming Follower/Learner. State: Replica: 278c1d9d591f49d08fd645e467d964eb, State: Initialized, Role: FOLLOWER
I20260812 06:36:25.650437 11248 consensus_queue.cc:260] T f4aa576585b1409aaf76e1ee1fb8ed99 P 278c1d9d591f49d08fd645e467d964eb [NON_LEADER]: Queue going to NON_LEADER mode. State: All replicated index: 0, Majority replicated index: 0, Committed index: 0, Last appended: 0.0, Last appended by leader: 0, Current term: 0, Majority size: -1, State: 0, Mode: NON_LEADER, active raft config: opid_index: -1 OBSOLETE_local: false peers { permanent_uuid: "cc667d643199416c93b667cf8f8e12ee" member_type: VOTER last_known_addr { host: "127.4.78.195" port: 42639 } } peers { permanent_uuid: "278c1d9d591f49d08fd645e467d964eb" member_type: VOTER last_known_addr { host: "127.4.78.193" port: 34765 } }
I20260812 06:36:25.650715 11248 ts_tablet_manager.cc:1434] T f4aa576585b1409aaf76e1ee1fb8ed99 P 278c1d9d591f49d08fd645e467d964eb: Time spent starting tablet: real 0.001s	user 0.001s	sys 0.000s
I20260812 06:36:25.665608 11253 raft_consensus.cc:493] T f4aa576585b1409aaf76e1ee1fb8ed99 P cc667d643199416c93b667cf8f8e12ee [term 0 FOLLOWER]: Starting pre-election (no leader contacted us within the election timeout)
I20260812 06:36:25.665827 11253 raft_consensus.cc:515] T f4aa576585b1409aaf76e1ee1fb8ed99 P cc667d643199416c93b667cf8f8e12ee [term 0 FOLLOWER]: Starting pre-election with config: opid_index: -1 OBSOLETE_local: false peers { permanent_uuid: "cc667d643199416c93b667cf8f8e12ee" member_type: VOTER last_known_addr { host: "127.4.78.195" port: 42639 } } peers { permanent_uuid: "278c1d9d591f49d08fd645e467d964eb" member_type: VOTER last_known_addr { host: "127.4.78.193" port: 34765 } }
I20260812 06:36:25.666778 11253 leader_election.cc:290] T f4aa576585b1409aaf76e1ee1fb8ed99 P cc667d643199416c93b667cf8f8e12ee [CANDIDATE]: Term 1 pre-election: Requested pre-vote from peers 278c1d9d591f49d08fd645e467d964eb (127.4.78.193:34765)
I20260812 06:36:25.670293  9850 tablet_service.cc:1917] Received RequestConsensusVote() RPC: tablet_id: "f4aa576585b1409aaf76e1ee1fb8ed99" candidate_uuid: "cc667d643199416c93b667cf8f8e12ee" candidate_term: 1 candidate_status { last_received { term: 0 index: 0 } } ignore_live_leader: false dest_uuid: "278c1d9d591f49d08fd645e467d964eb" is_pre_election: true
I20260812 06:36:25.670535  9850 raft_consensus.cc:2468] T f4aa576585b1409aaf76e1ee1fb8ed99 P 278c1d9d591f49d08fd645e467d964eb [term 0 FOLLOWER]: Leader pre-election vote request: Granting yes vote for candidate cc667d643199416c93b667cf8f8e12ee in term 0.
I20260812 06:36:25.670956 10188 leader_election.cc:304] T f4aa576585b1409aaf76e1ee1fb8ed99 P cc667d643199416c93b667cf8f8e12ee [CANDIDATE]: Term 1 pre-election: Election decided. Result: candidate won. Election summary: received 2 responses out of 2 voters: 2 yes votes; 0 no votes. yes voters: 278c1d9d591f49d08fd645e467d964eb, cc667d643199416c93b667cf8f8e12ee; no voters: 
I20260812 06:36:25.671211 11253 raft_consensus.cc:2804] T f4aa576585b1409aaf76e1ee1fb8ed99 P cc667d643199416c93b667cf8f8e12ee [term 0 FOLLOWER]: Leader pre-election won for term 1
I20260812 06:36:25.671288 11253 raft_consensus.cc:493] T f4aa576585b1409aaf76e1ee1fb8ed99 P cc667d643199416c93b667cf8f8e12ee [term 0 FOLLOWER]: Starting leader election (no leader contacted us within the election timeout)
I20260812 06:36:25.671344 11253 raft_consensus.cc:3060] T f4aa576585b1409aaf76e1ee1fb8ed99 P cc667d643199416c93b667cf8f8e12ee [term 0 FOLLOWER]: Advancing to term 1
I20260812 06:36:25.672386 11253 raft_consensus.cc:515] T f4aa576585b1409aaf76e1ee1fb8ed99 P cc667d643199416c93b667cf8f8e12ee [term 1 FOLLOWER]: Starting leader election with config: opid_index: -1 OBSOLETE_local: false peers { permanent_uuid: "cc667d643199416c93b667cf8f8e12ee" member_type: VOTER last_known_addr { host: "127.4.78.195" port: 42639 } } peers { permanent_uuid: "278c1d9d591f49d08fd645e467d964eb" member_type: VOTER last_known_addr { host: "127.4.78.193" port: 34765 } }
I20260812 06:36:25.672667 11253 leader_election.cc:290] T f4aa576585b1409aaf76e1ee1fb8ed99 P cc667d643199416c93b667cf8f8e12ee [CANDIDATE]: Term 1 election: Requested vote from peers 278c1d9d591f49d08fd645e467d964eb (127.4.78.193:34765)
I20260812 06:36:25.672993  9850 tablet_service.cc:1917] Received RequestConsensusVote() RPC: tablet_id: "f4aa576585b1409aaf76e1ee1fb8ed99" candidate_uuid: "cc667d643199416c93b667cf8f8e12ee" candidate_term: 1 candidate_status { last_received { term: 0 index: 0 } } ignore_live_leader: false dest_uuid: "278c1d9d591f49d08fd645e467d964eb"
I20260812 06:36:25.673101  9850 raft_consensus.cc:3060] T f4aa576585b1409aaf76e1ee1fb8ed99 P 278c1d9d591f49d08fd645e467d964eb [term 0 FOLLOWER]: Advancing to term 1
I20260812 06:36:25.673941  9850 raft_consensus.cc:2468] T f4aa576585b1409aaf76e1ee1fb8ed99 P 278c1d9d591f49d08fd645e467d964eb [term 1 FOLLOWER]: Leader election vote request: Granting yes vote for candidate cc667d643199416c93b667cf8f8e12ee in term 1.
I20260812 06:36:25.674213 10188 leader_election.cc:304] T f4aa576585b1409aaf76e1ee1fb8ed99 P cc667d643199416c93b667cf8f8e12ee [CANDIDATE]: Term 1 election: Election decided. Result: candidate won. Election summary: received 2 responses out of 2 voters: 2 yes votes; 0 no votes. yes voters: 278c1d9d591f49d08fd645e467d964eb, cc667d643199416c93b667cf8f8e12ee; no voters: 
I20260812 06:36:25.674369 11253 raft_consensus.cc:2804] T f4aa576585b1409aaf76e1ee1fb8ed99 P cc667d643199416c93b667cf8f8e12ee [term 1 FOLLOWER]: Leader election won for term 1
I20260812 06:36:25.674585 11253 raft_consensus.cc:697] T f4aa576585b1409aaf76e1ee1fb8ed99 P cc667d643199416c93b667cf8f8e12ee [term 1 LEADER]: Becoming Leader. State: Replica: cc667d643199416c93b667cf8f8e12ee, State: Running, Role: LEADER
I20260812 06:36:25.674860 11253 consensus_queue.cc:237] T f4aa576585b1409aaf76e1ee1fb8ed99 P cc667d643199416c93b667cf8f8e12ee [LEADER]: Queue going to LEADER mode. State: All replicated index: 0, Majority replicated index: 0, Committed index: 0, Last appended: 0.0, Last appended by leader: 0, Current term: 1, Majority size: 2, State: 0, Mode: LEADER, active raft config: opid_index: -1 OBSOLETE_local: false peers { permanent_uuid: "cc667d643199416c93b667cf8f8e12ee" member_type: VOTER last_known_addr { host: "127.4.78.195" port: 42639 } } peers { permanent_uuid: "278c1d9d591f49d08fd645e467d964eb" member_type: VOTER last_known_addr { host: "127.4.78.193" port: 34765 } }
I20260812 06:36:25.677809  9618 catalog_manager.cc:5719] T f4aa576585b1409aaf76e1ee1fb8ed99 P cc667d643199416c93b667cf8f8e12ee reported cstate change: term changed from 0 to 1, leader changed from <none> to cc667d643199416c93b667cf8f8e12ee (127.4.78.195). New cstate: current_term: 1 leader_uuid: "cc667d643199416c93b667cf8f8e12ee" committed_config { opid_index: -1 OBSOLETE_local: false peers { permanent_uuid: "cc667d643199416c93b667cf8f8e12ee" member_type: VOTER last_known_addr { host: "127.4.78.195" port: 42639 } health_report { overall_health: HEALTHY } } peers { permanent_uuid: "278c1d9d591f49d08fd645e467d964eb" member_type: VOTER last_known_addr { host: "127.4.78.193" port: 34765 } health_report { overall_health: UNKNOWN } } }
W20260812 06:36:25.689505 10359 tablet.cc:2406] T f4aa576585b1409aaf76e1ee1fb8ed99 P cc667d643199416c93b667cf8f8e12ee: Can't schedule compaction. Clean time has not been advanced past its initial value.
W20260812 06:36:25.746582 10162 tablet.cc:2406] T b5680184f8314f97a2301ddf5357aa25 P ef8a594e543c429788a3b219c6972d73: Can't schedule compaction. Clean time has not been advanced past its initial value.
I20260812 06:36:25.795604 11253 raft_consensus.cc:493] T f620c9a261704484a96c7190e8a95e08 P cc667d643199416c93b667cf8f8e12ee [term 0 FOLLOWER]: Starting pre-election (no leader contacted us within the election timeout)
I20260812 06:36:25.795768 11253 raft_consensus.cc:515] T f620c9a261704484a96c7190e8a95e08 P cc667d643199416c93b667cf8f8e12ee [term 0 FOLLOWER]: Starting pre-election with config: opid_index: -1 OBSOLETE_local: false peers { permanent_uuid: "ef8a594e543c429788a3b219c6972d73" member_type: VOTER last_known_addr { host: "127.4.78.194" port: 37151 } } peers { permanent_uuid: "cc667d643199416c93b667cf8f8e12ee" member_type: VOTER last_known_addr { host: "127.4.78.195" port: 42639 } }
I20260812 06:36:25.796278 11253 leader_election.cc:290] T f620c9a261704484a96c7190e8a95e08 P cc667d643199416c93b667cf8f8e12ee [CANDIDATE]: Term 1 pre-election: Requested pre-vote from peers ef8a594e543c429788a3b219c6972d73 (127.4.78.194:37151)
I20260812 06:36:25.799911 10088 tablet_service.cc:1917] Received RequestConsensusVote() RPC: tablet_id: "f620c9a261704484a96c7190e8a95e08" candidate_uuid: "cc667d643199416c93b667cf8f8e12ee" candidate_term: 1 candidate_status { last_received { term: 0 index: 0 } } ignore_live_leader: false dest_uuid: "ef8a594e543c429788a3b219c6972d73" is_pre_election: true
I20260812 06:36:25.800220 10088 raft_consensus.cc:2468] T f620c9a261704484a96c7190e8a95e08 P ef8a594e543c429788a3b219c6972d73 [term 0 FOLLOWER]: Leader pre-election vote request: Granting yes vote for candidate cc667d643199416c93b667cf8f8e12ee in term 0.
I20260812 06:36:25.800617 10188 leader_election.cc:304] T f620c9a261704484a96c7190e8a95e08 P cc667d643199416c93b667cf8f8e12ee [CANDIDATE]: Term 1 pre-election: Election decided. Result: candidate won. Election summary: received 2 responses out of 2 voters: 2 yes votes; 0 no votes. yes voters: cc667d643199416c93b667cf8f8e12ee, ef8a594e543c429788a3b219c6972d73; no voters: 
I20260812 06:36:25.800808 11253 raft_consensus.cc:2804] T f620c9a261704484a96c7190e8a95e08 P cc667d643199416c93b667cf8f8e12ee [term 0 FOLLOWER]: Leader pre-election won for term 1
I20260812 06:36:25.800871 11253 raft_consensus.cc:493] T f620c9a261704484a96c7190e8a95e08 P cc667d643199416c93b667cf8f8e12ee [term 0 FOLLOWER]: Starting leader election (no leader contacted us within the election timeout)
I20260812 06:36:25.800908 11253 raft_consensus.cc:3060] T f620c9a261704484a96c7190e8a95e08 P cc667d643199416c93b667cf8f8e12ee [term 0 FOLLOWER]: Advancing to term 1
I20260812 06:36:25.801738 11253 raft_consensus.cc:515] T f620c9a261704484a96c7190e8a95e08 P cc667d643199416c93b667cf8f8e12ee [term 1 FOLLOWER]: Starting leader election with config: opid_index: -1 OBSOLETE_local: false peers { permanent_uuid: "ef8a594e543c429788a3b219c6972d73" member_type: VOTER last_known_addr { host: "127.4.78.194" port: 37151 } } peers { permanent_uuid: "cc667d643199416c93b667cf8f8e12ee" member_type: VOTER last_known_addr { host: "127.4.78.195" port: 42639 } }
